I20260713 09:01:04.764276  7016 tablet_copy_service.cc:434] P 44e4e50cad5b4b0f8cfaf8789971c433: ending tablet copy session 01f079fff4a844aeb36c5c7211e63985-cbbafb3450df4b19a48df5204ede8c2f on tablet cbbafb3450df4b19a48df5204ede8c2f with peer 01f079fff4a844aeb36c5c7211e63985
I20260713 09:01:04.766426  7572 data_dirs.cc:400] Could only allocate 1 dirs of requested 3 for tablet d685126ead9a469a8f1b0a96333f43db. 1 dirs total, 0 dirs full, 0 dirs failed
I20260713 09:01:04.779961  7572 tablet_copy_client.cc:806] T d685126ead9a469a8f1b0a96333f43db P 01f079fff4a844aeb36c5c7211e63985: tablet copy: Starting download of 0 data blocks...
I20260713 09:01:04.780573  7572 tablet_copy_client.cc:670] T d685126ead9a469a8f1b0a96333f43db P 01f079fff4a844aeb36c5c7211e63985: tablet copy: Starting download of 1 WAL segments...
I20260713 09:01:04.783790  7572 tablet_copy_client.cc:538] T d685126ead9a469a8f1b0a96333f43db P 01f079fff4a844aeb36c5c7211e63985: tablet copy: Tablet Copy complete. Replacing tablet superblock.
I20260713 09:01:04.786187  7567 ts_tablet_manager.cc:933] T 1c12e40669b74004bfabf788e993aa83 P 01f079fff4a844aeb36c5c7211e63985: Initiating tablet copy from peer 9d2a245e421048a59271e849f8d80437 (127.5.157.129:44339)
I20260713 09:01:04.787815  7567 tablet_copy_client.cc:323] T 1c12e40669b74004bfabf788e993aa83 P 01f079fff4a844aeb36c5c7211e63985: tablet copy: Beginning tablet copy session from remote peer at address 127.5.157.129:44339
I20260713 09:01:04.789338  6867 tablet_copy_service.cc:140] P 9d2a245e421048a59271e849f8d80437: Received BeginTabletCopySession request for tablet 1c12e40669b74004bfabf788e993aa83 from peer 01f079fff4a844aeb36c5c7211e63985 ({username='slave'} at 127.0.0.1:54254)
I20260713 09:01:04.789923  6867 tablet_copy_service.cc:161] P 9d2a245e421048a59271e849f8d80437: Beginning new tablet copy session on tablet 1c12e40669b74004bfabf788e993aa83 from peer 01f079fff4a844aeb36c5c7211e63985 at {username='slave'} at 127.0.0.1:54254: session id = 01f079fff4a844aeb36c5c7211e63985-1c12e40669b74004bfabf788e993aa83
I20260713 09:01:04.791618  7572 tablet_bootstrap.cc:492] T d685126ead9a469a8f1b0a96333f43db P 01f079fff4a844aeb36c5c7211e63985: Bootstrap starting.
I20260713 09:01:04.796834  6867 tablet_copy_source_session.cc:215] T 1c12e40669b74004bfabf788e993aa83 P 9d2a245e421048a59271e849f8d80437: Tablet Copy: opened 0 blocks and 1 log segments
I20260713 09:01:04.799974  7567 data_dirs.cc:400] Could only allocate 1 dirs of requested 3 for tablet 1c12e40669b74004bfabf788e993aa83. 1 dirs total, 0 dirs full, 0 dirs failed
I20260713 09:01:04.817377  7572 tablet_bootstrap.cc:492] T d685126ead9a469a8f1b0a96333f43db P 01f079fff4a844aeb36c5c7211e63985: Bootstrap replayed 1/1 log segments. Stats: ops{read=2 overwritten=0 applied=2 ignored=0} inserts{seen=0 ignored=0} mutations{seen=0 ignored=0} orphaned_commits=0. Pending: 0 replicates
I20260713 09:01:04.818292  7572 tablet_bootstrap.cc:492] T d685126ead9a469a8f1b0a96333f43db P 01f079fff4a844aeb36c5c7211e63985: Bootstrap complete.
I20260713 09:01:04.819016  7572 ts_tablet_manager.cc:1403] T d685126ead9a469a8f1b0a96333f43db P 01f079fff4a844aeb36c5c7211e63985: Time spent bootstrapping tablet: real 0.028s	user 0.016s	sys 0.012s
I20260713 09:01:04.820266  7567 tablet_copy_client.cc:806] T 1c12e40669b74004bfabf788e993aa83 P 01f079fff4a844aeb36c5c7211e63985: tablet copy: Starting download of 0 data blocks...
I20260713 09:01:04.821221  7567 tablet_copy_client.cc:670] T 1c12e40669b74004bfabf788e993aa83 P 01f079fff4a844aeb36c5c7211e63985: tablet copy: Starting download of 1 WAL segments...
I20260713 09:01:04.821959  7572 raft_consensus.cc:359] T d685126ead9a469a8f1b0a96333f43db P 01f079fff4a844aeb36c5c7211e63985 [term 1 LEARNER]: Replica starting. Triggering 0 pending ops. Active config: opid_index: 2 OBSOLETE_local: false peers { permanent_uuid: "9d2a245e421048a59271e849f8d80437" member_type: VOTER last_known_addr { host: "127.5.157.129" port: 44339 } } peers { permanent_uuid: "20ed2b89fcc64e718ecf577a792e76a8" member_type: VOTER last_known_addr { host: "127.5.157.130" port: 37401 } attrs { replace: true } } peers { permanent_uuid: "44e4e50cad5b4b0f8cfaf8789971c433" member_type: VOTER last_known_addr { host: "127.5.157.131" port: 33167 } } peers { permanent_uuid: "01f079fff4a844aeb36c5c7211e63985" member_type: NON_VOTER last_known_addr { host: "127.5.157.132" port: 44899 } attrs { promote: true } }
I20260713 09:01:04.822929  7572 raft_consensus.cc:740] T d685126ead9a469a8f1b0a96333f43db P 01f079fff4a844aeb36c5c7211e63985 [term 1 LEARNER]: Becoming Follower/Learner. State: Replica: 01f079fff4a844aeb36c5c7211e63985, State: Initialized, Role: LEARNER
I20260713 09:01:04.823632  7572 consensus_queue.cc:260] T d685126ead9a469a8f1b0a96333f43db P 01f079fff4a844aeb36c5c7211e63985 [NON_LEADER]: Queue going to NON_LEADER mode. State: All replicated index: 0, Majority replicated index: 0, Committed index: 2, Last appended: 1.2, Last appended by leader: 2, Current term: 0, Majority size: -1, State: 0, Mode: NON_LEADER, active raft config: opid_index: 2 OBSOLETE_local: false peers { permanent_uuid: "9d2a245e421048a59271e849f8d80437" member_type: VOTER last_known_addr { host: "127.5.157.129" port: 44339 } } peers { permanent_uuid: "20ed2b89fcc64e718ecf577a792e76a8" member_type: VOTER last_known_addr { host: "127.5.157.130" port: 37401 } attrs { replace: true } } peers { permanent_uuid: "44e4e50cad5b4b0f8cfaf8789971c433" member_type: VOTER last_known_addr { host: "127.5.157.131" port: 33167 } } peers { permanent_uuid: "01f079fff4a844aeb36c5c7211e63985" member_type: NON_VOTER last_known_addr { host: "127.5.157.132" port: 44899 } attrs { promote: true } }
I20260713 09:01:04.825093  7567 tablet_copy_client.cc:538] T 1c12e40669b74004bfabf788e993aa83 P 01f079fff4a844aeb36c5c7211e63985: tablet copy: Tablet Copy complete. Replacing tablet superblock.
I20260713 09:01:04.826294  7572 ts_tablet_manager.cc:1434] T d685126ead9a469a8f1b0a96333f43db P 01f079fff4a844aeb36c5c7211e63985: Time spent starting tablet: real 0.007s	user 0.006s	sys 0.001s
I20260713 09:01:04.828218  6867 tablet_copy_service.cc:342] P 9d2a245e421048a59271e849f8d80437: Request end of tablet copy session 01f079fff4a844aeb36c5c7211e63985-d685126ead9a469a8f1b0a96333f43db received from {username='slave'} at 127.0.0.1:54254
I20260713 09:01:04.829381  6867 tablet_copy_service.cc:434] P 9d2a245e421048a59271e849f8d80437: ending tablet copy session 01f079fff4a844aeb36c5c7211e63985-d685126ead9a469a8f1b0a96333f43db on tablet d685126ead9a469a8f1b0a96333f43db with peer 01f079fff4a844aeb36c5c7211e63985
I20260713 09:01:04.834297  7567 tablet_bootstrap.cc:492] T 1c12e40669b74004bfabf788e993aa83 P 01f079fff4a844aeb36c5c7211e63985: Bootstrap starting.
I20260713 09:01:04.851967  7567 tablet_bootstrap.cc:492] T 1c12e40669b74004bfabf788e993aa83 P 01f079fff4a844aeb36c5c7211e63985: Bootstrap replayed 1/1 log segments. Stats: ops{read=2 overwritten=0 applied=2 ignored=0} inserts{seen=0 ignored=0} mutations{seen=0 ignored=0} orphaned_commits=0. Pending: 0 replicates
I20260713 09:01:04.852614  7567 tablet_bootstrap.cc:492] T 1c12e40669b74004bfabf788e993aa83 P 01f079fff4a844aeb36c5c7211e63985: Bootstrap complete.
I20260713 09:01:04.853127  7567 ts_tablet_manager.cc:1403] T 1c12e40669b74004bfabf788e993aa83 P 01f079fff4a844aeb36c5c7211e63985: Time spent bootstrapping tablet: real 0.019s	user 0.011s	sys 0.004s
I20260713 09:01:04.855309  7567 raft_consensus.cc:359] T 1c12e40669b74004bfabf788e993aa83 P 01f079fff4a844aeb36c5c7211e63985 [term 1 LEARNER]: Replica starting. Triggering 0 pending ops. Active config: opid_index: 2 OBSOLETE_local: false peers { permanent_uuid: "9d2a245e421048a59271e849f8d80437" member_type: VOTER last_known_addr { host: "127.5.157.129" port: 44339 } } peers { permanent_uuid: "20ed2b89fcc64e718ecf577a792e76a8" member_type: VOTER last_known_addr { host: "127.5.157.130" port: 37401 } } peers { permanent_uuid: "44e4e50cad5b4b0f8cfaf8789971c433" member_type: VOTER last_known_addr { host: "127.5.157.131" port: 33167 } attrs { replace: true } } peers { permanent_uuid: "01f079fff4a844aeb36c5c7211e63985" member_type: NON_VOTER last_known_addr { host: "127.5.157.132" port: 44899 } attrs { promote: true } }
I20260713 09:01:04.856060  7567 raft_consensus.cc:740] T 1c12e40669b74004bfabf788e993aa83 P 01f079fff4a844aeb36c5c7211e63985 [term 1 LEARNER]: Becoming Follower/Learner. State: Replica: 01f079fff4a844aeb36c5c7211e63985, State: Initialized, Role: LEARNER
I20260713 09:01:04.856576  7567 consensus_queue.cc:260] T 1c12e40669b74004bfabf788e993aa83 P 01f079fff4a844aeb36c5c7211e63985 [NON_LEADER]: Queue going to NON_LEADER mode. State: All replicated index: 0, Majority replicated index: 0, Committed index: 2, Last appended: 1.2, Last appended by leader: 2, Current term: 0, Majority size: -1, State: 0, Mode: NON_LEADER, active raft config: opid_index: 2 OBSOLETE_local: false peers { permanent_uuid: "9d2a245e421048a59271e849f8d80437" member_type: VOTER last_known_addr { host: "127.5.157.129" port: 44339 } } peers { permanent_uuid: "20ed2b89fcc64e718ecf577a792e76a8" member_type: VOTER last_known_addr { host: "127.5.157.130" port: 37401 } } peers { permanent_uuid: "44e4e50cad5b4b0f8cfaf8789971c433" member_type: VOTER last_known_addr { host: "127.5.157.131" port: 33167 } attrs { replace: true } } peers { permanent_uuid: "01f079fff4a844aeb36c5c7211e63985" member_type: NON_VOTER last_known_addr { host: "127.5.157.132" port: 44899 } attrs { promote: true } }
I20260713 09:01:04.858307  7567 ts_tablet_manager.cc:1434] T 1c12e40669b74004bfabf788e993aa83 P 01f079fff4a844aeb36c5c7211e63985: Time spent starting tablet: real 0.005s	user 0.004s	sys 0.000s
I20260713 09:01:04.860280  6867 tablet_copy_service.cc:342] P 9d2a245e421048a59271e849f8d80437: Request end of tablet copy session 01f079fff4a844aeb36c5c7211e63985-1c12e40669b74004bfabf788e993aa83 received from {username='slave'} at 127.0.0.1:54254
I20260713 09:01:04.860682  6867 tablet_copy_service.cc:434] P 9d2a245e421048a59271e849f8d80437: ending tablet copy session 01f079fff4a844aeb36c5c7211e63985-1c12e40669b74004bfabf788e993aa83 on tablet 1c12e40669b74004bfabf788e993aa83 with peer 01f079fff4a844aeb36c5c7211e63985
I20260713 09:01:05.130415  7286 raft_consensus.cc:1217] T cbbafb3450df4b19a48df5204ede8c2f P 01f079fff4a844aeb36c5c7211e63985 [term 1 LEARNER]: Deduplicated request from leader. Original: 1.1->[1.2-1.2]   Dedup: 1.2->[]
I20260713 09:01:05.208348  7286 raft_consensus.cc:1217] T ca8b540b3cca40abb30cf806712ed001 P 01f079fff4a844aeb36c5c7211e63985 [term 1 LEARNER]: Deduplicated request from leader. Original: 1.1->[1.2-1.2]   Dedup: 1.2->[]
I20260713 09:01:05.294468  7286 raft_consensus.cc:1217] T d685126ead9a469a8f1b0a96333f43db P 01f079fff4a844aeb36c5c7211e63985 [term 1 LEARNER]: Deduplicated request from leader. Original: 1.1->[1.2-1.2]   Dedup: 1.2->[]
I20260713 09:01:05.355340  7286 raft_consensus.cc:1217] T 1c12e40669b74004bfabf788e993aa83 P 01f079fff4a844aeb36c5c7211e63985 [term 1 LEARNER]: Deduplicated request from leader. Original: 1.1->[1.2-1.2]   Dedup: 1.2->[]
I20260713 09:01:05.559623  7546 raft_consensus.cc:1064] T cbbafb3450df4b19a48df5204ede8c2f P 44e4e50cad5b4b0f8cfaf8789971c433: attempting to promote NON_VOTER 01f079fff4a844aeb36c5c7211e63985 to VOTER
I20260713 09:01:05.562126  7546 consensus_queue.cc:237] T cbbafb3450df4b19a48df5204ede8c2f P 44e4e50cad5b4b0f8cfaf8789971c433 [LEADER]: Queue going to LEADER mode. State: All replicated index: 0, Majority replicated index: 2, Committed index: 2, Last appended: 1.2, Last appended by leader: 0, Current term: 1, Majority size: 3, State: 0, Mode: LEADER, active raft config: opid_index: 3 OBSOLETE_local: false peers { permanent_uuid: "20ed2b89fcc64e718ecf577a792e76a8" member_type: VOTER last_known_addr { host: "127.5.157.130" port: 37401 } } peers { permanent_uuid: "44e4e50cad5b4b0f8cfaf8789971c433" member_type: VOTER last_known_addr { host: "127.5.157.131" port: 33167 } } peers { permanent_uuid: "9d2a245e421048a59271e849f8d80437" member_type: VOTER last_known_addr { host: "127.5.157.129" port: 44339 } attrs { replace: true } } peers { permanent_uuid: "01f079fff4a844aeb36c5c7211e63985" member_type: VOTER last_known_addr { host: "127.5.157.132" port: 44899 } attrs { promote: false } }
I20260713 09:01:05.569641  6854 raft_consensus.cc:1275] T cbbafb3450df4b19a48df5204ede8c2f P 9d2a245e421048a59271e849f8d80437 [term 1 FOLLOWER]: Refusing update from remote peer 44e4e50cad5b4b0f8cfaf8789971c433: Log matching property violated. Preceding OpId in replica: term: 1 index: 2. Preceding OpId from leader: term: 1 index: 3. (index mismatch)
I20260713 09:01:05.570344  7286 raft_consensus.cc:1275] T cbbafb3450df4b19a48df5204ede8c2f P 01f079fff4a844aeb36c5c7211e63985 [term 1 LEARNER]: Refusing update from remote peer 44e4e50cad5b4b0f8cfaf8789971c433: Log matching property violated. Preceding OpId in replica: term: 1 index: 2. Preceding OpId from leader: term: 1 index: 3. (index mismatch)
I20260713 09:01:05.571750  7545 consensus_queue.cc:1048] T cbbafb3450df4b19a48df5204ede8c2f P 44e4e50cad5b4b0f8cfaf8789971c433 [LEADER]: Connected to new peer: Peer: permanent_uuid: "01f079fff4a844aeb36c5c7211e63985" member_type: VOTER last_known_addr { host: "127.5.157.132" port: 44899 } attrs { promote: false }, Status: LMP_MISMATCH, Last received: 0.0, Next index: 3, Last known committed idx: 2, Time since last communication: 0.000s
I20260713 09:01:05.572698  6930 raft_consensus.cc:1275] T cbbafb3450df4b19a48df5204ede8c2f P 20ed2b89fcc64e718ecf577a792e76a8 [term 1 FOLLOWER]: Refusing update from remote peer 44e4e50cad5b4b0f8cfaf8789971c433: Log matching property violated. Preceding OpId in replica: term: 1 index: 2. Preceding OpId from leader: term: 1 index: 3. (index mismatch)
I20260713 09:01:05.574254  7545 consensus_queue.cc:1048] T cbbafb3450df4b19a48df5204ede8c2f P 44e4e50cad5b4b0f8cfaf8789971c433 [LEADER]: Connected to new peer: Peer: permanent_uuid: "20ed2b89fcc64e718ecf577a792e76a8" member_type: VOTER last_known_addr { host: "127.5.157.130" port: 37401 }, Status: LMP_MISMATCH, Last received: 0.0, Next index: 3, Last known committed idx: 2, Time since last communication: 0.000s
I20260713 09:01:05.575064  7546 consensus_queue.cc:1048] T cbbafb3450df4b19a48df5204ede8c2f P 44e4e50cad5b4b0f8cfaf8789971c433 [LEADER]: Connected to new peer: Peer: permanent_uuid: "9d2a245e421048a59271e849f8d80437" member_type: VOTER last_known_addr { host: "127.5.157.129" port: 44339 } attrs { replace: true }, Status: LMP_MISMATCH, Last received: 0.0, Next index: 3, Last known committed idx: 2, Time since last communication: 0.000s
I20260713 09:01:05.587481  7578 raft_consensus.cc:2955] T cbbafb3450df4b19a48df5204ede8c2f P 44e4e50cad5b4b0f8cfaf8789971c433 [term 1 LEADER]: Committing config change with OpId 1.3: config changed from index 2 to 3, 01f079fff4a844aeb36c5c7211e63985 (127.5.157.132) changed from NON_VOTER to VOTER. New config: { opid_index: 3 OBSOLETE_local: false peers { permanent_uuid: "20ed2b89fcc64e718ecf577a792e76a8" member_type: VOTER last_known_addr { host: "127.5.157.130" port: 37401 } } peers { permanent_uuid: "44e4e50cad5b4b0f8cfaf8789971c433" member_type: VOTER last_known_addr { host: "127.5.157.131" port: 33167 } } peers { permanent_uuid: "9d2a245e421048a59271e849f8d80437" member_type: VOTER last_known_addr { host: "127.5.157.129" port: 44339 } attrs { replace: true } } peers { permanent_uuid: "01f079fff4a844aeb36c5c7211e63985" member_type: VOTER last_known_addr { host: "127.5.157.132" port: 44899 } attrs { promote: false } } }
I20260713 09:01:05.588932  7286 raft_consensus.cc:2955] T cbbafb3450df4b19a48df5204ede8c2f P 01f079fff4a844aeb36c5c7211e63985 [term 1 FOLLOWER]: Committing config change with OpId 1.3: config changed from index 2 to 3, 01f079fff4a844aeb36c5c7211e63985 (127.5.157.132) changed from NON_VOTER to VOTER. New config: { opid_index: 3 OBSOLETE_local: false peers { permanent_uuid: "20ed2b89fcc64e718ecf577a792e76a8" member_type: VOTER last_known_addr { host: "127.5.157.130" port: 37401 } } peers { permanent_uuid: "44e4e50cad5b4b0f8cfaf8789971c433" member_type: VOTER last_known_addr { host: "127.5.157.131" port: 33167 } } peers { permanent_uuid: "9d2a245e421048a59271e849f8d80437" member_type: VOTER last_known_addr { host: "127.5.157.129" port: 44339 } attrs { replace: true } } peers { permanent_uuid: "01f079fff4a844aeb36c5c7211e63985" member_type: VOTER last_known_addr { host: "127.5.157.132" port: 44899 } attrs { promote: false } } }
I20260713 09:01:05.590015  6930 raft_consensus.cc:2955] T cbbafb3450df4b19a48df5204ede8c2f P 20ed2b89fcc64e718ecf577a792e76a8 [term 1 FOLLOWER]: Committing config change with OpId 1.3: config changed from index 2 to 3, 01f079fff4a844aeb36c5c7211e63985 (127.5.157.132) changed from NON_VOTER to VOTER. New config: { opid_index: 3 OBSOLETE_local: false peers { permanent_uuid: "20ed2b89fcc64e718ecf577a792e76a8" member_type: VOTER last_known_addr { host: "127.5.157.130" port: 37401 } } peers { permanent_uuid: "44e4e50cad5b4b0f8cfaf8789971c433" member_type: VOTER last_known_addr { host: "127.5.157.131" port: 33167 } } peers { permanent_uuid: "9d2a245e421048a59271e849f8d80437" member_type: VOTER last_known_addr { host: "127.5.157.129" port: 44339 } attrs { replace: true } } peers { permanent_uuid: "01f079fff4a844aeb36c5c7211e63985" member_type: VOTER last_known_addr { host: "127.5.157.132" port: 44899 } attrs { promote: false } } }
I20260713 09:01:05.599915  6854 raft_consensus.cc:2955] T cbbafb3450df4b19a48df5204ede8c2f P 9d2a245e421048a59271e849f8d80437 [term 1 FOLLOWER]: Committing config change with OpId 1.3: config changed from index 2 to 3, 01f079fff4a844aeb36c5c7211e63985 (127.5.157.132) changed from NON_VOTER to VOTER. New config: { opid_index: 3 OBSOLETE_local: false peers { permanent_uuid: "20ed2b89fcc64e718ecf577a792e76a8" member_type: VOTER last_known_addr { host: "127.5.157.130" port: 37401 } } peers { permanent_uuid: "44e4e50cad5b4b0f8cfaf8789971c433" member_type: VOTER last_known_addr { host: "127.5.157.131" port: 33167 } } peers { permanent_uuid: "9d2a245e421048a59271e849f8d80437" member_type: VOTER last_known_addr { host: "127.5.157.129" port: 44339 } attrs { replace: true } } peers { permanent_uuid: "01f079fff4a844aeb36c5c7211e63985" member_type: VOTER last_known_addr { host: "127.5.157.132" port: 44899 } attrs { promote: false } } }
I20260713 09:01:05.602828  6755 catalog_manager.cc:5697] T cbbafb3450df4b19a48df5204ede8c2f P 01f079fff4a844aeb36c5c7211e63985 reported cstate change: config changed from index 2 to 3, 01f079fff4a844aeb36c5c7211e63985 (127.5.157.132) changed from NON_VOTER to VOTER. New cstate: current_term: 1 leader_uuid: "44e4e50cad5b4b0f8cfaf8789971c433" committed_config { opid_index: 3 OBSOLETE_local: false peers { permanent_uuid: "20ed2b89fcc64e718ecf577a792e76a8" member_type: VOTER last_known_addr { host: "127.5.157.130" port: 37401 } } peers { permanent_uuid: "44e4e50cad5b4b0f8cfaf8789971c433" member_type: VOTER last_known_addr { host: "127.5.157.131" port: 33167 } } peers { permanent_uuid: "9d2a245e421048a59271e849f8d80437" member_type: VOTER last_known_addr { host: "127.5.157.129" port: 44339 } attrs { replace: true } } peers { permanent_uuid: "01f079fff4a844aeb36c5c7211e63985" member_type: VOTER last_known_addr { host: "127.5.157.132" port: 44899 } attrs { promote: false } } }
I20260713 09:01:05.623425  7580 raft_consensus.cc:1064] T ca8b540b3cca40abb30cf806712ed001 P 20ed2b89fcc64e718ecf577a792e76a8: attempting to promote NON_VOTER 01f079fff4a844aeb36c5c7211e63985 to VOTER
I20260713 09:01:05.626144  7580 consensus_queue.cc:237] T ca8b540b3cca40abb30cf806712ed001 P 20ed2b89fcc64e718ecf577a792e76a8 [LEADER]: Queue going to LEADER mode. State: All replicated index: 0, Majority replicated index: 2, Committed index: 2, Last appended: 1.2, Last appended by leader: 0, Current term: 1, Majority size: 3, State: 0, Mode: LEADER, active raft config: opid_index: 3 OBSOLETE_local: false peers { permanent_uuid: "9d2a245e421048a59271e849f8d80437" member_type: VOTER last_known_addr { host: "127.5.157.129" port: 44339 } attrs { replace: true } } peers { permanent_uuid: "20ed2b89fcc64e718ecf577a792e76a8" member_type: VOTER last_known_addr { host: "127.5.157.130" port: 37401 } } peers { permanent_uuid: "44e4e50cad5b4b0f8cfaf8789971c433" member_type: VOTER last_known_addr { host: "127.5.157.131" port: 33167 } } peers { permanent_uuid: "01f079fff4a844aeb36c5c7211e63985" member_type: VOTER last_known_addr { host: "127.5.157.132" port: 44899 } attrs { promote: false } }
I20260713 09:01:05.640336  7003 consensus_queue.cc:237] T cbbafb3450df4b19a48df5204ede8c2f P 44e4e50cad5b4b0f8cfaf8789971c433 [LEADER]: Queue going to LEADER mode. State: All replicated index: 0, Majority replicated index: 3, Committed index: 3, Last appended: 1.3, Last appended by leader: 0, Current term: 1, Majority size: 2, State: 0, Mode: LEADER, active raft config: opid_index: 4 OBSOLETE_local: false peers { permanent_uuid: "20ed2b89fcc64e718ecf577a792e76a8" member_type: VOTER last_known_addr { host: "127.5.157.130" port: 37401 } } peers { permanent_uuid: "44e4e50cad5b4b0f8cfaf8789971c433" member_type: VOTER last_known_addr { host: "127.5.157.131" port: 33167 } } peers { permanent_uuid: "01f079fff4a844aeb36c5c7211e63985" member_type: VOTER last_known_addr { host: "127.5.157.132" port: 44899 } attrs { promote: false } }
I20260713 09:01:05.642975  7285 raft_consensus.cc:1275] T ca8b540b3cca40abb30cf806712ed001 P 01f079fff4a844aeb36c5c7211e63985 [term 1 LEARNER]: Refusing update from remote peer 20ed2b89fcc64e718ecf577a792e76a8: Log matching property violated. Preceding OpId in replica: term: 1 index: 2. Preceding OpId from leader: term: 1 index: 3. (index mismatch)
I20260713 09:01:05.644007  7005 raft_consensus.cc:1275] T ca8b540b3cca40abb30cf806712ed001 P 44e4e50cad5b4b0f8cfaf8789971c433 [term 1 FOLLOWER]: Refusing update from remote peer 20ed2b89fcc64e718ecf577a792e76a8: Log matching property violated. Preceding OpId in replica: term: 1 index: 2. Preceding OpId from leader: term: 1 index: 3. (index mismatch)
I20260713 09:01:05.644618  6854 raft_consensus.cc:1275] T ca8b540b3cca40abb30cf806712ed001 P 9d2a245e421048a59271e849f8d80437 [term 1 FOLLOWER]: Refusing update from remote peer 20ed2b89fcc64e718ecf577a792e76a8: Log matching property violated. Preceding OpId in replica: term: 1 index: 2. Preceding OpId from leader: term: 1 index: 3. (index mismatch)
I20260713 09:01:05.645421  7579 consensus_queue.cc:1048] T ca8b540b3cca40abb30cf806712ed001 P 20ed2b89fcc64e718ecf577a792e76a8 [LEADER]: Connected to new peer: Peer: permanent_uuid: "01f079fff4a844aeb36c5c7211e63985" member_type: VOTER last_known_addr { host: "127.5.157.132" port: 44899 } attrs { promote: false }, Status: LMP_MISMATCH, Last received: 0.0, Next index: 3, Last known committed idx: 2, Time since last communication: 0.000s
I20260713 09:01:05.646522  7556 consensus_queue.cc:1048] T ca8b540b3cca40abb30cf806712ed001 P 20ed2b89fcc64e718ecf577a792e76a8 [LEADER]: Connected to new peer: Peer: permanent_uuid: "44e4e50cad5b4b0f8cfaf8789971c433" member_type: VOTER last_known_addr { host: "127.5.157.131" port: 33167 }, Status: LMP_MISMATCH, Last received: 0.0, Next index: 3, Last known committed idx: 2, Time since last communication: 0.000s
I20260713 09:01:05.648598  7579 consensus_queue.cc:1048] T ca8b540b3cca40abb30cf806712ed001 P 20ed2b89fcc64e718ecf577a792e76a8 [LEADER]: Connected to new peer: Peer: permanent_uuid: "9d2a245e421048a59271e849f8d80437" member_type: VOTER last_known_addr { host: "127.5.157.129" port: 44339 } attrs { replace: true }, Status: LMP_MISMATCH, Last received: 0.0, Next index: 3, Last known committed idx: 2, Time since last communication: 0.000s
I20260713 09:01:05.653543  7286 raft_consensus.cc:1275] T cbbafb3450df4b19a48df5204ede8c2f P 01f079fff4a844aeb36c5c7211e63985 [term 1 FOLLOWER]: Refusing update from remote peer 44e4e50cad5b4b0f8cfaf8789971c433: Log matching property violated. Preceding OpId in replica: term: 1 index: 3. Preceding OpId from leader: term: 1 index: 4. (index mismatch)
I20260713 09:01:05.654872  7584 consensus_queue.cc:1048] T cbbafb3450df4b19a48df5204ede8c2f P 44e4e50cad5b4b0f8cfaf8789971c433 [LEADER]: Connected to new peer: Peer: permanent_uuid: "01f079fff4a844aeb36c5c7211e63985" member_type: VOTER last_known_addr { host: "127.5.157.132" port: 44899 } attrs { promote: false }, Status: LMP_MISMATCH, Last received: 0.0, Next index: 4, Last known committed idx: 3, Time since last communication: 0.000s
I20260713 09:01:05.663787  7546 raft_consensus.cc:2955] T cbbafb3450df4b19a48df5204ede8c2f P 44e4e50cad5b4b0f8cfaf8789971c433 [term 1 LEADER]: Committing config change with OpId 1.4: config changed from index 3 to 4, VOTER 9d2a245e421048a59271e849f8d80437 (127.5.157.129) evicted. New config: { opid_index: 4 OBSOLETE_local: false peers { permanent_uuid: "20ed2b89fcc64e718ecf577a792e76a8" member_type: VOTER last_known_addr { host: "127.5.157.130" port: 37401 } } peers { permanent_uuid: "44e4e50cad5b4b0f8cfaf8789971c433" member_type: VOTER last_known_addr { host: "127.5.157.131" port: 33167 } } peers { permanent_uuid: "01f079fff4a844aeb36c5c7211e63985" member_type: VOTER last_known_addr { host: "127.5.157.132" port: 44899 } attrs { promote: false } } }
I20260713 09:01:05.667832  7287 raft_consensus.cc:2955] T cbbafb3450df4b19a48df5204ede8c2f P 01f079fff4a844aeb36c5c7211e63985 [term 1 FOLLOWER]: Committing config change with OpId 1.4: config changed from index 3 to 4, VOTER 9d2a245e421048a59271e849f8d80437 (127.5.157.129) evicted. New config: { opid_index: 4 OBSOLETE_local: false peers { permanent_uuid: "20ed2b89fcc64e718ecf577a792e76a8" member_type: VOTER last_known_addr { host: "127.5.157.130" port: 37401 } } peers { permanent_uuid: "44e4e50cad5b4b0f8cfaf8789971c433" member_type: VOTER last_known_addr { host: "127.5.157.131" port: 33167 } } peers { permanent_uuid: "01f079fff4a844aeb36c5c7211e63985" member_type: VOTER last_known_addr { host: "127.5.157.132" port: 44899 } attrs { promote: false } } }
I20260713 09:01:05.673872  6741 catalog_manager.cc:5210] ChangeConfig:REMOVE_PEER RPC for tablet cbbafb3450df4b19a48df5204ede8c2f with cas_config_opid_index 3: ChangeConfig:REMOVE_PEER succeeded (attempt 1)
I20260713 09:01:05.680272  6751 catalog_manager.cc:5697] T cbbafb3450df4b19a48df5204ede8c2f P 44e4e50cad5b4b0f8cfaf8789971c433 reported cstate change: config changed from index 3 to 4, VOTER 9d2a245e421048a59271e849f8d80437 (127.5.157.129) evicted. New cstate: current_term: 1 leader_uuid: "44e4e50cad5b4b0f8cfaf8789971c433" committed_config { opid_index: 4 OBSOLETE_local: false peers { permanent_uuid: "20ed2b89fcc64e718ecf577a792e76a8" member_type: VOTER last_known_addr { host: "127.5.157.130" port: 37401 } health_report { overall_health: UNKNOWN } } peers { permanent_uuid: "44e4e50cad5b4b0f8cfaf8789971c433" member_type: VOTER last_known_addr { host: "127.5.157.131" port: 33167 } health_report { overall_health: HEALTHY } } peers { permanent_uuid: "01f079fff4a844aeb36c5c7211e63985" member_type: VOTER last_known_addr { host: "127.5.157.132" port: 44899 } attrs { promote: false } health_report { overall_health: HEALTHY } } }
I20260713 09:01:05.683933  7005 raft_consensus.cc:2955] T ca8b540b3cca40abb30cf806712ed001 P 44e4e50cad5b4b0f8cfaf8789971c433 [term 1 FOLLOWER]: Committing config change with OpId 1.3: config changed from index 2 to 3, 01f079fff4a844aeb36c5c7211e63985 (127.5.157.132) changed from NON_VOTER to VOTER. New config: { opid_index: 3 OBSOLETE_local: false peers { permanent_uuid: "9d2a245e421048a59271e849f8d80437" member_type: VOTER last_known_addr { host: "127.5.157.129" port: 44339 } attrs { replace: true } } peers { permanent_uuid: "20ed2b89fcc64e718ecf577a792e76a8" member_type: VOTER last_known_addr { host: "127.5.157.130" port: 37401 } } peers { permanent_uuid: "44e4e50cad5b4b0f8cfaf8789971c433" member_type: VOTER last_known_addr { host: "127.5.157.131" port: 33167 } } peers { permanent_uuid: "01f079fff4a844aeb36c5c7211e63985" member_type: VOTER last_known_addr { host: "127.5.157.132" port: 44899 } attrs { promote: false } } }
I20260713 09:01:05.680286  7580 raft_consensus.cc:2955] T ca8b540b3cca40abb30cf806712ed001 P 20ed2b89fcc64e718ecf577a792e76a8 [term 1 LEADER]: Committing config change with OpId 1.3: config changed from index 2 to 3, 01f079fff4a844aeb36c5c7211e63985 (127.5.157.132) changed from NON_VOTER to VOTER. New config: { opid_index: 3 OBSOLETE_local: false peers { permanent_uuid: "9d2a245e421048a59271e849f8d80437" member_type: VOTER last_known_addr { host: "127.5.157.129" port: 44339 } attrs { replace: true } } peers { permanent_uuid: "20ed2b89fcc64e718ecf577a792e76a8" member_type: VOTER last_known_addr { host: "127.5.157.130" port: 37401 } } peers { permanent_uuid: "44e4e50cad5b4b0f8cfaf8789971c433" member_type: VOTER last_known_addr { host: "127.5.157.131" port: 33167 } } peers { permanent_uuid: "01f079fff4a844aeb36c5c7211e63985" member_type: VOTER last_known_addr { host: "127.5.157.132" port: 44899 } attrs { promote: false } } }
I20260713 09:01:05.685859  6929 raft_consensus.cc:1275] T cbbafb3450df4b19a48df5204ede8c2f P 20ed2b89fcc64e718ecf577a792e76a8 [term 1 FOLLOWER]: Refusing update from remote peer 44e4e50cad5b4b0f8cfaf8789971c433: Log matching property violated. Preceding OpId in replica: term: 1 index: 3. Preceding OpId from leader: term: 1 index: 4. (index mismatch)
I20260713 09:01:05.687103  7584 consensus_queue.cc:1048] T cbbafb3450df4b19a48df5204ede8c2f P 44e4e50cad5b4b0f8cfaf8789971c433 [LEADER]: Connected to new peer: Peer: permanent_uuid: "20ed2b89fcc64e718ecf577a792e76a8" member_type: VOTER last_known_addr { host: "127.5.157.130" port: 37401 }, Status: LMP_MISMATCH, Last received: 0.0, Next index: 4, Last known committed idx: 3, Time since last communication: 0.000s
I20260713 09:01:05.695266  6930 raft_consensus.cc:2955] T cbbafb3450df4b19a48df5204ede8c2f P 20ed2b89fcc64e718ecf577a792e76a8 [term 1 FOLLOWER]: Committing config change with OpId 1.4: config changed from index 3 to 4, VOTER 9d2a245e421048a59271e849f8d80437 (127.5.157.129) evicted. New config: { opid_index: 4 OBSOLETE_local: false peers { permanent_uuid: "20ed2b89fcc64e718ecf577a792e76a8" member_type: VOTER last_known_addr { host: "127.5.157.130" port: 37401 } } peers { permanent_uuid: "44e4e50cad5b4b0f8cfaf8789971c433" member_type: VOTER last_known_addr { host: "127.5.157.131" port: 33167 } } peers { permanent_uuid: "01f079fff4a844aeb36c5c7211e63985" member_type: VOTER last_known_addr { host: "127.5.157.132" port: 44899 } attrs { promote: false } } }
I20260713 09:01:05.704556  6847 tablet_service.cc:1558] Processing DeleteTablet for tablet cbbafb3450df4b19a48df5204ede8c2f with delete_type TABLET_DATA_TOMBSTONED (TS 9d2a245e421048a59271e849f8d80437 not found in new config with opid_index 4) from {username='slave'} at 127.0.0.1:53370
I20260713 09:01:05.707440  7287 raft_consensus.cc:2955] T ca8b540b3cca40abb30cf806712ed001 P 01f079fff4a844aeb36c5c7211e63985 [term 1 FOLLOWER]: Committing config change with OpId 1.3: config changed from index 2 to 3, 01f079fff4a844aeb36c5c7211e63985 (127.5.157.132) changed from NON_VOTER to VOTER. New config: { opid_index: 3 OBSOLETE_local: false peers { permanent_uuid: "9d2a245e421048a59271e849f8d80437" member_type: VOTER last_known_addr { host: "127.5.157.129" port: 44339 } attrs { replace: true } } peers { permanent_uuid: "20ed2b89fcc64e718ecf577a792e76a8" member_type: VOTER last_known_addr { host: "127.5.157.130" port: 37401 } } peers { permanent_uuid: "44e4e50cad5b4b0f8cfaf8789971c433" member_type: VOTER last_known_addr { host: "127.5.157.131" port: 33167 } } peers { permanent_uuid: "01f079fff4a844aeb36c5c7211e63985" member_type: VOTER last_known_addr { host: "127.5.157.132" port: 44899 } attrs { promote: false } } }
I20260713 09:01:05.712066  6751 catalog_manager.cc:5697] T ca8b540b3cca40abb30cf806712ed001 P 44e4e50cad5b4b0f8cfaf8789971c433 reported cstate change: config changed from index 2 to 3, 01f079fff4a844aeb36c5c7211e63985 (127.5.157.132) changed from NON_VOTER to VOTER. New cstate: current_term: 1 leader_uuid: "20ed2b89fcc64e718ecf577a792e76a8" committed_config { opid_index: 3 OBSOLETE_local: false peers { permanent_uuid: "9d2a245e421048a59271e849f8d80437" member_type: VOTER last_known_addr { host: "127.5.157.129" port: 44339 } attrs { replace: true } } peers { permanent_uuid: "20ed2b89fcc64e718ecf577a792e76a8" member_type: VOTER last_known_addr { host: "127.5.157.130" port: 37401 } } peers { permanent_uuid: "44e4e50cad5b4b0f8cfaf8789971c433" member_type: VOTER last_known_addr { host: "127.5.157.131" port: 33167 } } peers { permanent_uuid: "01f079fff4a844aeb36c5c7211e63985" member_type: VOTER last_known_addr { host: "127.5.157.132" port: 44899 } attrs { promote: false } } }
I20260713 09:01:05.726719  6930 consensus_queue.cc:237] T ca8b540b3cca40abb30cf806712ed001 P 20ed2b89fcc64e718ecf577a792e76a8 [LEADER]: Queue going to LEADER mode. State: All replicated index: 0, Majority replicated index: 3, Committed index: 3, Last appended: 1.3, Last appended by leader: 0, Current term: 1, Majority size: 2, State: 0, Mode: LEADER, active raft config: opid_index: 4 OBSOLETE_local: false peers { permanent_uuid: "20ed2b89fcc64e718ecf577a792e76a8" member_type: VOTER last_known_addr { host: "127.5.157.130" port: 37401 } } peers { permanent_uuid: "44e4e50cad5b4b0f8cfaf8789971c433" member_type: VOTER last_known_addr { host: "127.5.157.131" port: 33167 } } peers { permanent_uuid: "01f079fff4a844aeb36c5c7211e63985" member_type: VOTER last_known_addr { host: "127.5.157.132" port: 44899 } attrs { promote: false } }
I20260713 09:01:05.733937  7005 raft_consensus.cc:1275] T ca8b540b3cca40abb30cf806712ed001 P 44e4e50cad5b4b0f8cfaf8789971c433 [term 1 FOLLOWER]: Refusing update from remote peer 20ed2b89fcc64e718ecf577a792e76a8: Log matching property violated. Preceding OpId in replica: term: 1 index: 3. Preceding OpId from leader: term: 1 index: 4. (index mismatch)
I20260713 09:01:05.735287  7287 raft_consensus.cc:1275] T ca8b540b3cca40abb30cf806712ed001 P 01f079fff4a844aeb36c5c7211e63985 [term 1 FOLLOWER]: Refusing update from remote peer 20ed2b89fcc64e718ecf577a792e76a8: Log matching property violated. Preceding OpId in replica: term: 1 index: 3. Preceding OpId from leader: term: 1 index: 4. (index mismatch)
I20260713 09:01:05.737273  7580 consensus_queue.cc:1048] T ca8b540b3cca40abb30cf806712ed001 P 20ed2b89fcc64e718ecf577a792e76a8 [LEADER]: Connected to new peer: Peer: permanent_uuid: "44e4e50cad5b4b0f8cfaf8789971c433" member_type: VOTER last_known_addr { host: "127.5.157.131" port: 33167 }, Status: LMP_MISMATCH, Last received: 0.0, Next index: 4, Last known committed idx: 3, Time since last communication: 0.000s
I20260713 09:01:05.738737  7597 tablet_replica.cc:333] T cbbafb3450df4b19a48df5204ede8c2f P 9d2a245e421048a59271e849f8d80437: stopping tablet replica
I20260713 09:01:05.738965  7593 consensus_queue.cc:1048] T ca8b540b3cca40abb30cf806712ed001 P 20ed2b89fcc64e718ecf577a792e76a8 [LEADER]: Connected to new peer: Peer: permanent_uuid: "01f079fff4a844aeb36c5c7211e63985" member_type: VOTER last_known_addr { host: "127.5.157.132" port: 44899 } attrs { promote: false }, Status: LMP_MISMATCH, Last received: 0.0, Next index: 4, Last known committed idx: 3, Time since last communication: 0.000s
I20260713 09:01:05.744156  7593 raft_consensus.cc:2955] T ca8b540b3cca40abb30cf806712ed001 P 20ed2b89fcc64e718ecf577a792e76a8 [term 1 LEADER]: Committing config change with OpId 1.4: config changed from index 3 to 4, VOTER 9d2a245e421048a59271e849f8d80437 (127.5.157.129) evicted. New config: { opid_index: 4 OBSOLETE_local: false peers { permanent_uuid: "20ed2b89fcc64e718ecf577a792e76a8" member_type: VOTER last_known_addr { host: "127.5.157.130" port: 37401 } } peers { permanent_uuid: "44e4e50cad5b4b0f8cfaf8789971c433" member_type: VOTER last_known_addr { host: "127.5.157.131" port: 33167 } } peers { permanent_uuid: "01f079fff4a844aeb36c5c7211e63985" member_type: VOTER last_known_addr { host: "127.5.157.132" port: 44899 } attrs { promote: false } } }
I20260713 09:01:05.745530  7597 raft_consensus.cc:2243] T cbbafb3450df4b19a48df5204ede8c2f P 9d2a245e421048a59271e849f8d80437 [term 1 FOLLOWER]: Raft consensus shutting down.
I20260713 09:01:05.746456  7005 raft_consensus.cc:2955] T ca8b540b3cca40abb30cf806712ed001 P 44e4e50cad5b4b0f8cfaf8789971c433 [term 1 FOLLOWER]: Committing config change with OpId 1.4: config changed from index 3 to 4, VOTER 9d2a245e421048a59271e849f8d80437 (127.5.157.129) evicted. New config: { opid_index: 4 OBSOLETE_local: false peers { permanent_uuid: "20ed2b89fcc64e718ecf577a792e76a8" member_type: VOTER last_known_addr { host: "127.5.157.130" port: 37401 } } peers { permanent_uuid: "44e4e50cad5b4b0f8cfaf8789971c433" member_type: VOTER last_known_addr { host: "127.5.157.131" port: 33167 } } peers { permanent_uuid: "01f079fff4a844aeb36c5c7211e63985" member_type: VOTER last_known_addr { host: "127.5.157.132" port: 44899 } attrs { promote: false } } }
I20260713 09:01:05.749100  7287 raft_consensus.cc:2955] T ca8b540b3cca40abb30cf806712ed001 P 01f079fff4a844aeb36c5c7211e63985 [term 1 FOLLOWER]: Committing config change with OpId 1.4: config changed from index 3 to 4, VOTER 9d2a245e421048a59271e849f8d80437 (127.5.157.129) evicted. New config: { opid_index: 4 OBSOLETE_local: false peers { permanent_uuid: "20ed2b89fcc64e718ecf577a792e76a8" member_type: VOTER last_known_addr { host: "127.5.157.130" port: 37401 } } peers { permanent_uuid: "44e4e50cad5b4b0f8cfaf8789971c433" member_type: VOTER last_known_addr { host: "127.5.157.131" port: 33167 } } peers { permanent_uuid: "01f079fff4a844aeb36c5c7211e63985" member_type: VOTER last_known_addr { host: "127.5.157.132" port: 44899 } attrs { promote: false } } }
I20260713 09:01:05.754495  6740 catalog_manager.cc:5210] ChangeConfig:REMOVE_PEER RPC for tablet ca8b540b3cca40abb30cf806712ed001 with cas_config_opid_index 3: ChangeConfig:REMOVE_PEER succeeded (attempt 1)
I20260713 09:01:05.755182  7597 raft_consensus.cc:2272] T cbbafb3450df4b19a48df5204ede8c2f P 9d2a245e421048a59271e849f8d80437 [term 1 FOLLOWER]: Raft consensus is shut down!
I20260713 09:01:05.759159  7597 ts_tablet_manager.cc:1916] T cbbafb3450df4b19a48df5204ede8c2f P 9d2a245e421048a59271e849f8d80437: Deleting tablet data with delete state TABLET_DATA_TOMBSTONED
I20260713 09:01:05.764194  6751 catalog_manager.cc:5697] T ca8b540b3cca40abb30cf806712ed001 P 44e4e50cad5b4b0f8cfaf8789971c433 reported cstate change: config changed from index 3 to 4, VOTER 9d2a245e421048a59271e849f8d80437 (127.5.157.129) evicted. New cstate: current_term: 1 leader_uuid: "20ed2b89fcc64e718ecf577a792e76a8" committed_config { opid_index: 4 OBSOLETE_local: false peers { permanent_uuid: "20ed2b89fcc64e718ecf577a792e76a8" member_type: VOTER last_known_addr { host: "127.5.157.130" port: 37401 } } peers { permanent_uuid: "44e4e50cad5b4b0f8cfaf8789971c433" member_type: VOTER last_known_addr { host: "127.5.157.131" port: 33167 } } peers { permanent_uuid: "01f079fff4a844aeb36c5c7211e63985" member_type: VOTER last_known_addr { host: "127.5.157.132" port: 44899 } attrs { promote: false } } }
I20260713 09:01:05.782373  6847 tablet_service.cc:1558] Processing DeleteTablet for tablet ca8b540b3cca40abb30cf806712ed001 with delete_type TABLET_DATA_TOMBSTONED (TS 9d2a245e421048a59271e849f8d80437 not found in new config with opid_index 4) from {username='slave'} at 127.0.0.1:53370
I20260713 09:01:05.784700  7597 ts_tablet_manager.cc:1929] T cbbafb3450df4b19a48df5204ede8c2f P 9d2a245e421048a59271e849f8d80437: tablet deleted with delete type TABLET_DATA_TOMBSTONED: last-logged OpId 1.3
I20260713 09:01:05.785180  7597 log.cc:1199] T cbbafb3450df4b19a48df5204ede8c2f P 9d2a245e421048a59271e849f8d80437: Deleting WAL directory at /tmp/dist-test-task6jCJ9w/test-tmp/auto_leader_rebalancer-test.0.LeaderRebalancerTest.AddTserver.1783933226095460-5750-0/minicluster-data/ts-0-root/wals/cbbafb3450df4b19a48df5204ede8c2f
I20260713 09:01:05.787021  6739 catalog_manager.cc:5028] TS 9d2a245e421048a59271e849f8d80437 (127.5.157.129:44339): tablet cbbafb3450df4b19a48df5204ede8c2f (table test-workload [id=0c45f882bf0543c4b69346c6f6c5e936]) successfully deleted
I20260713 09:01:05.787963  7597 tablet_replica.cc:333] T ca8b540b3cca40abb30cf806712ed001 P 9d2a245e421048a59271e849f8d80437: stopping tablet replica
I20260713 09:01:05.788864  7597 raft_consensus.cc:2243] T ca8b540b3cca40abb30cf806712ed001 P 9d2a245e421048a59271e849f8d80437 [term 1 FOLLOWER]: Raft consensus shutting down.
I20260713 09:01:05.789403  7597 pending_rounds.cc:70] T ca8b540b3cca40abb30cf806712ed001 P 9d2a245e421048a59271e849f8d80437: Trying to abort 1 pending ops.
I20260713 09:01:05.789817  7597 pending_rounds.cc:77] T ca8b540b3cca40abb30cf806712ed001 P 9d2a245e421048a59271e849f8d80437: Aborting op as it isn't in flight: id { term: 1 index: 3 } timestamp: 7306990655998361600 op_type: CHANGE_CONFIG_OP change_config_record { tablet_id: "ca8b540b3cca40abb30cf806712ed001" old_config { opid_index: 2 OBSOLETE_local: false peers { permanent_uuid: "9d2a245e421048a59271e849f8d80437" member_type: VOTER last_known_addr { host: "127.5.157.129" port: 44339 } attrs { replace: true } } peers { permanent_uuid: "20ed2b89fcc64e718ecf577a792e76a8" member_type: VOTER last_known_addr { host: "127.5.157.130" port: 37401 } } peers { permanent_uuid: "44e4e50cad5b4b0f8cfaf8789971c433" member_type: VOTER last_known_addr { host: "127.5.157.131" port: 33167 } } peers { permanent_uuid: "01f079fff4a844aeb36c5c7211e63985" member_type: NON_VOTER last_known_addr { host: "127.5.157.132" port: 44899 } attrs { promote: true } } } new_config { opid_index: 3 OBSOLETE_local: false peers { permanent_uuid: "9d2a245e421048a59271e849f8d80437" member_type: VOTER last_known_addr { host: "127.5.157.129" port: 44339 } attrs { replace: true } } peers { permanent_uuid: "20ed2b89fcc64e718ecf577a792e76a8" member_type: VOTER last_known_addr { host: "127.5.157.130" port: 37401 } } peers { permanent_uuid: "44e4e50cad5b4b0f8cfaf8789971c433" member_type: VOTER last_known_addr { host: "127.5.157.131" port: 33167 } } peers { permanent_uuid: "01f079fff4a844aeb36c5c7211e63985" member_type: VOTER last_known_addr { host: "127.5.157.132" port: 44899 } attrs { promote: false } } } }
I20260713 09:01:05.791038  7597 raft_consensus.cc:2917] T ca8b540b3cca40abb30cf806712ed001 P 9d2a245e421048a59271e849f8d80437 [term 1 FOLLOWER]: Aborting config change with OpId 1.3: Aborted: Op aborted
I20260713 09:01:05.791435  7597 raft_consensus.cc:2889] T ca8b540b3cca40abb30cf806712ed001 P 9d2a245e421048a59271e849f8d80437 [term 1 FOLLOWER]: CHANGE_CONFIG_OP replication failed: Aborted: Op aborted
I20260713 09:01:05.791786  7597 raft_consensus.cc:2272] T ca8b540b3cca40abb30cf806712ed001 P 9d2a245e421048a59271e849f8d80437 [term 1 FOLLOWER]: Raft consensus is shut down!
I20260713 09:01:05.794570  7597 ts_tablet_manager.cc:1916] T ca8b540b3cca40abb30cf806712ed001 P 9d2a245e421048a59271e849f8d80437: Deleting tablet data with delete state TABLET_DATA_TOMBSTONED
I20260713 09:01:05.809083  7597 ts_tablet_manager.cc:1929] T ca8b540b3cca40abb30cf806712ed001 P 9d2a245e421048a59271e849f8d80437: tablet deleted with delete type TABLET_DATA_TOMBSTONED: last-logged OpId 1.3
I20260713 09:01:05.809435  7597 log.cc:1199] T ca8b540b3cca40abb30cf806712ed001 P 9d2a245e421048a59271e849f8d80437: Deleting WAL directory at /tmp/dist-test-task6jCJ9w/test-tmp/auto_leader_rebalancer-test.0.LeaderRebalancerTest.AddTserver.1783933226095460-5750-0/minicluster-data/ts-0-root/wals/ca8b540b3cca40abb30cf806712ed001
I20260713 09:01:05.811020  6739 catalog_manager.cc:5028] TS 9d2a245e421048a59271e849f8d80437 (127.5.157.129:44339): tablet ca8b540b3cca40abb30cf806712ed001 (table test-workload [id=0c45f882bf0543c4b69346c6f6c5e936]) successfully deleted
I20260713 09:01:05.878008  7581 raft_consensus.cc:1064] T 1c12e40669b74004bfabf788e993aa83 P 9d2a245e421048a59271e849f8d80437: attempting to promote NON_VOTER 01f079fff4a844aeb36c5c7211e63985 to VOTER
I20260713 09:01:05.880089  7581 consensus_queue.cc:237] T 1c12e40669b74004bfabf788e993aa83 P 9d2a245e421048a59271e849f8d80437 [LEADER]: Queue going to LEADER mode. State: All replicated index: 0, Majority replicated index: 2, Committed index: 2, Last appended: 1.2, Last appended by leader: 0, Current term: 1, Majority size: 3, State: 0, Mode: LEADER, active raft config: opid_index: 3 OBSOLETE_local: false peers { permanent_uuid: "9d2a245e421048a59271e849f8d80437" member_type: VOTER last_known_addr { host: "127.5.157.129" port: 44339 } } peers { permanent_uuid: "20ed2b89fcc64e718ecf577a792e76a8" member_type: VOTER last_known_addr { host: "127.5.157.130" port: 37401 } } peers { permanent_uuid: "44e4e50cad5b4b0f8cfaf8789971c433" member_type: VOTER last_known_addr { host: "127.5.157.131" port: 33167 } attrs { replace: true } } peers { permanent_uuid: "01f079fff4a844aeb36c5c7211e63985" member_type: VOTER last_known_addr { host: "127.5.157.132" port: 44899 } attrs { promote: false } }
I20260713 09:01:05.888975  7287 raft_consensus.cc:1275] T 1c12e40669b74004bfabf788e993aa83 P 01f079fff4a844aeb36c5c7211e63985 [term 1 LEARNER]: Refusing update from remote peer 9d2a245e421048a59271e849f8d80437: Log matching property violated. Preceding OpId in replica: term: 1 index: 2. Preceding OpId from leader: term: 1 index: 3. (index mismatch)
I20260713 09:01:05.890093  7005 raft_consensus.cc:1275] T 1c12e40669b74004bfabf788e993aa83 P 44e4e50cad5b4b0f8cfaf8789971c433 [term 1 FOLLOWER]: Refusing update from remote peer 9d2a245e421048a59271e849f8d80437: Log matching property violated. Preceding OpId in replica: term: 1 index: 2. Preceding OpId from leader: term: 1 index: 3. (index mismatch)
I20260713 09:01:05.890093  6930 raft_consensus.cc:1275] T 1c12e40669b74004bfabf788e993aa83 P 20ed2b89fcc64e718ecf577a792e76a8 [term 1 FOLLOWER]: Refusing update from remote peer 9d2a245e421048a59271e849f8d80437: Log matching property violated. Preceding OpId in replica: term: 1 index: 2. Preceding OpId from leader: term: 1 index: 3. (index mismatch)
I20260713 09:01:05.890228  7582 consensus_queue.cc:1048] T 1c12e40669b74004bfabf788e993aa83 P 9d2a245e421048a59271e849f8d80437 [LEADER]: Connected to new peer: Peer: permanent_uuid: "01f079fff4a844aeb36c5c7211e63985" member_type: VOTER last_known_addr { host: "127.5.157.132" port: 44899 } attrs { promote: false }, Status: LMP_MISMATCH, Last received: 0.0, Next index: 3, Last known committed idx: 2, Time since last communication: 0.001s
I20260713 09:01:05.892007  7599 consensus_queue.cc:1048] T 1c12e40669b74004bfabf788e993aa83 P 9d2a245e421048a59271e849f8d80437 [LEADER]: Connected to new peer: Peer: permanent_uuid: "20ed2b89fcc64e718ecf577a792e76a8" member_type: VOTER last_known_addr { host: "127.5.157.130" port: 37401 }, Status: LMP_MISMATCH, Last received: 0.0, Next index: 3, Last known committed idx: 2, Time since last communication: 0.000s
I20260713 09:01:05.892779  7581 consensus_queue.cc:1048] T 1c12e40669b74004bfabf788e993aa83 P 9d2a245e421048a59271e849f8d80437 [LEADER]: Connected to new peer: Peer: permanent_uuid: "44e4e50cad5b4b0f8cfaf8789971c433" member_type: VOTER last_known_addr { host: "127.5.157.131" port: 33167 } attrs { replace: true }, Status: LMP_MISMATCH, Last received: 0.0, Next index: 3, Last known committed idx: 2, Time since last communication: 0.000s
I20260713 09:01:05.908476  7582 raft_consensus.cc:2955] T 1c12e40669b74004bfabf788e993aa83 P 9d2a245e421048a59271e849f8d80437 [term 1 LEADER]: Committing config change with OpId 1.3: config changed from index 2 to 3, 01f079fff4a844aeb36c5c7211e63985 (127.5.157.132) changed from NON_VOTER to VOTER. New config: { opid_index: 3 OBSOLETE_local: false peers { permanent_uuid: "9d2a245e421048a59271e849f8d80437" member_type: VOTER last_known_addr { host: "127.5.157.129" port: 44339 } } peers { permanent_uuid: "20ed2b89fcc64e718ecf577a792e76a8" member_type: VOTER last_known_addr { host: "127.5.157.130" port: 37401 } } peers { permanent_uuid: "44e4e50cad5b4b0f8cfaf8789971c433" member_type: VOTER last_known_addr { host: "127.5.157.131" port: 33167 } attrs { replace: true } } peers { permanent_uuid: "01f079fff4a844aeb36c5c7211e63985" member_type: VOTER last_known_addr { host: "127.5.157.132" port: 44899 } attrs { promote: false } } }
I20260713 09:01:05.911685  7603 raft_consensus.cc:1064] T d685126ead9a469a8f1b0a96333f43db P 9d2a245e421048a59271e849f8d80437: attempting to promote NON_VOTER 01f079fff4a844aeb36c5c7211e63985 to VOTER
I20260713 09:01:05.914009  7603 consensus_queue.cc:237] T d685126ead9a469a8f1b0a96333f43db P 9d2a245e421048a59271e849f8d80437 [LEADER]: Queue going to LEADER mode. State: All replicated index: 0, Majority replicated index: 2, Committed index: 2, Last appended: 1.2, Last appended by leader: 0, Current term: 1, Majority size: 3, State: 0, Mode: LEADER, active raft config: opid_index: 3 OBSOLETE_local: false peers { permanent_uuid: "9d2a245e421048a59271e849f8d80437" member_type: VOTER last_known_addr { host: "127.5.157.129" port: 44339 } } peers { permanent_uuid: "20ed2b89fcc64e718ecf577a792e76a8" member_type: VOTER last_known_addr { host: "127.5.157.130" port: 37401 } attrs { replace: true } } peers { permanent_uuid: "44e4e50cad5b4b0f8cfaf8789971c433" member_type: VOTER last_known_addr { host: "127.5.157.131" port: 33167 } } peers { permanent_uuid: "01f079fff4a844aeb36c5c7211e63985" member_type: VOTER last_known_addr { host: "127.5.157.132" port: 44899 } attrs { promote: false } }
