I20260713 09:00:31.633205  6138 raft_consensus.cc:697] T 960f781908854f82a8d70c6ef0eaa5b8 P 5e496124aa384773855d52feb6d0401c [term 3 LEADER]: Becoming Leader. State: Replica: 5e496124aa384773855d52feb6d0401c, State: Running, Role: LEADER
I20260713 09:00:31.633913  6138 consensus_queue.cc:237] T 960f781908854f82a8d70c6ef0eaa5b8 P 5e496124aa384773855d52feb6d0401c [LEADER]: Queue going to LEADER mode. State: All replicated index: 0, Majority replicated index: 2, Committed index: 2, Last appended: 2.2, Last appended by leader: 2, Current term: 3, Majority size: 2, State: 0, Mode: LEADER, active raft config: opid_index: -1 OBSOLETE_local: false peers { permanent_uuid: "695222c11c814819b66ba45a88959641" member_type: VOTER last_known_addr { host: "127.5.160.129" port: 42579 } } peers { permanent_uuid: "5e496124aa384773855d52feb6d0401c" member_type: VOTER last_known_addr { host: "127.5.160.130" port: 35837 } } peers { permanent_uuid: "6af46a6fef6e4187aad040ca99510374" member_type: VOTER last_known_addr { host: "127.5.160.131" port: 41827 } }
I20260713 09:00:31.635859  5897 raft_consensus.cc:2468] T 960f781908854f82a8d70c6ef0eaa5b8 P 695222c11c814819b66ba45a88959641 [term 3 FOLLOWER]: Leader election vote request: Granting yes vote for candidate 5e496124aa384773855d52feb6d0401c in term 3.
I20260713 09:00:31.640203  5793 catalog_manager.cc:5697] T 960f781908854f82a8d70c6ef0eaa5b8 P 5e496124aa384773855d52feb6d0401c reported cstate change: term changed from 2 to 3, leader changed from 695222c11c814819b66ba45a88959641 (127.5.160.129) to 5e496124aa384773855d52feb6d0401c (127.5.160.130). New cstate: current_term: 3 leader_uuid: "5e496124aa384773855d52feb6d0401c" committed_config { opid_index: -1 OBSOLETE_local: false peers { permanent_uuid: "695222c11c814819b66ba45a88959641" member_type: VOTER last_known_addr { host: "127.5.160.129" port: 42579 } health_report { overall_health: UNKNOWN } } peers { permanent_uuid: "5e496124aa384773855d52feb6d0401c" member_type: VOTER last_known_addr { host: "127.5.160.130" port: 35837 } health_report { overall_health: HEALTHY } } peers { permanent_uuid: "6af46a6fef6e4187aad040ca99510374" member_type: VOTER last_known_addr { host: "127.5.160.131" port: 41827 } health_report { overall_health: UNKNOWN } } }
I20260713 09:00:31.668864  6186 raft_consensus.cc:993] T 7b3e5215b0e845f1bb864bf33fae4e01 P 6af46a6fef6e4187aad040ca99510374: : Instructing follower 5e496124aa384773855d52feb6d0401c to start an election
I20260713 09:00:31.669237  6125 raft_consensus.cc:1081] T 7b3e5215b0e845f1bb864bf33fae4e01 P 6af46a6fef6e4187aad040ca99510374 [term 3 LEADER]: Signalling peer 5e496124aa384773855d52feb6d0401c to start an election
I20260713 09:00:31.670430  5972 tablet_service.cc:2044] Received Run Leader Election RPC: tablet_id: "7b3e5215b0e845f1bb864bf33fae4e01"
dest_uuid: "5e496124aa384773855d52feb6d0401c"
 from {username='slave'} at 127.0.0.1:43800
I20260713 09:00:31.670919  5972 raft_consensus.cc:493] T 7b3e5215b0e845f1bb864bf33fae4e01 P 5e496124aa384773855d52feb6d0401c [term 3 FOLLOWER]: Starting forced leader election (received explicit request)
I20260713 09:00:31.671221  5972 raft_consensus.cc:3060] T 7b3e5215b0e845f1bb864bf33fae4e01 P 5e496124aa384773855d52feb6d0401c [term 3 FOLLOWER]: Advancing to term 4
I20260713 09:00:31.674674  5972 raft_consensus.cc:515] T 7b3e5215b0e845f1bb864bf33fae4e01 P 5e496124aa384773855d52feb6d0401c [term 4 FOLLOWER]: Starting forced leader election with config: opid_index: -1 OBSOLETE_local: false peers { permanent_uuid: "695222c11c814819b66ba45a88959641" member_type: VOTER last_known_addr { host: "127.5.160.129" port: 42579 } } peers { permanent_uuid: "5e496124aa384773855d52feb6d0401c" member_type: VOTER last_known_addr { host: "127.5.160.130" port: 35837 } } peers { permanent_uuid: "6af46a6fef6e4187aad040ca99510374" member_type: VOTER last_known_addr { host: "127.5.160.131" port: 41827 } }
I20260713 09:00:31.675861  5972 leader_election.cc:290] T 7b3e5215b0e845f1bb864bf33fae4e01 P 5e496124aa384773855d52feb6d0401c [CANDIDATE]: Term 4 election: Requested vote from peers 695222c11c814819b66ba45a88959641 (127.5.160.129:42579), 6af46a6fef6e4187aad040ca99510374 (127.5.160.131:41827)
I20260713 09:00:31.676510  5897 tablet_service.cc:1917] Received RequestConsensusVote() RPC: tablet_id: "7b3e5215b0e845f1bb864bf33fae4e01" candidate_uuid: "5e496124aa384773855d52feb6d0401c" candidate_term: 4 candidate_status { last_received { term: 3 index: 3 } } ignore_live_leader: true dest_uuid: "695222c11c814819b66ba45a88959641"
I20260713 09:00:31.676656  6045 tablet_service.cc:1917] Received RequestConsensusVote() RPC: tablet_id: "7b3e5215b0e845f1bb864bf33fae4e01" candidate_uuid: "5e496124aa384773855d52feb6d0401c" candidate_term: 4 candidate_status { last_received { term: 3 index: 3 } } ignore_live_leader: true dest_uuid: "6af46a6fef6e4187aad040ca99510374"
I20260713 09:00:31.676994  5897 raft_consensus.cc:3060] T 7b3e5215b0e845f1bb864bf33fae4e01 P 695222c11c814819b66ba45a88959641 [term 3 FOLLOWER]: Advancing to term 4
I20260713 09:00:31.677114  6045 raft_consensus.cc:3055] T 7b3e5215b0e845f1bb864bf33fae4e01 P 6af46a6fef6e4187aad040ca99510374 [term 3 LEADER]: Stepping down as leader of term 3
I20260713 09:00:31.677428  6045 raft_consensus.cc:740] T 7b3e5215b0e845f1bb864bf33fae4e01 P 6af46a6fef6e4187aad040ca99510374 [term 3 LEADER]: Becoming Follower/Learner. State: Replica: 6af46a6fef6e4187aad040ca99510374, State: Running, Role: LEADER
I20260713 09:00:31.678071  6045 consensus_queue.cc:260] T 7b3e5215b0e845f1bb864bf33fae4e01 P 6af46a6fef6e4187aad040ca99510374 [NON_LEADER]: Queue going to NON_LEADER mode. State: All replicated index: 0, Majority replicated index: 3, Committed index: 3, Last appended: 3.3, Last appended by leader: 3, Current term: 3, Majority size: -1, State: 0, Mode: NON_LEADER, active raft config: opid_index: -1 OBSOLETE_local: false peers { permanent_uuid: "695222c11c814819b66ba45a88959641" member_type: VOTER last_known_addr { host: "127.5.160.129" port: 42579 } } peers { permanent_uuid: "5e496124aa384773855d52feb6d0401c" member_type: VOTER last_known_addr { host: "127.5.160.130" port: 35837 } } peers { permanent_uuid: "6af46a6fef6e4187aad040ca99510374" member_type: VOTER last_known_addr { host: "127.5.160.131" port: 41827 } }
I20260713 09:00:31.679114  6045 raft_consensus.cc:3060] T 7b3e5215b0e845f1bb864bf33fae4e01 P 6af46a6fef6e4187aad040ca99510374 [term 3 FOLLOWER]: Advancing to term 4
I20260713 09:00:31.682200  5897 raft_consensus.cc:2468] T 7b3e5215b0e845f1bb864bf33fae4e01 P 695222c11c814819b66ba45a88959641 [term 4 FOLLOWER]: Leader election vote request: Granting yes vote for candidate 5e496124aa384773855d52feb6d0401c in term 4.
I20260713 09:00:31.683161  5936 leader_election.cc:304] T 7b3e5215b0e845f1bb864bf33fae4e01 P 5e496124aa384773855d52feb6d0401c [CANDIDATE]: Term 4 election: Election decided. Result: candidate won. Election summary: received 2 responses out of 3 voters: 2 yes votes; 0 no votes. yes voters: 5e496124aa384773855d52feb6d0401c, 695222c11c814819b66ba45a88959641; no voters: 
I20260713 09:00:31.683880  6202 raft_consensus.cc:2804] T 7b3e5215b0e845f1bb864bf33fae4e01 P 5e496124aa384773855d52feb6d0401c [term 4 FOLLOWER]: Leader election won for term 4
I20260713 09:00:31.684165  6045 raft_consensus.cc:2468] T 7b3e5215b0e845f1bb864bf33fae4e01 P 6af46a6fef6e4187aad040ca99510374 [term 4 FOLLOWER]: Leader election vote request: Granting yes vote for candidate 5e496124aa384773855d52feb6d0401c in term 4.
I20260713 09:00:31.684322  6202 raft_consensus.cc:697] T 7b3e5215b0e845f1bb864bf33fae4e01 P 5e496124aa384773855d52feb6d0401c [term 4 LEADER]: Becoming Leader. State: Replica: 5e496124aa384773855d52feb6d0401c, State: Running, Role: LEADER
I20260713 09:00:31.685427  6202 consensus_queue.cc:237] T 7b3e5215b0e845f1bb864bf33fae4e01 P 5e496124aa384773855d52feb6d0401c [LEADER]: Queue going to LEADER mode. State: All replicated index: 0, Majority replicated index: 3, Committed index: 3, Last appended: 3.3, Last appended by leader: 3, Current term: 4, Majority size: 2, State: 0, Mode: LEADER, active raft config: opid_index: -1 OBSOLETE_local: false peers { permanent_uuid: "695222c11c814819b66ba45a88959641" member_type: VOTER last_known_addr { host: "127.5.160.129" port: 42579 } } peers { permanent_uuid: "5e496124aa384773855d52feb6d0401c" member_type: VOTER last_known_addr { host: "127.5.160.130" port: 35837 } } peers { permanent_uuid: "6af46a6fef6e4187aad040ca99510374" member_type: VOTER last_known_addr { host: "127.5.160.131" port: 41827 } }
I20260713 09:00:31.690613  5793 catalog_manager.cc:5697] T 7b3e5215b0e845f1bb864bf33fae4e01 P 5e496124aa384773855d52feb6d0401c reported cstate change: term changed from 3 to 4, leader changed from 6af46a6fef6e4187aad040ca99510374 (127.5.160.131) to 5e496124aa384773855d52feb6d0401c (127.5.160.130). New cstate: current_term: 4 leader_uuid: "5e496124aa384773855d52feb6d0401c" committed_config { opid_index: -1 OBSOLETE_local: false peers { permanent_uuid: "695222c11c814819b66ba45a88959641" member_type: VOTER last_known_addr { host: "127.5.160.129" port: 42579 } health_report { overall_health: UNKNOWN } } peers { permanent_uuid: "5e496124aa384773855d52feb6d0401c" member_type: VOTER last_known_addr { host: "127.5.160.130" port: 35837 } health_report { overall_health: HEALTHY } } peers { permanent_uuid: "6af46a6fef6e4187aad040ca99510374" member_type: VOTER last_known_addr { host: "127.5.160.131" port: 41827 } health_report { overall_health: UNKNOWN } } }
I20260713 09:00:31.926669  5897 raft_consensus.cc:1275] T f9da1ea939d54cefa9d5b1c0026f7637 P 695222c11c814819b66ba45a88959641 [term 3 FOLLOWER]: Refusing update from remote peer 5e496124aa384773855d52feb6d0401c: Log matching property violated. Preceding OpId in replica: term: 2 index: 2. Preceding OpId from leader: term: 3 index: 3. (index mismatch)
I20260713 09:00:31.927644  6202 consensus_queue.cc:1048] T f9da1ea939d54cefa9d5b1c0026f7637 P 5e496124aa384773855d52feb6d0401c [LEADER]: Connected to new peer: Peer: permanent_uuid: "695222c11c814819b66ba45a88959641" member_type: VOTER last_known_addr { host: "127.5.160.129" port: 42579 }, Status: LMP_MISMATCH, Last received: 0.0, Next index: 3, Last known committed idx: 2, Time since last communication: 0.000s
I20260713 09:00:31.935333  6046 raft_consensus.cc:1275] T f9da1ea939d54cefa9d5b1c0026f7637 P 6af46a6fef6e4187aad040ca99510374 [term 3 FOLLOWER]: Refusing update from remote peer 5e496124aa384773855d52feb6d0401c: Log matching property violated. Preceding OpId in replica: term: 2 index: 2. Preceding OpId from leader: term: 3 index: 3. (index mismatch)
I20260713 09:00:31.936934  6202 consensus_queue.cc:1048] T f9da1ea939d54cefa9d5b1c0026f7637 P 5e496124aa384773855d52feb6d0401c [LEADER]: Connected to new peer: Peer: permanent_uuid: "6af46a6fef6e4187aad040ca99510374" member_type: VOTER last_known_addr { host: "127.5.160.131" port: 41827 }, Status: LMP_MISMATCH, Last received: 0.0, Next index: 3, Last known committed idx: 2, Time since last communication: 0.000s
I20260713 09:00:31.951555  5897 raft_consensus.cc:1275] T 90396588165d4970a3ec4ba0618f15e0 P 695222c11c814819b66ba45a88959641 [term 3 FOLLOWER]: Refusing update from remote peer 5e496124aa384773855d52feb6d0401c: Log matching property violated. Preceding OpId in replica: term: 2 index: 2. Preceding OpId from leader: term: 3 index: 3. (index mismatch)
I20260713 09:00:31.952455  6202 consensus_queue.cc:1048] T 90396588165d4970a3ec4ba0618f15e0 P 5e496124aa384773855d52feb6d0401c [LEADER]: Connected to new peer: Peer: permanent_uuid: "695222c11c814819b66ba45a88959641" member_type: VOTER last_known_addr { host: "127.5.160.129" port: 42579 }, Status: LMP_MISMATCH, Last received: 0.0, Next index: 3, Last known committed idx: 2, Time since last communication: 0.000s
I20260713 09:00:31.959498  6046 raft_consensus.cc:1275] T 90396588165d4970a3ec4ba0618f15e0 P 6af46a6fef6e4187aad040ca99510374 [term 3 FOLLOWER]: Refusing update from remote peer 5e496124aa384773855d52feb6d0401c: Log matching property violated. Preceding OpId in replica: term: 2 index: 2. Preceding OpId from leader: term: 3 index: 3. (index mismatch)
I20260713 09:00:31.960703  6202 consensus_queue.cc:1048] T 90396588165d4970a3ec4ba0618f15e0 P 5e496124aa384773855d52feb6d0401c [LEADER]: Connected to new peer: Peer: permanent_uuid: "6af46a6fef6e4187aad040ca99510374" member_type: VOTER last_known_addr { host: "127.5.160.131" port: 41827 }, Status: LMP_MISMATCH, Last received: 0.0, Next index: 3, Last known committed idx: 2, Time since last communication: 0.000s
I20260713 09:00:32.016815  6046 raft_consensus.cc:1275] T 960f781908854f82a8d70c6ef0eaa5b8 P 6af46a6fef6e4187aad040ca99510374 [term 3 FOLLOWER]: Refusing update from remote peer 5e496124aa384773855d52feb6d0401c: Log matching property violated. Preceding OpId in replica: term: 2 index: 2. Preceding OpId from leader: term: 3 index: 3. (index mismatch)
I20260713 09:00:32.017840  6202 consensus_queue.cc:1048] T 960f781908854f82a8d70c6ef0eaa5b8 P 5e496124aa384773855d52feb6d0401c [LEADER]: Connected to new peer: Peer: permanent_uuid: "6af46a6fef6e4187aad040ca99510374" member_type: VOTER last_known_addr { host: "127.5.160.131" port: 41827 }, Status: LMP_MISMATCH, Last received: 0.0, Next index: 3, Last known committed idx: 2, Time since last communication: 0.000s
I20260713 09:00:32.022169  6045 raft_consensus.cc:1275] T c71bc07d272c4d5891bf6d4d74b2a273 P 6af46a6fef6e4187aad040ca99510374 [term 3 FOLLOWER]: Refusing update from remote peer 5e496124aa384773855d52feb6d0401c: Log matching property violated. Preceding OpId in replica: term: 2 index: 2. Preceding OpId from leader: term: 3 index: 3. (index mismatch)
I20260713 09:00:32.024531  6211 consensus_queue.cc:1048] T c71bc07d272c4d5891bf6d4d74b2a273 P 5e496124aa384773855d52feb6d0401c [LEADER]: Connected to new peer: Peer: permanent_uuid: "6af46a6fef6e4187aad040ca99510374" member_type: VOTER last_known_addr { host: "127.5.160.131" port: 41827 }, Status: LMP_MISMATCH, Last received: 0.0, Next index: 3, Last known committed idx: 2, Time since last communication: 0.000s
I20260713 09:00:32.025642  5897 raft_consensus.cc:1275] T 960f781908854f82a8d70c6ef0eaa5b8 P 695222c11c814819b66ba45a88959641 [term 3 FOLLOWER]: Refusing update from remote peer 5e496124aa384773855d52feb6d0401c: Log matching property violated. Preceding OpId in replica: term: 2 index: 2. Preceding OpId from leader: term: 3 index: 3. (index mismatch)
I20260713 09:00:32.027436  6218 consensus_queue.cc:1048] T 960f781908854f82a8d70c6ef0eaa5b8 P 5e496124aa384773855d52feb6d0401c [LEADER]: Connected to new peer: Peer: permanent_uuid: "695222c11c814819b66ba45a88959641" member_type: VOTER last_known_addr { host: "127.5.160.129" port: 42579 }, Status: LMP_MISMATCH, Last received: 0.0, Next index: 3, Last known committed idx: 2, Time since last communication: 0.001s
I20260713 09:00:32.037918  5897 raft_consensus.cc:1275] T c71bc07d272c4d5891bf6d4d74b2a273 P 695222c11c814819b66ba45a88959641 [term 3 FOLLOWER]: Refusing update from remote peer 5e496124aa384773855d52feb6d0401c: Log matching property violated. Preceding OpId in replica: term: 2 index: 2. Preceding OpId from leader: term: 3 index: 3. (index mismatch)
I20260713 09:00:32.039073  6218 consensus_queue.cc:1048] T c71bc07d272c4d5891bf6d4d74b2a273 P 5e496124aa384773855d52feb6d0401c [LEADER]: Connected to new peer: Peer: permanent_uuid: "695222c11c814819b66ba45a88959641" member_type: VOTER last_known_addr { host: "127.5.160.129" port: 42579 }, Status: LMP_MISMATCH, Last received: 0.0, Next index: 3, Last known committed idx: 2, Time since last communication: 0.000s
I20260713 09:00:32.213362  6045 raft_consensus.cc:1275] T 7b3e5215b0e845f1bb864bf33fae4e01 P 6af46a6fef6e4187aad040ca99510374 [term 4 FOLLOWER]: Refusing update from remote peer 5e496124aa384773855d52feb6d0401c: Log matching property violated. Preceding OpId in replica: term: 3 index: 3. Preceding OpId from leader: term: 4 index: 4. (index mismatch)
I20260713 09:00:32.214334  6218 consensus_queue.cc:1048] T 7b3e5215b0e845f1bb864bf33fae4e01 P 5e496124aa384773855d52feb6d0401c [LEADER]: Connected to new peer: Peer: permanent_uuid: "6af46a6fef6e4187aad040ca99510374" member_type: VOTER last_known_addr { host: "127.5.160.131" port: 41827 }, Status: LMP_MISMATCH, Last received: 0.0, Next index: 4, Last known committed idx: 3, Time since last communication: 0.000s
I20260713 09:00:32.221168  5897 raft_consensus.cc:1275] T 7b3e5215b0e845f1bb864bf33fae4e01 P 695222c11c814819b66ba45a88959641 [term 4 FOLLOWER]: Refusing update from remote peer 5e496124aa384773855d52feb6d0401c: Log matching property violated. Preceding OpId in replica: term: 3 index: 3. Preceding OpId from leader: term: 4 index: 4. (index mismatch)
I20260713 09:00:32.222903  6211 consensus_queue.cc:1048] T 7b3e5215b0e845f1bb864bf33fae4e01 P 5e496124aa384773855d52feb6d0401c [LEADER]: Connected to new peer: Peer: permanent_uuid: "695222c11c814819b66ba45a88959641" member_type: VOTER last_known_addr { host: "127.5.160.129" port: 42579 }, Status: LMP_MISMATCH, Last received: 0.0, Next index: 4, Last known committed idx: 3, Time since last communication: 0.000s
I20260713 09:00:34.335212  5762 auto_leader_rebalancer.cc:141] leader rebalance for table test-workload
I20260713 09:00:34.342054  5972 tablet_service.cc:2072] Received LeaderStepDown RPC: tablet_id: "08dfc1a2726e4300a1acdd452a255c9e"
dest_uuid: "5e496124aa384773855d52feb6d0401c"
mode: GRACEFUL
new_leader_uuid: "695222c11c814819b66ba45a88959641"
 from {username='slave'} at 127.0.0.1:43812
I20260713 09:00:34.342682  5972 raft_consensus.cc:606] T 08dfc1a2726e4300a1acdd452a255c9e P 5e496124aa384773855d52feb6d0401c [term 2 LEADER]: Received request to transfer leadership to TS 695222c11c814819b66ba45a88959641
I20260713 09:00:34.345026  5972 tablet_service.cc:2072] Received LeaderStepDown RPC: tablet_id: "683a374985ae43d1905e1d579f9abcc0"
dest_uuid: "5e496124aa384773855d52feb6d0401c"
mode: GRACEFUL
new_leader_uuid: "695222c11c814819b66ba45a88959641"
 from {username='slave'} at 127.0.0.1:43812
I20260713 09:00:34.345391  5972 raft_consensus.cc:606] T 683a374985ae43d1905e1d579f9abcc0 P 5e496124aa384773855d52feb6d0401c [term 2 LEADER]: Received request to transfer leadership to TS 695222c11c814819b66ba45a88959641
I20260713 09:00:34.347301  5972 tablet_service.cc:2072] Received LeaderStepDown RPC: tablet_id: "960f781908854f82a8d70c6ef0eaa5b8"
dest_uuid: "5e496124aa384773855d52feb6d0401c"
mode: GRACEFUL
new_leader_uuid: "6af46a6fef6e4187aad040ca99510374"
 from {username='slave'} at 127.0.0.1:43812
I20260713 09:00:34.347667  5972 raft_consensus.cc:606] T 960f781908854f82a8d70c6ef0eaa5b8 P 5e496124aa384773855d52feb6d0401c [term 3 LEADER]: Received request to transfer leadership to TS 6af46a6fef6e4187aad040ca99510374
I20260713 09:00:34.349588  5972 tablet_service.cc:2072] Received LeaderStepDown RPC: tablet_id: "98d2b62894e0490d88892d0047a37d90"
dest_uuid: "5e496124aa384773855d52feb6d0401c"
mode: GRACEFUL
new_leader_uuid: "6af46a6fef6e4187aad040ca99510374"
 from {username='slave'} at 127.0.0.1:43812
I20260713 09:00:34.349951  5972 raft_consensus.cc:606] T 98d2b62894e0490d88892d0047a37d90 P 5e496124aa384773855d52feb6d0401c [term 2 LEADER]: Received request to transfer leadership to TS 6af46a6fef6e4187aad040ca99510374
I20260713 09:00:34.351745  5972 tablet_service.cc:2072] Received LeaderStepDown RPC: tablet_id: "f9da1ea939d54cefa9d5b1c0026f7637"
dest_uuid: "5e496124aa384773855d52feb6d0401c"
mode: GRACEFUL
new_leader_uuid: "695222c11c814819b66ba45a88959641"
 from {username='slave'} at 127.0.0.1:43812
I20260713 09:00:34.352097  5972 raft_consensus.cc:606] T f9da1ea939d54cefa9d5b1c0026f7637 P 5e496124aa384773855d52feb6d0401c [term 3 LEADER]: Received request to transfer leadership to TS 695222c11c814819b66ba45a88959641
I20260713 09:00:34.352963  5762 auto_leader_rebalancer.cc:479] table: test-workload, leader rebalance finish, leader transfer count: 5
I20260713 09:00:34.353322  5762 auto_leader_rebalancer.cc:554] All tables' leader rebalancing finished this round
I20260713 09:00:34.473042  6224 raft_consensus.cc:993] T 683a374985ae43d1905e1d579f9abcc0 P 5e496124aa384773855d52feb6d0401c: : Instructing follower 695222c11c814819b66ba45a88959641 to start an election
I20260713 09:00:34.473601  6138 raft_consensus.cc:1081] T 683a374985ae43d1905e1d579f9abcc0 P 5e496124aa384773855d52feb6d0401c [term 2 LEADER]: Signalling peer 695222c11c814819b66ba45a88959641 to start an election
I20260713 09:00:34.474996  5895 tablet_service.cc:2044] Received Run Leader Election RPC: tablet_id: "683a374985ae43d1905e1d579f9abcc0"
dest_uuid: "695222c11c814819b66ba45a88959641"
 from {username='slave'} at 127.0.0.1:42080
I20260713 09:00:34.475437  5895 raft_consensus.cc:493] T 683a374985ae43d1905e1d579f9abcc0 P 695222c11c814819b66ba45a88959641 [term 2 FOLLOWER]: Starting forced leader election (received explicit request)
I20260713 09:00:34.475749  5895 raft_consensus.cc:3060] T 683a374985ae43d1905e1d579f9abcc0 P 695222c11c814819b66ba45a88959641 [term 2 FOLLOWER]: Advancing to term 3
I20260713 09:00:34.480887  5895 raft_consensus.cc:515] T 683a374985ae43d1905e1d579f9abcc0 P 695222c11c814819b66ba45a88959641 [term 3 FOLLOWER]: Starting forced leader election with config: opid_index: -1 OBSOLETE_local: false peers { permanent_uuid: "695222c11c814819b66ba45a88959641" member_type: VOTER last_known_addr { host: "127.5.160.129" port: 42579 } } peers { permanent_uuid: "5e496124aa384773855d52feb6d0401c" member_type: VOTER last_known_addr { host: "127.5.160.130" port: 35837 } } peers { permanent_uuid: "6af46a6fef6e4187aad040ca99510374" member_type: VOTER last_known_addr { host: "127.5.160.131" port: 41827 } }
I20260713 09:00:34.482962  5895 leader_election.cc:290] T 683a374985ae43d1905e1d579f9abcc0 P 695222c11c814819b66ba45a88959641 [CANDIDATE]: Term 3 election: Requested vote from peers 5e496124aa384773855d52feb6d0401c (127.5.160.130:35837), 6af46a6fef6e4187aad040ca99510374 (127.5.160.131:41827)
I20260713 09:00:34.483644  5972 tablet_service.cc:1917] Received RequestConsensusVote() RPC: tablet_id: "683a374985ae43d1905e1d579f9abcc0" candidate_uuid: "695222c11c814819b66ba45a88959641" candidate_term: 3 candidate_status { last_received { term: 2 index: 2 } } ignore_live_leader: true dest_uuid: "5e496124aa384773855d52feb6d0401c"
I20260713 09:00:34.484287  5972 raft_consensus.cc:3055] T 683a374985ae43d1905e1d579f9abcc0 P 5e496124aa384773855d52feb6d0401c [term 2 LEADER]: Stepping down as leader of term 2
I20260713 09:00:34.484238  6045 tablet_service.cc:1917] Received RequestConsensusVote() RPC: tablet_id: "683a374985ae43d1905e1d579f9abcc0" candidate_uuid: "695222c11c814819b66ba45a88959641" candidate_term: 3 candidate_status { last_received { term: 2 index: 2 } } ignore_live_leader: true dest_uuid: "6af46a6fef6e4187aad040ca99510374"
I20260713 09:00:34.484577  5972 raft_consensus.cc:740] T 683a374985ae43d1905e1d579f9abcc0 P 5e496124aa384773855d52feb6d0401c [term 2 LEADER]: Becoming Follower/Learner. State: Replica: 5e496124aa384773855d52feb6d0401c, State: Running, Role: LEADER
I20260713 09:00:34.484752  6045 raft_consensus.cc:3060] T 683a374985ae43d1905e1d579f9abcc0 P 6af46a6fef6e4187aad040ca99510374 [term 2 FOLLOWER]: Advancing to term 3
I20260713 09:00:34.485364  5972 consensus_queue.cc:260] T 683a374985ae43d1905e1d579f9abcc0 P 5e496124aa384773855d52feb6d0401c [NON_LEADER]: Queue going to NON_LEADER mode. State: All replicated index: 0, Majority replicated index: 2, Committed index: 2, Last appended: 2.2, Last appended by leader: 2, Current term: 2, Majority size: -1, State: 0, Mode: NON_LEADER, active raft config: opid_index: -1 OBSOLETE_local: false peers { permanent_uuid: "695222c11c814819b66ba45a88959641" member_type: VOTER last_known_addr { host: "127.5.160.129" port: 42579 } } peers { permanent_uuid: "5e496124aa384773855d52feb6d0401c" member_type: VOTER last_known_addr { host: "127.5.160.130" port: 35837 } } peers { permanent_uuid: "6af46a6fef6e4187aad040ca99510374" member_type: VOTER last_known_addr { host: "127.5.160.131" port: 41827 } }
I20260713 09:00:34.486536  5972 raft_consensus.cc:3060] T 683a374985ae43d1905e1d579f9abcc0 P 5e496124aa384773855d52feb6d0401c [term 2 FOLLOWER]: Advancing to term 3
I20260713 09:00:34.490823  6045 raft_consensus.cc:2468] T 683a374985ae43d1905e1d579f9abcc0 P 6af46a6fef6e4187aad040ca99510374 [term 3 FOLLOWER]: Leader election vote request: Granting yes vote for candidate 695222c11c814819b66ba45a88959641 in term 3.
I20260713 09:00:34.492110  5862 leader_election.cc:304] T 683a374985ae43d1905e1d579f9abcc0 P 695222c11c814819b66ba45a88959641 [CANDIDATE]: Term 3 election: Election decided. Result: candidate won. Election summary: received 2 responses out of 3 voters: 2 yes votes; 0 no votes. yes voters: 695222c11c814819b66ba45a88959641, 6af46a6fef6e4187aad040ca99510374; no voters: 
I20260713 09:00:34.492486  5972 raft_consensus.cc:2468] T 683a374985ae43d1905e1d579f9abcc0 P 5e496124aa384773855d52feb6d0401c [term 3 FOLLOWER]: Leader election vote request: Granting yes vote for candidate 695222c11c814819b66ba45a88959641 in term 3.
I20260713 09:00:34.493661  6225 raft_consensus.cc:2804] T 683a374985ae43d1905e1d579f9abcc0 P 695222c11c814819b66ba45a88959641 [term 3 FOLLOWER]: Leader election won for term 3
I20260713 09:00:34.494621  6225 raft_consensus.cc:697] T 683a374985ae43d1905e1d579f9abcc0 P 695222c11c814819b66ba45a88959641 [term 3 LEADER]: Becoming Leader. State: Replica: 695222c11c814819b66ba45a88959641, State: Running, Role: LEADER
I20260713 09:00:34.495512  6225 consensus_queue.cc:237] T 683a374985ae43d1905e1d579f9abcc0 P 695222c11c814819b66ba45a88959641 [LEADER]: Queue going to LEADER mode. State: All replicated index: 0, Majority replicated index: 2, Committed index: 2, Last appended: 2.2, Last appended by leader: 2, Current term: 3, Majority size: 2, State: 0, Mode: LEADER, active raft config: opid_index: -1 OBSOLETE_local: false peers { permanent_uuid: "695222c11c814819b66ba45a88959641" member_type: VOTER last_known_addr { host: "127.5.160.129" port: 42579 } } peers { permanent_uuid: "5e496124aa384773855d52feb6d0401c" member_type: VOTER last_known_addr { host: "127.5.160.130" port: 35837 } } peers { permanent_uuid: "6af46a6fef6e4187aad040ca99510374" member_type: VOTER last_known_addr { host: "127.5.160.131" port: 41827 } }
I20260713 09:00:34.501597  5794 catalog_manager.cc:5697] T 683a374985ae43d1905e1d579f9abcc0 P 695222c11c814819b66ba45a88959641 reported cstate change: term changed from 2 to 3, leader changed from 5e496124aa384773855d52feb6d0401c (127.5.160.130) to 695222c11c814819b66ba45a88959641 (127.5.160.129). New cstate: current_term: 3 leader_uuid: "695222c11c814819b66ba45a88959641" committed_config { opid_index: -1 OBSOLETE_local: false peers { permanent_uuid: "695222c11c814819b66ba45a88959641" member_type: VOTER last_known_addr { host: "127.5.160.129" port: 42579 } health_report { overall_health: HEALTHY } } peers { permanent_uuid: "5e496124aa384773855d52feb6d0401c" member_type: VOTER last_known_addr { host: "127.5.160.130" port: 35837 } health_report { overall_health: UNKNOWN } } peers { permanent_uuid: "6af46a6fef6e4187aad040ca99510374" member_type: VOTER last_known_addr { host: "127.5.160.131" port: 41827 } health_report { overall_health: UNKNOWN } } }
I20260713 09:00:34.581672  6224 raft_consensus.cc:993] T 08dfc1a2726e4300a1acdd452a255c9e P 5e496124aa384773855d52feb6d0401c: : Instructing follower 695222c11c814819b66ba45a88959641 to start an election
I20260713 09:00:34.582063  6138 raft_consensus.cc:1081] T 08dfc1a2726e4300a1acdd452a255c9e P 5e496124aa384773855d52feb6d0401c [term 2 LEADER]: Signalling peer 695222c11c814819b66ba45a88959641 to start an election
I20260713 09:00:34.583185  5895 tablet_service.cc:2044] Received Run Leader Election RPC: tablet_id: "08dfc1a2726e4300a1acdd452a255c9e"
dest_uuid: "695222c11c814819b66ba45a88959641"
 from {username='slave'} at 127.0.0.1:42080
I20260713 09:00:34.583577  5895 raft_consensus.cc:493] T 08dfc1a2726e4300a1acdd452a255c9e P 695222c11c814819b66ba45a88959641 [term 2 FOLLOWER]: Starting forced leader election (received explicit request)
I20260713 09:00:34.583827  5895 raft_consensus.cc:3060] T 08dfc1a2726e4300a1acdd452a255c9e P 695222c11c814819b66ba45a88959641 [term 2 FOLLOWER]: Advancing to term 3
I20260713 09:00:34.588040  5895 raft_consensus.cc:515] T 08dfc1a2726e4300a1acdd452a255c9e P 695222c11c814819b66ba45a88959641 [term 3 FOLLOWER]: Starting forced leader election with config: opid_index: -1 OBSOLETE_local: false peers { permanent_uuid: "695222c11c814819b66ba45a88959641" member_type: VOTER last_known_addr { host: "127.5.160.129" port: 42579 } } peers { permanent_uuid: "5e496124aa384773855d52feb6d0401c" member_type: VOTER last_known_addr { host: "127.5.160.130" port: 35837 } } peers { permanent_uuid: "6af46a6fef6e4187aad040ca99510374" member_type: VOTER last_known_addr { host: "127.5.160.131" port: 41827 } }
I20260713 09:00:34.589386  5895 leader_election.cc:290] T 08dfc1a2726e4300a1acdd452a255c9e P 695222c11c814819b66ba45a88959641 [CANDIDATE]: Term 3 election: Requested vote from peers 5e496124aa384773855d52feb6d0401c (127.5.160.130:35837), 6af46a6fef6e4187aad040ca99510374 (127.5.160.131:41827)
I20260713 09:00:34.590075  5972 tablet_service.cc:1917] Received RequestConsensusVote() RPC: tablet_id: "08dfc1a2726e4300a1acdd452a255c9e" candidate_uuid: "695222c11c814819b66ba45a88959641" candidate_term: 3 candidate_status { last_received { term: 2 index: 2 } } ignore_live_leader: true dest_uuid: "5e496124aa384773855d52feb6d0401c"
I20260713 09:00:34.590274  6045 tablet_service.cc:1917] Received RequestConsensusVote() RPC: tablet_id: "08dfc1a2726e4300a1acdd452a255c9e" candidate_uuid: "695222c11c814819b66ba45a88959641" candidate_term: 3 candidate_status { last_received { term: 2 index: 2 } } ignore_live_leader: true dest_uuid: "6af46a6fef6e4187aad040ca99510374"
I20260713 09:00:34.590561  5972 raft_consensus.cc:3055] T 08dfc1a2726e4300a1acdd452a255c9e P 5e496124aa384773855d52feb6d0401c [term 2 LEADER]: Stepping down as leader of term 2
I20260713 09:00:34.590736  6045 raft_consensus.cc:3060] T 08dfc1a2726e4300a1acdd452a255c9e P 6af46a6fef6e4187aad040ca99510374 [term 2 FOLLOWER]: Advancing to term 3
I20260713 09:00:34.590852  5972 raft_consensus.cc:740] T 08dfc1a2726e4300a1acdd452a255c9e P 5e496124aa384773855d52feb6d0401c [term 2 LEADER]: Becoming Follower/Learner. State: Replica: 5e496124aa384773855d52feb6d0401c, State: Running, Role: LEADER
I20260713 09:00:34.591513  5972 consensus_queue.cc:260] T 08dfc1a2726e4300a1acdd452a255c9e P 5e496124aa384773855d52feb6d0401c [NON_LEADER]: Queue going to NON_LEADER mode. State: All replicated index: 0, Majority replicated index: 2, Committed index: 2, Last appended: 2.2, Last appended by leader: 2, Current term: 2, Majority size: -1, State: 0, Mode: NON_LEADER, active raft config: opid_index: -1 OBSOLETE_local: false peers { permanent_uuid: "695222c11c814819b66ba45a88959641" member_type: VOTER last_known_addr { host: "127.5.160.129" port: 42579 } } peers { permanent_uuid: "5e496124aa384773855d52feb6d0401c" member_type: VOTER last_known_addr { host: "127.5.160.130" port: 35837 } } peers { permanent_uuid: "6af46a6fef6e4187aad040ca99510374" member_type: VOTER last_known_addr { host: "127.5.160.131" port: 41827 } }
I20260713 09:00:34.592301  5972 raft_consensus.cc:3060] T 08dfc1a2726e4300a1acdd452a255c9e P 5e496124aa384773855d52feb6d0401c [term 2 FOLLOWER]: Advancing to term 3
I20260713 09:00:34.594412  6045 raft_consensus.cc:2468] T 08dfc1a2726e4300a1acdd452a255c9e P 6af46a6fef6e4187aad040ca99510374 [term 3 FOLLOWER]: Leader election vote request: Granting yes vote for candidate 695222c11c814819b66ba45a88959641 in term 3.
I20260713 09:00:34.595196  5862 leader_election.cc:304] T 08dfc1a2726e4300a1acdd452a255c9e P 695222c11c814819b66ba45a88959641 [CANDIDATE]: Term 3 election: Election decided. Result: candidate won. Election summary: received 2 responses out of 3 voters: 2 yes votes; 0 no votes. yes voters: 695222c11c814819b66ba45a88959641, 6af46a6fef6e4187aad040ca99510374; no voters: 
I20260713 09:00:34.595773  6225 raft_consensus.cc:2804] T 08dfc1a2726e4300a1acdd452a255c9e P 695222c11c814819b66ba45a88959641 [term 3 FOLLOWER]: Leader election won for term 3
I20260713 09:00:34.596036  5972 raft_consensus.cc:2468] T 08dfc1a2726e4300a1acdd452a255c9e P 5e496124aa384773855d52feb6d0401c [term 3 FOLLOWER]: Leader election vote request: Granting yes vote for candidate 695222c11c814819b66ba45a88959641 in term 3.
I20260713 09:00:34.596104  6225 raft_consensus.cc:697] T 08dfc1a2726e4300a1acdd452a255c9e P 695222c11c814819b66ba45a88959641 [term 3 LEADER]: Becoming Leader. State: Replica: 695222c11c814819b66ba45a88959641, State: Running, Role: LEADER
I20260713 09:00:34.596891  6225 consensus_queue.cc:237] T 08dfc1a2726e4300a1acdd452a255c9e P 695222c11c814819b66ba45a88959641 [LEADER]: Queue going to LEADER mode. State: All replicated index: 0, Majority replicated index: 2, Committed index: 2, Last appended: 2.2, Last appended by leader: 2, Current term: 3, Majority size: 2, State: 0, Mode: LEADER, active raft config: opid_index: -1 OBSOLETE_local: false peers { permanent_uuid: "695222c11c814819b66ba45a88959641" member_type: VOTER last_known_addr { host: "127.5.160.129" port: 42579 } } peers { permanent_uuid: "5e496124aa384773855d52feb6d0401c" member_type: VOTER last_known_addr { host: "127.5.160.130" port: 35837 } } peers { permanent_uuid: "6af46a6fef6e4187aad040ca99510374" member_type: VOTER last_known_addr { host: "127.5.160.131" port: 41827 } }
I20260713 09:00:34.602551  5794 catalog_manager.cc:5697] T 08dfc1a2726e4300a1acdd452a255c9e P 695222c11c814819b66ba45a88959641 reported cstate change: term changed from 2 to 3, leader changed from 5e496124aa384773855d52feb6d0401c (127.5.160.130) to 695222c11c814819b66ba45a88959641 (127.5.160.129). New cstate: current_term: 3 leader_uuid: "695222c11c814819b66ba45a88959641" committed_config { opid_index: -1 OBSOLETE_local: false peers { permanent_uuid: "695222c11c814819b66ba45a88959641" member_type: VOTER last_known_addr { host: "127.5.160.129" port: 42579 } health_report { overall_health: HEALTHY } } peers { permanent_uuid: "5e496124aa384773855d52feb6d0401c" member_type: VOTER last_known_addr { host: "127.5.160.130" port: 35837 } health_report { overall_health: UNKNOWN } } peers { permanent_uuid: "6af46a6fef6e4187aad040ca99510374" member_type: VOTER last_known_addr { host: "127.5.160.131" port: 41827 } health_report { overall_health: UNKNOWN } } }
I20260713 09:00:34.695788  6224 raft_consensus.cc:993] T 960f781908854f82a8d70c6ef0eaa5b8 P 5e496124aa384773855d52feb6d0401c: : Instructing follower 6af46a6fef6e4187aad040ca99510374 to start an election
I20260713 09:00:34.696162  6138 raft_consensus.cc:1081] T 960f781908854f82a8d70c6ef0eaa5b8 P 5e496124aa384773855d52feb6d0401c [term 3 LEADER]: Signalling peer 6af46a6fef6e4187aad040ca99510374 to start an election
I20260713 09:00:34.697319  6045 tablet_service.cc:2044] Received Run Leader Election RPC: tablet_id: "960f781908854f82a8d70c6ef0eaa5b8"
dest_uuid: "6af46a6fef6e4187aad040ca99510374"
 from {username='slave'} at 127.0.0.1:51000
I20260713 09:00:34.697712  6045 raft_consensus.cc:493] T 960f781908854f82a8d70c6ef0eaa5b8 P 6af46a6fef6e4187aad040ca99510374 [term 3 FOLLOWER]: Starting forced leader election (received explicit request)
I20260713 09:00:34.697947  6045 raft_consensus.cc:3060] T 960f781908854f82a8d70c6ef0eaa5b8 P 6af46a6fef6e4187aad040ca99510374 [term 3 FOLLOWER]: Advancing to term 4
I20260713 09:00:34.701614  6045 raft_consensus.cc:515] T 960f781908854f82a8d70c6ef0eaa5b8 P 6af46a6fef6e4187aad040ca99510374 [term 4 FOLLOWER]: Starting forced leader election with config: opid_index: -1 OBSOLETE_local: false peers { permanent_uuid: "695222c11c814819b66ba45a88959641" member_type: VOTER last_known_addr { host: "127.5.160.129" port: 42579 } } peers { permanent_uuid: "5e496124aa384773855d52feb6d0401c" member_type: VOTER last_known_addr { host: "127.5.160.130" port: 35837 } } peers { permanent_uuid: "6af46a6fef6e4187aad040ca99510374" member_type: VOTER last_known_addr { host: "127.5.160.131" port: 41827 } }
I20260713 09:00:34.703027  6045 leader_election.cc:290] T 960f781908854f82a8d70c6ef0eaa5b8 P 6af46a6fef6e4187aad040ca99510374 [CANDIDATE]: Term 4 election: Requested vote from peers 695222c11c814819b66ba45a88959641 (127.5.160.129:42579), 5e496124aa384773855d52feb6d0401c (127.5.160.130:35837)
I20260713 09:00:34.703655  5895 tablet_service.cc:1917] Received RequestConsensusVote() RPC: tablet_id: "960f781908854f82a8d70c6ef0eaa5b8" candidate_uuid: "6af46a6fef6e4187aad040ca99510374" candidate_term: 4 candidate_status { last_received { term: 3 index: 3 } } ignore_live_leader: true dest_uuid: "695222c11c814819b66ba45a88959641"
I20260713 09:00:34.703929  5972 tablet_service.cc:1917] Received RequestConsensusVote() RPC: tablet_id: "960f781908854f82a8d70c6ef0eaa5b8" candidate_uuid: "6af46a6fef6e4187aad040ca99510374" candidate_term: 4 candidate_status { last_received { term: 3 index: 3 } } ignore_live_leader: true dest_uuid: "5e496124aa384773855d52feb6d0401c"
I20260713 09:00:34.704169  5895 raft_consensus.cc:3060] T 960f781908854f82a8d70c6ef0eaa5b8 P 695222c11c814819b66ba45a88959641 [term 3 FOLLOWER]: Advancing to term 4
I20260713 09:00:34.704399  5972 raft_consensus.cc:3055] T 960f781908854f82a8d70c6ef0eaa5b8 P 5e496124aa384773855d52feb6d0401c [term 3 LEADER]: Stepping down as leader of term 3
I20260713 09:00:34.704645  5972 raft_consensus.cc:740] T 960f781908854f82a8d70c6ef0eaa5b8 P 5e496124aa384773855d52feb6d0401c [term 3 LEADER]: Becoming Follower/Learner. State: Replica: 5e496124aa384773855d52feb6d0401c, State: Running, Role: LEADER
I20260713 09:00:34.705212  5972 consensus_queue.cc:260] T 960f781908854f82a8d70c6ef0eaa5b8 P 5e496124aa384773855d52feb6d0401c [NON_LEADER]: Queue going to NON_LEADER mode. State: All replicated index: 0, Majority replicated index: 3, Committed index: 3, Last appended: 3.3, Last appended by leader: 3, Current term: 3, Majority size: -1, State: 0, Mode: NON_LEADER, active raft config: opid_index: -1 OBSOLETE_local: false peers { permanent_uuid: "695222c11c814819b66ba45a88959641" member_type: VOTER last_known_addr { host: "127.5.160.129" port: 42579 } } peers { permanent_uuid: "5e496124aa384773855d52feb6d0401c" member_type: VOTER last_known_addr { host: "127.5.160.130" port: 35837 } } peers { permanent_uuid: "6af46a6fef6e4187aad040ca99510374" member_type: VOTER last_known_addr { host: "127.5.160.131" port: 41827 } }
I20260713 09:00:34.706002  5972 raft_consensus.cc:3060] T 960f781908854f82a8d70c6ef0eaa5b8 P 5e496124aa384773855d52feb6d0401c [term 3 FOLLOWER]: Advancing to term 4
I20260713 09:00:34.708348  5895 raft_consensus.cc:2468] T 960f781908854f82a8d70c6ef0eaa5b8 P 695222c11c814819b66ba45a88959641 [term 4 FOLLOWER]: Leader election vote request: Granting yes vote for candidate 6af46a6fef6e4187aad040ca99510374 in term 4.
I20260713 09:00:34.709368  6010 leader_election.cc:304] T 960f781908854f82a8d70c6ef0eaa5b8 P 6af46a6fef6e4187aad040ca99510374 [CANDIDATE]: Term 4 election: Election decided. Result: candidate won. Election summary: received 2 responses out of 3 voters: 2 yes votes; 0 no votes. yes voters: 695222c11c814819b66ba45a88959641, 6af46a6fef6e4187aad040ca99510374; no voters: 
I20260713 09:00:34.709534  5972 raft_consensus.cc:2468] T 960f781908854f82a8d70c6ef0eaa5b8 P 5e496124aa384773855d52feb6d0401c [term 4 FOLLOWER]: Leader election vote request: Granting yes vote for candidate 6af46a6fef6e4187aad040ca99510374 in term 4.
I20260713 09:00:34.710065  6125 raft_consensus.cc:2804] T 960f781908854f82a8d70c6ef0eaa5b8 P 6af46a6fef6e4187aad040ca99510374 [term 4 FOLLOWER]: Leader election won for term 4
I20260713 09:00:34.711004  6125 raft_consensus.cc:697] T 960f781908854f82a8d70c6ef0eaa5b8 P 6af46a6fef6e4187aad040ca99510374 [term 4 LEADER]: Becoming Leader. State: Replica: 6af46a6fef6e4187aad040ca99510374, State: Running, Role: LEADER
I20260713 09:00:34.711732  6125 consensus_queue.cc:237] T 960f781908854f82a8d70c6ef0eaa5b8 P 6af46a6fef6e4187aad040ca99510374 [LEADER]: Queue going to LEADER mode. State: All replicated index: 0, Majority replicated index: 3, Committed index: 3, Last appended: 3.3, Last appended by leader: 3, Current term: 4, Majority size: 2, State: 0, Mode: LEADER, active raft config: opid_index: -1 OBSOLETE_local: false peers { permanent_uuid: "695222c11c814819b66ba45a88959641" member_type: VOTER last_known_addr { host: "127.5.160.129" port: 42579 } } peers { permanent_uuid: "5e496124aa384773855d52feb6d0401c" member_type: VOTER last_known_addr { host: "127.5.160.130" port: 35837 } } peers { permanent_uuid: "6af46a6fef6e4187aad040ca99510374" member_type: VOTER last_known_addr { host: "127.5.160.131" port: 41827 } }
I20260713 09:00:34.717428  5794 catalog_manager.cc:5697] T 960f781908854f82a8d70c6ef0eaa5b8 P 6af46a6fef6e4187aad040ca99510374 reported cstate change: term changed from 3 to 4, leader changed from 5e496124aa384773855d52feb6d0401c (127.5.160.130) to 6af46a6fef6e4187aad040ca99510374 (127.5.160.131). New cstate: current_term: 4 leader_uuid: "6af46a6fef6e4187aad040ca99510374" committed_config { opid_index: -1 OBSOLETE_local: false peers { permanent_uuid: "695222c11c814819b66ba45a88959641" member_type: VOTER last_known_addr { host: "127.5.160.129" port: 42579 } health_report { overall_health: UNKNOWN } } peers { permanent_uuid: "5e496124aa384773855d52feb6d0401c" member_type: VOTER last_known_addr { host: "127.5.160.130" port: 35837 } health_report { overall_health: UNKNOWN } } peers { permanent_uuid: "6af46a6fef6e4187aad040ca99510374" member_type: VOTER last_known_addr { host: "127.5.160.131" port: 41827 } health_report { overall_health: HEALTHY } } }
I20260713 09:00:34.751099  6224 raft_consensus.cc:993] T 98d2b62894e0490d88892d0047a37d90 P 5e496124aa384773855d52feb6d0401c: : Instructing follower 6af46a6fef6e4187aad040ca99510374 to start an election
I20260713 09:00:34.751423  6138 raft_consensus.cc:1081] T 98d2b62894e0490d88892d0047a37d90 P 5e496124aa384773855d52feb6d0401c [term 2 LEADER]: Signalling peer 6af46a6fef6e4187aad040ca99510374 to start an election
I20260713 09:00:34.752545  6045 tablet_service.cc:2044] Received Run Leader Election RPC: tablet_id: "98d2b62894e0490d88892d0047a37d90"
dest_uuid: "6af46a6fef6e4187aad040ca99510374"
 from {username='slave'} at 127.0.0.1:51000
I20260713 09:00:34.752892  6045 raft_consensus.cc:493] T 98d2b62894e0490d88892d0047a37d90 P 6af46a6fef6e4187aad040ca99510374 [term 2 FOLLOWER]: Starting forced leader election (received explicit request)
I20260713 09:00:34.753116  6045 raft_consensus.cc:3060] T 98d2b62894e0490d88892d0047a37d90 P 6af46a6fef6e4187aad040ca99510374 [term 2 FOLLOWER]: Advancing to term 3
I20260713 09:00:34.756700  6045 raft_consensus.cc:515] T 98d2b62894e0490d88892d0047a37d90 P 6af46a6fef6e4187aad040ca99510374 [term 3 FOLLOWER]: Starting forced leader election with config: opid_index: -1 OBSOLETE_local: false peers { permanent_uuid: "695222c11c814819b66ba45a88959641" member_type: VOTER last_known_addr { host: "127.5.160.129" port: 42579 } } peers { permanent_uuid: "5e496124aa384773855d52feb6d0401c" member_type: VOTER last_known_addr { host: "127.5.160.130" port: 35837 } } peers { permanent_uuid: "6af46a6fef6e4187aad040ca99510374" member_type: VOTER last_known_addr { host: "127.5.160.131" port: 41827 } }
I20260713 09:00:34.757855  6045 leader_election.cc:290] T 98d2b62894e0490d88892d0047a37d90 P 6af46a6fef6e4187aad040ca99510374 [CANDIDATE]: Term 3 election: Requested vote from peers 695222c11c814819b66ba45a88959641 (127.5.160.129:42579), 5e496124aa384773855d52feb6d0401c (127.5.160.130:35837)
I20260713 09:00:34.758703  5972 tablet_service.cc:1917] Received RequestConsensusVote() RPC: tablet_id: "98d2b62894e0490d88892d0047a37d90" candidate_uuid: "6af46a6fef6e4187aad040ca99510374" candidate_term: 3 candidate_status { last_received { term: 2 index: 2 } } ignore_live_leader: true dest_uuid: "5e496124aa384773855d52feb6d0401c"
I20260713 09:00:34.758798  5895 tablet_service.cc:1917] Received RequestConsensusVote() RPC: tablet_id: "98d2b62894e0490d88892d0047a37d90" candidate_uuid: "6af46a6fef6e4187aad040ca99510374" candidate_term: 3 candidate_status { last_received { term: 2 index: 2 } } ignore_live_leader: true dest_uuid: "695222c11c814819b66ba45a88959641"
I20260713 09:00:34.759073  5972 raft_consensus.cc:3055] T 98d2b62894e0490d88892d0047a37d90 P 5e496124aa384773855d52feb6d0401c [term 2 LEADER]: Stepping down as leader of term 2
I20260713 09:00:34.759256  5895 raft_consensus.cc:3060] T 98d2b62894e0490d88892d0047a37d90 P 695222c11c814819b66ba45a88959641 [term 2 FOLLOWER]: Advancing to term 3
I20260713 09:00:34.759336  5972 raft_consensus.cc:740] T 98d2b62894e0490d88892d0047a37d90 P 5e496124aa384773855d52feb6d0401c [term 2 LEADER]: Becoming Follower/Learner. State: Replica: 5e496124aa384773855d52feb6d0401c, State: Running, Role: LEADER
I20260713 09:00:34.759927  5972 consensus_queue.cc:260] T 98d2b62894e0490d88892d0047a37d90 P 5e496124aa384773855d52feb6d0401c [NON_LEADER]: Queue going to NON_LEADER mode. State: All replicated index: 0, Majority replicated index: 2, Committed index: 2, Last appended: 2.2, Last appended by leader: 2, Current term: 2, Majority size: -1, State: 0, Mode: NON_LEADER, active raft config: opid_index: -1 OBSOLETE_local: false peers { permanent_uuid: "695222c11c814819b66ba45a88959641" member_type: VOTER last_known_addr { host: "127.5.160.129" port: 42579 } } peers { permanent_uuid: "5e496124aa384773855d52feb6d0401c" member_type: VOTER last_known_addr { host: "127.5.160.130" port: 35837 } } peers { permanent_uuid: "6af46a6fef6e4187aad040ca99510374" member_type: VOTER last_known_addr { host: "127.5.160.131" port: 41827 } }
I20260713 09:00:34.760636  5972 raft_consensus.cc:3060] T 98d2b62894e0490d88892d0047a37d90 P 5e496124aa384773855d52feb6d0401c [term 2 FOLLOWER]: Advancing to term 3
I20260713 09:00:34.763298  5895 raft_consensus.cc:2468] T 98d2b62894e0490d88892d0047a37d90 P 695222c11c814819b66ba45a88959641 [term 3 FOLLOWER]: Leader election vote request: Granting yes vote for candidate 6af46a6fef6e4187aad040ca99510374 in term 3.
I20260713 09:00:34.764052  5972 raft_consensus.cc:2468] T 98d2b62894e0490d88892d0047a37d90 P 5e496124aa384773855d52feb6d0401c [term 3 FOLLOWER]: Leader election vote request: Granting yes vote for candidate 6af46a6fef6e4187aad040ca99510374 in term 3.
I20260713 09:00:34.764125  6010 leader_election.cc:304] T 98d2b62894e0490d88892d0047a37d90 P 6af46a6fef6e4187aad040ca99510374 [CANDIDATE]: Term 3 election: Election decided. Result: candidate won. Election summary: received 2 responses out of 3 voters: 2 yes votes; 0 no votes. yes voters: 695222c11c814819b66ba45a88959641, 6af46a6fef6e4187aad040ca99510374; no voters: 
I20260713 09:00:34.764828  6125 raft_consensus.cc:2804] T 98d2b62894e0490d88892d0047a37d90 P 6af46a6fef6e4187aad040ca99510374 [term 3 FOLLOWER]: Leader election won for term 3
I20260713 09:00:34.765161  6125 raft_consensus.cc:697] T 98d2b62894e0490d88892d0047a37d90 P 6af46a6fef6e4187aad040ca99510374 [term 3 LEADER]: Becoming Leader. State: Replica: 6af46a6fef6e4187aad040ca99510374, State: Running, Role: LEADER
I20260713 09:00:34.765843  6125 consensus_queue.cc:237] T 98d2b62894e0490d88892d0047a37d90 P 6af46a6fef6e4187aad040ca99510374 [LEADER]: Queue going to LEADER mode. State: All replicated index: 0, Majority replicated index: 2, Committed index: 2, Last appended: 2.2, Last appended by leader: 2, Current term: 3, Majority size: 2, State: 0, Mode: LEADER, active raft config: opid_index: -1 OBSOLETE_local: false peers { permanent_uuid: "695222c11c814819b66ba45a88959641" member_type: VOTER last_known_addr { host: "127.5.160.129" port: 42579 } } peers { permanent_uuid: "5e496124aa384773855d52feb6d0401c" member_type: VOTER last_known_addr { host: "127.5.160.130" port: 35837 } } peers { permanent_uuid: "6af46a6fef6e4187aad040ca99510374" member_type: VOTER last_known_addr { host: "127.5.160.131" port: 41827 } }
I20260713 09:00:34.771328  5794 catalog_manager.cc:5697] T 98d2b62894e0490d88892d0047a37d90 P 6af46a6fef6e4187aad040ca99510374 reported cstate change: term changed from 2 to 3, leader changed from 5e496124aa384773855d52feb6d0401c (127.5.160.130) to 6af46a6fef6e4187aad040ca99510374 (127.5.160.131). New cstate: current_term: 3 leader_uuid: "6af46a6fef6e4187aad040ca99510374" committed_config { opid_index: -1 OBSOLETE_local: false peers { permanent_uuid: "695222c11c814819b66ba45a88959641" member_type: VOTER last_known_addr { host: "127.5.160.129" port: 42579 } health_report { overall_health: UNKNOWN } } peers { permanent_uuid: "5e496124aa384773855d52feb6d0401c" member_type: VOTER last_known_addr { host: "127.5.160.130" port: 35837 } health_report { overall_health: UNKNOWN } } peers { permanent_uuid: "6af46a6fef6e4187aad040ca99510374" member_type: VOTER last_known_addr { host: "127.5.160.131" port: 41827 } health_report { overall_health: HEALTHY } } }
I20260713 09:00:34.826691  6224 raft_consensus.cc:993] T f9da1ea939d54cefa9d5b1c0026f7637 P 5e496124aa384773855d52feb6d0401c: : Instructing follower 695222c11c814819b66ba45a88959641 to start an election
I20260713 09:00:34.827060  6138 raft_consensus.cc:1081] T f9da1ea939d54cefa9d5b1c0026f7637 P 5e496124aa384773855d52feb6d0401c [term 3 LEADER]: Signalling peer 695222c11c814819b66ba45a88959641 to start an election
I20260713 09:00:34.828183  5895 tablet_service.cc:2044] Received Run Leader Election RPC: tablet_id: "f9da1ea939d54cefa9d5b1c0026f7637"
dest_uuid: "695222c11c814819b66ba45a88959641"
 from {username='slave'} at 127.0.0.1:42080
I20260713 09:00:34.828590  5895 raft_consensus.cc:493] T f9da1ea939d54cefa9d5b1c0026f7637 P 695222c11c814819b66ba45a88959641 [term 3 FOLLOWER]: Starting forced leader election (received explicit request)
