I20260713 09:01:00.953922  6996 raft_consensus.cc:1275] T dae06a8594004a558e239af495e28631 P 6ae78fa849c349908a3efe76e6fb373b [term 1 FOLLOWER]: Refusing update from remote peer 396d9aab47df4657be8b0264709227e1: Log matching property violated. Preceding OpId in replica: term: 1 index: 1. Preceding OpId from leader: term: 1 index: 2. (index mismatch)
I20260713 09:01:00.956000  7605 consensus_queue.cc:1048] T dae06a8594004a558e239af495e28631 P 396d9aab47df4657be8b0264709227e1 [LEADER]: Connected to new peer: Peer: permanent_uuid: "6ae78fa849c349908a3efe76e6fb373b" member_type: VOTER last_known_addr { host: "127.5.178.65" port: 35925 }, Status: LMP_MISMATCH, Last received: 0.0, Next index: 2, Last known committed idx: 1, Time since last communication: 0.000s
I20260713 09:01:00.966625  7621 raft_consensus.cc:2955] T dae06a8594004a558e239af495e28631 P 396d9aab47df4657be8b0264709227e1 [term 1 LEADER]: Committing config change with OpId 1.2: config changed from index -1 to 2, NON_VOTER 83243b6945bb449094c1e7caae9f2850 (127.5.178.68) added. New config: { opid_index: 2 OBSOLETE_local: false peers { permanent_uuid: "6ae78fa849c349908a3efe76e6fb373b" member_type: VOTER last_known_addr { host: "127.5.178.65" port: 35925 } } peers { permanent_uuid: "396d9aab47df4657be8b0264709227e1" member_type: VOTER last_known_addr { host: "127.5.178.66" port: 42595 } } peers { permanent_uuid: "8edb48dd47ad43719b2df683f09230bb" member_type: VOTER last_known_addr { host: "127.5.178.67" port: 39473 } attrs { replace: true } } peers { permanent_uuid: "83243b6945bb449094c1e7caae9f2850" member_type: NON_VOTER last_known_addr { host: "127.5.178.68" port: 34141 } attrs { promote: true } } }
I20260713 09:01:00.968338  6996 raft_consensus.cc:2955] T dae06a8594004a558e239af495e28631 P 6ae78fa849c349908a3efe76e6fb373b [term 1 FOLLOWER]: Committing config change with OpId 1.2: config changed from index -1 to 2, NON_VOTER 83243b6945bb449094c1e7caae9f2850 (127.5.178.68) added. New config: { opid_index: 2 OBSOLETE_local: false peers { permanent_uuid: "6ae78fa849c349908a3efe76e6fb373b" member_type: VOTER last_known_addr { host: "127.5.178.65" port: 35925 } } peers { permanent_uuid: "396d9aab47df4657be8b0264709227e1" member_type: VOTER last_known_addr { host: "127.5.178.66" port: 42595 } } peers { permanent_uuid: "8edb48dd47ad43719b2df683f09230bb" member_type: VOTER last_known_addr { host: "127.5.178.67" port: 39473 } attrs { replace: true } } peers { permanent_uuid: "83243b6945bb449094c1e7caae9f2850" member_type: NON_VOTER last_known_addr { host: "127.5.178.68" port: 34141 } attrs { promote: true } } }
I20260713 09:01:00.969286  7150 raft_consensus.cc:2955] T dae06a8594004a558e239af495e28631 P 8edb48dd47ad43719b2df683f09230bb [term 1 FOLLOWER]: Committing config change with OpId 1.2: config changed from index -1 to 2, NON_VOTER 83243b6945bb449094c1e7caae9f2850 (127.5.178.68) added. New config: { opid_index: 2 OBSOLETE_local: false peers { permanent_uuid: "6ae78fa849c349908a3efe76e6fb373b" member_type: VOTER last_known_addr { host: "127.5.178.65" port: 35925 } } peers { permanent_uuid: "396d9aab47df4657be8b0264709227e1" member_type: VOTER last_known_addr { host: "127.5.178.66" port: 42595 } } peers { permanent_uuid: "8edb48dd47ad43719b2df683f09230bb" member_type: VOTER last_known_addr { host: "127.5.178.67" port: 39473 } attrs { replace: true } } peers { permanent_uuid: "83243b6945bb449094c1e7caae9f2850" member_type: NON_VOTER last_known_addr { host: "127.5.178.68" port: 34141 } attrs { promote: true } } }
I20260713 09:01:00.981359  6896 catalog_manager.cc:5697] T dae06a8594004a558e239af495e28631 P 6ae78fa849c349908a3efe76e6fb373b reported cstate change: config changed from index -1 to 2, NON_VOTER 83243b6945bb449094c1e7caae9f2850 (127.5.178.68) added. New cstate: current_term: 1 leader_uuid: "396d9aab47df4657be8b0264709227e1" committed_config { opid_index: 2 OBSOLETE_local: false peers { permanent_uuid: "6ae78fa849c349908a3efe76e6fb373b" member_type: VOTER last_known_addr { host: "127.5.178.65" port: 35925 } } peers { permanent_uuid: "396d9aab47df4657be8b0264709227e1" member_type: VOTER last_known_addr { host: "127.5.178.66" port: 42595 } } peers { permanent_uuid: "8edb48dd47ad43719b2df683f09230bb" member_type: VOTER last_known_addr { host: "127.5.178.67" port: 39473 } attrs { replace: true } } peers { permanent_uuid: "83243b6945bb449094c1e7caae9f2850" member_type: NON_VOTER last_known_addr { host: "127.5.178.68" port: 34141 } attrs { promote: true } } }
I20260713 09:01:01.226470  7628 ts_tablet_manager.cc:933] T f9bd2484051841828cad632a056876dd P 83243b6945bb449094c1e7caae9f2850: Initiating tablet copy from peer 8edb48dd47ad43719b2df683f09230bb (127.5.178.67:39473)
I20260713 09:01:01.228386  7628 tablet_copy_client.cc:323] T f9bd2484051841828cad632a056876dd P 83243b6945bb449094c1e7caae9f2850: tablet copy: Beginning tablet copy session from remote peer at address 127.5.178.67:39473
I20260713 09:01:01.230157  7160 tablet_copy_service.cc:140] P 8edb48dd47ad43719b2df683f09230bb: Received BeginTabletCopySession request for tablet f9bd2484051841828cad632a056876dd from peer 83243b6945bb449094c1e7caae9f2850 ({username='slave'} at 127.0.0.1:51718)
I20260713 09:01:01.230818  7160 tablet_copy_service.cc:161] P 8edb48dd47ad43719b2df683f09230bb: Beginning new tablet copy session on tablet f9bd2484051841828cad632a056876dd from peer 83243b6945bb449094c1e7caae9f2850 at {username='slave'} at 127.0.0.1:51718: session id = 83243b6945bb449094c1e7caae9f2850-f9bd2484051841828cad632a056876dd
I20260713 09:01:01.242121  7160 tablet_copy_source_session.cc:215] T f9bd2484051841828cad632a056876dd P 8edb48dd47ad43719b2df683f09230bb: Tablet Copy: opened 0 blocks and 1 log segments
I20260713 09:01:01.245563  7628 data_dirs.cc:400] Could only allocate 1 dirs of requested 3 for tablet f9bd2484051841828cad632a056876dd. 1 dirs total, 0 dirs full, 0 dirs failed
I20260713 09:01:01.258340  7628 tablet_copy_client.cc:806] T f9bd2484051841828cad632a056876dd P 83243b6945bb449094c1e7caae9f2850: tablet copy: Starting download of 0 data blocks...
I20260713 09:01:01.259011  7628 tablet_copy_client.cc:670] T f9bd2484051841828cad632a056876dd P 83243b6945bb449094c1e7caae9f2850: tablet copy: Starting download of 1 WAL segments...
I20260713 09:01:01.263706  7628 tablet_copy_client.cc:538] T f9bd2484051841828cad632a056876dd P 83243b6945bb449094c1e7caae9f2850: tablet copy: Tablet Copy complete. Replacing tablet superblock.
I20260713 09:01:01.266185  7630 ts_tablet_manager.cc:933] T 6e3fbc58760c4f47b66f1ae12290107a P 83243b6945bb449094c1e7caae9f2850: Initiating tablet copy from peer 6ae78fa849c349908a3efe76e6fb373b (127.5.178.65:35925)
I20260713 09:01:01.268433  7630 tablet_copy_client.cc:323] T 6e3fbc58760c4f47b66f1ae12290107a P 83243b6945bb449094c1e7caae9f2850: tablet copy: Beginning tablet copy session from remote peer at address 127.5.178.65:35925
I20260713 09:01:01.270380  7011 tablet_copy_service.cc:140] P 6ae78fa849c349908a3efe76e6fb373b: Received BeginTabletCopySession request for tablet 6e3fbc58760c4f47b66f1ae12290107a from peer 83243b6945bb449094c1e7caae9f2850 ({username='slave'} at 127.0.0.1:54486)
I20260713 09:01:01.270961  7011 tablet_copy_service.cc:161] P 6ae78fa849c349908a3efe76e6fb373b: Beginning new tablet copy session on tablet 6e3fbc58760c4f47b66f1ae12290107a from peer 83243b6945bb449094c1e7caae9f2850 at {username='slave'} at 127.0.0.1:54486: session id = 83243b6945bb449094c1e7caae9f2850-6e3fbc58760c4f47b66f1ae12290107a
I20260713 09:01:01.273425  7628 tablet_bootstrap.cc:492] T f9bd2484051841828cad632a056876dd P 83243b6945bb449094c1e7caae9f2850: Bootstrap starting.
I20260713 09:01:01.278379  7011 tablet_copy_source_session.cc:215] T 6e3fbc58760c4f47b66f1ae12290107a P 6ae78fa849c349908a3efe76e6fb373b: Tablet Copy: opened 0 blocks and 1 log segments
I20260713 09:01:01.290165  7630 data_dirs.cc:400] Could only allocate 1 dirs of requested 3 for tablet 6e3fbc58760c4f47b66f1ae12290107a. 1 dirs total, 0 dirs full, 0 dirs failed
I20260713 09:01:01.296550  7628 tablet_bootstrap.cc:492] T f9bd2484051841828cad632a056876dd P 83243b6945bb449094c1e7caae9f2850: Bootstrap replayed 1/1 log segments. Stats: ops{read=2 overwritten=0 applied=2 ignored=0} inserts{seen=0 ignored=0} mutations{seen=0 ignored=0} orphaned_commits=0. Pending: 0 replicates
I20260713 09:01:01.297606  7628 tablet_bootstrap.cc:492] T f9bd2484051841828cad632a056876dd P 83243b6945bb449094c1e7caae9f2850: Bootstrap complete.
I20260713 09:01:01.298338  7628 ts_tablet_manager.cc:1403] T f9bd2484051841828cad632a056876dd P 83243b6945bb449094c1e7caae9f2850: Time spent bootstrapping tablet: real 0.025s	user 0.022s	sys 0.001s
I20260713 09:01:01.301724  7628 raft_consensus.cc:359] T f9bd2484051841828cad632a056876dd P 83243b6945bb449094c1e7caae9f2850 [term 1 LEARNER]: Replica starting. Triggering 0 pending ops. Active config: opid_index: 2 OBSOLETE_local: false peers { permanent_uuid: "6ae78fa849c349908a3efe76e6fb373b" member_type: VOTER last_known_addr { host: "127.5.178.65" port: 35925 } attrs { replace: true } } peers { permanent_uuid: "396d9aab47df4657be8b0264709227e1" member_type: VOTER last_known_addr { host: "127.5.178.66" port: 42595 } } peers { permanent_uuid: "8edb48dd47ad43719b2df683f09230bb" member_type: VOTER last_known_addr { host: "127.5.178.67" port: 39473 } } peers { permanent_uuid: "83243b6945bb449094c1e7caae9f2850" member_type: NON_VOTER last_known_addr { host: "127.5.178.68" port: 34141 } attrs { promote: true } }
I20260713 09:01:01.302673  7628 raft_consensus.cc:740] T f9bd2484051841828cad632a056876dd P 83243b6945bb449094c1e7caae9f2850 [term 1 LEARNER]: Becoming Follower/Learner. State: Replica: 83243b6945bb449094c1e7caae9f2850, State: Initialized, Role: LEARNER
I20260713 09:01:01.303387  7628 consensus_queue.cc:260] T f9bd2484051841828cad632a056876dd P 83243b6945bb449094c1e7caae9f2850 [NON_LEADER]: Queue going to NON_LEADER mode. State: All replicated index: 0, Majority replicated index: 0, Committed index: 2, Last appended: 1.2, Last appended by leader: 2, Current term: 0, Majority size: -1, State: 0, Mode: NON_LEADER, active raft config: opid_index: 2 OBSOLETE_local: false peers { permanent_uuid: "6ae78fa849c349908a3efe76e6fb373b" member_type: VOTER last_known_addr { host: "127.5.178.65" port: 35925 } attrs { replace: true } } peers { permanent_uuid: "396d9aab47df4657be8b0264709227e1" member_type: VOTER last_known_addr { host: "127.5.178.66" port: 42595 } } peers { permanent_uuid: "8edb48dd47ad43719b2df683f09230bb" member_type: VOTER last_known_addr { host: "127.5.178.67" port: 39473 } } peers { permanent_uuid: "83243b6945bb449094c1e7caae9f2850" member_type: NON_VOTER last_known_addr { host: "127.5.178.68" port: 34141 } attrs { promote: true } }
I20260713 09:01:01.307087  7628 ts_tablet_manager.cc:1434] T f9bd2484051841828cad632a056876dd P 83243b6945bb449094c1e7caae9f2850: Time spent starting tablet: real 0.008s	user 0.008s	sys 0.000s
I20260713 09:01:01.309171  7160 tablet_copy_service.cc:342] P 8edb48dd47ad43719b2df683f09230bb: Request end of tablet copy session 83243b6945bb449094c1e7caae9f2850-f9bd2484051841828cad632a056876dd received from {username='slave'} at 127.0.0.1:51718
I20260713 09:01:01.309722  7160 tablet_copy_service.cc:434] P 8edb48dd47ad43719b2df683f09230bb: ending tablet copy session 83243b6945bb449094c1e7caae9f2850-f9bd2484051841828cad632a056876dd on tablet f9bd2484051841828cad632a056876dd with peer 83243b6945bb449094c1e7caae9f2850
I20260713 09:01:01.310034  7630 tablet_copy_client.cc:806] T 6e3fbc58760c4f47b66f1ae12290107a P 83243b6945bb449094c1e7caae9f2850: tablet copy: Starting download of 0 data blocks...
I20260713 09:01:01.310815  7630 tablet_copy_client.cc:670] T 6e3fbc58760c4f47b66f1ae12290107a P 83243b6945bb449094c1e7caae9f2850: tablet copy: Starting download of 1 WAL segments...
I20260713 09:01:01.315337  7630 tablet_copy_client.cc:538] T 6e3fbc58760c4f47b66f1ae12290107a P 83243b6945bb449094c1e7caae9f2850: tablet copy: Tablet Copy complete. Replacing tablet superblock.
I20260713 09:01:01.327203  7630 tablet_bootstrap.cc:492] T 6e3fbc58760c4f47b66f1ae12290107a P 83243b6945bb449094c1e7caae9f2850: Bootstrap starting.
I20260713 09:01:01.343097  7628 ts_tablet_manager.cc:933] T dae06a8594004a558e239af495e28631 P 83243b6945bb449094c1e7caae9f2850: Initiating tablet copy from peer 396d9aab47df4657be8b0264709227e1 (127.5.178.66:42595)
I20260713 09:01:01.351078  7628 tablet_copy_client.cc:323] T dae06a8594004a558e239af495e28631 P 83243b6945bb449094c1e7caae9f2850: tablet copy: Beginning tablet copy session from remote peer at address 127.5.178.66:42595
I20260713 09:01:01.353053  7086 tablet_copy_service.cc:140] P 396d9aab47df4657be8b0264709227e1: Received BeginTabletCopySession request for tablet dae06a8594004a558e239af495e28631 from peer 83243b6945bb449094c1e7caae9f2850 ({username='slave'} at 127.0.0.1:55874)
I20260713 09:01:01.353744  7630 tablet_bootstrap.cc:492] T 6e3fbc58760c4f47b66f1ae12290107a P 83243b6945bb449094c1e7caae9f2850: Bootstrap replayed 1/1 log segments. Stats: ops{read=2 overwritten=0 applied=2 ignored=0} inserts{seen=0 ignored=0} mutations{seen=0 ignored=0} orphaned_commits=0. Pending: 0 replicates
I20260713 09:01:01.353703  7086 tablet_copy_service.cc:161] P 396d9aab47df4657be8b0264709227e1: Beginning new tablet copy session on tablet dae06a8594004a558e239af495e28631 from peer 83243b6945bb449094c1e7caae9f2850 at {username='slave'} at 127.0.0.1:55874: session id = 83243b6945bb449094c1e7caae9f2850-dae06a8594004a558e239af495e28631
I20260713 09:01:01.354851  7630 tablet_bootstrap.cc:492] T 6e3fbc58760c4f47b66f1ae12290107a P 83243b6945bb449094c1e7caae9f2850: Bootstrap complete.
I20260713 09:01:01.355633  7630 ts_tablet_manager.cc:1403] T 6e3fbc58760c4f47b66f1ae12290107a P 83243b6945bb449094c1e7caae9f2850: Time spent bootstrapping tablet: real 0.029s	user 0.018s	sys 0.009s
I20260713 09:01:01.359236  7630 raft_consensus.cc:359] T 6e3fbc58760c4f47b66f1ae12290107a P 83243b6945bb449094c1e7caae9f2850 [term 1 LEARNER]: Replica starting. Triggering 0 pending ops. Active config: opid_index: 2 OBSOLETE_local: false peers { permanent_uuid: "6ae78fa849c349908a3efe76e6fb373b" member_type: VOTER last_known_addr { host: "127.5.178.65" port: 35925 } } peers { permanent_uuid: "396d9aab47df4657be8b0264709227e1" member_type: VOTER last_known_addr { host: "127.5.178.66" port: 42595 } attrs { replace: true } } peers { permanent_uuid: "8edb48dd47ad43719b2df683f09230bb" member_type: VOTER last_known_addr { host: "127.5.178.67" port: 39473 } } peers { permanent_uuid: "83243b6945bb449094c1e7caae9f2850" member_type: NON_VOTER last_known_addr { host: "127.5.178.68" port: 34141 } attrs { promote: true } }
I20260713 09:01:01.360139  7630 raft_consensus.cc:740] T 6e3fbc58760c4f47b66f1ae12290107a P 83243b6945bb449094c1e7caae9f2850 [term 1 LEARNER]: Becoming Follower/Learner. State: Replica: 83243b6945bb449094c1e7caae9f2850, State: Initialized, Role: LEARNER
I20260713 09:01:01.360895  7630 consensus_queue.cc:260] T 6e3fbc58760c4f47b66f1ae12290107a P 83243b6945bb449094c1e7caae9f2850 [NON_LEADER]: Queue going to NON_LEADER mode. State: All replicated index: 0, Majority replicated index: 0, Committed index: 2, Last appended: 1.2, Last appended by leader: 2, Current term: 0, Majority size: -1, State: 0, Mode: NON_LEADER, active raft config: opid_index: 2 OBSOLETE_local: false peers { permanent_uuid: "6ae78fa849c349908a3efe76e6fb373b" member_type: VOTER last_known_addr { host: "127.5.178.65" port: 35925 } } peers { permanent_uuid: "396d9aab47df4657be8b0264709227e1" member_type: VOTER last_known_addr { host: "127.5.178.66" port: 42595 } attrs { replace: true } } peers { permanent_uuid: "8edb48dd47ad43719b2df683f09230bb" member_type: VOTER last_known_addr { host: "127.5.178.67" port: 39473 } } peers { permanent_uuid: "83243b6945bb449094c1e7caae9f2850" member_type: NON_VOTER last_known_addr { host: "127.5.178.68" port: 34141 } attrs { promote: true } }
I20260713 09:01:01.363593  7630 ts_tablet_manager.cc:1434] T 6e3fbc58760c4f47b66f1ae12290107a P 83243b6945bb449094c1e7caae9f2850: Time spent starting tablet: real 0.008s	user 0.008s	sys 0.000s
I20260713 09:01:01.365609  7011 tablet_copy_service.cc:342] P 6ae78fa849c349908a3efe76e6fb373b: Request end of tablet copy session 83243b6945bb449094c1e7caae9f2850-6e3fbc58760c4f47b66f1ae12290107a received from {username='slave'} at 127.0.0.1:54486
I20260713 09:01:01.366092  7011 tablet_copy_service.cc:434] P 6ae78fa849c349908a3efe76e6fb373b: ending tablet copy session 83243b6945bb449094c1e7caae9f2850-6e3fbc58760c4f47b66f1ae12290107a on tablet 6e3fbc58760c4f47b66f1ae12290107a with peer 83243b6945bb449094c1e7caae9f2850
I20260713 09:01:01.365286  7086 tablet_copy_source_session.cc:215] T dae06a8594004a558e239af495e28631 P 396d9aab47df4657be8b0264709227e1: Tablet Copy: opened 0 blocks and 1 log segments
I20260713 09:01:01.370270  7628 data_dirs.cc:400] Could only allocate 1 dirs of requested 3 for tablet dae06a8594004a558e239af495e28631. 1 dirs total, 0 dirs full, 0 dirs failed
I20260713 09:01:01.384899  7628 tablet_copy_client.cc:806] T dae06a8594004a558e239af495e28631 P 83243b6945bb449094c1e7caae9f2850: tablet copy: Starting download of 0 data blocks...
I20260713 09:01:01.385598  7628 tablet_copy_client.cc:670] T dae06a8594004a558e239af495e28631 P 83243b6945bb449094c1e7caae9f2850: tablet copy: Starting download of 1 WAL segments...
I20260713 09:01:01.389550  7628 tablet_copy_client.cc:538] T dae06a8594004a558e239af495e28631 P 83243b6945bb449094c1e7caae9f2850: tablet copy: Tablet Copy complete. Replacing tablet superblock.
I20260713 09:01:01.396821  7628 tablet_bootstrap.cc:492] T dae06a8594004a558e239af495e28631 P 83243b6945bb449094c1e7caae9f2850: Bootstrap starting.
I20260713 09:01:01.421342  7628 tablet_bootstrap.cc:492] T dae06a8594004a558e239af495e28631 P 83243b6945bb449094c1e7caae9f2850: Bootstrap replayed 1/1 log segments. Stats: ops{read=2 overwritten=0 applied=2 ignored=0} inserts{seen=0 ignored=0} mutations{seen=0 ignored=0} orphaned_commits=0. Pending: 0 replicates
I20260713 09:01:01.422199  7628 tablet_bootstrap.cc:492] T dae06a8594004a558e239af495e28631 P 83243b6945bb449094c1e7caae9f2850: Bootstrap complete.
I20260713 09:01:01.422904  7628 ts_tablet_manager.cc:1403] T dae06a8594004a558e239af495e28631 P 83243b6945bb449094c1e7caae9f2850: Time spent bootstrapping tablet: real 0.026s	user 0.023s	sys 0.004s
I20260713 09:01:01.425303  7628 raft_consensus.cc:359] T dae06a8594004a558e239af495e28631 P 83243b6945bb449094c1e7caae9f2850 [term 1 LEARNER]: Replica starting. Triggering 0 pending ops. Active config: opid_index: 2 OBSOLETE_local: false peers { permanent_uuid: "6ae78fa849c349908a3efe76e6fb373b" member_type: VOTER last_known_addr { host: "127.5.178.65" port: 35925 } } peers { permanent_uuid: "396d9aab47df4657be8b0264709227e1" member_type: VOTER last_known_addr { host: "127.5.178.66" port: 42595 } } peers { permanent_uuid: "8edb48dd47ad43719b2df683f09230bb" member_type: VOTER last_known_addr { host: "127.5.178.67" port: 39473 } attrs { replace: true } } peers { permanent_uuid: "83243b6945bb449094c1e7caae9f2850" member_type: NON_VOTER last_known_addr { host: "127.5.178.68" port: 34141 } attrs { promote: true } }
I20260713 09:01:01.426016  7628 raft_consensus.cc:740] T dae06a8594004a558e239af495e28631 P 83243b6945bb449094c1e7caae9f2850 [term 1 LEARNER]: Becoming Follower/Learner. State: Replica: 83243b6945bb449094c1e7caae9f2850, State: Initialized, Role: LEARNER
I20260713 09:01:01.426663  7628 consensus_queue.cc:260] T dae06a8594004a558e239af495e28631 P 83243b6945bb449094c1e7caae9f2850 [NON_LEADER]: Queue going to NON_LEADER mode. State: All replicated index: 0, Majority replicated index: 0, Committed index: 2, Last appended: 1.2, Last appended by leader: 2, Current term: 0, Majority size: -1, State: 0, Mode: NON_LEADER, active raft config: opid_index: 2 OBSOLETE_local: false peers { permanent_uuid: "6ae78fa849c349908a3efe76e6fb373b" member_type: VOTER last_known_addr { host: "127.5.178.65" port: 35925 } } peers { permanent_uuid: "396d9aab47df4657be8b0264709227e1" member_type: VOTER last_known_addr { host: "127.5.178.66" port: 42595 } } peers { permanent_uuid: "8edb48dd47ad43719b2df683f09230bb" member_type: VOTER last_known_addr { host: "127.5.178.67" port: 39473 } attrs { replace: true } } peers { permanent_uuid: "83243b6945bb449094c1e7caae9f2850" member_type: NON_VOTER last_known_addr { host: "127.5.178.68" port: 34141 } attrs { promote: true } }
I20260713 09:01:01.428783  7628 ts_tablet_manager.cc:1434] T dae06a8594004a558e239af495e28631 P 83243b6945bb449094c1e7caae9f2850: Time spent starting tablet: real 0.006s	user 0.004s	sys 0.000s
I20260713 09:01:01.431286  7086 tablet_copy_service.cc:342] P 396d9aab47df4657be8b0264709227e1: Request end of tablet copy session 83243b6945bb449094c1e7caae9f2850-dae06a8594004a558e239af495e28631 received from {username='slave'} at 127.0.0.1:55874
I20260713 09:01:01.431758  7086 tablet_copy_service.cc:434] P 396d9aab47df4657be8b0264709227e1: ending tablet copy session 83243b6945bb449094c1e7caae9f2850-dae06a8594004a558e239af495e28631 on tablet dae06a8594004a558e239af495e28631 with peer 83243b6945bb449094c1e7caae9f2850
I20260713 09:01:01.462471  7628 ts_tablet_manager.cc:933] T 66f52032257c4d7ab5ecc9e02797247d P 83243b6945bb449094c1e7caae9f2850: Initiating tablet copy from peer 396d9aab47df4657be8b0264709227e1 (127.5.178.66:42595)
I20260713 09:01:01.464303  7628 tablet_copy_client.cc:323] T 66f52032257c4d7ab5ecc9e02797247d P 83243b6945bb449094c1e7caae9f2850: tablet copy: Beginning tablet copy session from remote peer at address 127.5.178.66:42595
I20260713 09:01:01.466310  7086 tablet_copy_service.cc:140] P 396d9aab47df4657be8b0264709227e1: Received BeginTabletCopySession request for tablet 66f52032257c4d7ab5ecc9e02797247d from peer 83243b6945bb449094c1e7caae9f2850 ({username='slave'} at 127.0.0.1:55874)
I20260713 09:01:01.466893  7086 tablet_copy_service.cc:161] P 396d9aab47df4657be8b0264709227e1: Beginning new tablet copy session on tablet 66f52032257c4d7ab5ecc9e02797247d from peer 83243b6945bb449094c1e7caae9f2850 at {username='slave'} at 127.0.0.1:55874: session id = 83243b6945bb449094c1e7caae9f2850-66f52032257c4d7ab5ecc9e02797247d
I20260713 09:01:01.474370  7086 tablet_copy_source_session.cc:215] T 66f52032257c4d7ab5ecc9e02797247d P 396d9aab47df4657be8b0264709227e1: Tablet Copy: opened 0 blocks and 1 log segments
I20260713 09:01:01.477576  7628 data_dirs.cc:400] Could only allocate 1 dirs of requested 3 for tablet 66f52032257c4d7ab5ecc9e02797247d. 1 dirs total, 0 dirs full, 0 dirs failed
I20260713 09:01:01.493908  7628 tablet_copy_client.cc:806] T 66f52032257c4d7ab5ecc9e02797247d P 83243b6945bb449094c1e7caae9f2850: tablet copy: Starting download of 0 data blocks...
I20260713 09:01:01.494465  7628 tablet_copy_client.cc:670] T 66f52032257c4d7ab5ecc9e02797247d P 83243b6945bb449094c1e7caae9f2850: tablet copy: Starting download of 1 WAL segments...
I20260713 09:01:01.498427  7628 tablet_copy_client.cc:538] T 66f52032257c4d7ab5ecc9e02797247d P 83243b6945bb449094c1e7caae9f2850: tablet copy: Tablet Copy complete. Replacing tablet superblock.
I20260713 09:01:01.504000  7628 tablet_bootstrap.cc:492] T 66f52032257c4d7ab5ecc9e02797247d P 83243b6945bb449094c1e7caae9f2850: Bootstrap starting.
I20260713 09:01:01.521070  7628 tablet_bootstrap.cc:492] T 66f52032257c4d7ab5ecc9e02797247d P 83243b6945bb449094c1e7caae9f2850: Bootstrap replayed 1/1 log segments. Stats: ops{read=2 overwritten=0 applied=2 ignored=0} inserts{seen=0 ignored=0} mutations{seen=0 ignored=0} orphaned_commits=0. Pending: 0 replicates
I20260713 09:01:01.522019  7628 tablet_bootstrap.cc:492] T 66f52032257c4d7ab5ecc9e02797247d P 83243b6945bb449094c1e7caae9f2850: Bootstrap complete.
I20260713 09:01:01.522728  7628 ts_tablet_manager.cc:1403] T 66f52032257c4d7ab5ecc9e02797247d P 83243b6945bb449094c1e7caae9f2850: Time spent bootstrapping tablet: real 0.019s	user 0.019s	sys 0.000s
I20260713 09:01:01.525549  7628 raft_consensus.cc:359] T 66f52032257c4d7ab5ecc9e02797247d P 83243b6945bb449094c1e7caae9f2850 [term 1 LEARNER]: Replica starting. Triggering 0 pending ops. Active config: opid_index: 2 OBSOLETE_local: false peers { permanent_uuid: "6ae78fa849c349908a3efe76e6fb373b" member_type: VOTER last_known_addr { host: "127.5.178.65" port: 35925 } attrs { replace: true } } peers { permanent_uuid: "396d9aab47df4657be8b0264709227e1" member_type: VOTER last_known_addr { host: "127.5.178.66" port: 42595 } } peers { permanent_uuid: "8edb48dd47ad43719b2df683f09230bb" member_type: VOTER last_known_addr { host: "127.5.178.67" port: 39473 } } peers { permanent_uuid: "83243b6945bb449094c1e7caae9f2850" member_type: NON_VOTER last_known_addr { host: "127.5.178.68" port: 34141 } attrs { promote: true } }
I20260713 09:01:01.526391  7628 raft_consensus.cc:740] T 66f52032257c4d7ab5ecc9e02797247d P 83243b6945bb449094c1e7caae9f2850 [term 1 LEARNER]: Becoming Follower/Learner. State: Replica: 83243b6945bb449094c1e7caae9f2850, State: Initialized, Role: LEARNER
I20260713 09:01:01.527046  7628 consensus_queue.cc:260] T 66f52032257c4d7ab5ecc9e02797247d P 83243b6945bb449094c1e7caae9f2850 [NON_LEADER]: Queue going to NON_LEADER mode. State: All replicated index: 0, Majority replicated index: 0, Committed index: 2, Last appended: 1.2, Last appended by leader: 2, Current term: 0, Majority size: -1, State: 0, Mode: NON_LEADER, active raft config: opid_index: 2 OBSOLETE_local: false peers { permanent_uuid: "6ae78fa849c349908a3efe76e6fb373b" member_type: VOTER last_known_addr { host: "127.5.178.65" port: 35925 } attrs { replace: true } } peers { permanent_uuid: "396d9aab47df4657be8b0264709227e1" member_type: VOTER last_known_addr { host: "127.5.178.66" port: 42595 } } peers { permanent_uuid: "8edb48dd47ad43719b2df683f09230bb" member_type: VOTER last_known_addr { host: "127.5.178.67" port: 39473 } } peers { permanent_uuid: "83243b6945bb449094c1e7caae9f2850" member_type: NON_VOTER last_known_addr { host: "127.5.178.68" port: 34141 } attrs { promote: true } }
I20260713 09:01:01.529402  7628 ts_tablet_manager.cc:1434] T 66f52032257c4d7ab5ecc9e02797247d P 83243b6945bb449094c1e7caae9f2850: Time spent starting tablet: real 0.006s	user 0.004s	sys 0.000s
I20260713 09:01:01.531358  7086 tablet_copy_service.cc:342] P 396d9aab47df4657be8b0264709227e1: Request end of tablet copy session 83243b6945bb449094c1e7caae9f2850-66f52032257c4d7ab5ecc9e02797247d received from {username='slave'} at 127.0.0.1:55874
I20260713 09:01:01.531847  7086 tablet_copy_service.cc:434] P 396d9aab47df4657be8b0264709227e1: ending tablet copy session 83243b6945bb449094c1e7caae9f2850-66f52032257c4d7ab5ecc9e02797247d on tablet 66f52032257c4d7ab5ecc9e02797247d with peer 83243b6945bb449094c1e7caae9f2850
I20260713 09:01:01.726886  7442 raft_consensus.cc:1217] T f9bd2484051841828cad632a056876dd P 83243b6945bb449094c1e7caae9f2850 [term 1 LEARNER]: Deduplicated request from leader. Original: 1.1->[1.2-1.2]   Dedup: 1.2->[]
I20260713 09:01:01.782227  7442 raft_consensus.cc:1217] T 6e3fbc58760c4f47b66f1ae12290107a P 83243b6945bb449094c1e7caae9f2850 [term 1 LEARNER]: Deduplicated request from leader. Original: 1.1->[1.2-1.2]   Dedup: 1.2->[]
I20260713 09:01:01.948575  7442 raft_consensus.cc:1217] T dae06a8594004a558e239af495e28631 P 83243b6945bb449094c1e7caae9f2850 [term 1 LEARNER]: Deduplicated request from leader. Original: 1.1->[1.2-1.2]   Dedup: 1.2->[]
I20260713 09:01:01.966336  7442 raft_consensus.cc:1217] T 66f52032257c4d7ab5ecc9e02797247d P 83243b6945bb449094c1e7caae9f2850 [term 1 LEARNER]: Deduplicated request from leader. Original: 1.1->[1.2-1.2]   Dedup: 1.2->[]
I20260713 09:01:02.163767  7606 raft_consensus.cc:1064] T f9bd2484051841828cad632a056876dd P 8edb48dd47ad43719b2df683f09230bb: attempting to promote NON_VOTER 83243b6945bb449094c1e7caae9f2850 to VOTER
I20260713 09:01:02.166272  7606 consensus_queue.cc:237] T f9bd2484051841828cad632a056876dd P 8edb48dd47ad43719b2df683f09230bb [LEADER]: Queue going to LEADER mode. State: All replicated index: 0, Majority replicated index: 2, Committed index: 2, Last appended: 1.2, Last appended by leader: 0, Current term: 1, Majority size: 3, State: 0, Mode: LEADER, active raft config: opid_index: 3 OBSOLETE_local: false peers { permanent_uuid: "6ae78fa849c349908a3efe76e6fb373b" member_type: VOTER last_known_addr { host: "127.5.178.65" port: 35925 } attrs { replace: true } } peers { permanent_uuid: "396d9aab47df4657be8b0264709227e1" member_type: VOTER last_known_addr { host: "127.5.178.66" port: 42595 } } peers { permanent_uuid: "8edb48dd47ad43719b2df683f09230bb" member_type: VOTER last_known_addr { host: "127.5.178.67" port: 39473 } } peers { permanent_uuid: "83243b6945bb449094c1e7caae9f2850" member_type: VOTER last_known_addr { host: "127.5.178.68" port: 34141 } attrs { promote: false } }
I20260713 09:01:02.173188  7442 raft_consensus.cc:1275] T f9bd2484051841828cad632a056876dd P 83243b6945bb449094c1e7caae9f2850 [term 1 LEARNER]: Refusing update from remote peer 8edb48dd47ad43719b2df683f09230bb: Log matching property violated. Preceding OpId in replica: term: 1 index: 2. Preceding OpId from leader: term: 1 index: 3. (index mismatch)
I20260713 09:01:02.174183  7074 raft_consensus.cc:1275] T f9bd2484051841828cad632a056876dd P 396d9aab47df4657be8b0264709227e1 [term 1 FOLLOWER]: Refusing update from remote peer 8edb48dd47ad43719b2df683f09230bb: Log matching property violated. Preceding OpId in replica: term: 1 index: 2. Preceding OpId from leader: term: 1 index: 3. (index mismatch)
I20260713 09:01:02.174894  6996 raft_consensus.cc:1275] T f9bd2484051841828cad632a056876dd P 6ae78fa849c349908a3efe76e6fb373b [term 1 FOLLOWER]: Refusing update from remote peer 8edb48dd47ad43719b2df683f09230bb: Log matching property violated. Preceding OpId in replica: term: 1 index: 2. Preceding OpId from leader: term: 1 index: 3. (index mismatch)
I20260713 09:01:02.175951  7606 consensus_queue.cc:1048] T f9bd2484051841828cad632a056876dd P 8edb48dd47ad43719b2df683f09230bb [LEADER]: Connected to new peer: Peer: permanent_uuid: "83243b6945bb449094c1e7caae9f2850" member_type: VOTER last_known_addr { host: "127.5.178.68" port: 34141 } attrs { promote: false }, Status: LMP_MISMATCH, Last received: 0.0, Next index: 3, Last known committed idx: 2, Time since last communication: 0.001s
I20260713 09:01:02.176980  7642 consensus_queue.cc:1048] T f9bd2484051841828cad632a056876dd P 8edb48dd47ad43719b2df683f09230bb [LEADER]: Connected to new peer: Peer: permanent_uuid: "6ae78fa849c349908a3efe76e6fb373b" member_type: VOTER last_known_addr { host: "127.5.178.65" port: 35925 } attrs { replace: true }, Status: LMP_MISMATCH, Last received: 0.0, Next index: 3, Last known committed idx: 2, Time since last communication: 0.000s
I20260713 09:01:02.178815  7639 consensus_queue.cc:1048] T f9bd2484051841828cad632a056876dd P 8edb48dd47ad43719b2df683f09230bb [LEADER]: Connected to new peer: Peer: permanent_uuid: "396d9aab47df4657be8b0264709227e1" member_type: VOTER last_known_addr { host: "127.5.178.66" port: 42595 }, Status: LMP_MISMATCH, Last received: 0.0, Next index: 3, Last known committed idx: 2, Time since last communication: 0.000s
I20260713 09:01:02.192111  7642 raft_consensus.cc:2955] T f9bd2484051841828cad632a056876dd P 8edb48dd47ad43719b2df683f09230bb [term 1 LEADER]: Committing config change with OpId 1.3: config changed from index 2 to 3, 83243b6945bb449094c1e7caae9f2850 (127.5.178.68) changed from NON_VOTER to VOTER. New config: { opid_index: 3 OBSOLETE_local: false peers { permanent_uuid: "6ae78fa849c349908a3efe76e6fb373b" member_type: VOTER last_known_addr { host: "127.5.178.65" port: 35925 } attrs { replace: true } } peers { permanent_uuid: "396d9aab47df4657be8b0264709227e1" member_type: VOTER last_known_addr { host: "127.5.178.66" port: 42595 } } peers { permanent_uuid: "8edb48dd47ad43719b2df683f09230bb" member_type: VOTER last_known_addr { host: "127.5.178.67" port: 39473 } } peers { permanent_uuid: "83243b6945bb449094c1e7caae9f2850" member_type: VOTER last_known_addr { host: "127.5.178.68" port: 34141 } attrs { promote: false } } }
I20260713 09:01:02.193508  7441 raft_consensus.cc:2955] T f9bd2484051841828cad632a056876dd P 83243b6945bb449094c1e7caae9f2850 [term 1 FOLLOWER]: Committing config change with OpId 1.3: config changed from index 2 to 3, 83243b6945bb449094c1e7caae9f2850 (127.5.178.68) changed from NON_VOTER to VOTER. New config: { opid_index: 3 OBSOLETE_local: false peers { permanent_uuid: "6ae78fa849c349908a3efe76e6fb373b" member_type: VOTER last_known_addr { host: "127.5.178.65" port: 35925 } attrs { replace: true } } peers { permanent_uuid: "396d9aab47df4657be8b0264709227e1" member_type: VOTER last_known_addr { host: "127.5.178.66" port: 42595 } } peers { permanent_uuid: "8edb48dd47ad43719b2df683f09230bb" member_type: VOTER last_known_addr { host: "127.5.178.67" port: 39473 } } peers { permanent_uuid: "83243b6945bb449094c1e7caae9f2850" member_type: VOTER last_known_addr { host: "127.5.178.68" port: 34141 } attrs { promote: false } } }
I20260713 09:01:02.195292  6999 raft_consensus.cc:2955] T f9bd2484051841828cad632a056876dd P 6ae78fa849c349908a3efe76e6fb373b [term 1 FOLLOWER]: Committing config change with OpId 1.3: config changed from index 2 to 3, 83243b6945bb449094c1e7caae9f2850 (127.5.178.68) changed from NON_VOTER to VOTER. New config: { opid_index: 3 OBSOLETE_local: false peers { permanent_uuid: "6ae78fa849c349908a3efe76e6fb373b" member_type: VOTER last_known_addr { host: "127.5.178.65" port: 35925 } attrs { replace: true } } peers { permanent_uuid: "396d9aab47df4657be8b0264709227e1" member_type: VOTER last_known_addr { host: "127.5.178.66" port: 42595 } } peers { permanent_uuid: "8edb48dd47ad43719b2df683f09230bb" member_type: VOTER last_known_addr { host: "127.5.178.67" port: 39473 } } peers { permanent_uuid: "83243b6945bb449094c1e7caae9f2850" member_type: VOTER last_known_addr { host: "127.5.178.68" port: 34141 } attrs { promote: false } } }
I20260713 09:01:02.204372  7074 raft_consensus.cc:2955] T f9bd2484051841828cad632a056876dd P 396d9aab47df4657be8b0264709227e1 [term 1 FOLLOWER]: Committing config change with OpId 1.3: config changed from index 2 to 3, 83243b6945bb449094c1e7caae9f2850 (127.5.178.68) changed from NON_VOTER to VOTER. New config: { opid_index: 3 OBSOLETE_local: false peers { permanent_uuid: "6ae78fa849c349908a3efe76e6fb373b" member_type: VOTER last_known_addr { host: "127.5.178.65" port: 35925 } attrs { replace: true } } peers { permanent_uuid: "396d9aab47df4657be8b0264709227e1" member_type: VOTER last_known_addr { host: "127.5.178.66" port: 42595 } } peers { permanent_uuid: "8edb48dd47ad43719b2df683f09230bb" member_type: VOTER last_known_addr { host: "127.5.178.67" port: 39473 } } peers { permanent_uuid: "83243b6945bb449094c1e7caae9f2850" member_type: VOTER last_known_addr { host: "127.5.178.68" port: 34141 } attrs { promote: false } } }
I20260713 09:01:02.209149  6898 catalog_manager.cc:5697] T f9bd2484051841828cad632a056876dd P 83243b6945bb449094c1e7caae9f2850 reported cstate change: config changed from index 2 to 3, 83243b6945bb449094c1e7caae9f2850 (127.5.178.68) changed from NON_VOTER to VOTER. New cstate: current_term: 1 leader_uuid: "8edb48dd47ad43719b2df683f09230bb" committed_config { opid_index: 3 OBSOLETE_local: false peers { permanent_uuid: "6ae78fa849c349908a3efe76e6fb373b" member_type: VOTER last_known_addr { host: "127.5.178.65" port: 35925 } attrs { replace: true } } peers { permanent_uuid: "396d9aab47df4657be8b0264709227e1" member_type: VOTER last_known_addr { host: "127.5.178.66" port: 42595 } } peers { permanent_uuid: "8edb48dd47ad43719b2df683f09230bb" member_type: VOTER last_known_addr { host: "127.5.178.67" port: 39473 } } peers { permanent_uuid: "83243b6945bb449094c1e7caae9f2850" member_type: VOTER last_known_addr { host: "127.5.178.68" port: 34141 } attrs { promote: false } } }
I20260713 09:01:02.218025  7640 raft_consensus.cc:1064] T 6e3fbc58760c4f47b66f1ae12290107a P 6ae78fa849c349908a3efe76e6fb373b: attempting to promote NON_VOTER 83243b6945bb449094c1e7caae9f2850 to VOTER
I20260713 09:01:02.230477  7640 consensus_queue.cc:237] T 6e3fbc58760c4f47b66f1ae12290107a P 6ae78fa849c349908a3efe76e6fb373b [LEADER]: Queue going to LEADER mode. State: All replicated index: 0, Majority replicated index: 2, Committed index: 2, Last appended: 1.2, Last appended by leader: 0, Current term: 1, Majority size: 3, State: 0, Mode: LEADER, active raft config: opid_index: 3 OBSOLETE_local: false peers { permanent_uuid: "6ae78fa849c349908a3efe76e6fb373b" member_type: VOTER last_known_addr { host: "127.5.178.65" port: 35925 } } peers { permanent_uuid: "396d9aab47df4657be8b0264709227e1" member_type: VOTER last_known_addr { host: "127.5.178.66" port: 42595 } attrs { replace: true } } peers { permanent_uuid: "8edb48dd47ad43719b2df683f09230bb" member_type: VOTER last_known_addr { host: "127.5.178.67" port: 39473 } } peers { permanent_uuid: "83243b6945bb449094c1e7caae9f2850" member_type: VOTER last_known_addr { host: "127.5.178.68" port: 34141 } attrs { promote: false } }
I20260713 09:01:02.244858  7074 raft_consensus.cc:1275] T 6e3fbc58760c4f47b66f1ae12290107a P 396d9aab47df4657be8b0264709227e1 [term 1 FOLLOWER]: Refusing update from remote peer 6ae78fa849c349908a3efe76e6fb373b: Log matching property violated. Preceding OpId in replica: term: 1 index: 2. Preceding OpId from leader: term: 1 index: 3. (index mismatch)
I20260713 09:01:02.247313  7441 raft_consensus.cc:1275] T 6e3fbc58760c4f47b66f1ae12290107a P 83243b6945bb449094c1e7caae9f2850 [term 1 LEARNER]: Refusing update from remote peer 6ae78fa849c349908a3efe76e6fb373b: Log matching property violated. Preceding OpId in replica: term: 1 index: 2. Preceding OpId from leader: term: 1 index: 3. (index mismatch)
I20260713 09:01:02.247133  7640 consensus_queue.cc:1048] T 6e3fbc58760c4f47b66f1ae12290107a P 6ae78fa849c349908a3efe76e6fb373b [LEADER]: Connected to new peer: Peer: permanent_uuid: "396d9aab47df4657be8b0264709227e1" member_type: VOTER last_known_addr { host: "127.5.178.66" port: 42595 } attrs { replace: true }, Status: LMP_MISMATCH, Last received: 0.0, Next index: 3, Last known committed idx: 2, Time since last communication: 0.001s
I20260713 09:01:02.244971  7146 raft_consensus.cc:1275] T 6e3fbc58760c4f47b66f1ae12290107a P 8edb48dd47ad43719b2df683f09230bb [term 1 FOLLOWER]: Refusing update from remote peer 6ae78fa849c349908a3efe76e6fb373b: Log matching property violated. Preceding OpId in replica: term: 1 index: 2. Preceding OpId from leader: term: 1 index: 3. (index mismatch)
I20260713 09:01:02.251264  7619 consensus_queue.cc:1048] T 6e3fbc58760c4f47b66f1ae12290107a P 6ae78fa849c349908a3efe76e6fb373b [LEADER]: Connected to new peer: Peer: permanent_uuid: "83243b6945bb449094c1e7caae9f2850" member_type: VOTER last_known_addr { host: "127.5.178.68" port: 34141 } attrs { promote: false }, Status: LMP_MISMATCH, Last received: 0.0, Next index: 3, Last known committed idx: 2, Time since last communication: 0.001s
I20260713 09:01:02.252529  7609 consensus_queue.cc:1048] T 6e3fbc58760c4f47b66f1ae12290107a P 6ae78fa849c349908a3efe76e6fb373b [LEADER]: Connected to new peer: Peer: permanent_uuid: "8edb48dd47ad43719b2df683f09230bb" member_type: VOTER last_known_addr { host: "127.5.178.67" port: 39473 }, Status: LMP_MISMATCH, Last received: 0.0, Next index: 3, Last known committed idx: 2, Time since last communication: 0.000s
I20260713 09:01:02.305749  7656 raft_consensus.cc:2955] T 6e3fbc58760c4f47b66f1ae12290107a P 6ae78fa849c349908a3efe76e6fb373b [term 1 LEADER]: Committing config change with OpId 1.3: config changed from index 2 to 3, 83243b6945bb449094c1e7caae9f2850 (127.5.178.68) changed from NON_VOTER to VOTER. New config: { opid_index: 3 OBSOLETE_local: false peers { permanent_uuid: "6ae78fa849c349908a3efe76e6fb373b" member_type: VOTER last_known_addr { host: "127.5.178.65" port: 35925 } } peers { permanent_uuid: "396d9aab47df4657be8b0264709227e1" member_type: VOTER last_known_addr { host: "127.5.178.66" port: 42595 } attrs { replace: true } } peers { permanent_uuid: "8edb48dd47ad43719b2df683f09230bb" member_type: VOTER last_known_addr { host: "127.5.178.67" port: 39473 } } peers { permanent_uuid: "83243b6945bb449094c1e7caae9f2850" member_type: VOTER last_known_addr { host: "127.5.178.68" port: 34141 } attrs { promote: false } } }
I20260713 09:01:02.320812  7442 raft_consensus.cc:2955] T 6e3fbc58760c4f47b66f1ae12290107a P 83243b6945bb449094c1e7caae9f2850 [term 1 FOLLOWER]: Committing config change with OpId 1.3: config changed from index 2 to 3, 83243b6945bb449094c1e7caae9f2850 (127.5.178.68) changed from NON_VOTER to VOTER. New config: { opid_index: 3 OBSOLETE_local: false peers { permanent_uuid: "6ae78fa849c349908a3efe76e6fb373b" member_type: VOTER last_known_addr { host: "127.5.178.65" port: 35925 } } peers { permanent_uuid: "396d9aab47df4657be8b0264709227e1" member_type: VOTER last_known_addr { host: "127.5.178.66" port: 42595 } attrs { replace: true } } peers { permanent_uuid: "8edb48dd47ad43719b2df683f09230bb" member_type: VOTER last_known_addr { host: "127.5.178.67" port: 39473 } } peers { permanent_uuid: "83243b6945bb449094c1e7caae9f2850" member_type: VOTER last_known_addr { host: "127.5.178.68" port: 34141 } attrs { promote: false } } }
I20260713 09:01:02.333835  7146 raft_consensus.cc:2955] T 6e3fbc58760c4f47b66f1ae12290107a P 8edb48dd47ad43719b2df683f09230bb [term 1 FOLLOWER]: Committing config change with OpId 1.3: config changed from index 2 to 3, 83243b6945bb449094c1e7caae9f2850 (127.5.178.68) changed from NON_VOTER to VOTER. New config: { opid_index: 3 OBSOLETE_local: false peers { permanent_uuid: "6ae78fa849c349908a3efe76e6fb373b" member_type: VOTER last_known_addr { host: "127.5.178.65" port: 35925 } } peers { permanent_uuid: "396d9aab47df4657be8b0264709227e1" member_type: VOTER last_known_addr { host: "127.5.178.66" port: 42595 } attrs { replace: true } } peers { permanent_uuid: "8edb48dd47ad43719b2df683f09230bb" member_type: VOTER last_known_addr { host: "127.5.178.67" port: 39473 } } peers { permanent_uuid: "83243b6945bb449094c1e7caae9f2850" member_type: VOTER last_known_addr { host: "127.5.178.68" port: 34141 } attrs { promote: false } } }
I20260713 09:01:02.333935  7069 raft_consensus.cc:2955] T 6e3fbc58760c4f47b66f1ae12290107a P 396d9aab47df4657be8b0264709227e1 [term 1 FOLLOWER]: Committing config change with OpId 1.3: config changed from index 2 to 3, 83243b6945bb449094c1e7caae9f2850 (127.5.178.68) changed from NON_VOTER to VOTER. New config: { opid_index: 3 OBSOLETE_local: false peers { permanent_uuid: "6ae78fa849c349908a3efe76e6fb373b" member_type: VOTER last_known_addr { host: "127.5.178.65" port: 35925 } } peers { permanent_uuid: "396d9aab47df4657be8b0264709227e1" member_type: VOTER last_known_addr { host: "127.5.178.66" port: 42595 } attrs { replace: true } } peers { permanent_uuid: "8edb48dd47ad43719b2df683f09230bb" member_type: VOTER last_known_addr { host: "127.5.178.67" port: 39473 } } peers { permanent_uuid: "83243b6945bb449094c1e7caae9f2850" member_type: VOTER last_known_addr { host: "127.5.178.68" port: 34141 } attrs { promote: false } } }
I20260713 09:01:02.376312  6896 catalog_manager.cc:5697] T 6e3fbc58760c4f47b66f1ae12290107a P 6ae78fa849c349908a3efe76e6fb373b reported cstate change: config changed from index 2 to 3, 83243b6945bb449094c1e7caae9f2850 (127.5.178.68) changed from NON_VOTER to VOTER. New cstate: current_term: 1 leader_uuid: "6ae78fa849c349908a3efe76e6fb373b" committed_config { opid_index: 3 OBSOLETE_local: false peers { permanent_uuid: "6ae78fa849c349908a3efe76e6fb373b" member_type: VOTER last_known_addr { host: "127.5.178.65" port: 35925 } health_report { overall_health: HEALTHY } } peers { permanent_uuid: "396d9aab47df4657be8b0264709227e1" member_type: VOTER last_known_addr { host: "127.5.178.66" port: 42595 } attrs { replace: true } health_report { overall_health: HEALTHY } } peers { permanent_uuid: "8edb48dd47ad43719b2df683f09230bb" member_type: VOTER last_known_addr { host: "127.5.178.67" port: 39473 } health_report { overall_health: HEALTHY } } peers { permanent_uuid: "83243b6945bb449094c1e7caae9f2850" member_type: VOTER last_known_addr { host: "127.5.178.68" port: 34141 } attrs { promote: false } health_report { overall_health: HEALTHY } } }
I20260713 09:01:02.379226  7150 consensus_queue.cc:237] T f9bd2484051841828cad632a056876dd P 8edb48dd47ad43719b2df683f09230bb [LEADER]: Queue going to LEADER mode. State: All replicated index: 0, Majority replicated index: 3, Committed index: 3, Last appended: 1.3, Last appended by leader: 0, Current term: 1, Majority size: 2, State: 0, Mode: LEADER, active raft config: opid_index: 4 OBSOLETE_local: false peers { permanent_uuid: "396d9aab47df4657be8b0264709227e1" member_type: VOTER last_known_addr { host: "127.5.178.66" port: 42595 } } peers { permanent_uuid: "8edb48dd47ad43719b2df683f09230bb" member_type: VOTER last_known_addr { host: "127.5.178.67" port: 39473 } } peers { permanent_uuid: "83243b6945bb449094c1e7caae9f2850" member_type: VOTER last_known_addr { host: "127.5.178.68" port: 34141 } attrs { promote: false } }
I20260713 09:01:02.387866  7605 raft_consensus.cc:1064] T 66f52032257c4d7ab5ecc9e02797247d P 396d9aab47df4657be8b0264709227e1: attempting to promote NON_VOTER 83243b6945bb449094c1e7caae9f2850 to VOTER
I20260713 09:01:02.391739  7605 consensus_queue.cc:237] T 66f52032257c4d7ab5ecc9e02797247d P 396d9aab47df4657be8b0264709227e1 [LEADER]: Queue going to LEADER mode. State: All replicated index: 0, Majority replicated index: 2, Committed index: 2, Last appended: 1.2, Last appended by leader: 0, Current term: 1, Majority size: 3, State: 0, Mode: LEADER, active raft config: opid_index: 3 OBSOLETE_local: false peers { permanent_uuid: "6ae78fa849c349908a3efe76e6fb373b" member_type: VOTER last_known_addr { host: "127.5.178.65" port: 35925 } attrs { replace: true } } peers { permanent_uuid: "396d9aab47df4657be8b0264709227e1" member_type: VOTER last_known_addr { host: "127.5.178.66" port: 42595 } } peers { permanent_uuid: "8edb48dd47ad43719b2df683f09230bb" member_type: VOTER last_known_addr { host: "127.5.178.67" port: 39473 } } peers { permanent_uuid: "83243b6945bb449094c1e7caae9f2850" member_type: VOTER last_known_addr { host: "127.5.178.68" port: 34141 } attrs { promote: false } }
I20260713 09:01:02.406453  6999 consensus_queue.cc:237] T 6e3fbc58760c4f47b66f1ae12290107a P 6ae78fa849c349908a3efe76e6fb373b [LEADER]: Queue going to LEADER mode. State: All replicated index: 0, Majority replicated index: 3, Committed index: 3, Last appended: 1.3, Last appended by leader: 0, Current term: 1, Majority size: 2, State: 0, Mode: LEADER, active raft config: opid_index: 4 OBSOLETE_local: false peers { permanent_uuid: "6ae78fa849c349908a3efe76e6fb373b" member_type: VOTER last_known_addr { host: "127.5.178.65" port: 35925 } } peers { permanent_uuid: "8edb48dd47ad43719b2df683f09230bb" member_type: VOTER last_known_addr { host: "127.5.178.67" port: 39473 } } peers { permanent_uuid: "83243b6945bb449094c1e7caae9f2850" member_type: VOTER last_known_addr { host: "127.5.178.68" port: 34141 } attrs { promote: false } }
I20260713 09:01:02.408792  7442 raft_consensus.cc:1275] T f9bd2484051841828cad632a056876dd P 83243b6945bb449094c1e7caae9f2850 [term 1 FOLLOWER]: Refusing update from remote peer 8edb48dd47ad43719b2df683f09230bb: Log matching property violated. Preceding OpId in replica: term: 1 index: 3. Preceding OpId from leader: term: 1 index: 4. (index mismatch)
I20260713 09:01:02.410552  7639 consensus_queue.cc:1048] T f9bd2484051841828cad632a056876dd P 8edb48dd47ad43719b2df683f09230bb [LEADER]: Connected to new peer: Peer: permanent_uuid: "83243b6945bb449094c1e7caae9f2850" member_type: VOTER last_known_addr { host: "127.5.178.68" port: 34141 } attrs { promote: false }, Status: LMP_MISMATCH, Last received: 0.0, Next index: 4, Last known committed idx: 3, Time since last communication: 0.001s
I20260713 09:01:02.414518  7441 raft_consensus.cc:1275] T 6e3fbc58760c4f47b66f1ae12290107a P 83243b6945bb449094c1e7caae9f2850 [term 1 FOLLOWER]: Refusing update from remote peer 6ae78fa849c349908a3efe76e6fb373b: Log matching property violated. Preceding OpId in replica: term: 1 index: 3. Preceding OpId from leader: term: 1 index: 4. (index mismatch)
I20260713 09:01:02.416713  7656 consensus_queue.cc:1048] T 6e3fbc58760c4f47b66f1ae12290107a P 6ae78fa849c349908a3efe76e6fb373b [LEADER]: Connected to new peer: Peer: permanent_uuid: "83243b6945bb449094c1e7caae9f2850" member_type: VOTER last_known_addr { host: "127.5.178.68" port: 34141 } attrs { promote: false }, Status: LMP_MISMATCH, Last received: 0.0, Next index: 4, Last known committed idx: 3, Time since last communication: 0.000s
I20260713 09:01:02.419919  7442 raft_consensus.cc:1275] T 66f52032257c4d7ab5ecc9e02797247d P 83243b6945bb449094c1e7caae9f2850 [term 1 LEARNER]: Refusing update from remote peer 396d9aab47df4657be8b0264709227e1: Log matching property violated. Preceding OpId in replica: term: 1 index: 2. Preceding OpId from leader: term: 1 index: 3. (index mismatch)
I20260713 09:01:02.419173  7642 raft_consensus.cc:2955] T f9bd2484051841828cad632a056876dd P 8edb48dd47ad43719b2df683f09230bb [term 1 LEADER]: Committing config change with OpId 1.4: config changed from index 3 to 4, VOTER 6ae78fa849c349908a3efe76e6fb373b (127.5.178.65) evicted. New config: { opid_index: 4 OBSOLETE_local: false peers { permanent_uuid: "396d9aab47df4657be8b0264709227e1" member_type: VOTER last_known_addr { host: "127.5.178.66" port: 42595 } } peers { permanent_uuid: "8edb48dd47ad43719b2df683f09230bb" member_type: VOTER last_known_addr { host: "127.5.178.67" port: 39473 } } peers { permanent_uuid: "83243b6945bb449094c1e7caae9f2850" member_type: VOTER last_known_addr { host: "127.5.178.68" port: 34141 } attrs { promote: false } } }
