I20260713 09:00:33.965685  6542 raft_consensus.cc:359] T 543985751e5948b09fd86264187dc30d P fdf9096bcffd455bbf2bebb04eaf16a6 [term 0 FOLLOWER]: Replica starting. Triggering 0 pending ops. Active config: opid_index: -1 OBSOLETE_local: false peers { permanent_uuid: "4fe6f0c8c03f44c9ad50d250d0c7c7ce" member_type: VOTER last_known_addr { host: "127.5.152.65" port: 35583 } } peers { permanent_uuid: "5784dfb6aab740f1aec2fc85eb6bb2d2" member_type: VOTER last_known_addr { host: "127.5.152.66" port: 37467 } } peers { permanent_uuid: "fdf9096bcffd455bbf2bebb04eaf16a6" member_type: VOTER last_known_addr { host: "127.5.152.67" port: 39441 } }
I20260713 09:00:33.966291  6542 raft_consensus.cc:385] T 543985751e5948b09fd86264187dc30d P fdf9096bcffd455bbf2bebb04eaf16a6 [term 0 FOLLOWER]: Consensus starting up: Expiring failure detector timer to make a prompt election more likely
I20260713 09:00:33.965948  6546 consensus_queue.cc:237] T 2dba06ff858a402f81de182a9d77e15e P fdf9096bcffd455bbf2bebb04eaf16a6 [LEADER]: Queue going to LEADER mode. State: All replicated index: 0, Majority replicated index: 0, Committed index: 0, Last appended: 0.0, Last appended by leader: 0, Current term: 1, Majority size: 2, State: 0, Mode: LEADER, active raft config: opid_index: -1 OBSOLETE_local: false peers { permanent_uuid: "4fe6f0c8c03f44c9ad50d250d0c7c7ce" member_type: VOTER last_known_addr { host: "127.5.152.65" port: 35583 } } peers { permanent_uuid: "5784dfb6aab740f1aec2fc85eb6bb2d2" member_type: VOTER last_known_addr { host: "127.5.152.66" port: 37467 } } peers { permanent_uuid: "fdf9096bcffd455bbf2bebb04eaf16a6" member_type: VOTER last_known_addr { host: "127.5.152.67" port: 39441 } }
I20260713 09:00:33.966554  6542 raft_consensus.cc:740] T 543985751e5948b09fd86264187dc30d P fdf9096bcffd455bbf2bebb04eaf16a6 [term 0 FOLLOWER]: Becoming Follower/Learner. State: Replica: fdf9096bcffd455bbf2bebb04eaf16a6, State: Initialized, Role: FOLLOWER
I20260713 09:00:33.967231  6542 consensus_queue.cc:260] T 543985751e5948b09fd86264187dc30d P fdf9096bcffd455bbf2bebb04eaf16a6 [NON_LEADER]: Queue going to NON_LEADER mode. State: All replicated index: 0, Majority replicated index: 0, Committed index: 0, Last appended: 0.0, Last appended by leader: 0, Current term: 0, Majority size: -1, State: 0, Mode: NON_LEADER, active raft config: opid_index: -1 OBSOLETE_local: false peers { permanent_uuid: "4fe6f0c8c03f44c9ad50d250d0c7c7ce" member_type: VOTER last_known_addr { host: "127.5.152.65" port: 35583 } } peers { permanent_uuid: "5784dfb6aab740f1aec2fc85eb6bb2d2" member_type: VOTER last_known_addr { host: "127.5.152.66" port: 37467 } } peers { permanent_uuid: "fdf9096bcffd455bbf2bebb04eaf16a6" member_type: VOTER last_known_addr { host: "127.5.152.67" port: 39441 } }
I20260713 09:00:33.968448  6540 raft_consensus.cc:359] T ed2bd561608a44fba0daca9f2593756c P 4fe6f0c8c03f44c9ad50d250d0c7c7ce [term 0 FOLLOWER]: Replica starting. Triggering 0 pending ops. Active config: opid_index: -1 OBSOLETE_local: false peers { permanent_uuid: "4fe6f0c8c03f44c9ad50d250d0c7c7ce" member_type: VOTER last_known_addr { host: "127.5.152.65" port: 35583 } } peers { permanent_uuid: "5784dfb6aab740f1aec2fc85eb6bb2d2" member_type: VOTER last_known_addr { host: "127.5.152.66" port: 37467 } } peers { permanent_uuid: "fdf9096bcffd455bbf2bebb04eaf16a6" member_type: VOTER last_known_addr { host: "127.5.152.67" port: 39441 } }
I20260713 09:00:33.969172  6540 raft_consensus.cc:385] T ed2bd561608a44fba0daca9f2593756c P 4fe6f0c8c03f44c9ad50d250d0c7c7ce [term 0 FOLLOWER]: Consensus starting up: Expiring failure detector timer to make a prompt election more likely
I20260713 09:00:33.969393  6425 raft_consensus.cc:2468] T 2dba06ff858a402f81de182a9d77e15e P 5784dfb6aab740f1aec2fc85eb6bb2d2 [term 1 FOLLOWER]: Leader election vote request: Granting yes vote for candidate fdf9096bcffd455bbf2bebb04eaf16a6 in term 1.
I20260713 09:00:33.969726  6540 raft_consensus.cc:740] T ed2bd561608a44fba0daca9f2593756c P 4fe6f0c8c03f44c9ad50d250d0c7c7ce [term 0 FOLLOWER]: Becoming Follower/Learner. State: Replica: 4fe6f0c8c03f44c9ad50d250d0c7c7ce, State: Initialized, Role: FOLLOWER
I20260713 09:00:33.969193  6542 ts_tablet_manager.cc:1434] T 543985751e5948b09fd86264187dc30d P fdf9096bcffd455bbf2bebb04eaf16a6: Time spent starting tablet: real 0.006s	user 0.005s	sys 0.000s
I20260713 09:00:33.971269  6540 consensus_queue.cc:260] T ed2bd561608a44fba0daca9f2593756c P 4fe6f0c8c03f44c9ad50d250d0c7c7ce [NON_LEADER]: Queue going to NON_LEADER mode. State: All replicated index: 0, Majority replicated index: 0, Committed index: 0, Last appended: 0.0, Last appended by leader: 0, Current term: 0, Majority size: -1, State: 0, Mode: NON_LEADER, active raft config: opid_index: -1 OBSOLETE_local: false peers { permanent_uuid: "4fe6f0c8c03f44c9ad50d250d0c7c7ce" member_type: VOTER last_known_addr { host: "127.5.152.65" port: 35583 } } peers { permanent_uuid: "5784dfb6aab740f1aec2fc85eb6bb2d2" member_type: VOTER last_known_addr { host: "127.5.152.66" port: 37467 } } peers { permanent_uuid: "fdf9096bcffd455bbf2bebb04eaf16a6" member_type: VOTER last_known_addr { host: "127.5.152.67" port: 39441 } }
I20260713 09:00:33.973332  6540 ts_tablet_manager.cc:1434] T ed2bd561608a44fba0daca9f2593756c P 4fe6f0c8c03f44c9ad50d250d0c7c7ce: Time spent starting tablet: real 0.008s	user 0.001s	sys 0.004s
I20260713 09:00:33.975483  6249 catalog_manager.cc:5697] T 543985751e5948b09fd86264187dc30d P 5784dfb6aab740f1aec2fc85eb6bb2d2 reported cstate change: term changed from 0 to 1, leader changed from <none> to 5784dfb6aab740f1aec2fc85eb6bb2d2 (127.5.152.66). New cstate: current_term: 1 leader_uuid: "5784dfb6aab740f1aec2fc85eb6bb2d2" committed_config { opid_index: -1 OBSOLETE_local: false peers { permanent_uuid: "4fe6f0c8c03f44c9ad50d250d0c7c7ce" member_type: VOTER last_known_addr { host: "127.5.152.65" port: 35583 } health_report { overall_health: UNKNOWN } } peers { permanent_uuid: "5784dfb6aab740f1aec2fc85eb6bb2d2" member_type: VOTER last_known_addr { host: "127.5.152.66" port: 37467 } health_report { overall_health: HEALTHY } } peers { permanent_uuid: "fdf9096bcffd455bbf2bebb04eaf16a6" member_type: VOTER last_known_addr { host: "127.5.152.67" port: 39441 } health_report { overall_health: UNKNOWN } } }
I20260713 09:00:33.978083  6247 catalog_manager.cc:5697] T 2dba06ff858a402f81de182a9d77e15e P fdf9096bcffd455bbf2bebb04eaf16a6 reported cstate change: term changed from 0 to 1, leader changed from <none> to fdf9096bcffd455bbf2bebb04eaf16a6 (127.5.152.67). New cstate: current_term: 1 leader_uuid: "fdf9096bcffd455bbf2bebb04eaf16a6" committed_config { opid_index: -1 OBSOLETE_local: false peers { permanent_uuid: "4fe6f0c8c03f44c9ad50d250d0c7c7ce" member_type: VOTER last_known_addr { host: "127.5.152.65" port: 35583 } health_report { overall_health: UNKNOWN } } peers { permanent_uuid: "5784dfb6aab740f1aec2fc85eb6bb2d2" member_type: VOTER last_known_addr { host: "127.5.152.66" port: 37467 } health_report { overall_health: UNKNOWN } } peers { permanent_uuid: "fdf9096bcffd455bbf2bebb04eaf16a6" member_type: VOTER last_known_addr { host: "127.5.152.67" port: 39441 } health_report { overall_health: HEALTHY } } }
I20260713 09:00:33.991147  6546 raft_consensus.cc:493] T 543985751e5948b09fd86264187dc30d P fdf9096bcffd455bbf2bebb04eaf16a6 [term 0 FOLLOWER]: Starting pre-election (no leader contacted us within the election timeout)
I20260713 09:00:33.991488  6546 raft_consensus.cc:515] T 543985751e5948b09fd86264187dc30d P fdf9096bcffd455bbf2bebb04eaf16a6 [term 0 FOLLOWER]: Starting pre-election with config: opid_index: -1 OBSOLETE_local: false peers { permanent_uuid: "4fe6f0c8c03f44c9ad50d250d0c7c7ce" member_type: VOTER last_known_addr { host: "127.5.152.65" port: 35583 } } peers { permanent_uuid: "5784dfb6aab740f1aec2fc85eb6bb2d2" member_type: VOTER last_known_addr { host: "127.5.152.66" port: 37467 } } peers { permanent_uuid: "fdf9096bcffd455bbf2bebb04eaf16a6" member_type: VOTER last_known_addr { host: "127.5.152.67" port: 39441 } }
I20260713 09:00:33.993005  6546 leader_election.cc:290] T 543985751e5948b09fd86264187dc30d P fdf9096bcffd455bbf2bebb04eaf16a6 [CANDIDATE]: Term 1 pre-election: Requested pre-vote from peers 4fe6f0c8c03f44c9ad50d250d0c7c7ce (127.5.152.65:35583), 5784dfb6aab740f1aec2fc85eb6bb2d2 (127.5.152.66:37467)
I20260713 09:00:33.993499  6351 tablet_service.cc:1917] Received RequestConsensusVote() RPC: tablet_id: "543985751e5948b09fd86264187dc30d" candidate_uuid: "fdf9096bcffd455bbf2bebb04eaf16a6" candidate_term: 1 candidate_status { last_received { term: 0 index: 0 } } ignore_live_leader: false dest_uuid: "4fe6f0c8c03f44c9ad50d250d0c7c7ce" is_pre_election: true
I20260713 09:00:33.993898  6425 tablet_service.cc:1917] Received RequestConsensusVote() RPC: tablet_id: "543985751e5948b09fd86264187dc30d" candidate_uuid: "fdf9096bcffd455bbf2bebb04eaf16a6" candidate_term: 1 candidate_status { last_received { term: 0 index: 0 } } ignore_live_leader: false dest_uuid: "5784dfb6aab740f1aec2fc85eb6bb2d2" is_pre_election: true
I20260713 09:00:33.994210  6351 raft_consensus.cc:2393] T 543985751e5948b09fd86264187dc30d P 4fe6f0c8c03f44c9ad50d250d0c7c7ce [term 1 FOLLOWER]: Leader pre-election vote request: Denying vote to candidate fdf9096bcffd455bbf2bebb04eaf16a6 in current term 1: Already voted for candidate 5784dfb6aab740f1aec2fc85eb6bb2d2 in this term.
I20260713 09:00:33.995112  6465 leader_election.cc:304] T 543985751e5948b09fd86264187dc30d P fdf9096bcffd455bbf2bebb04eaf16a6 [CANDIDATE]: Term 1 pre-election: Election decided. Result: candidate lost. Election summary: received 3 responses out of 3 voters: 1 yes votes; 2 no votes. yes voters: fdf9096bcffd455bbf2bebb04eaf16a6; no voters: 4fe6f0c8c03f44c9ad50d250d0c7c7ce, 5784dfb6aab740f1aec2fc85eb6bb2d2
I20260713 09:00:33.995616  6546 raft_consensus.cc:3060] T 543985751e5948b09fd86264187dc30d P fdf9096bcffd455bbf2bebb04eaf16a6 [term 0 FOLLOWER]: Advancing to term 1
I20260713 09:00:33.999531  6546 raft_consensus.cc:2749] T 543985751e5948b09fd86264187dc30d P fdf9096bcffd455bbf2bebb04eaf16a6 [term 1 FOLLOWER]: Leader pre-election lost for term 1. Reason: could not achieve majority
I20260713 09:00:34.138361  6585 raft_consensus.cc:493] T 075675b802a04c7284ae4bbf7931586d P 5784dfb6aab740f1aec2fc85eb6bb2d2 [term 0 FOLLOWER]: Starting pre-election (no leader contacted us within the election timeout)
I20260713 09:00:34.138856  6585 raft_consensus.cc:515] T 075675b802a04c7284ae4bbf7931586d P 5784dfb6aab740f1aec2fc85eb6bb2d2 [term 0 FOLLOWER]: Starting pre-election with config: opid_index: -1 OBSOLETE_local: false peers { permanent_uuid: "4fe6f0c8c03f44c9ad50d250d0c7c7ce" member_type: VOTER last_known_addr { host: "127.5.152.65" port: 35583 } } peers { permanent_uuid: "5784dfb6aab740f1aec2fc85eb6bb2d2" member_type: VOTER last_known_addr { host: "127.5.152.66" port: 37467 } } peers { permanent_uuid: "fdf9096bcffd455bbf2bebb04eaf16a6" member_type: VOTER last_known_addr { host: "127.5.152.67" port: 39441 } }
I20260713 09:00:34.140587  6585 leader_election.cc:290] T 075675b802a04c7284ae4bbf7931586d P 5784dfb6aab740f1aec2fc85eb6bb2d2 [CANDIDATE]: Term 1 pre-election: Requested pre-vote from peers 4fe6f0c8c03f44c9ad50d250d0c7c7ce (127.5.152.65:35583), fdf9096bcffd455bbf2bebb04eaf16a6 (127.5.152.67:39441)
I20260713 09:00:34.141304  6351 tablet_service.cc:1917] Received RequestConsensusVote() RPC: tablet_id: "075675b802a04c7284ae4bbf7931586d" candidate_uuid: "5784dfb6aab740f1aec2fc85eb6bb2d2" candidate_term: 1 candidate_status { last_received { term: 0 index: 0 } } ignore_live_leader: false dest_uuid: "4fe6f0c8c03f44c9ad50d250d0c7c7ce" is_pre_election: true
I20260713 09:00:34.141466  6499 tablet_service.cc:1917] Received RequestConsensusVote() RPC: tablet_id: "075675b802a04c7284ae4bbf7931586d" candidate_uuid: "5784dfb6aab740f1aec2fc85eb6bb2d2" candidate_term: 1 candidate_status { last_received { term: 0 index: 0 } } ignore_live_leader: false dest_uuid: "fdf9096bcffd455bbf2bebb04eaf16a6" is_pre_election: true
I20260713 09:00:34.142091  6499 raft_consensus.cc:2393] T 075675b802a04c7284ae4bbf7931586d P fdf9096bcffd455bbf2bebb04eaf16a6 [term 1 FOLLOWER]: Leader pre-election vote request: Denying vote to candidate 5784dfb6aab740f1aec2fc85eb6bb2d2 in current term 1: Already voted for candidate 4fe6f0c8c03f44c9ad50d250d0c7c7ce in this term.
I20260713 09:00:34.142928  6392 leader_election.cc:304] T 075675b802a04c7284ae4bbf7931586d P 5784dfb6aab740f1aec2fc85eb6bb2d2 [CANDIDATE]: Term 1 pre-election: Election decided. Result: candidate lost. Election summary: received 3 responses out of 3 voters: 1 yes votes; 2 no votes. yes voters: 5784dfb6aab740f1aec2fc85eb6bb2d2; no voters: 4fe6f0c8c03f44c9ad50d250d0c7c7ce, fdf9096bcffd455bbf2bebb04eaf16a6
I20260713 09:00:34.143491  6585 raft_consensus.cc:3060] T 075675b802a04c7284ae4bbf7931586d P 5784dfb6aab740f1aec2fc85eb6bb2d2 [term 0 FOLLOWER]: Advancing to term 1
I20260713 09:00:34.147765  6585 raft_consensus.cc:2749] T 075675b802a04c7284ae4bbf7931586d P 5784dfb6aab740f1aec2fc85eb6bb2d2 [term 1 FOLLOWER]: Leader pre-election lost for term 1. Reason: could not achieve majority
I20260713 09:00:34.167829  6425 tablet_service.cc:2072] Received LeaderStepDown RPC: tablet_id: "5dd1137c1b784efab7c613b3b6834b8f"
dest_uuid: "5784dfb6aab740f1aec2fc85eb6bb2d2"
mode: GRACEFUL
new_leader_uuid: "4fe6f0c8c03f44c9ad50d250d0c7c7ce"
 from {username='slave'} at 127.0.0.1:47974
I20260713 09:00:34.168273  6425 raft_consensus.cc:606] T 5dd1137c1b784efab7c613b3b6834b8f P 5784dfb6aab740f1aec2fc85eb6bb2d2 [term 1 LEADER]: Received request to transfer leadership to TS 4fe6f0c8c03f44c9ad50d250d0c7c7ce
I20260713 09:00:34.172528  6425 tablet_service.cc:2072] Received LeaderStepDown RPC: tablet_id: "3fc5e916725c46d6b56020e745aece5a"
dest_uuid: "5784dfb6aab740f1aec2fc85eb6bb2d2"
mode: GRACEFUL
new_leader_uuid: "4fe6f0c8c03f44c9ad50d250d0c7c7ce"
 from {username='slave'} at 127.0.0.1:47974
I20260713 09:00:34.172904  6425 raft_consensus.cc:606] T 3fc5e916725c46d6b56020e745aece5a P 5784dfb6aab740f1aec2fc85eb6bb2d2 [term 1 LEADER]: Received request to transfer leadership to TS 4fe6f0c8c03f44c9ad50d250d0c7c7ce
I20260713 09:00:34.179155  6425 tablet_service.cc:2072] Received LeaderStepDown RPC: tablet_id: "543985751e5948b09fd86264187dc30d"
dest_uuid: "5784dfb6aab740f1aec2fc85eb6bb2d2"
mode: GRACEFUL
new_leader_uuid: "4fe6f0c8c03f44c9ad50d250d0c7c7ce"
 from {username='slave'} at 127.0.0.1:47974
I20260713 09:00:34.179512  6425 raft_consensus.cc:606] T 543985751e5948b09fd86264187dc30d P 5784dfb6aab740f1aec2fc85eb6bb2d2 [term 1 LEADER]: Received request to transfer leadership to TS 4fe6f0c8c03f44c9ad50d250d0c7c7ce
I20260713 09:00:34.183475  6425 tablet_service.cc:2072] Received LeaderStepDown RPC: tablet_id: "9470e90848d44b99814fa9d05d1c6e96"
dest_uuid: "5784dfb6aab740f1aec2fc85eb6bb2d2"
mode: GRACEFUL
new_leader_uuid: "4fe6f0c8c03f44c9ad50d250d0c7c7ce"
 from {username='slave'} at 127.0.0.1:47974
I20260713 09:00:34.183846  6425 raft_consensus.cc:606] T 9470e90848d44b99814fa9d05d1c6e96 P 5784dfb6aab740f1aec2fc85eb6bb2d2 [term 1 LEADER]: Received request to transfer leadership to TS 4fe6f0c8c03f44c9ad50d250d0c7c7ce
I20260713 09:00:34.195376  6585 consensus_queue.cc:1048] T 9470e90848d44b99814fa9d05d1c6e96 P 5784dfb6aab740f1aec2fc85eb6bb2d2 [LEADER]: Connected to new peer: Peer: permanent_uuid: "4fe6f0c8c03f44c9ad50d250d0c7c7ce" member_type: VOTER last_known_addr { host: "127.5.152.65" port: 35583 }, Status: LMP_MISMATCH, Last received: 0.0, Next index: 1, Last known committed idx: 0, Time since last communication: 0.000s
I20260713 09:00:34.195582  6351 tablet_service.cc:2072] Received LeaderStepDown RPC: tablet_id: "de1059a3f8c74f57b192eb06cec14348"
dest_uuid: "4fe6f0c8c03f44c9ad50d250d0c7c7ce"
mode: GRACEFUL
new_leader_uuid: "5784dfb6aab740f1aec2fc85eb6bb2d2"
 from {username='slave'} at 127.0.0.1:35640
I20260713 09:00:34.196153  6351 raft_consensus.cc:606] T de1059a3f8c74f57b192eb06cec14348 P 4fe6f0c8c03f44c9ad50d250d0c7c7ce [term 1 LEADER]: Received request to transfer leadership to TS 5784dfb6aab740f1aec2fc85eb6bb2d2
I20260713 09:00:34.197382  6499 raft_consensus.cc:3060] T de1059a3f8c74f57b192eb06cec14348 P fdf9096bcffd455bbf2bebb04eaf16a6 [term 0 FOLLOWER]: Advancing to term 1
I20260713 09:00:34.201495  6581 raft_consensus.cc:993] T 9470e90848d44b99814fa9d05d1c6e96 P 5784dfb6aab740f1aec2fc85eb6bb2d2: : Instructing follower 4fe6f0c8c03f44c9ad50d250d0c7c7ce to start an election
I20260713 09:00:34.201879  6581 raft_consensus.cc:1081] T 9470e90848d44b99814fa9d05d1c6e96 P 5784dfb6aab740f1aec2fc85eb6bb2d2 [term 1 LEADER]: Signalling peer 4fe6f0c8c03f44c9ad50d250d0c7c7ce to start an election
I20260713 09:00:34.204295  6350 tablet_service.cc:2044] Received Run Leader Election RPC: tablet_id: "9470e90848d44b99814fa9d05d1c6e96"
dest_uuid: "4fe6f0c8c03f44c9ad50d250d0c7c7ce"
 from {username='slave'} at 127.0.0.1:35630
I20260713 09:00:34.204816  6350 raft_consensus.cc:493] T 9470e90848d44b99814fa9d05d1c6e96 P 4fe6f0c8c03f44c9ad50d250d0c7c7ce [term 1 FOLLOWER]: Starting forced leader election (received explicit request)
I20260713 09:00:34.205168  6350 raft_consensus.cc:3060] T 9470e90848d44b99814fa9d05d1c6e96 P 4fe6f0c8c03f44c9ad50d250d0c7c7ce [term 1 FOLLOWER]: Advancing to term 2
I20260713 09:00:34.206750  6578 consensus_queue.cc:1048] T de1059a3f8c74f57b192eb06cec14348 P 4fe6f0c8c03f44c9ad50d250d0c7c7ce [LEADER]: Connected to new peer: Peer: permanent_uuid: "fdf9096bcffd455bbf2bebb04eaf16a6" member_type: VOTER last_known_addr { host: "127.5.152.67" port: 39441 }, Status: LMP_MISMATCH, Last received: 0.0, Next index: 1, Last known committed idx: 0, Time since last communication: 0.000s
I20260713 09:00:34.209443  6581 consensus_queue.cc:1048] T 9470e90848d44b99814fa9d05d1c6e96 P 5784dfb6aab740f1aec2fc85eb6bb2d2 [LEADER]: Connected to new peer: Peer: permanent_uuid: "fdf9096bcffd455bbf2bebb04eaf16a6" member_type: VOTER last_known_addr { host: "127.5.152.67" port: 39441 }, Status: LMP_MISMATCH, Last received: 0.0, Next index: 1, Last known committed idx: 0, Time since last communication: 0.000s
I20260713 09:00:34.210309  6349 tablet_service.cc:2072] Received LeaderStepDown RPC: tablet_id: "6ab4985396cf47a9b9f945ebc787f8e9"
dest_uuid: "4fe6f0c8c03f44c9ad50d250d0c7c7ce"
mode: GRACEFUL
new_leader_uuid: "5784dfb6aab740f1aec2fc85eb6bb2d2"
 from {username='slave'} at 127.0.0.1:35640
I20260713 09:00:34.210860  6349 raft_consensus.cc:606] T 6ab4985396cf47a9b9f945ebc787f8e9 P 4fe6f0c8c03f44c9ad50d250d0c7c7ce [term 1 LEADER]: Received request to transfer leadership to TS 5784dfb6aab740f1aec2fc85eb6bb2d2
I20260713 09:00:34.212782  6588 consensus_queue.cc:1048] T 6ab4985396cf47a9b9f945ebc787f8e9 P 4fe6f0c8c03f44c9ad50d250d0c7c7ce [LEADER]: Connected to new peer: Peer: permanent_uuid: "fdf9096bcffd455bbf2bebb04eaf16a6" member_type: VOTER last_known_addr { host: "127.5.152.67" port: 39441 }, Status: LMP_MISMATCH, Last received: 0.0, Next index: 1, Last known committed idx: 0, Time since last communication: 0.000s
I20260713 09:00:34.217597  6588 consensus_queue.cc:1048] T de1059a3f8c74f57b192eb06cec14348 P 4fe6f0c8c03f44c9ad50d250d0c7c7ce [LEADER]: Connected to new peer: Peer: permanent_uuid: "5784dfb6aab740f1aec2fc85eb6bb2d2" member_type: VOTER last_known_addr { host: "127.5.152.66" port: 37467 }, Status: LMP_MISMATCH, Last received: 0.0, Next index: 1, Last known committed idx: 0, Time since last communication: 0.000s
I20260713 09:00:34.222348  6350 raft_consensus.cc:515] T 9470e90848d44b99814fa9d05d1c6e96 P 4fe6f0c8c03f44c9ad50d250d0c7c7ce [term 2 FOLLOWER]: Starting forced leader election with config: opid_index: -1 OBSOLETE_local: false peers { permanent_uuid: "4fe6f0c8c03f44c9ad50d250d0c7c7ce" member_type: VOTER last_known_addr { host: "127.5.152.65" port: 35583 } } peers { permanent_uuid: "5784dfb6aab740f1aec2fc85eb6bb2d2" member_type: VOTER last_known_addr { host: "127.5.152.66" port: 37467 } } peers { permanent_uuid: "fdf9096bcffd455bbf2bebb04eaf16a6" member_type: VOTER last_known_addr { host: "127.5.152.67" port: 39441 } }
I20260713 09:00:34.225145  6426 tablet_service.cc:1917] Received RequestConsensusVote() RPC: tablet_id: "9470e90848d44b99814fa9d05d1c6e96" candidate_uuid: "4fe6f0c8c03f44c9ad50d250d0c7c7ce" candidate_term: 2 candidate_status { last_received { term: 1 index: 1 } } ignore_live_leader: true dest_uuid: "5784dfb6aab740f1aec2fc85eb6bb2d2"
I20260713 09:00:34.225700  6426 raft_consensus.cc:3055] T 9470e90848d44b99814fa9d05d1c6e96 P 5784dfb6aab740f1aec2fc85eb6bb2d2 [term 1 LEADER]: Stepping down as leader of term 1
I20260713 09:00:34.226001  6426 raft_consensus.cc:740] T 9470e90848d44b99814fa9d05d1c6e96 P 5784dfb6aab740f1aec2fc85eb6bb2d2 [term 1 LEADER]: Becoming Follower/Learner. State: Replica: 5784dfb6aab740f1aec2fc85eb6bb2d2, State: Running, Role: LEADER
I20260713 09:00:34.226804  6426 consensus_queue.cc:260] T 9470e90848d44b99814fa9d05d1c6e96 P 5784dfb6aab740f1aec2fc85eb6bb2d2 [NON_LEADER]: Queue going to NON_LEADER mode. State: All replicated index: 0, Majority replicated index: 1, Committed index: 1, Last appended: 1.1, Last appended by leader: 1, Current term: 1, Majority size: -1, State: 0, Mode: NON_LEADER, active raft config: opid_index: -1 OBSOLETE_local: false peers { permanent_uuid: "4fe6f0c8c03f44c9ad50d250d0c7c7ce" member_type: VOTER last_known_addr { host: "127.5.152.65" port: 35583 } } peers { permanent_uuid: "5784dfb6aab740f1aec2fc85eb6bb2d2" member_type: VOTER last_known_addr { host: "127.5.152.66" port: 37467 } } peers { permanent_uuid: "fdf9096bcffd455bbf2bebb04eaf16a6" member_type: VOTER last_known_addr { host: "127.5.152.67" port: 39441 } }
I20260713 09:00:34.227731  6426 raft_consensus.cc:3060] T 9470e90848d44b99814fa9d05d1c6e96 P 5784dfb6aab740f1aec2fc85eb6bb2d2 [term 1 FOLLOWER]: Advancing to term 2
I20260713 09:00:34.236743  6544 consensus_queue.cc:1048] T 6ab4985396cf47a9b9f945ebc787f8e9 P 4fe6f0c8c03f44c9ad50d250d0c7c7ce [LEADER]: Connected to new peer: Peer: permanent_uuid: "5784dfb6aab740f1aec2fc85eb6bb2d2" member_type: VOTER last_known_addr { host: "127.5.152.66" port: 37467 }, Status: LMP_MISMATCH, Last received: 0.0, Next index: 1, Last known committed idx: 0, Time since last communication: 0.000s
I20260713 09:00:34.240497  6351 raft_consensus.cc:1240] T 9470e90848d44b99814fa9d05d1c6e96 P 4fe6f0c8c03f44c9ad50d250d0c7c7ce [term 2 FOLLOWER]: Rejecting Update request from peer 5784dfb6aab740f1aec2fc85eb6bb2d2 for earlier term 1. Current term is 2. Ops: []
I20260713 09:00:34.245483  6350 leader_election.cc:290] T 9470e90848d44b99814fa9d05d1c6e96 P 4fe6f0c8c03f44c9ad50d250d0c7c7ce [CANDIDATE]: Term 2 election: Requested vote from peers 5784dfb6aab740f1aec2fc85eb6bb2d2 (127.5.152.66:37467), fdf9096bcffd455bbf2bebb04eaf16a6 (127.5.152.67:39441)
I20260713 09:00:34.246471  6426 raft_consensus.cc:2468] T 9470e90848d44b99814fa9d05d1c6e96 P 5784dfb6aab740f1aec2fc85eb6bb2d2 [term 2 FOLLOWER]: Leader election vote request: Granting yes vote for candidate 4fe6f0c8c03f44c9ad50d250d0c7c7ce in term 2.
I20260713 09:00:34.247478  6544 raft_consensus.cc:993] T 6ab4985396cf47a9b9f945ebc787f8e9 P 4fe6f0c8c03f44c9ad50d250d0c7c7ce: : Instructing follower 5784dfb6aab740f1aec2fc85eb6bb2d2 to start an election
I20260713 09:00:34.247922  6544 raft_consensus.cc:1081] T 6ab4985396cf47a9b9f945ebc787f8e9 P 4fe6f0c8c03f44c9ad50d250d0c7c7ce [term 1 LEADER]: Signalling peer 5784dfb6aab740f1aec2fc85eb6bb2d2 to start an election
I20260713 09:00:34.249338  6316 leader_election.cc:304] T 9470e90848d44b99814fa9d05d1c6e96 P 4fe6f0c8c03f44c9ad50d250d0c7c7ce [CANDIDATE]: Term 2 election: Election decided. Result: candidate won. Election summary: received 2 responses out of 3 voters: 2 yes votes; 0 no votes. yes voters: 4fe6f0c8c03f44c9ad50d250d0c7c7ce, 5784dfb6aab740f1aec2fc85eb6bb2d2; no voters: 
I20260713 09:00:34.250540  6577 raft_consensus.cc:2804] T 9470e90848d44b99814fa9d05d1c6e96 P 4fe6f0c8c03f44c9ad50d250d0c7c7ce [term 2 FOLLOWER]: Leader election won for term 2
I20260713 09:00:34.250988  6577 raft_consensus.cc:697] T 9470e90848d44b99814fa9d05d1c6e96 P 4fe6f0c8c03f44c9ad50d250d0c7c7ce [term 2 LEADER]: Becoming Leader. State: Replica: 4fe6f0c8c03f44c9ad50d250d0c7c7ce, State: Running, Role: LEADER
I20260713 09:00:34.251807  6577 consensus_queue.cc:237] T 9470e90848d44b99814fa9d05d1c6e96 P 4fe6f0c8c03f44c9ad50d250d0c7c7ce [LEADER]: Queue going to LEADER mode. State: All replicated index: 0, Majority replicated index: 0, Committed index: 0, Last appended: 1.1, Last appended by leader: 1, Current term: 2, Majority size: 2, State: 0, Mode: LEADER, active raft config: opid_index: -1 OBSOLETE_local: false peers { permanent_uuid: "4fe6f0c8c03f44c9ad50d250d0c7c7ce" member_type: VOTER last_known_addr { host: "127.5.152.65" port: 35583 } } peers { permanent_uuid: "5784dfb6aab740f1aec2fc85eb6bb2d2" member_type: VOTER last_known_addr { host: "127.5.152.66" port: 37467 } } peers { permanent_uuid: "fdf9096bcffd455bbf2bebb04eaf16a6" member_type: VOTER last_known_addr { host: "127.5.152.67" port: 39441 } }
I20260713 09:00:34.256181  6426 tablet_service.cc:2044] Received Run Leader Election RPC: tablet_id: "6ab4985396cf47a9b9f945ebc787f8e9"
dest_uuid: "5784dfb6aab740f1aec2fc85eb6bb2d2"
 from {username='slave'} at 127.0.0.1:47954
I20260713 09:00:34.260670  6426 raft_consensus.cc:493] T 6ab4985396cf47a9b9f945ebc787f8e9 P 5784dfb6aab740f1aec2fc85eb6bb2d2 [term 1 FOLLOWER]: Starting forced leader election (received explicit request)
I20260713 09:00:34.261052  6426 raft_consensus.cc:3060] T 6ab4985396cf47a9b9f945ebc787f8e9 P 5784dfb6aab740f1aec2fc85eb6bb2d2 [term 1 FOLLOWER]: Advancing to term 2
I20260713 09:00:34.259526  6499 tablet_service.cc:1917] Received RequestConsensusVote() RPC: tablet_id: "9470e90848d44b99814fa9d05d1c6e96" candidate_uuid: "4fe6f0c8c03f44c9ad50d250d0c7c7ce" candidate_term: 2 candidate_status { last_received { term: 1 index: 1 } } ignore_live_leader: true dest_uuid: "fdf9096bcffd455bbf2bebb04eaf16a6"
I20260713 09:00:34.261749  6499 raft_consensus.cc:3060] T 9470e90848d44b99814fa9d05d1c6e96 P fdf9096bcffd455bbf2bebb04eaf16a6 [term 1 FOLLOWER]: Advancing to term 2
I20260713 09:00:34.262262  6498 tablet_service.cc:2072] Received LeaderStepDown RPC: tablet_id: "ed2bd561608a44fba0daca9f2593756c"
dest_uuid: "fdf9096bcffd455bbf2bebb04eaf16a6"
mode: GRACEFUL
new_leader_uuid: "5784dfb6aab740f1aec2fc85eb6bb2d2"
 from {username='slave'} at 127.0.0.1:41824
I20260713 09:00:34.262900  6498 raft_consensus.cc:606] T ed2bd561608a44fba0daca9f2593756c P fdf9096bcffd455bbf2bebb04eaf16a6 [term 1 LEADER]: Received request to transfer leadership to TS 5784dfb6aab740f1aec2fc85eb6bb2d2
I20260713 09:00:34.268672  6498 tablet_service.cc:2072] Received LeaderStepDown RPC: tablet_id: "2dba06ff858a402f81de182a9d77e15e"
dest_uuid: "fdf9096bcffd455bbf2bebb04eaf16a6"
mode: GRACEFUL
new_leader_uuid: "5784dfb6aab740f1aec2fc85eb6bb2d2"
 from {username='slave'} at 127.0.0.1:41824
I20260713 09:00:34.269276  6498 raft_consensus.cc:606] T 2dba06ff858a402f81de182a9d77e15e P fdf9096bcffd455bbf2bebb04eaf16a6 [term 1 LEADER]: Received request to transfer leadership to TS 5784dfb6aab740f1aec2fc85eb6bb2d2
I20260713 09:00:34.272200  6578 raft_consensus.cc:993] T de1059a3f8c74f57b192eb06cec14348 P 4fe6f0c8c03f44c9ad50d250d0c7c7ce: : Instructing follower 5784dfb6aab740f1aec2fc85eb6bb2d2 to start an election
I20260713 09:00:34.272645  6578 raft_consensus.cc:1081] T de1059a3f8c74f57b192eb06cec14348 P 4fe6f0c8c03f44c9ad50d250d0c7c7ce [term 1 LEADER]: Signalling peer 5784dfb6aab740f1aec2fc85eb6bb2d2 to start an election
I20260713 09:00:34.273141  6546 consensus_queue.cc:1048] T ed2bd561608a44fba0daca9f2593756c P fdf9096bcffd455bbf2bebb04eaf16a6 [LEADER]: Connected to new peer: Peer: permanent_uuid: "5784dfb6aab740f1aec2fc85eb6bb2d2" member_type: VOTER last_known_addr { host: "127.5.152.66" port: 37467 }, Status: LMP_MISMATCH, Last received: 0.0, Next index: 1, Last known committed idx: 0, Time since last communication: 0.000s
I20260713 09:00:34.274683  6425 tablet_service.cc:2044] Received Run Leader Election RPC: tablet_id: "de1059a3f8c74f57b192eb06cec14348"
dest_uuid: "5784dfb6aab740f1aec2fc85eb6bb2d2"
 from {username='slave'} at 127.0.0.1:47954
I20260713 09:00:34.276484  6423 tablet_service.cc:2072] Received LeaderStepDown RPC: tablet_id: "df323c9f925145e68afe40f6b26099b7"
dest_uuid: "5784dfb6aab740f1aec2fc85eb6bb2d2"
mode: GRACEFUL
new_leader_uuid: "fdf9096bcffd455bbf2bebb04eaf16a6"
 from {username='slave'} at 127.0.0.1:47974
I20260713 09:00:34.278599  6499 raft_consensus.cc:2468] T 9470e90848d44b99814fa9d05d1c6e96 P fdf9096bcffd455bbf2bebb04eaf16a6 [term 2 FOLLOWER]: Leader election vote request: Granting yes vote for candidate 4fe6f0c8c03f44c9ad50d250d0c7c7ce in term 2.
I20260713 09:00:34.279914  6425 raft_consensus.cc:493] T de1059a3f8c74f57b192eb06cec14348 P 5784dfb6aab740f1aec2fc85eb6bb2d2 [term 1 FOLLOWER]: Starting forced leader election (received explicit request)
I20260713 09:00:34.280444  6425 raft_consensus.cc:3060] T de1059a3f8c74f57b192eb06cec14348 P 5784dfb6aab740f1aec2fc85eb6bb2d2 [term 1 FOLLOWER]: Advancing to term 2
I20260713 09:00:34.285542  6423 raft_consensus.cc:606] T df323c9f925145e68afe40f6b26099b7 P 5784dfb6aab740f1aec2fc85eb6bb2d2 [term 1 LEADER]: Received request to transfer leadership to TS fdf9096bcffd455bbf2bebb04eaf16a6
I20260713 09:00:34.286365  6577 raft_consensus.cc:493] T ed2bd561608a44fba0daca9f2593756c P 4fe6f0c8c03f44c9ad50d250d0c7c7ce [term 0 FOLLOWER]: Starting pre-election (no leader contacted us within the election timeout)
I20260713 09:00:34.286852  6577 raft_consensus.cc:515] T ed2bd561608a44fba0daca9f2593756c P 4fe6f0c8c03f44c9ad50d250d0c7c7ce [term 0 FOLLOWER]: Starting pre-election with config: opid_index: -1 OBSOLETE_local: false peers { permanent_uuid: "4fe6f0c8c03f44c9ad50d250d0c7c7ce" member_type: VOTER last_known_addr { host: "127.5.152.65" port: 35583 } } peers { permanent_uuid: "5784dfb6aab740f1aec2fc85eb6bb2d2" member_type: VOTER last_known_addr { host: "127.5.152.66" port: 37467 } } peers { permanent_uuid: "fdf9096bcffd455bbf2bebb04eaf16a6" member_type: VOTER last_known_addr { host: "127.5.152.67" port: 39441 } }
I20260713 09:00:34.288209  6426 raft_consensus.cc:515] T 6ab4985396cf47a9b9f945ebc787f8e9 P 5784dfb6aab740f1aec2fc85eb6bb2d2 [term 2 FOLLOWER]: Starting forced leader election with config: opid_index: -1 OBSOLETE_local: false peers { permanent_uuid: "4fe6f0c8c03f44c9ad50d250d0c7c7ce" member_type: VOTER last_known_addr { host: "127.5.152.65" port: 35583 } } peers { permanent_uuid: "5784dfb6aab740f1aec2fc85eb6bb2d2" member_type: VOTER last_known_addr { host: "127.5.152.66" port: 37467 } } peers { permanent_uuid: "fdf9096bcffd455bbf2bebb04eaf16a6" member_type: VOTER last_known_addr { host: "127.5.152.67" port: 39441 } }
I20260713 09:00:34.289811  6577 leader_election.cc:290] T ed2bd561608a44fba0daca9f2593756c P 4fe6f0c8c03f44c9ad50d250d0c7c7ce [CANDIDATE]: Term 1 pre-election: Requested pre-vote from peers 5784dfb6aab740f1aec2fc85eb6bb2d2 (127.5.152.66:37467), fdf9096bcffd455bbf2bebb04eaf16a6 (127.5.152.67:39441)
I20260713 09:00:34.291422  6351 tablet_service.cc:1917] Received RequestConsensusVote() RPC: tablet_id: "6ab4985396cf47a9b9f945ebc787f8e9" candidate_uuid: "5784dfb6aab740f1aec2fc85eb6bb2d2" candidate_term: 2 candidate_status { last_received { term: 1 index: 1 } } ignore_live_leader: true dest_uuid: "4fe6f0c8c03f44c9ad50d250d0c7c7ce"
I20260713 09:00:34.291936  6351 raft_consensus.cc:3055] T 6ab4985396cf47a9b9f945ebc787f8e9 P 4fe6f0c8c03f44c9ad50d250d0c7c7ce [term 1 LEADER]: Stepping down as leader of term 1
I20260713 09:00:34.292222  6351 raft_consensus.cc:740] T 6ab4985396cf47a9b9f945ebc787f8e9 P 4fe6f0c8c03f44c9ad50d250d0c7c7ce [term 1 LEADER]: Becoming Follower/Learner. State: Replica: 4fe6f0c8c03f44c9ad50d250d0c7c7ce, State: Running, Role: LEADER
I20260713 09:00:34.292333  6426 leader_election.cc:290] T 6ab4985396cf47a9b9f945ebc787f8e9 P 5784dfb6aab740f1aec2fc85eb6bb2d2 [CANDIDATE]: Term 2 election: Requested vote from peers 4fe6f0c8c03f44c9ad50d250d0c7c7ce (127.5.152.65:35583), fdf9096bcffd455bbf2bebb04eaf16a6 (127.5.152.67:39441)
I20260713 09:00:34.292990  6351 consensus_queue.cc:260] T 6ab4985396cf47a9b9f945ebc787f8e9 P 4fe6f0c8c03f44c9ad50d250d0c7c7ce [NON_LEADER]: Queue going to NON_LEADER mode. State: All replicated index: 0, Majority replicated index: 1, Committed index: 1, Last appended: 1.1, Last appended by leader: 1, Current term: 1, Majority size: -1, State: 0, Mode: NON_LEADER, active raft config: opid_index: -1 OBSOLETE_local: false peers { permanent_uuid: "4fe6f0c8c03f44c9ad50d250d0c7c7ce" member_type: VOTER last_known_addr { host: "127.5.152.65" port: 35583 } } peers { permanent_uuid: "5784dfb6aab740f1aec2fc85eb6bb2d2" member_type: VOTER last_known_addr { host: "127.5.152.66" port: 37467 } } peers { permanent_uuid: "fdf9096bcffd455bbf2bebb04eaf16a6" member_type: VOTER last_known_addr { host: "127.5.152.67" port: 39441 } }
I20260713 09:00:34.293856  6351 raft_consensus.cc:3060] T 6ab4985396cf47a9b9f945ebc787f8e9 P 4fe6f0c8c03f44c9ad50d250d0c7c7ce [term 1 FOLLOWER]: Advancing to term 2
I20260713 09:00:34.295120  6425 raft_consensus.cc:515] T de1059a3f8c74f57b192eb06cec14348 P 5784dfb6aab740f1aec2fc85eb6bb2d2 [term 2 FOLLOWER]: Starting forced leader election with config: opid_index: -1 OBSOLETE_local: false peers { permanent_uuid: "4fe6f0c8c03f44c9ad50d250d0c7c7ce" member_type: VOTER last_known_addr { host: "127.5.152.65" port: 35583 } } peers { permanent_uuid: "5784dfb6aab740f1aec2fc85eb6bb2d2" member_type: VOTER last_known_addr { host: "127.5.152.66" port: 37467 } } peers { permanent_uuid: "fdf9096bcffd455bbf2bebb04eaf16a6" member_type: VOTER last_known_addr { host: "127.5.152.67" port: 39441 } }
I20260713 09:00:34.297148  6500 tablet_service.cc:1917] Received RequestConsensusVote() RPC: tablet_id: "6ab4985396cf47a9b9f945ebc787f8e9" candidate_uuid: "5784dfb6aab740f1aec2fc85eb6bb2d2" candidate_term: 2 candidate_status { last_received { term: 1 index: 1 } } ignore_live_leader: true dest_uuid: "fdf9096bcffd455bbf2bebb04eaf16a6"
I20260713 09:00:34.297469  6499 tablet_service.cc:1917] Received RequestConsensusVote() RPC: tablet_id: "ed2bd561608a44fba0daca9f2593756c" candidate_uuid: "4fe6f0c8c03f44c9ad50d250d0c7c7ce" candidate_term: 1 candidate_status { last_received { term: 0 index: 0 } } ignore_live_leader: false dest_uuid: "fdf9096bcffd455bbf2bebb04eaf16a6" is_pre_election: true
I20260713 09:00:34.298177  6350 tablet_service.cc:1917] Received RequestConsensusVote() RPC: tablet_id: "de1059a3f8c74f57b192eb06cec14348" candidate_uuid: "5784dfb6aab740f1aec2fc85eb6bb2d2" candidate_term: 2 candidate_status { last_received { term: 1 index: 1 } } ignore_live_leader: true dest_uuid: "4fe6f0c8c03f44c9ad50d250d0c7c7ce"
I20260713 09:00:34.298704  6350 raft_consensus.cc:3055] T de1059a3f8c74f57b192eb06cec14348 P 4fe6f0c8c03f44c9ad50d250d0c7c7ce [term 1 LEADER]: Stepping down as leader of term 1
I20260713 09:00:34.298991  6350 raft_consensus.cc:740] T de1059a3f8c74f57b192eb06cec14348 P 4fe6f0c8c03f44c9ad50d250d0c7c7ce [term 1 LEADER]: Becoming Follower/Learner. State: Replica: 4fe6f0c8c03f44c9ad50d250d0c7c7ce, State: Running, Role: LEADER
I20260713 09:00:34.299055  6426 tablet_service.cc:1917] Received RequestConsensusVote() RPC: tablet_id: "ed2bd561608a44fba0daca9f2593756c" candidate_uuid: "4fe6f0c8c03f44c9ad50d250d0c7c7ce" candidate_term: 1 candidate_status { last_received { term: 0 index: 0 } } ignore_live_leader: false dest_uuid: "5784dfb6aab740f1aec2fc85eb6bb2d2" is_pre_election: true
I20260713 09:00:34.299795  6350 consensus_queue.cc:260] T de1059a3f8c74f57b192eb06cec14348 P 4fe6f0c8c03f44c9ad50d250d0c7c7ce [NON_LEADER]: Queue going to NON_LEADER mode. State: All replicated index: 0, Majority replicated index: 1, Committed index: 1, Last appended: 1.1, Last appended by leader: 1, Current term: 1, Majority size: -1, State: 0, Mode: NON_LEADER, active raft config: opid_index: -1 OBSOLETE_local: false peers { permanent_uuid: "4fe6f0c8c03f44c9ad50d250d0c7c7ce" member_type: VOTER last_known_addr { host: "127.5.152.65" port: 35583 } } peers { permanent_uuid: "5784dfb6aab740f1aec2fc85eb6bb2d2" member_type: VOTER last_known_addr { host: "127.5.152.66" port: 37467 } } peers { permanent_uuid: "fdf9096bcffd455bbf2bebb04eaf16a6" member_type: VOTER last_known_addr { host: "127.5.152.67" port: 39441 } }
I20260713 09:00:34.300621  6316 leader_election.cc:304] T ed2bd561608a44fba0daca9f2593756c P 4fe6f0c8c03f44c9ad50d250d0c7c7ce [CANDIDATE]: Term 1 pre-election: Election decided. Result: candidate lost. Election summary: received 3 responses out of 3 voters: 1 yes votes; 2 no votes. yes voters: 4fe6f0c8c03f44c9ad50d250d0c7c7ce; no voters: 5784dfb6aab740f1aec2fc85eb6bb2d2, fdf9096bcffd455bbf2bebb04eaf16a6
I20260713 09:00:34.301534  6577 raft_consensus.cc:2749] T ed2bd561608a44fba0daca9f2593756c P 4fe6f0c8c03f44c9ad50d250d0c7c7ce [term 0 FOLLOWER]: Leader pre-election lost for term 1. Reason: could not achieve majority
I20260713 09:00:34.297652  6500 raft_consensus.cc:3060] T 6ab4985396cf47a9b9f945ebc787f8e9 P fdf9096bcffd455bbf2bebb04eaf16a6 [term 1 FOLLOWER]: Advancing to term 2
I20260713 09:00:34.302345  6425 leader_election.cc:290] T de1059a3f8c74f57b192eb06cec14348 P 5784dfb6aab740f1aec2fc85eb6bb2d2 [CANDIDATE]: Term 2 election: Requested vote from peers 4fe6f0c8c03f44c9ad50d250d0c7c7ce (127.5.152.65:35583), fdf9096bcffd455bbf2bebb04eaf16a6 (127.5.152.67:39441)
I20260713 09:00:34.303336  6570 raft_consensus.cc:993] T ed2bd561608a44fba0daca9f2593756c P fdf9096bcffd455bbf2bebb04eaf16a6: : Instructing follower 5784dfb6aab740f1aec2fc85eb6bb2d2 to start an election
I20260713 09:00:34.303925  6546 raft_consensus.cc:1081] T ed2bd561608a44fba0daca9f2593756c P fdf9096bcffd455bbf2bebb04eaf16a6 [term 1 LEADER]: Signalling peer 5784dfb6aab740f1aec2fc85eb6bb2d2 to start an election
I20260713 09:00:34.305860  6424 tablet_service.cc:2044] Received Run Leader Election RPC: tablet_id: "ed2bd561608a44fba0daca9f2593756c"
dest_uuid: "5784dfb6aab740f1aec2fc85eb6bb2d2"
 from {username='slave'} at 127.0.0.1:47960
I20260713 09:00:34.307139  6500 raft_consensus.cc:2468] T 6ab4985396cf47a9b9f945ebc787f8e9 P fdf9096bcffd455bbf2bebb04eaf16a6 [term 2 FOLLOWER]: Leader election vote request: Granting yes vote for candidate 5784dfb6aab740f1aec2fc85eb6bb2d2 in term 2.
I20260713 09:00:34.307331  6424 raft_consensus.cc:493] T ed2bd561608a44fba0daca9f2593756c P 5784dfb6aab740f1aec2fc85eb6bb2d2 [term 1 FOLLOWER]: Starting forced leader election (received explicit request)
I20260713 09:00:34.301960  6499 tablet_service.cc:1917] Received RequestConsensusVote() RPC: tablet_id: "de1059a3f8c74f57b192eb06cec14348" candidate_uuid: "5784dfb6aab740f1aec2fc85eb6bb2d2" candidate_term: 2 candidate_status { last_received { term: 1 index: 1 } } ignore_live_leader: true dest_uuid: "fdf9096bcffd455bbf2bebb04eaf16a6"
I20260713 09:00:34.307699  6424 raft_consensus.cc:3060] T ed2bd561608a44fba0daca9f2593756c P 5784dfb6aab740f1aec2fc85eb6bb2d2 [term 1 FOLLOWER]: Advancing to term 2
I20260713 09:00:34.307940  6499 raft_consensus.cc:3060] T de1059a3f8c74f57b192eb06cec14348 P fdf9096bcffd455bbf2bebb04eaf16a6 [term 1 FOLLOWER]: Advancing to term 2
I20260713 09:00:34.308919  6392 leader_election.cc:304] T 6ab4985396cf47a9b9f945ebc787f8e9 P 5784dfb6aab740f1aec2fc85eb6bb2d2 [CANDIDATE]: Term 2 election: Election decided. Result: candidate won. Election summary: received 2 responses out of 3 voters: 2 yes votes; 0 no votes. yes voters: 5784dfb6aab740f1aec2fc85eb6bb2d2, fdf9096bcffd455bbf2bebb04eaf16a6; no voters: 
I20260713 09:00:34.309823  6581 raft_consensus.cc:2804] T 6ab4985396cf47a9b9f945ebc787f8e9 P 5784dfb6aab740f1aec2fc85eb6bb2d2 [term 2 FOLLOWER]: Leader election won for term 2
I20260713 09:00:34.310268  6581 raft_consensus.cc:697] T 6ab4985396cf47a9b9f945ebc787f8e9 P 5784dfb6aab740f1aec2fc85eb6bb2d2 [term 2 LEADER]: Becoming Leader. State: Replica: 5784dfb6aab740f1aec2fc85eb6bb2d2, State: Running, Role: LEADER
I20260713 09:00:34.311081  6581 consensus_queue.cc:237] T 6ab4985396cf47a9b9f945ebc787f8e9 P 5784dfb6aab740f1aec2fc85eb6bb2d2 [LEADER]: Queue going to LEADER mode. State: All replicated index: 0, Majority replicated index: 1, Committed index: 1, Last appended: 1.1, Last appended by leader: 1, Current term: 2, Majority size: 2, State: 0, Mode: LEADER, active raft config: opid_index: -1 OBSOLETE_local: false peers { permanent_uuid: "4fe6f0c8c03f44c9ad50d250d0c7c7ce" member_type: VOTER last_known_addr { host: "127.5.152.65" port: 35583 } } peers { permanent_uuid: "5784dfb6aab740f1aec2fc85eb6bb2d2" member_type: VOTER last_known_addr { host: "127.5.152.66" port: 37467 } } peers { permanent_uuid: "fdf9096bcffd455bbf2bebb04eaf16a6" member_type: VOTER last_known_addr { host: "127.5.152.67" port: 39441 } }
I20260713 09:00:34.300827  6350 raft_consensus.cc:3060] T de1059a3f8c74f57b192eb06cec14348 P 4fe6f0c8c03f44c9ad50d250d0c7c7ce [term 1 FOLLOWER]: Advancing to term 2
I20260713 09:00:34.313830  6424 raft_consensus.cc:515] T ed2bd561608a44fba0daca9f2593756c P 5784dfb6aab740f1aec2fc85eb6bb2d2 [term 2 FOLLOWER]: Starting forced leader election with config: opid_index: -1 OBSOLETE_local: false peers { permanent_uuid: "4fe6f0c8c03f44c9ad50d250d0c7c7ce" member_type: VOTER last_known_addr { host: "127.5.152.65" port: 35583 } } peers { permanent_uuid: "5784dfb6aab740f1aec2fc85eb6bb2d2" member_type: VOTER last_known_addr { host: "127.5.152.66" port: 37467 } } peers { permanent_uuid: "fdf9096bcffd455bbf2bebb04eaf16a6" member_type: VOTER last_known_addr { host: "127.5.152.67" port: 39441 } }
I20260713 09:00:34.319286  6349 tablet_service.cc:1917] Received RequestConsensusVote() RPC: tablet_id: "ed2bd561608a44fba0daca9f2593756c" candidate_uuid: "5784dfb6aab740f1aec2fc85eb6bb2d2" candidate_term: 2 candidate_status { last_received { term: 1 index: 1 } } ignore_live_leader: true dest_uuid: "4fe6f0c8c03f44c9ad50d250d0c7c7ce"
I20260713 09:00:34.319872  6349 raft_consensus.cc:3060] T ed2bd561608a44fba0daca9f2593756c P 4fe6f0c8c03f44c9ad50d250d0c7c7ce [term 0 FOLLOWER]: Advancing to term 2
I20260713 09:00:34.323297  6499 raft_consensus.cc:2468] T de1059a3f8c74f57b192eb06cec14348 P fdf9096bcffd455bbf2bebb04eaf16a6 [term 2 FOLLOWER]: Leader election vote request: Granting yes vote for candidate 5784dfb6aab740f1aec2fc85eb6bb2d2 in term 2.
I20260713 09:00:34.324426  6392 leader_election.cc:304] T de1059a3f8c74f57b192eb06cec14348 P 5784dfb6aab740f1aec2fc85eb6bb2d2 [CANDIDATE]: Term 2 election: Election decided. Result: candidate won. Election summary: received 2 responses out of 3 voters: 2 yes votes; 0 no votes. yes voters: 5784dfb6aab740f1aec2fc85eb6bb2d2, fdf9096bcffd455bbf2bebb04eaf16a6; no voters: 
I20260713 09:00:34.326305  6585 raft_consensus.cc:2804] T de1059a3f8c74f57b192eb06cec14348 P 5784dfb6aab740f1aec2fc85eb6bb2d2 [term 2 FOLLOWER]: Leader election won for term 2
I20260713 09:00:34.326800  6351 raft_consensus.cc:2468] T 6ab4985396cf47a9b9f945ebc787f8e9 P 4fe6f0c8c03f44c9ad50d250d0c7c7ce [term 2 FOLLOWER]: Leader election vote request: Granting yes vote for candidate 5784dfb6aab740f1aec2fc85eb6bb2d2 in term 2.
I20260713 09:00:34.326752  6585 raft_consensus.cc:697] T de1059a3f8c74f57b192eb06cec14348 P 5784dfb6aab740f1aec2fc85eb6bb2d2 [term 2 LEADER]: Becoming Leader. State: Replica: 5784dfb6aab740f1aec2fc85eb6bb2d2, State: Running, Role: LEADER
I20260713 09:00:34.327957  6585 consensus_queue.cc:237] T de1059a3f8c74f57b192eb06cec14348 P 5784dfb6aab740f1aec2fc85eb6bb2d2 [LEADER]: Queue going to LEADER mode. State: All replicated index: 0, Majority replicated index: 1, Committed index: 1, Last appended: 1.1, Last appended by leader: 1, Current term: 2, Majority size: 2, State: 0, Mode: LEADER, active raft config: opid_index: -1 OBSOLETE_local: false peers { permanent_uuid: "4fe6f0c8c03f44c9ad50d250d0c7c7ce" member_type: VOTER last_known_addr { host: "127.5.152.65" port: 35583 } } peers { permanent_uuid: "5784dfb6aab740f1aec2fc85eb6bb2d2" member_type: VOTER last_known_addr { host: "127.5.152.66" port: 37467 } } peers { permanent_uuid: "fdf9096bcffd455bbf2bebb04eaf16a6" member_type: VOTER last_known_addr { host: "127.5.152.67" port: 39441 } }
I20260713 09:00:34.328320  6249 catalog_manager.cc:5697] T 6ab4985396cf47a9b9f945ebc787f8e9 P 5784dfb6aab740f1aec2fc85eb6bb2d2 reported cstate change: term changed from 1 to 2, leader changed from 4fe6f0c8c03f44c9ad50d250d0c7c7ce (127.5.152.65) to 5784dfb6aab740f1aec2fc85eb6bb2d2 (127.5.152.66). New cstate: current_term: 2 leader_uuid: "5784dfb6aab740f1aec2fc85eb6bb2d2" committed_config { opid_index: -1 OBSOLETE_local: false peers { permanent_uuid: "4fe6f0c8c03f44c9ad50d250d0c7c7ce" member_type: VOTER last_known_addr { host: "127.5.152.65" port: 35583 } health_report { overall_health: UNKNOWN } } peers { permanent_uuid: "5784dfb6aab740f1aec2fc85eb6bb2d2" member_type: VOTER last_known_addr { host: "127.5.152.66" port: 37467 } health_report { overall_health: HEALTHY } } peers { permanent_uuid: "fdf9096bcffd455bbf2bebb04eaf16a6" member_type: VOTER last_known_addr { host: "127.5.152.67" port: 39441 } health_report { overall_health: UNKNOWN } } }
I20260713 09:00:34.330878  6350 raft_consensus.cc:2468] T de1059a3f8c74f57b192eb06cec14348 P 4fe6f0c8c03f44c9ad50d250d0c7c7ce [term 2 FOLLOWER]: Leader election vote request: Granting yes vote for candidate 5784dfb6aab740f1aec2fc85eb6bb2d2 in term 2.
I20260713 09:00:34.337791  6499 tablet_service.cc:1917] Received RequestConsensusVote() RPC: tablet_id: "ed2bd561608a44fba0daca9f2593756c" candidate_uuid: "5784dfb6aab740f1aec2fc85eb6bb2d2" candidate_term: 2 candidate_status { last_received { term: 1 index: 1 } } ignore_live_leader: true dest_uuid: "fdf9096bcffd455bbf2bebb04eaf16a6"
I20260713 09:00:34.329849  6581 consensus_queue.cc:1048] T 3fc5e916725c46d6b56020e745aece5a P 5784dfb6aab740f1aec2fc85eb6bb2d2 [LEADER]: Connected to new peer: Peer: permanent_uuid: "4fe6f0c8c03f44c9ad50d250d0c7c7ce" member_type: VOTER last_known_addr { host: "127.5.152.65" port: 35583 }, Status: LMP_MISMATCH, Last received: 0.0, Next index: 1, Last known committed idx: 0, Time since last communication: 0.015s
I20260713 09:00:34.344969  6499 raft_consensus.cc:3055] T ed2bd561608a44fba0daca9f2593756c P fdf9096bcffd455bbf2bebb04eaf16a6 [term 1 LEADER]: Stepping down as leader of term 1
I20260713 09:00:34.333607  6248 catalog_manager.cc:5697] T 9470e90848d44b99814fa9d05d1c6e96 P 4fe6f0c8c03f44c9ad50d250d0c7c7ce reported cstate change: term changed from 1 to 2, leader changed from 5784dfb6aab740f1aec2fc85eb6bb2d2 (127.5.152.66) to 4fe6f0c8c03f44c9ad50d250d0c7c7ce (127.5.152.65). New cstate: current_term: 2 leader_uuid: "4fe6f0c8c03f44c9ad50d250d0c7c7ce" committed_config { opid_index: -1 OBSOLETE_local: false peers { permanent_uuid: "4fe6f0c8c03f44c9ad50d250d0c7c7ce" member_type: VOTER last_known_addr { host: "127.5.152.65" port: 35583 } health_report { overall_health: HEALTHY } } peers { permanent_uuid: "5784dfb6aab740f1aec2fc85eb6bb2d2" member_type: VOTER last_known_addr { host: "127.5.152.66" port: 37467 } health_report { overall_health: UNKNOWN } } peers { permanent_uuid: "fdf9096bcffd455bbf2bebb04eaf16a6" member_type: VOTER last_known_addr { host: "127.5.152.67" port: 39441 } health_report { overall_health: UNKNOWN } } }
I20260713 09:00:34.338876  6572 consensus_queue.cc:1048] T 5dd1137c1b784efab7c613b3b6834b8f P 5784dfb6aab740f1aec2fc85eb6bb2d2 [LEADER]: Connected to new peer: Peer: permanent_uuid: "4fe6f0c8c03f44c9ad50d250d0c7c7ce" member_type: VOTER last_known_addr { host: "127.5.152.65" port: 35583 }, Status: LMP_MISMATCH, Last received: 0.0, Next index: 1, Last known committed idx: 0, Time since last communication: 0.007s
I20260713 09:00:34.332324  6349 raft_consensus.cc:2468] T ed2bd561608a44fba0daca9f2593756c P 4fe6f0c8c03f44c9ad50d250d0c7c7ce [term 2 FOLLOWER]: Leader election vote request: Granting yes vote for candidate 5784dfb6aab740f1aec2fc85eb6bb2d2 in term 2.
I20260713 09:00:34.347751  6424 leader_election.cc:290] T ed2bd561608a44fba0daca9f2593756c P 5784dfb6aab740f1aec2fc85eb6bb2d2 [CANDIDATE]: Term 2 election: Requested vote from peers 4fe6f0c8c03f44c9ad50d250d0c7c7ce (127.5.152.65:35583), fdf9096bcffd455bbf2bebb04eaf16a6 (127.5.152.67:39441)
I20260713 09:00:34.348284  6390 leader_election.cc:304] T ed2bd561608a44fba0daca9f2593756c P 5784dfb6aab740f1aec2fc85eb6bb2d2 [CANDIDATE]: Term 2 election: Election decided. Result: candidate won. Election summary: received 2 responses out of 3 voters: 2 yes votes; 0 no votes. yes voters: 4fe6f0c8c03f44c9ad50d250d0c7c7ce, 5784dfb6aab740f1aec2fc85eb6bb2d2; no voters: 
I20260713 09:00:34.345316  6499 raft_consensus.cc:740] T ed2bd561608a44fba0daca9f2593756c P fdf9096bcffd455bbf2bebb04eaf16a6 [term 1 LEADER]: Becoming Follower/Learner. State: Replica: fdf9096bcffd455bbf2bebb04eaf16a6, State: Running, Role: LEADER
I20260713 09:00:34.348959  6347 raft_consensus.cc:1240] T ed2bd561608a44fba0daca9f2593756c P 4fe6f0c8c03f44c9ad50d250d0c7c7ce [term 2 FOLLOWER]: Rejecting Update request from peer fdf9096bcffd455bbf2bebb04eaf16a6 for earlier term 1. Current term is 2. Ops: []
I20260713 09:00:34.349593  6499 consensus_queue.cc:260] T ed2bd561608a44fba0daca9f2593756c P fdf9096bcffd455bbf2bebb04eaf16a6 [NON_LEADER]: Queue going to NON_LEADER mode. State: All replicated index: 0, Majority replicated index: 1, Committed index: 1, Last appended: 1.1, Last appended by leader: 1, Current term: 1, Majority size: -1, State: 0, Mode: NON_LEADER, active raft config: opid_index: -1 OBSOLETE_local: false peers { permanent_uuid: "4fe6f0c8c03f44c9ad50d250d0c7c7ce" member_type: VOTER last_known_addr { host: "127.5.152.65" port: 35583 } } peers { permanent_uuid: "5784dfb6aab740f1aec2fc85eb6bb2d2" member_type: VOTER last_known_addr { host: "127.5.152.66" port: 37467 } } peers { permanent_uuid: "fdf9096bcffd455bbf2bebb04eaf16a6" member_type: VOTER last_known_addr { host: "127.5.152.67" port: 39441 } }
