I20260713 09:01:27.256769  1739 raft_consensus.cc:515] T a94b1b4bcd6f4c408f2b0cdf96af67b2 P b72210526d8c4ccd9631df13b5798c37 [term 1 FOLLOWER]: Starting leader election with config: opid_index: -1 OBSOLETE_local: false peers { permanent_uuid: "b72210526d8c4ccd9631df13b5798c37" member_type: VOTER last_known_addr { host: "127.0.107.193" port: 45873 } } peers { permanent_uuid: "2d0076cc599d4db48db537cbea3951bf" member_type: VOTER last_known_addr { host: "127.0.107.194" port: 34225 } } peers { permanent_uuid: "a2162f5449dc474790e5a2ce98eea88c" member_type: VOTER last_known_addr { host: "127.0.107.195" port: 45669 } }
I20260713 09:01:27.258268  1732 tablet_bootstrap.cc:492] T 3c753b039ba34ab19ebd85101467cdb8 P 2d0076cc599d4db48db537cbea3951bf: No bootstrap required, opened a new log
I20260713 09:01:27.270251  1732 ts_tablet_manager.cc:1403] T 3c753b039ba34ab19ebd85101467cdb8 P 2d0076cc599d4db48db537cbea3951bf: Time spent bootstrapping tablet: real 0.144s	user 0.032s	sys 0.057s
I20260713 09:01:27.272989  1732 raft_consensus.cc:359] T 3c753b039ba34ab19ebd85101467cdb8 P 2d0076cc599d4db48db537cbea3951bf [term 0 FOLLOWER]: Replica starting. Triggering 0 pending ops. Active config: opid_index: -1 OBSOLETE_local: false peers { permanent_uuid: "b72210526d8c4ccd9631df13b5798c37" member_type: VOTER last_known_addr { host: "127.0.107.193" port: 45873 } } peers { permanent_uuid: "2d0076cc599d4db48db537cbea3951bf" member_type: VOTER last_known_addr { host: "127.0.107.194" port: 34225 } } peers { permanent_uuid: "a2162f5449dc474790e5a2ce98eea88c" member_type: VOTER last_known_addr { host: "127.0.107.195" port: 45669 } }
I20260713 09:01:27.273672  1732 raft_consensus.cc:385] T 3c753b039ba34ab19ebd85101467cdb8 P 2d0076cc599d4db48db537cbea3951bf [term 0 FOLLOWER]: Consensus starting up: Expiring failure detector timer to make a prompt election more likely
I20260713 09:01:27.273928  1732 raft_consensus.cc:740] T 3c753b039ba34ab19ebd85101467cdb8 P 2d0076cc599d4db48db537cbea3951bf [term 0 FOLLOWER]: Becoming Follower/Learner. State: Replica: 2d0076cc599d4db48db537cbea3951bf, State: Initialized, Role: FOLLOWER
I20260713 09:01:27.249696  1655 leader_election.cc:304] T 0712536169e449fc9fa32ce50b179d88 P a2162f5449dc474790e5a2ce98eea88c [CANDIDATE]: Term 1 pre-election: Election decided. Result: candidate lost. Election summary: received 3 responses out of 3 voters: 1 yes votes; 2 no votes. yes voters: a2162f5449dc474790e5a2ce98eea88c; no voters: 2d0076cc599d4db48db537cbea3951bf, b72210526d8c4ccd9631df13b5798c37
I20260713 09:01:27.259589  1734 ts_tablet_manager.cc:1434] T 26f9fde1dafc4c82956f42a85033befb P a2162f5449dc474790e5a2ce98eea88c: Time spent starting tablet: real 0.018s	user 0.009s	sys 0.000s
I20260713 09:01:27.263659  1872 raft_consensus.cc:493] T a7c6a3ef89cd4fbcacb3d67eb8f016c5 P a2162f5449dc474790e5a2ce98eea88c [term 0 FOLLOWER]: Starting pre-election (no leader contacted us within the election timeout)
I20260713 09:01:27.275177  1733 tablet_bootstrap.cc:492] T a9815022d94f4077b572162e55d9f05e P b72210526d8c4ccd9631df13b5798c37: No bootstrap required, opened a new log
I20260713 09:01:27.275606  1733 ts_tablet_manager.cc:1403] T a9815022d94f4077b572162e55d9f05e P b72210526d8c4ccd9631df13b5798c37: Time spent bootstrapping tablet: real 0.228s	user 0.045s	sys 0.058s
I20260713 09:01:27.266247  1772 leader_election.cc:290] T 9e35e23e7fb04c499bc8c578b2b078bb P 2d0076cc599d4db48db537cbea3951bf [CANDIDATE]: Term 1 election: Requested vote from peers b72210526d8c4ccd9631df13b5798c37 (127.0.107.193:45873), a2162f5449dc474790e5a2ce98eea88c (127.0.107.195:45669)
I20260713 09:01:27.275673  1775 raft_consensus.cc:2749] T 0712536169e449fc9fa32ce50b179d88 P a2162f5449dc474790e5a2ce98eea88c [term 1 FOLLOWER]: Leader pre-election lost for term 1. Reason: could not achieve majority
I20260713 09:01:27.264052  1540 tablet_service.cc:1917] Received RequestConsensusVote() RPC: tablet_id: "9e35e23e7fb04c499bc8c578b2b078bb" candidate_uuid: "2d0076cc599d4db48db537cbea3951bf" candidate_term: 1 candidate_status { last_received { term: 0 index: 0 } } ignore_live_leader: false dest_uuid: "b72210526d8c4ccd9631df13b5798c37"
I20260713 09:01:27.275424  1872 raft_consensus.cc:515] T a7c6a3ef89cd4fbcacb3d67eb8f016c5 P a2162f5449dc474790e5a2ce98eea88c [term 0 FOLLOWER]: Starting pre-election with config: opid_index: -1 OBSOLETE_local: false peers { permanent_uuid: "b72210526d8c4ccd9631df13b5798c37" member_type: VOTER last_known_addr { host: "127.0.107.193" port: 45873 } } peers { permanent_uuid: "2d0076cc599d4db48db537cbea3951bf" member_type: VOTER last_known_addr { host: "127.0.107.194" port: 34225 } } peers { permanent_uuid: "a2162f5449dc474790e5a2ce98eea88c" member_type: VOTER last_known_addr { host: "127.0.107.195" port: 45669 } }
W20260713 09:01:27.277417  1489 auto_rebalancer.cc:288] Could not retrieve cluster info: Service unavailable: Tablet not running
I20260713 09:01:27.274542  1732 consensus_queue.cc:260] T 3c753b039ba34ab19ebd85101467cdb8 P 2d0076cc599d4db48db537cbea3951bf [NON_LEADER]: Queue going to NON_LEADER mode. State: All replicated index: 0, Majority replicated index: 0, Committed index: 0, Last appended: 0.0, Last appended by leader: 0, Current term: 0, Majority size: -1, State: 0, Mode: NON_LEADER, active raft config: opid_index: -1 OBSOLETE_local: false peers { permanent_uuid: "b72210526d8c4ccd9631df13b5798c37" member_type: VOTER last_known_addr { host: "127.0.107.193" port: 45873 } } peers { permanent_uuid: "2d0076cc599d4db48db537cbea3951bf" member_type: VOTER last_known_addr { host: "127.0.107.194" port: 34225 } } peers { permanent_uuid: "a2162f5449dc474790e5a2ce98eea88c" member_type: VOTER last_known_addr { host: "127.0.107.195" port: 45669 } }
I20260713 09:01:27.278460  1872 leader_election.cc:290] T a7c6a3ef89cd4fbcacb3d67eb8f016c5 P a2162f5449dc474790e5a2ce98eea88c [CANDIDATE]: Term 1 pre-election: Requested pre-vote from peers b72210526d8c4ccd9631df13b5798c37 (127.0.107.193:45873), 2d0076cc599d4db48db537cbea3951bf (127.0.107.194:34225)
I20260713 09:01:27.279556  1732 ts_tablet_manager.cc:1434] T 3c753b039ba34ab19ebd85101467cdb8 P 2d0076cc599d4db48db537cbea3951bf: Time spent starting tablet: real 0.009s	user 0.006s	sys 0.000s
I20260713 09:01:27.280416  1732 tablet_bootstrap.cc:492] T 7585ee5a8c2946d4a3d5422e0c7483ed P 2d0076cc599d4db48db537cbea3951bf: Bootstrap starting.
I20260713 09:01:27.281008  1618 tablet_service.cc:1917] Received RequestConsensusVote() RPC: tablet_id: "a94b1b4bcd6f4c408f2b0cdf96af67b2" candidate_uuid: "b72210526d8c4ccd9631df13b5798c37" candidate_term: 1 candidate_status { last_received { term: 0 index: 0 } } ignore_live_leader: false dest_uuid: "2d0076cc599d4db48db537cbea3951bf"
I20260713 09:01:27.281556  1618 raft_consensus.cc:3060] T a94b1b4bcd6f4c408f2b0cdf96af67b2 P 2d0076cc599d4db48db537cbea3951bf [term 0 FOLLOWER]: Advancing to term 1
I20260713 09:01:27.282692  1689 raft_consensus.cc:3060] T a7c6a3ef89cd4fbcacb3d67eb8f016c5 P a2162f5449dc474790e5a2ce98eea88c [term 0 FOLLOWER]: Advancing to term 1
W20260713 09:01:27.285619  1581 leader_election.cc:343] T 9e35e23e7fb04c499bc8c578b2b078bb P 2d0076cc599d4db48db537cbea3951bf [CANDIDATE]: Term 1 election: Tablet error from VoteRequest() call to peer b72210526d8c4ccd9631df13b5798c37 (127.0.107.193:45873): Illegal state: must be running to vote when last-logged opid is not known
I20260713 09:01:27.278463  1733 raft_consensus.cc:359] T a9815022d94f4077b572162e55d9f05e P b72210526d8c4ccd9631df13b5798c37 [term 0 FOLLOWER]: Replica starting. Triggering 0 pending ops. Active config: opid_index: -1 OBSOLETE_local: false peers { permanent_uuid: "b72210526d8c4ccd9631df13b5798c37" member_type: VOTER last_known_addr { host: "127.0.107.193" port: 45873 } } peers { permanent_uuid: "2d0076cc599d4db48db537cbea3951bf" member_type: VOTER last_known_addr { host: "127.0.107.194" port: 34225 } } peers { permanent_uuid: "a2162f5449dc474790e5a2ce98eea88c" member_type: VOTER last_known_addr { host: "127.0.107.195" port: 45669 } }
I20260713 09:01:27.286298  1732 tablet_bootstrap.cc:654] T 7585ee5a8c2946d4a3d5422e0c7483ed P 2d0076cc599d4db48db537cbea3951bf: Neither blocks nor log segments found. Creating new log.
I20260713 09:01:27.286401  1733 raft_consensus.cc:385] T a9815022d94f4077b572162e55d9f05e P b72210526d8c4ccd9631df13b5798c37 [term 0 FOLLOWER]: Consensus starting up: Expiring failure detector timer to make a prompt election more likely
I20260713 09:01:27.286840  1733 raft_consensus.cc:740] T a9815022d94f4077b572162e55d9f05e P b72210526d8c4ccd9631df13b5798c37 [term 0 FOLLOWER]: Becoming Follower/Learner. State: Replica: b72210526d8c4ccd9631df13b5798c37, State: Initialized, Role: FOLLOWER
I20260713 09:01:27.287571  1733 consensus_queue.cc:260] T a9815022d94f4077b572162e55d9f05e P b72210526d8c4ccd9631df13b5798c37 [NON_LEADER]: Queue going to NON_LEADER mode. State: All replicated index: 0, Majority replicated index: 0, Committed index: 0, Last appended: 0.0, Last appended by leader: 0, Current term: 0, Majority size: -1, State: 0, Mode: NON_LEADER, active raft config: opid_index: -1 OBSOLETE_local: false peers { permanent_uuid: "b72210526d8c4ccd9631df13b5798c37" member_type: VOTER last_known_addr { host: "127.0.107.193" port: 45873 } } peers { permanent_uuid: "2d0076cc599d4db48db537cbea3951bf" member_type: VOTER last_known_addr { host: "127.0.107.194" port: 34225 } } peers { permanent_uuid: "a2162f5449dc474790e5a2ce98eea88c" member_type: VOTER last_known_addr { host: "127.0.107.195" port: 45669 } }
I20260713 09:01:27.290656  1688 tablet_service.cc:1917] Received RequestConsensusVote() RPC: tablet_id: "9e35e23e7fb04c499bc8c578b2b078bb" candidate_uuid: "2d0076cc599d4db48db537cbea3951bf" candidate_term: 1 candidate_status { last_received { term: 0 index: 0 } } ignore_live_leader: false dest_uuid: "a2162f5449dc474790e5a2ce98eea88c"
I20260713 09:01:27.291023  1733 ts_tablet_manager.cc:1434] T a9815022d94f4077b572162e55d9f05e P b72210526d8c4ccd9631df13b5798c37: Time spent starting tablet: real 0.015s	user 0.002s	sys 0.002s
I20260713 09:01:27.291273  1688 raft_consensus.cc:3060] T 9e35e23e7fb04c499bc8c578b2b078bb P a2162f5449dc474790e5a2ce98eea88c [term 0 FOLLOWER]: Advancing to term 1
I20260713 09:01:27.294872  1733 tablet_bootstrap.cc:492] T 3c753b039ba34ab19ebd85101467cdb8 P b72210526d8c4ccd9631df13b5798c37: Bootstrap starting.
I20260713 09:01:27.302405  1733 tablet_bootstrap.cc:654] T 3c753b039ba34ab19ebd85101467cdb8 P b72210526d8c4ccd9631df13b5798c37: Neither blocks nor log segments found. Creating new log.
I20260713 09:01:27.303424  1618 raft_consensus.cc:2468] T a94b1b4bcd6f4c408f2b0cdf96af67b2 P 2d0076cc599d4db48db537cbea3951bf [term 1 FOLLOWER]: Leader election vote request: Granting yes vote for candidate b72210526d8c4ccd9631df13b5798c37 in term 1.
I20260713 09:01:27.299427  1688 raft_consensus.cc:2468] T 9e35e23e7fb04c499bc8c578b2b078bb P a2162f5449dc474790e5a2ce98eea88c [term 1 FOLLOWER]: Leader election vote request: Granting yes vote for candidate 2d0076cc599d4db48db537cbea3951bf in term 1.
I20260713 09:01:27.305375  1853 consensus_queue.cc:1048] T 0712536169e449fc9fa32ce50b179d88 P b72210526d8c4ccd9631df13b5798c37 [LEADER]: Connected to new peer: Peer: permanent_uuid: "a2162f5449dc474790e5a2ce98eea88c" member_type: VOTER last_known_addr { host: "127.0.107.195" port: 45669 }, Status: LMP_MISMATCH, Last received: 0.0, Next index: 1, Last known committed idx: 0, Time since last communication: 0.001s
I20260713 09:01:27.309545  1541 tablet_service.cc:1917] Received RequestConsensusVote() RPC: tablet_id: "a7c6a3ef89cd4fbcacb3d67eb8f016c5" candidate_uuid: "a2162f5449dc474790e5a2ce98eea88c" candidate_term: 1 candidate_status { last_received { term: 0 index: 0 } } ignore_live_leader: false dest_uuid: "b72210526d8c4ccd9631df13b5798c37" is_pre_election: true
I20260713 09:01:27.310029  1784 consensus_queue.cc:1048] T ef4d1c2a249a4869ae171bcfe710b727 P a2162f5449dc474790e5a2ce98eea88c [LEADER]: Connected to new peer: Peer: permanent_uuid: "2d0076cc599d4db48db537cbea3951bf" member_type: VOTER last_known_addr { host: "127.0.107.194" port: 34225 }, Status: LMP_MISMATCH, Last received: 0.0, Next index: 1, Last known committed idx: 0, Time since last communication: 0.000s
I20260713 09:01:27.332401  1542 raft_consensus.cc:3060] T 874b14f19036487ca7a8381c9eb9b14e P b72210526d8c4ccd9631df13b5798c37 [term 0 FOLLOWER]: Advancing to term 1
W20260713 09:01:27.335834  1655 consensus_peers.cc:597] T ef4d1c2a249a4869ae171bcfe710b727 P a2162f5449dc474790e5a2ce98eea88c -> Peer b72210526d8c4ccd9631df13b5798c37 (127.0.107.193:45873): Couldn't send request to peer b72210526d8c4ccd9631df13b5798c37. Error code: TABLET_NOT_RUNNING (12). Status: Illegal state: Tablet not RUNNING: INITIALIZED. This is attempt 1: this message will repeat every 5th retry.
I20260713 09:01:27.335970  1506 leader_election.cc:304] T a94b1b4bcd6f4c408f2b0cdf96af67b2 P b72210526d8c4ccd9631df13b5798c37 [CANDIDATE]: Term 1 election: Election decided. Result: candidate won. Election summary: received 2 responses out of 3 voters: 2 yes votes; 0 no votes. yes voters: 2d0076cc599d4db48db537cbea3951bf, b72210526d8c4ccd9631df13b5798c37; no voters: 
I20260713 09:01:27.337263  1582 leader_election.cc:304] T 9e35e23e7fb04c499bc8c578b2b078bb P 2d0076cc599d4db48db537cbea3951bf [CANDIDATE]: Term 1 election: Election decided. Result: candidate won. Election summary: received 3 responses out of 3 voters: 2 yes votes; 1 no votes. yes voters: 2d0076cc599d4db48db537cbea3951bf, a2162f5449dc474790e5a2ce98eea88c; no voters: b72210526d8c4ccd9631df13b5798c37
I20260713 09:01:27.338006  1806 raft_consensus.cc:2804] T 9e35e23e7fb04c499bc8c578b2b078bb P 2d0076cc599d4db48db537cbea3951bf [term 1 FOLLOWER]: Leader election won for term 1
I20260713 09:01:27.338579  1772 consensus_queue.cc:1048] T a9815022d94f4077b572162e55d9f05e P 2d0076cc599d4db48db537cbea3951bf [LEADER]: Connected to new peer: Peer: permanent_uuid: "a2162f5449dc474790e5a2ce98eea88c" member_type: VOTER last_known_addr { host: "127.0.107.195" port: 45669 }, Status: LMP_MISMATCH, Last received: 0.0, Next index: 1, Last known committed idx: 0, Time since last communication: 0.000s
I20260713 09:01:27.338588  1806 raft_consensus.cc:697] T 9e35e23e7fb04c499bc8c578b2b078bb P 2d0076cc599d4db48db537cbea3951bf [term 1 LEADER]: Becoming Leader. State: Replica: 2d0076cc599d4db48db537cbea3951bf, State: Running, Role: LEADER
I20260713 09:01:27.339553  1739 leader_election.cc:290] T a94b1b4bcd6f4c408f2b0cdf96af67b2 P b72210526d8c4ccd9631df13b5798c37 [CANDIDATE]: Term 1 election: Requested vote from peers 2d0076cc599d4db48db537cbea3951bf (127.0.107.194:34225), a2162f5449dc474790e5a2ce98eea88c (127.0.107.195:45669)
I20260713 09:01:27.340088  1806 consensus_queue.cc:237] T 9e35e23e7fb04c499bc8c578b2b078bb P 2d0076cc599d4db48db537cbea3951bf [LEADER]: Queue going to LEADER mode. State: All replicated index: 0, Majority replicated index: 0, Committed index: 0, Last appended: 0.0, Last appended by leader: 0, Current term: 1, Majority size: 2, State: 0, Mode: LEADER, active raft config: opid_index: -1 OBSOLETE_local: false peers { permanent_uuid: "b72210526d8c4ccd9631df13b5798c37" member_type: VOTER last_known_addr { host: "127.0.107.193" port: 45873 } } peers { permanent_uuid: "2d0076cc599d4db48db537cbea3951bf" member_type: VOTER last_known_addr { host: "127.0.107.194" port: 34225 } } peers { permanent_uuid: "a2162f5449dc474790e5a2ce98eea88c" member_type: VOTER last_known_addr { host: "127.0.107.195" port: 45669 } }
I20260713 09:01:27.346994  1739 raft_consensus.cc:2804] T a94b1b4bcd6f4c408f2b0cdf96af67b2 P b72210526d8c4ccd9631df13b5798c37 [term 1 FOLLOWER]: Leader election won for term 1
I20260713 09:01:27.347885  1739 raft_consensus.cc:697] T a94b1b4bcd6f4c408f2b0cdf96af67b2 P b72210526d8c4ccd9631df13b5798c37 [term 1 LEADER]: Becoming Leader. State: Replica: b72210526d8c4ccd9631df13b5798c37, State: Running, Role: LEADER
I20260713 09:01:27.348903  1739 consensus_queue.cc:237] T a94b1b4bcd6f4c408f2b0cdf96af67b2 P b72210526d8c4ccd9631df13b5798c37 [LEADER]: Queue going to LEADER mode. State: All replicated index: 0, Majority replicated index: 0, Committed index: 0, Last appended: 0.0, Last appended by leader: 0, Current term: 1, Majority size: 2, State: 0, Mode: LEADER, active raft config: opid_index: -1 OBSOLETE_local: false peers { permanent_uuid: "b72210526d8c4ccd9631df13b5798c37" member_type: VOTER last_known_addr { host: "127.0.107.193" port: 45873 } } peers { permanent_uuid: "2d0076cc599d4db48db537cbea3951bf" member_type: VOTER last_known_addr { host: "127.0.107.194" port: 34225 } } peers { permanent_uuid: "a2162f5449dc474790e5a2ce98eea88c" member_type: VOTER last_known_addr { host: "127.0.107.195" port: 45669 } }
I20260713 09:01:27.358318  1618 tablet_service.cc:1917] Received RequestConsensusVote() RPC: tablet_id: "a7c6a3ef89cd4fbcacb3d67eb8f016c5" candidate_uuid: "a2162f5449dc474790e5a2ce98eea88c" candidate_term: 1 candidate_status { last_received { term: 0 index: 0 } } ignore_live_leader: false dest_uuid: "2d0076cc599d4db48db537cbea3951bf" is_pre_election: true
I20260713 09:01:27.360679  1692 tablet_service.cc:1917] Received RequestConsensusVote() RPC: tablet_id: "874b14f19036487ca7a8381c9eb9b14e" candidate_uuid: "b72210526d8c4ccd9631df13b5798c37" candidate_term: 1 candidate_status { last_received { term: 0 index: 0 } } ignore_live_leader: false dest_uuid: "a2162f5449dc474790e5a2ce98eea88c" is_pre_election: true
I20260713 09:01:27.367457  1507 leader_election.cc:304] T 874b14f19036487ca7a8381c9eb9b14e P b72210526d8c4ccd9631df13b5798c37 [CANDIDATE]: Term 1 pre-election: Election decided. Result: candidate lost. Election summary: received 3 responses out of 3 voters: 1 yes votes; 2 no votes. yes voters: b72210526d8c4ccd9631df13b5798c37; no voters: 2d0076cc599d4db48db537cbea3951bf, a2162f5449dc474790e5a2ce98eea88c
I20260713 09:01:27.370738  1692 tablet_service.cc:1917] Received RequestConsensusVote() RPC: tablet_id: "a94b1b4bcd6f4c408f2b0cdf96af67b2" candidate_uuid: "b72210526d8c4ccd9631df13b5798c37" candidate_term: 1 candidate_status { last_received { term: 0 index: 0 } } ignore_live_leader: false dest_uuid: "a2162f5449dc474790e5a2ce98eea88c"
I20260713 09:01:27.375689  1872 consensus_queue.cc:1048] T 874b14f19036487ca7a8381c9eb9b14e P a2162f5449dc474790e5a2ce98eea88c [LEADER]: Connected to new peer: Peer: permanent_uuid: "2d0076cc599d4db48db537cbea3951bf" member_type: VOTER last_known_addr { host: "127.0.107.194" port: 34225 }, Status: LMP_MISMATCH, Last received: 0.0, Next index: 1, Last known committed idx: 0, Time since last communication: 0.000s
I20260713 09:01:27.377308  1732 tablet_bootstrap.cc:492] T 7585ee5a8c2946d4a3d5422e0c7483ed P 2d0076cc599d4db48db537cbea3951bf: No bootstrap required, opened a new log
I20260713 09:01:27.378057  1732 ts_tablet_manager.cc:1403] T 7585ee5a8c2946d4a3d5422e0c7483ed P 2d0076cc599d4db48db537cbea3951bf: Time spent bootstrapping tablet: real 0.098s	user 0.054s	sys 0.022s
I20260713 09:01:27.381175  1732 raft_consensus.cc:359] T 7585ee5a8c2946d4a3d5422e0c7483ed P 2d0076cc599d4db48db537cbea3951bf [term 0 FOLLOWER]: Replica starting. Triggering 0 pending ops. Active config: opid_index: -1 OBSOLETE_local: false peers { permanent_uuid: "b72210526d8c4ccd9631df13b5798c37" member_type: VOTER last_known_addr { host: "127.0.107.193" port: 45873 } } peers { permanent_uuid: "2d0076cc599d4db48db537cbea3951bf" member_type: VOTER last_known_addr { host: "127.0.107.194" port: 34225 } } peers { permanent_uuid: "a2162f5449dc474790e5a2ce98eea88c" member_type: VOTER last_known_addr { host: "127.0.107.195" port: 45669 } }
I20260713 09:01:27.381984  1732 raft_consensus.cc:385] T 7585ee5a8c2946d4a3d5422e0c7483ed P 2d0076cc599d4db48db537cbea3951bf [term 0 FOLLOWER]: Consensus starting up: Expiring failure detector timer to make a prompt election more likely
I20260713 09:01:27.382299  1732 raft_consensus.cc:740] T 7585ee5a8c2946d4a3d5422e0c7483ed P 2d0076cc599d4db48db537cbea3951bf [term 0 FOLLOWER]: Becoming Follower/Learner. State: Replica: 2d0076cc599d4db48db537cbea3951bf, State: Initialized, Role: FOLLOWER
I20260713 09:01:27.383535  1732 consensus_queue.cc:260] T 7585ee5a8c2946d4a3d5422e0c7483ed P 2d0076cc599d4db48db537cbea3951bf [NON_LEADER]: Queue going to NON_LEADER mode. State: All replicated index: 0, Majority replicated index: 0, Committed index: 0, Last appended: 0.0, Last appended by leader: 0, Current term: 0, Majority size: -1, State: 0, Mode: NON_LEADER, active raft config: opid_index: -1 OBSOLETE_local: false peers { permanent_uuid: "b72210526d8c4ccd9631df13b5798c37" member_type: VOTER last_known_addr { host: "127.0.107.193" port: 45873 } } peers { permanent_uuid: "2d0076cc599d4db48db537cbea3951bf" member_type: VOTER last_known_addr { host: "127.0.107.194" port: 34225 } } peers { permanent_uuid: "a2162f5449dc474790e5a2ce98eea88c" member_type: VOTER last_known_addr { host: "127.0.107.195" port: 45669 } }
I20260713 09:01:27.382316  1848 raft_consensus.cc:2749] T 874b14f19036487ca7a8381c9eb9b14e P b72210526d8c4ccd9631df13b5798c37 [term 1 FOLLOWER]: Leader pre-election lost for term 1. Reason: could not achieve majority
I20260713 09:01:27.399963  1732 ts_tablet_manager.cc:1434] T 7585ee5a8c2946d4a3d5422e0c7483ed P 2d0076cc599d4db48db537cbea3951bf: Time spent starting tablet: real 0.022s	user 0.004s	sys 0.003s
I20260713 09:01:27.401204  1732 tablet_bootstrap.cc:492] T 26f9fde1dafc4c82956f42a85033befb P 2d0076cc599d4db48db537cbea3951bf: Bootstrap starting.
I20260713 09:01:27.401829  1848 raft_consensus.cc:493] T a9815022d94f4077b572162e55d9f05e P b72210526d8c4ccd9631df13b5798c37 [term 0 FOLLOWER]: Starting pre-election (no leader contacted us within the election timeout)
I20260713 09:01:27.402446  1848 raft_consensus.cc:515] T a9815022d94f4077b572162e55d9f05e P b72210526d8c4ccd9631df13b5798c37 [term 0 FOLLOWER]: Starting pre-election with config: opid_index: -1 OBSOLETE_local: false peers { permanent_uuid: "b72210526d8c4ccd9631df13b5798c37" member_type: VOTER last_known_addr { host: "127.0.107.193" port: 45873 } } peers { permanent_uuid: "2d0076cc599d4db48db537cbea3951bf" member_type: VOTER last_known_addr { host: "127.0.107.194" port: 34225 } } peers { permanent_uuid: "a2162f5449dc474790e5a2ce98eea88c" member_type: VOTER last_known_addr { host: "127.0.107.195" port: 45669 } }
I20260713 09:01:27.382653  1692 raft_consensus.cc:3060] T a94b1b4bcd6f4c408f2b0cdf96af67b2 P a2162f5449dc474790e5a2ce98eea88c [term 0 FOLLOWER]: Advancing to term 1
I20260713 09:01:27.409873  1872 raft_consensus.cc:493] T 26f9fde1dafc4c82956f42a85033befb P a2162f5449dc474790e5a2ce98eea88c [term 0 FOLLOWER]: Starting pre-election (no leader contacted us within the election timeout)
I20260713 09:01:27.410296  1872 raft_consensus.cc:515] T 26f9fde1dafc4c82956f42a85033befb P a2162f5449dc474790e5a2ce98eea88c [term 0 FOLLOWER]: Starting pre-election with config: opid_index: -1 OBSOLETE_local: false peers { permanent_uuid: "b72210526d8c4ccd9631df13b5798c37" member_type: VOTER last_known_addr { host: "127.0.107.193" port: 45873 } } peers { permanent_uuid: "2d0076cc599d4db48db537cbea3951bf" member_type: VOTER last_known_addr { host: "127.0.107.194" port: 34225 } } peers { permanent_uuid: "a2162f5449dc474790e5a2ce98eea88c" member_type: VOTER last_known_addr { host: "127.0.107.195" port: 45669 } }
I20260713 09:01:27.412585  1872 leader_election.cc:290] T 26f9fde1dafc4c82956f42a85033befb P a2162f5449dc474790e5a2ce98eea88c [CANDIDATE]: Term 1 pre-election: Requested pre-vote from peers b72210526d8c4ccd9631df13b5798c37 (127.0.107.193:45873), 2d0076cc599d4db48db537cbea3951bf (127.0.107.194:34225)
I20260713 09:01:27.415968  1618 tablet_service.cc:1917] Received RequestConsensusVote() RPC: tablet_id: "a9815022d94f4077b572162e55d9f05e" candidate_uuid: "b72210526d8c4ccd9631df13b5798c37" candidate_term: 1 candidate_status { last_received { term: 0 index: 0 } } ignore_live_leader: false dest_uuid: "2d0076cc599d4db48db537cbea3951bf" is_pre_election: true
I20260713 09:01:27.425443  1439 catalog_manager.cc:5697] T 9e35e23e7fb04c499bc8c578b2b078bb P 2d0076cc599d4db48db537cbea3951bf reported cstate change: term changed from 0 to 1, leader changed from <none> to 2d0076cc599d4db48db537cbea3951bf (127.0.107.194). New cstate: current_term: 1 leader_uuid: "2d0076cc599d4db48db537cbea3951bf" committed_config { opid_index: -1 OBSOLETE_local: false peers { permanent_uuid: "b72210526d8c4ccd9631df13b5798c37" member_type: VOTER last_known_addr { host: "127.0.107.193" port: 45873 } health_report { overall_health: UNKNOWN } } peers { permanent_uuid: "2d0076cc599d4db48db537cbea3951bf" member_type: VOTER last_known_addr { host: "127.0.107.194" port: 34225 } health_report { overall_health: HEALTHY } } peers { permanent_uuid: "a2162f5449dc474790e5a2ce98eea88c" member_type: VOTER last_known_addr { host: "127.0.107.195" port: 45669 } health_report { overall_health: UNKNOWN } } }
I20260713 09:01:27.431481  1848 leader_election.cc:290] T a9815022d94f4077b572162e55d9f05e P b72210526d8c4ccd9631df13b5798c37 [CANDIDATE]: Term 1 pre-election: Requested pre-vote from peers 2d0076cc599d4db48db537cbea3951bf (127.0.107.194:34225), a2162f5449dc474790e5a2ce98eea88c (127.0.107.195:45669)
I20260713 09:01:27.398238  1655 leader_election.cc:304] T a7c6a3ef89cd4fbcacb3d67eb8f016c5 P a2162f5449dc474790e5a2ce98eea88c [CANDIDATE]: Term 1 pre-election: Election decided. Result: candidate lost. Election summary: received 3 responses out of 3 voters: 1 yes votes; 2 no votes. yes voters: a2162f5449dc474790e5a2ce98eea88c; no voters: 2d0076cc599d4db48db537cbea3951bf, b72210526d8c4ccd9631df13b5798c37
I20260713 09:01:27.434087  1733 tablet_bootstrap.cc:492] T 3c753b039ba34ab19ebd85101467cdb8 P b72210526d8c4ccd9631df13b5798c37: No bootstrap required, opened a new log
I20260713 09:01:27.434615  1733 ts_tablet_manager.cc:1403] T 3c753b039ba34ab19ebd85101467cdb8 P b72210526d8c4ccd9631df13b5798c37: Time spent bootstrapping tablet: real 0.140s	user 0.008s	sys 0.005s
I20260713 09:01:27.439345  1743 raft_consensus.cc:2749] T a7c6a3ef89cd4fbcacb3d67eb8f016c5 P a2162f5449dc474790e5a2ce98eea88c [term 1 FOLLOWER]: Leader pre-election lost for term 1. Reason: could not achieve majority
W20260713 09:01:27.440311  1655 outbound_call.cc:321] RPC callback for RPC call kudu.consensus.ConsensusService.RequestConsensusVote -> {remote=127.0.107.194:34225, user_credentials={real_user=slave}} blocked reactor thread for 57467.6us
I20260713 09:01:27.447405  1539 tablet_service.cc:1917] Received RequestConsensusVote() RPC: tablet_id: "26f9fde1dafc4c82956f42a85033befb" candidate_uuid: "a2162f5449dc474790e5a2ce98eea88c" candidate_term: 1 candidate_status { last_received { term: 0 index: 0 } } ignore_live_leader: false dest_uuid: "b72210526d8c4ccd9631df13b5798c37" is_pre_election: true
I20260713 09:01:27.450711  1613 tablet_service.cc:1917] Received RequestConsensusVote() RPC: tablet_id: "26f9fde1dafc4c82956f42a85033befb" candidate_uuid: "a2162f5449dc474790e5a2ce98eea88c" candidate_term: 1 candidate_status { last_received { term: 0 index: 0 } } ignore_live_leader: false dest_uuid: "2d0076cc599d4db48db537cbea3951bf" is_pre_election: true
I20260713 09:01:27.450711  1689 tablet_service.cc:1917] Received RequestConsensusVote() RPC: tablet_id: "a9815022d94f4077b572162e55d9f05e" candidate_uuid: "b72210526d8c4ccd9631df13b5798c37" candidate_term: 1 candidate_status { last_received { term: 0 index: 0 } } ignore_live_leader: false dest_uuid: "a2162f5449dc474790e5a2ce98eea88c" is_pre_election: true
I20260713 09:01:27.453192  1732 tablet_bootstrap.cc:654] T 26f9fde1dafc4c82956f42a85033befb P 2d0076cc599d4db48db537cbea3951bf: Neither blocks nor log segments found. Creating new log.
I20260713 09:01:27.462136  1848 consensus_queue.cc:1048] T 5d15d7f1338b41c4aa777b517ac87061 P b72210526d8c4ccd9631df13b5798c37 [LEADER]: Connected to new peer: Peer: permanent_uuid: "2d0076cc599d4db48db537cbea3951bf" member_type: VOTER last_known_addr { host: "127.0.107.194" port: 34225 }, Status: LMP_MISMATCH, Last received: 0.0, Next index: 1, Last known committed idx: 0, Time since last communication: 0.001s
I20260713 09:01:27.464839  1743 consensus_queue.cc:1048] T 874b14f19036487ca7a8381c9eb9b14e P a2162f5449dc474790e5a2ce98eea88c [LEADER]: Connected to new peer: Peer: permanent_uuid: "b72210526d8c4ccd9631df13b5798c37" member_type: VOTER last_known_addr { host: "127.0.107.193" port: 45873 }, Status: LMP_MISMATCH, Last received: 0.0, Next index: 1, Last known committed idx: 0, Time since last communication: 0.004s
W20260713 09:01:27.468865  1655 leader_election.cc:343] T 26f9fde1dafc4c82956f42a85033befb P a2162f5449dc474790e5a2ce98eea88c [CANDIDATE]: Term 1 pre-election: Tablet error from VoteRequest() call to peer b72210526d8c4ccd9631df13b5798c37 (127.0.107.193:45873): Illegal state: must be running to vote when last-logged opid is not known
I20260713 09:01:27.470502  1507 leader_election.cc:304] T a9815022d94f4077b572162e55d9f05e P b72210526d8c4ccd9631df13b5798c37 [CANDIDATE]: Term 1 pre-election: Election decided. Result: candidate lost. Election summary: received 3 responses out of 3 voters: 1 yes votes; 2 no votes. yes voters: b72210526d8c4ccd9631df13b5798c37; no voters: 2d0076cc599d4db48db537cbea3951bf, a2162f5449dc474790e5a2ce98eea88c
W20260713 09:01:27.475544  1655 leader_election.cc:343] T 26f9fde1dafc4c82956f42a85033befb P a2162f5449dc474790e5a2ce98eea88c [CANDIDATE]: Term 1 pre-election: Tablet error from VoteRequest() call to peer 2d0076cc599d4db48db537cbea3951bf (127.0.107.194:34225): Illegal state: must be running to vote when last-logged opid is not known
I20260713 09:01:27.475965  1655 leader_election.cc:304] T 26f9fde1dafc4c82956f42a85033befb P a2162f5449dc474790e5a2ce98eea88c [CANDIDATE]: Term 1 pre-election: Election decided. Result: candidate lost. Election summary: received 3 responses out of 3 voters: 1 yes votes; 2 no votes. yes voters: a2162f5449dc474790e5a2ce98eea88c; no voters: 2d0076cc599d4db48db537cbea3951bf, b72210526d8c4ccd9631df13b5798c37
I20260713 09:01:27.487560  1743 raft_consensus.cc:2749] T 26f9fde1dafc4c82956f42a85033befb P a2162f5449dc474790e5a2ce98eea88c [term 0 FOLLOWER]: Leader pre-election lost for term 1. Reason: could not achieve majority
I20260713 09:01:27.490213  1539 raft_consensus.cc:3060] T a9815022d94f4077b572162e55d9f05e P b72210526d8c4ccd9631df13b5798c37 [term 0 FOLLOWER]: Advancing to term 1
I20260713 09:01:27.499792  1733 raft_consensus.cc:359] T 3c753b039ba34ab19ebd85101467cdb8 P b72210526d8c4ccd9631df13b5798c37 [term 0 FOLLOWER]: Replica starting. Triggering 0 pending ops. Active config: opid_index: -1 OBSOLETE_local: false peers { permanent_uuid: "b72210526d8c4ccd9631df13b5798c37" member_type: VOTER last_known_addr { host: "127.0.107.193" port: 45873 } } peers { permanent_uuid: "2d0076cc599d4db48db537cbea3951bf" member_type: VOTER last_known_addr { host: "127.0.107.194" port: 34225 } } peers { permanent_uuid: "a2162f5449dc474790e5a2ce98eea88c" member_type: VOTER last_known_addr { host: "127.0.107.195" port: 45669 } }
I20260713 09:01:27.500660  1733 raft_consensus.cc:385] T 3c753b039ba34ab19ebd85101467cdb8 P b72210526d8c4ccd9631df13b5798c37 [term 0 FOLLOWER]: Consensus starting up: Expiring failure detector timer to make a prompt election more likely
I20260713 09:01:27.500994  1733 raft_consensus.cc:740] T 3c753b039ba34ab19ebd85101467cdb8 P b72210526d8c4ccd9631df13b5798c37 [term 0 FOLLOWER]: Becoming Follower/Learner. State: Replica: b72210526d8c4ccd9631df13b5798c37, State: Initialized, Role: FOLLOWER
I20260713 09:01:27.501804  1733 consensus_queue.cc:260] T 3c753b039ba34ab19ebd85101467cdb8 P b72210526d8c4ccd9631df13b5798c37 [NON_LEADER]: Queue going to NON_LEADER mode. State: All replicated index: 0, Majority replicated index: 0, Committed index: 0, Last appended: 0.0, Last appended by leader: 0, Current term: 0, Majority size: -1, State: 0, Mode: NON_LEADER, active raft config: opid_index: -1 OBSOLETE_local: false peers { permanent_uuid: "b72210526d8c4ccd9631df13b5798c37" member_type: VOTER last_known_addr { host: "127.0.107.193" port: 45873 } } peers { permanent_uuid: "2d0076cc599d4db48db537cbea3951bf" member_type: VOTER last_known_addr { host: "127.0.107.194" port: 34225 } } peers { permanent_uuid: "a2162f5449dc474790e5a2ce98eea88c" member_type: VOTER last_known_addr { host: "127.0.107.195" port: 45669 } }
I20260713 09:01:27.550741  1733 ts_tablet_manager.cc:1434] T 3c753b039ba34ab19ebd85101467cdb8 P b72210526d8c4ccd9631df13b5798c37: Time spent starting tablet: real 0.116s	user 0.004s	sys 0.006s
I20260713 09:01:27.551779  1733 tablet_bootstrap.cc:492] T 7585ee5a8c2946d4a3d5422e0c7483ed P b72210526d8c4ccd9631df13b5798c37: Bootstrap starting.
I20260713 09:01:27.558182  1692 raft_consensus.cc:2468] T a94b1b4bcd6f4c408f2b0cdf96af67b2 P a2162f5449dc474790e5a2ce98eea88c [term 1 FOLLOWER]: Leader election vote request: Granting yes vote for candidate b72210526d8c4ccd9631df13b5798c37 in term 1.
I20260713 09:01:27.559852  1732 tablet_bootstrap.cc:492] T 26f9fde1dafc4c82956f42a85033befb P 2d0076cc599d4db48db537cbea3951bf: No bootstrap required, opened a new log
I20260713 09:01:27.560246  1732 ts_tablet_manager.cc:1403] T 26f9fde1dafc4c82956f42a85033befb P 2d0076cc599d4db48db537cbea3951bf: Time spent bootstrapping tablet: real 0.159s	user 0.018s	sys 0.007s
I20260713 09:01:27.569075  1439 catalog_manager.cc:5697] T a94b1b4bcd6f4c408f2b0cdf96af67b2 P b72210526d8c4ccd9631df13b5798c37 reported cstate change: term changed from 0 to 1, leader changed from <none> to b72210526d8c4ccd9631df13b5798c37 (127.0.107.193). New cstate: current_term: 1 leader_uuid: "b72210526d8c4ccd9631df13b5798c37" committed_config { opid_index: -1 OBSOLETE_local: false peers { permanent_uuid: "b72210526d8c4ccd9631df13b5798c37" member_type: VOTER last_known_addr { host: "127.0.107.193" port: 45873 } health_report { overall_health: HEALTHY } } peers { permanent_uuid: "2d0076cc599d4db48db537cbea3951bf" member_type: VOTER last_known_addr { host: "127.0.107.194" port: 34225 } health_report { overall_health: UNKNOWN } } peers { permanent_uuid: "a2162f5449dc474790e5a2ce98eea88c" member_type: VOTER last_known_addr { host: "127.0.107.195" port: 45669 } health_report { overall_health: UNKNOWN } } }
I20260713 09:01:27.574237  1848 consensus_queue.cc:1048] T 5d15d7f1338b41c4aa777b517ac87061 P b72210526d8c4ccd9631df13b5798c37 [LEADER]: Connected to new peer: Peer: permanent_uuid: "a2162f5449dc474790e5a2ce98eea88c" member_type: VOTER last_known_addr { host: "127.0.107.195" port: 45669 }, Status: LMP_MISMATCH, Last received: 0.0, Next index: 1, Last known committed idx: 0, Time since last communication: 0.001s
I20260713 09:01:27.579583  1743 raft_consensus.cc:493] T 3c753b039ba34ab19ebd85101467cdb8 P a2162f5449dc474790e5a2ce98eea88c [term 0 FOLLOWER]: Starting pre-election (no leader contacted us within the election timeout)
I20260713 09:01:27.582163  1743 raft_consensus.cc:515] T 3c753b039ba34ab19ebd85101467cdb8 P a2162f5449dc474790e5a2ce98eea88c [term 0 FOLLOWER]: Starting pre-election with config: opid_index: -1 OBSOLETE_local: false peers { permanent_uuid: "b72210526d8c4ccd9631df13b5798c37" member_type: VOTER last_known_addr { host: "127.0.107.193" port: 45873 } } peers { permanent_uuid: "2d0076cc599d4db48db537cbea3951bf" member_type: VOTER last_known_addr { host: "127.0.107.194" port: 34225 } } peers { permanent_uuid: "a2162f5449dc474790e5a2ce98eea88c" member_type: VOTER last_known_addr { host: "127.0.107.195" port: 45669 } }
I20260713 09:01:27.584349  1732 raft_consensus.cc:359] T 26f9fde1dafc4c82956f42a85033befb P 2d0076cc599d4db48db537cbea3951bf [term 0 FOLLOWER]: Replica starting. Triggering 0 pending ops. Active config: opid_index: -1 OBSOLETE_local: false peers { permanent_uuid: "b72210526d8c4ccd9631df13b5798c37" member_type: VOTER last_known_addr { host: "127.0.107.193" port: 45873 } } peers { permanent_uuid: "2d0076cc599d4db48db537cbea3951bf" member_type: VOTER last_known_addr { host: "127.0.107.194" port: 34225 } } peers { permanent_uuid: "a2162f5449dc474790e5a2ce98eea88c" member_type: VOTER last_known_addr { host: "127.0.107.195" port: 45669 } }
I20260713 09:01:27.585785  1732 raft_consensus.cc:385] T 26f9fde1dafc4c82956f42a85033befb P 2d0076cc599d4db48db537cbea3951bf [term 0 FOLLOWER]: Consensus starting up: Expiring failure detector timer to make a prompt election more likely
I20260713 09:01:27.586041  1732 raft_consensus.cc:740] T 26f9fde1dafc4c82956f42a85033befb P 2d0076cc599d4db48db537cbea3951bf [term 0 FOLLOWER]: Becoming Follower/Learner. State: Replica: 2d0076cc599d4db48db537cbea3951bf, State: Initialized, Role: FOLLOWER
I20260713 09:01:27.586685  1732 consensus_queue.cc:260] T 26f9fde1dafc4c82956f42a85033befb P 2d0076cc599d4db48db537cbea3951bf [NON_LEADER]: Queue going to NON_LEADER mode. State: All replicated index: 0, Majority replicated index: 0, Committed index: 0, Last appended: 0.0, Last appended by leader: 0, Current term: 0, Majority size: -1, State: 0, Mode: NON_LEADER, active raft config: opid_index: -1 OBSOLETE_local: false peers { permanent_uuid: "b72210526d8c4ccd9631df13b5798c37" member_type: VOTER last_known_addr { host: "127.0.107.193" port: 45873 } } peers { permanent_uuid: "2d0076cc599d4db48db537cbea3951bf" member_type: VOTER last_known_addr { host: "127.0.107.194" port: 34225 } } peers { permanent_uuid: "a2162f5449dc474790e5a2ce98eea88c" member_type: VOTER last_known_addr { host: "127.0.107.195" port: 45669 } }
I20260713 09:01:27.585875  1848 consensus_queue.cc:1048] T 0c6e17f5f9b64ebaa37bae62bf49588b P b72210526d8c4ccd9631df13b5798c37 [LEADER]: Connected to new peer: Peer: permanent_uuid: "a2162f5449dc474790e5a2ce98eea88c" member_type: VOTER last_known_addr { host: "127.0.107.195" port: 45669 }, Status: LMP_MISMATCH, Last received: 0.0, Next index: 1, Last known committed idx: 0, Time since last communication: 0.004s
I20260713 09:01:27.590684  1732 ts_tablet_manager.cc:1434] T 26f9fde1dafc4c82956f42a85033befb P 2d0076cc599d4db48db537cbea3951bf: Time spent starting tablet: real 0.030s	user 0.007s	sys 0.000s
I20260713 09:01:27.592854  1743 leader_election.cc:290] T 3c753b039ba34ab19ebd85101467cdb8 P a2162f5449dc474790e5a2ce98eea88c [CANDIDATE]: Term 1 pre-election: Requested pre-vote from peers b72210526d8c4ccd9631df13b5798c37 (127.0.107.193:45873), 2d0076cc599d4db48db537cbea3951bf (127.0.107.194:34225)
I20260713 09:01:27.596771  1614 tablet_service.cc:1917] Received RequestConsensusVote() RPC: tablet_id: "3c753b039ba34ab19ebd85101467cdb8" candidate_uuid: "a2162f5449dc474790e5a2ce98eea88c" candidate_term: 1 candidate_status { last_received { term: 0 index: 0 } } ignore_live_leader: false dest_uuid: "2d0076cc599d4db48db537cbea3951bf" is_pre_election: true
I20260713 09:01:27.597391  1614 raft_consensus.cc:2468] T 3c753b039ba34ab19ebd85101467cdb8 P 2d0076cc599d4db48db537cbea3951bf [term 0 FOLLOWER]: Leader pre-election vote request: Granting yes vote for candidate a2162f5449dc474790e5a2ce98eea88c in term 0.
I20260713 09:01:27.598712  1541 tablet_service.cc:1917] Received RequestConsensusVote() RPC: tablet_id: "3c753b039ba34ab19ebd85101467cdb8" candidate_uuid: "a2162f5449dc474790e5a2ce98eea88c" candidate_term: 1 candidate_status { last_received { term: 0 index: 0 } } ignore_live_leader: false dest_uuid: "b72210526d8c4ccd9631df13b5798c37" is_pre_election: true
I20260713 09:01:27.599334  1541 raft_consensus.cc:2468] T 3c753b039ba34ab19ebd85101467cdb8 P b72210526d8c4ccd9631df13b5798c37 [term 0 FOLLOWER]: Leader pre-election vote request: Granting yes vote for candidate a2162f5449dc474790e5a2ce98eea88c in term 0.
I20260713 09:01:27.606895  1655 leader_election.cc:304] T 3c753b039ba34ab19ebd85101467cdb8 P a2162f5449dc474790e5a2ce98eea88c [CANDIDATE]: Term 1 pre-election: Election decided. Result: candidate won. Election summary: received 2 responses out of 3 voters: 2 yes votes; 0 no votes. yes voters: 2d0076cc599d4db48db537cbea3951bf, a2162f5449dc474790e5a2ce98eea88c; no voters: 
I20260713 09:01:27.607653  1783 raft_consensus.cc:2804] T 3c753b039ba34ab19ebd85101467cdb8 P a2162f5449dc474790e5a2ce98eea88c [term 0 FOLLOWER]: Leader pre-election won for term 1
I20260713 09:01:27.608100  1783 raft_consensus.cc:493] T 3c753b039ba34ab19ebd85101467cdb8 P a2162f5449dc474790e5a2ce98eea88c [term 0 FOLLOWER]: Starting leader election (no leader contacted us within the election timeout)
I20260713 09:01:27.608942  1783 raft_consensus.cc:3060] T 3c753b039ba34ab19ebd85101467cdb8 P a2162f5449dc474790e5a2ce98eea88c [term 0 FOLLOWER]: Advancing to term 1
I20260713 09:01:27.611943  1733 tablet_bootstrap.cc:654] T 7585ee5a8c2946d4a3d5422e0c7483ed P b72210526d8c4ccd9631df13b5798c37: Neither blocks nor log segments found. Creating new log.
I20260713 09:01:27.623258  1783 raft_consensus.cc:515] T 3c753b039ba34ab19ebd85101467cdb8 P a2162f5449dc474790e5a2ce98eea88c [term 1 FOLLOWER]: Starting leader election with config: opid_index: -1 OBSOLETE_local: false peers { permanent_uuid: "b72210526d8c4ccd9631df13b5798c37" member_type: VOTER last_known_addr { host: "127.0.107.193" port: 45873 } } peers { permanent_uuid: "2d0076cc599d4db48db537cbea3951bf" member_type: VOTER last_known_addr { host: "127.0.107.194" port: 34225 } } peers { permanent_uuid: "a2162f5449dc474790e5a2ce98eea88c" member_type: VOTER last_known_addr { host: "127.0.107.195" port: 45669 } }
I20260713 09:01:27.641269  1783 leader_election.cc:290] T 3c753b039ba34ab19ebd85101467cdb8 P a2162f5449dc474790e5a2ce98eea88c [CANDIDATE]: Term 1 election: Requested vote from peers b72210526d8c4ccd9631df13b5798c37 (127.0.107.193:45873), 2d0076cc599d4db48db537cbea3951bf (127.0.107.194:34225)
I20260713 09:01:27.642068  1848 consensus_queue.cc:1048] T 0c6e17f5f9b64ebaa37bae62bf49588b P b72210526d8c4ccd9631df13b5798c37 [LEADER]: Connected to new peer: Peer: permanent_uuid: "2d0076cc599d4db48db537cbea3951bf" member_type: VOTER last_known_addr { host: "127.0.107.194" port: 34225 }, Status: LMP_MISMATCH, Last received: 0.0, Next index: 1, Last known committed idx: 0, Time since last communication: 0.000s
I20260713 09:01:27.642907  1541 tablet_service.cc:1917] Received RequestConsensusVote() RPC: tablet_id: "3c753b039ba34ab19ebd85101467cdb8" candidate_uuid: "a2162f5449dc474790e5a2ce98eea88c" candidate_term: 1 candidate_status { last_received { term: 0 index: 0 } } ignore_live_leader: false dest_uuid: "b72210526d8c4ccd9631df13b5798c37"
I20260713 09:01:27.643465  1541 raft_consensus.cc:3060] T 3c753b039ba34ab19ebd85101467cdb8 P b72210526d8c4ccd9631df13b5798c37 [term 0 FOLLOWER]: Advancing to term 1
I20260713 09:01:27.644229  1617 tablet_service.cc:1917] Received RequestConsensusVote() RPC: tablet_id: "3c753b039ba34ab19ebd85101467cdb8" candidate_uuid: "a2162f5449dc474790e5a2ce98eea88c" candidate_term: 1 candidate_status { last_received { term: 0 index: 0 } } ignore_live_leader: false dest_uuid: "2d0076cc599d4db48db537cbea3951bf"
I20260713 09:01:27.645737  1853 raft_consensus.cc:2749] T a9815022d94f4077b572162e55d9f05e P b72210526d8c4ccd9631df13b5798c37 [term 1 FOLLOWER]: Leader pre-election lost for term 1. Reason: could not achieve majority
I20260713 09:01:27.647310  1617 raft_consensus.cc:3060] T 3c753b039ba34ab19ebd85101467cdb8 P 2d0076cc599d4db48db537cbea3951bf [term 0 FOLLOWER]: Advancing to term 1
I20260713 09:01:27.670568  1617 raft_consensus.cc:2468] T 3c753b039ba34ab19ebd85101467cdb8 P 2d0076cc599d4db48db537cbea3951bf [term 1 FOLLOWER]: Leader election vote request: Granting yes vote for candidate a2162f5449dc474790e5a2ce98eea88c in term 1.
I20260713 09:01:27.673420  1541 raft_consensus.cc:2468] T 3c753b039ba34ab19ebd85101467cdb8 P b72210526d8c4ccd9631df13b5798c37 [term 1 FOLLOWER]: Leader election vote request: Granting yes vote for candidate a2162f5449dc474790e5a2ce98eea88c in term 1.
I20260713 09:01:27.675520  1655 leader_election.cc:304] T 3c753b039ba34ab19ebd85101467cdb8 P a2162f5449dc474790e5a2ce98eea88c [CANDIDATE]: Term 1 election: Election decided. Result: candidate won. Election summary: received 2 responses out of 3 voters: 2 yes votes; 0 no votes. yes voters: a2162f5449dc474790e5a2ce98eea88c, b72210526d8c4ccd9631df13b5798c37; no voters: 
I20260713 09:01:27.677742  1783 raft_consensus.cc:2804] T 3c753b039ba34ab19ebd85101467cdb8 P a2162f5449dc474790e5a2ce98eea88c [term 1 FOLLOWER]: Leader election won for term 1
I20260713 09:01:27.678580  1733 tablet_bootstrap.cc:492] T 7585ee5a8c2946d4a3d5422e0c7483ed P b72210526d8c4ccd9631df13b5798c37: No bootstrap required, opened a new log
I20260713 09:01:27.678383  1783 raft_consensus.cc:697] T 3c753b039ba34ab19ebd85101467cdb8 P a2162f5449dc474790e5a2ce98eea88c [term 1 LEADER]: Becoming Leader. State: Replica: a2162f5449dc474790e5a2ce98eea88c, State: Running, Role: LEADER
I20260713 09:01:27.683738  1733 ts_tablet_manager.cc:1403] T 7585ee5a8c2946d4a3d5422e0c7483ed P b72210526d8c4ccd9631df13b5798c37: Time spent bootstrapping tablet: real 0.132s	user 0.023s	sys 0.006s
I20260713 09:01:27.684087  1783 consensus_queue.cc:237] T 3c753b039ba34ab19ebd85101467cdb8 P a2162f5449dc474790e5a2ce98eea88c [LEADER]: Queue going to LEADER mode. State: All replicated index: 0, Majority replicated index: 0, Committed index: 0, Last appended: 0.0, Last appended by leader: 0, Current term: 1, Majority size: 2, State: 0, Mode: LEADER, active raft config: opid_index: -1 OBSOLETE_local: false peers { permanent_uuid: "b72210526d8c4ccd9631df13b5798c37" member_type: VOTER last_known_addr { host: "127.0.107.193" port: 45873 } } peers { permanent_uuid: "2d0076cc599d4db48db537cbea3951bf" member_type: VOTER last_known_addr { host: "127.0.107.194" port: 34225 } } peers { permanent_uuid: "a2162f5449dc474790e5a2ce98eea88c" member_type: VOTER last_known_addr { host: "127.0.107.195" port: 45669 } }
I20260713 09:01:27.686121  1733 raft_consensus.cc:359] T 7585ee5a8c2946d4a3d5422e0c7483ed P b72210526d8c4ccd9631df13b5798c37 [term 0 FOLLOWER]: Replica starting. Triggering 0 pending ops. Active config: opid_index: -1 OBSOLETE_local: false peers { permanent_uuid: "b72210526d8c4ccd9631df13b5798c37" member_type: VOTER last_known_addr { host: "127.0.107.193" port: 45873 } } peers { permanent_uuid: "2d0076cc599d4db48db537cbea3951bf" member_type: VOTER last_known_addr { host: "127.0.107.194" port: 34225 } } peers { permanent_uuid: "a2162f5449dc474790e5a2ce98eea88c" member_type: VOTER last_known_addr { host: "127.0.107.195" port: 45669 } }
I20260713 09:01:27.686691  1733 raft_consensus.cc:385] T 7585ee5a8c2946d4a3d5422e0c7483ed P b72210526d8c4ccd9631df13b5798c37 [term 0 FOLLOWER]: Consensus starting up: Expiring failure detector timer to make a prompt election more likely
I20260713 09:01:27.686944  1733 raft_consensus.cc:740] T 7585ee5a8c2946d4a3d5422e0c7483ed P b72210526d8c4ccd9631df13b5798c37 [term 0 FOLLOWER]: Becoming Follower/Learner. State: Replica: b72210526d8c4ccd9631df13b5798c37, State: Initialized, Role: FOLLOWER
I20260713 09:01:27.689145  1733 consensus_queue.cc:260] T 7585ee5a8c2946d4a3d5422e0c7483ed P b72210526d8c4ccd9631df13b5798c37 [NON_LEADER]: Queue going to NON_LEADER mode. State: All replicated index: 0, Majority replicated index: 0, Committed index: 0, Last appended: 0.0, Last appended by leader: 0, Current term: 0, Majority size: -1, State: 0, Mode: NON_LEADER, active raft config: opid_index: -1 OBSOLETE_local: false peers { permanent_uuid: "b72210526d8c4ccd9631df13b5798c37" member_type: VOTER last_known_addr { host: "127.0.107.193" port: 45873 } } peers { permanent_uuid: "2d0076cc599d4db48db537cbea3951bf" member_type: VOTER last_known_addr { host: "127.0.107.194" port: 34225 } } peers { permanent_uuid: "a2162f5449dc474790e5a2ce98eea88c" member_type: VOTER last_known_addr { host: "127.0.107.195" port: 45669 } }
I20260713 09:01:27.690614  1733 ts_tablet_manager.cc:1434] T 7585ee5a8c2946d4a3d5422e0c7483ed P b72210526d8c4ccd9631df13b5798c37: Time spent starting tablet: real 0.007s	user 0.004s	sys 0.000s
I20260713 09:01:27.691447  1733 tablet_bootstrap.cc:492] T ef4d1c2a249a4869ae171bcfe710b727 P b72210526d8c4ccd9631df13b5798c37: Bootstrap starting.
I20260713 09:01:27.697310  1733 tablet_bootstrap.cc:654] T ef4d1c2a249a4869ae171bcfe710b727 P b72210526d8c4ccd9631df13b5798c37: Neither blocks nor log segments found. Creating new log.
I20260713 09:01:27.702905  1733 tablet_bootstrap.cc:492] T ef4d1c2a249a4869ae171bcfe710b727 P b72210526d8c4ccd9631df13b5798c37: No bootstrap required, opened a new log
I20260713 09:01:27.703320  1733 ts_tablet_manager.cc:1403] T ef4d1c2a249a4869ae171bcfe710b727 P b72210526d8c4ccd9631df13b5798c37: Time spent bootstrapping tablet: real 0.012s	user 0.008s	sys 0.003s
I20260713 09:01:27.705086  1733 raft_consensus.cc:359] T ef4d1c2a249a4869ae171bcfe710b727 P b72210526d8c4ccd9631df13b5798c37 [term 0 FOLLOWER]: Replica starting. Triggering 0 pending ops. Active config: opid_index: -1 OBSOLETE_local: false peers { permanent_uuid: "b72210526d8c4ccd9631df13b5798c37" member_type: VOTER last_known_addr { host: "127.0.107.193" port: 45873 } } peers { permanent_uuid: "2d0076cc599d4db48db537cbea3951bf" member_type: VOTER last_known_addr { host: "127.0.107.194" port: 34225 } } peers { permanent_uuid: "a2162f5449dc474790e5a2ce98eea88c" member_type: VOTER last_known_addr { host: "127.0.107.195" port: 45669 } }
I20260713 09:01:27.705574  1733 raft_consensus.cc:385] T ef4d1c2a249a4869ae171bcfe710b727 P b72210526d8c4ccd9631df13b5798c37 [term 0 FOLLOWER]: Consensus starting up: Expiring failure detector timer to make a prompt election more likely
I20260713 09:01:27.705786  1733 raft_consensus.cc:740] T ef4d1c2a249a4869ae171bcfe710b727 P b72210526d8c4ccd9631df13b5798c37 [term 0 FOLLOWER]: Becoming Follower/Learner. State: Replica: b72210526d8c4ccd9631df13b5798c37, State: Initialized, Role: FOLLOWER
