I20260713 09:01:26.117630  1688 raft_consensus.cc:2393] T 338bea2ba7db4c3d992f3c56b7780e33 P c293ad6d69f64ff8940bab5735f222f9 [term 2 FOLLOWER]: Leader pre-election vote request: Denying vote to candidate 9cf59bf1d3454c9e87e34bb55660f612 in current term 2: Already voted for candidate c293ad6d69f64ff8940bab5735f222f9 in this term.
I20260713 09:01:26.116995  1739 raft_consensus.cc:2804] T 338bea2ba7db4c3d992f3c56b7780e33 P 9cf59bf1d3454c9e87e34bb55660f612 [term 1 FOLLOWER]: Leader pre-election won for term 2
I20260713 09:01:26.119240  1739 raft_consensus.cc:493] T 338bea2ba7db4c3d992f3c56b7780e33 P 9cf59bf1d3454c9e87e34bb55660f612 [term 1 FOLLOWER]: Starting leader election (detected failure of leader 43aa753b259f4c2da91258be99bfb371)
I20260713 09:01:26.119612  1739 raft_consensus.cc:3060] T 338bea2ba7db4c3d992f3c56b7780e33 P 9cf59bf1d3454c9e87e34bb55660f612 [term 1 FOLLOWER]: Advancing to term 2
I20260713 09:01:26.128235  1739 raft_consensus.cc:515] T 338bea2ba7db4c3d992f3c56b7780e33 P 9cf59bf1d3454c9e87e34bb55660f612 [term 2 FOLLOWER]: Starting leader election with config: opid_index: -1 OBSOLETE_local: false peers { permanent_uuid: "9cf59bf1d3454c9e87e34bb55660f612" member_type: VOTER last_known_addr { host: "127.0.107.193" port: 43223 } } peers { permanent_uuid: "43aa753b259f4c2da91258be99bfb371" member_type: VOTER last_known_addr { host: "127.0.107.194" port: 43581 } } peers { permanent_uuid: "c293ad6d69f64ff8940bab5735f222f9" member_type: VOTER last_known_addr { host: "127.0.107.195" port: 34805 } }
I20260713 09:01:26.130782  1616 tablet_service.cc:1917] Received RequestConsensusVote() RPC: tablet_id: "338bea2ba7db4c3d992f3c56b7780e33" candidate_uuid: "9cf59bf1d3454c9e87e34bb55660f612" candidate_term: 2 candidate_status { last_received { term: 1 index: 1 } } ignore_live_leader: false dest_uuid: "43aa753b259f4c2da91258be99bfb371"
I20260713 09:01:26.139060  1616 raft_consensus.cc:2468] T 338bea2ba7db4c3d992f3c56b7780e33 P 43aa753b259f4c2da91258be99bfb371 [term 2 FOLLOWER]: Leader election vote request: Granting yes vote for candidate 9cf59bf1d3454c9e87e34bb55660f612 in term 2.
I20260713 09:01:26.149581  1505 leader_election.cc:304] T 338bea2ba7db4c3d992f3c56b7780e33 P 9cf59bf1d3454c9e87e34bb55660f612 [CANDIDATE]: Term 2 election: Election decided. Result: candidate won. Election summary: received 2 responses out of 3 voters: 2 yes votes; 0 no votes. yes voters: 43aa753b259f4c2da91258be99bfb371, 9cf59bf1d3454c9e87e34bb55660f612; no voters: 
I20260713 09:01:26.150442  1815 raft_consensus.cc:2804] T 338bea2ba7db4c3d992f3c56b7780e33 P 9cf59bf1d3454c9e87e34bb55660f612 [term 2 FOLLOWER]: Leader election won for term 2
I20260713 09:01:26.150995  1815 raft_consensus.cc:697] T 338bea2ba7db4c3d992f3c56b7780e33 P 9cf59bf1d3454c9e87e34bb55660f612 [term 2 LEADER]: Becoming Leader. State: Replica: 9cf59bf1d3454c9e87e34bb55660f612, State: Running, Role: LEADER
I20260713 09:01:26.152007  1815 consensus_queue.cc:237] T 338bea2ba7db4c3d992f3c56b7780e33 P 9cf59bf1d3454c9e87e34bb55660f612 [LEADER]: Queue going to LEADER mode. State: All replicated index: 0, Majority replicated index: 1, Committed index: 1, Last appended: 1.1, Last appended by leader: 1, Current term: 2, Majority size: 2, State: 0, Mode: LEADER, active raft config: opid_index: -1 OBSOLETE_local: false peers { permanent_uuid: "9cf59bf1d3454c9e87e34bb55660f612" member_type: VOTER last_known_addr { host: "127.0.107.193" port: 43223 } } peers { permanent_uuid: "43aa753b259f4c2da91258be99bfb371" member_type: VOTER last_known_addr { host: "127.0.107.194" port: 43581 } } peers { permanent_uuid: "c293ad6d69f64ff8940bab5735f222f9" member_type: VOTER last_known_addr { host: "127.0.107.195" port: 34805 } }
I20260713 09:01:26.157028  2018 ts_tablet_manager.cc:933] T 41e1f7a220a44f4992b45ed6c199d3a7 P cb79171a14364adcb90e144d41cca55e: Initiating tablet copy from peer 9cf59bf1d3454c9e87e34bb55660f612 (127.0.107.193:43223)
I20260713 09:01:26.159971  1688 tablet_service.cc:1917] Received RequestConsensusVote() RPC: tablet_id: "338bea2ba7db4c3d992f3c56b7780e33" candidate_uuid: "9cf59bf1d3454c9e87e34bb55660f612" candidate_term: 2 candidate_status { last_received { term: 1 index: 1 } } ignore_live_leader: false dest_uuid: "c293ad6d69f64ff8940bab5735f222f9"
I20260713 09:01:26.160773  1688 raft_consensus.cc:2393] T 338bea2ba7db4c3d992f3c56b7780e33 P c293ad6d69f64ff8940bab5735f222f9 [term 2 FOLLOWER]: Leader election vote request: Denying vote to candidate 9cf59bf1d3454c9e87e34bb55660f612 in current term 2: Already voted for candidate c293ad6d69f64ff8940bab5735f222f9 in this term.
I20260713 09:01:26.162662  1739 leader_election.cc:290] T 338bea2ba7db4c3d992f3c56b7780e33 P 9cf59bf1d3454c9e87e34bb55660f612 [CANDIDATE]: Term 2 election: Requested vote from peers 43aa753b259f4c2da91258be99bfb371 (127.0.107.194:43581), c293ad6d69f64ff8940bab5735f222f9 (127.0.107.195:34805)
I20260713 09:01:26.165033  2018 tablet_copy_client.cc:323] T 41e1f7a220a44f4992b45ed6c199d3a7 P cb79171a14364adcb90e144d41cca55e: tablet copy: Beginning tablet copy session from remote peer at address 127.0.107.193:43223
I20260713 09:01:26.161782  2017 ts_tablet_manager.cc:933] T 169a3a38e51f48668dbe8cb597da5d02 P cb79171a14364adcb90e144d41cca55e: Initiating tablet copy from peer 9cf59bf1d3454c9e87e34bb55660f612 (127.0.107.193:43223)
I20260713 09:01:26.184695  1437 catalog_manager.cc:5697] T 338bea2ba7db4c3d992f3c56b7780e33 P 9cf59bf1d3454c9e87e34bb55660f612 reported cstate change: term changed from 1 to 2, leader changed from 43aa753b259f4c2da91258be99bfb371 (127.0.107.194) to 9cf59bf1d3454c9e87e34bb55660f612 (127.0.107.193). New cstate: current_term: 2 leader_uuid: "9cf59bf1d3454c9e87e34bb55660f612" committed_config { opid_index: -1 OBSOLETE_local: false peers { permanent_uuid: "9cf59bf1d3454c9e87e34bb55660f612" member_type: VOTER last_known_addr { host: "127.0.107.193" port: 43223 } health_report { overall_health: HEALTHY } } peers { permanent_uuid: "43aa753b259f4c2da91258be99bfb371" member_type: VOTER last_known_addr { host: "127.0.107.194" port: 43581 } health_report { overall_health: UNKNOWN } } peers { permanent_uuid: "c293ad6d69f64ff8940bab5735f222f9" member_type: VOTER last_known_addr { host: "127.0.107.195" port: 34805 } health_report { overall_health: UNKNOWN } } }
I20260713 09:01:26.194136  1551 tablet_copy_service.cc:140] P 9cf59bf1d3454c9e87e34bb55660f612: Received BeginTabletCopySession request for tablet 41e1f7a220a44f4992b45ed6c199d3a7 from peer cb79171a14364adcb90e144d41cca55e ({username='slave'} at 127.0.0.1:33810)
I20260713 09:01:26.194734  1551 tablet_copy_service.cc:161] P 9cf59bf1d3454c9e87e34bb55660f612: Beginning new tablet copy session on tablet 41e1f7a220a44f4992b45ed6c199d3a7 from peer cb79171a14364adcb90e144d41cca55e at {username='slave'} at 127.0.0.1:33810: session id = cb79171a14364adcb90e144d41cca55e-41e1f7a220a44f4992b45ed6c199d3a7
I20260713 09:01:26.198804  2017 tablet_copy_client.cc:323] T 169a3a38e51f48668dbe8cb597da5d02 P cb79171a14364adcb90e144d41cca55e: tablet copy: Beginning tablet copy session from remote peer at address 127.0.107.193:43223
I20260713 09:01:26.203996  1550 tablet_copy_service.cc:140] P 9cf59bf1d3454c9e87e34bb55660f612: Received BeginTabletCopySession request for tablet 169a3a38e51f48668dbe8cb597da5d02 from peer cb79171a14364adcb90e144d41cca55e ({username='slave'} at 127.0.0.1:33810)
I20260713 09:01:26.204435  1626 tablet_copy_service.cc:140] P 43aa753b259f4c2da91258be99bfb371: Received BeginTabletCopySession request for tablet 631e9f035f234531ab920ca5d59a056c from peer cb79171a14364adcb90e144d41cca55e ({username='slave'} at 127.0.0.1:49114)
I20260713 09:01:26.204540  1550 tablet_copy_service.cc:161] P 9cf59bf1d3454c9e87e34bb55660f612: Beginning new tablet copy session on tablet 169a3a38e51f48668dbe8cb597da5d02 from peer cb79171a14364adcb90e144d41cca55e at {username='slave'} at 127.0.0.1:33810: session id = cb79171a14364adcb90e144d41cca55e-169a3a38e51f48668dbe8cb597da5d02
I20260713 09:01:26.205009  1626 tablet_copy_service.cc:161] P 43aa753b259f4c2da91258be99bfb371: Beginning new tablet copy session on tablet 631e9f035f234531ab920ca5d59a056c from peer cb79171a14364adcb90e144d41cca55e at {username='slave'} at 127.0.0.1:49114: session id = cb79171a14364adcb90e144d41cca55e-631e9f035f234531ab920ca5d59a056c
I20260713 09:01:26.212724  1626 tablet_copy_source_session.cc:215] T 631e9f035f234531ab920ca5d59a056c P 43aa753b259f4c2da91258be99bfb371: Tablet Copy: opened 0 blocks and 1 log segments
I20260713 09:01:26.216636  2013 data_dirs.cc:400] Could only allocate 1 dirs of requested 3 for tablet 631e9f035f234531ab920ca5d59a056c. 1 dirs total, 0 dirs full, 0 dirs failed
I20260713 09:01:26.218621  1550 tablet_copy_source_session.cc:215] T 169a3a38e51f48668dbe8cb597da5d02 P 9cf59bf1d3454c9e87e34bb55660f612: Tablet Copy: opened 0 blocks and 1 log segments
I20260713 09:01:26.219633  1551 tablet_copy_source_session.cc:215] T 41e1f7a220a44f4992b45ed6c199d3a7 P 9cf59bf1d3454c9e87e34bb55660f612: Tablet Copy: opened 0 blocks and 1 log segments
I20260713 09:01:26.222309  2017 data_dirs.cc:400] Could only allocate 1 dirs of requested 3 for tablet 169a3a38e51f48668dbe8cb597da5d02. 1 dirs total, 0 dirs full, 0 dirs failed
I20260713 09:01:26.230088  2018 data_dirs.cc:400] Could only allocate 1 dirs of requested 3 for tablet 41e1f7a220a44f4992b45ed6c199d3a7. 1 dirs total, 0 dirs full, 0 dirs failed
I20260713 09:01:26.233027  2013 tablet_copy_client.cc:806] T 631e9f035f234531ab920ca5d59a056c P cb79171a14364adcb90e144d41cca55e: tablet copy: Starting download of 0 data blocks...
I20260713 09:01:26.233670  2013 tablet_copy_client.cc:670] T 631e9f035f234531ab920ca5d59a056c P cb79171a14364adcb90e144d41cca55e: tablet copy: Starting download of 1 WAL segments...
I20260713 09:01:26.238616  2017 tablet_copy_client.cc:806] T 169a3a38e51f48668dbe8cb597da5d02 P cb79171a14364adcb90e144d41cca55e: tablet copy: Starting download of 0 data blocks...
I20260713 09:01:26.239127  2017 tablet_copy_client.cc:670] T 169a3a38e51f48668dbe8cb597da5d02 P cb79171a14364adcb90e144d41cca55e: tablet copy: Starting download of 1 WAL segments...
I20260713 09:01:26.241923  2013 tablet_copy_client.cc:538] T 631e9f035f234531ab920ca5d59a056c P cb79171a14364adcb90e144d41cca55e: tablet copy: Tablet Copy complete. Replacing tablet superblock.
I20260713 09:01:26.246649  2017 tablet_copy_client.cc:538] T 169a3a38e51f48668dbe8cb597da5d02 P cb79171a14364adcb90e144d41cca55e: tablet copy: Tablet Copy complete. Replacing tablet superblock.
I20260713 09:01:26.255842  2013 tablet_bootstrap.cc:492] T 631e9f035f234531ab920ca5d59a056c P cb79171a14364adcb90e144d41cca55e: Bootstrap starting.
I20260713 09:01:26.269527  2017 tablet_bootstrap.cc:492] T 169a3a38e51f48668dbe8cb597da5d02 P cb79171a14364adcb90e144d41cca55e: Bootstrap starting.
I20260713 09:01:26.275072  2018 tablet_copy_client.cc:806] T 41e1f7a220a44f4992b45ed6c199d3a7 P cb79171a14364adcb90e144d41cca55e: tablet copy: Starting download of 0 data blocks...
I20260713 09:01:26.275609  2018 tablet_copy_client.cc:670] T 41e1f7a220a44f4992b45ed6c199d3a7 P cb79171a14364adcb90e144d41cca55e: tablet copy: Starting download of 1 WAL segments...
I20260713 09:01:26.280278  2018 tablet_copy_client.cc:538] T 41e1f7a220a44f4992b45ed6c199d3a7 P cb79171a14364adcb90e144d41cca55e: tablet copy: Tablet Copy complete. Replacing tablet superblock.
I20260713 09:01:26.288655  2024 ts_tablet_manager.cc:933] T fa77f37e9bf9454ebe9312d530f82890 P cb79171a14364adcb90e144d41cca55e: Initiating tablet copy from peer 43aa753b259f4c2da91258be99bfb371 (127.0.107.194:43581)
I20260713 09:01:26.290900  2018 tablet_bootstrap.cc:492] T 41e1f7a220a44f4992b45ed6c199d3a7 P cb79171a14364adcb90e144d41cca55e: Bootstrap starting.
I20260713 09:01:26.298997  2024 tablet_copy_client.cc:323] T fa77f37e9bf9454ebe9312d530f82890 P cb79171a14364adcb90e144d41cca55e: tablet copy: Beginning tablet copy session from remote peer at address 127.0.107.194:43581
I20260713 09:01:26.301349  1626 tablet_copy_service.cc:140] P 43aa753b259f4c2da91258be99bfb371: Received BeginTabletCopySession request for tablet fa77f37e9bf9454ebe9312d530f82890 from peer cb79171a14364adcb90e144d41cca55e ({username='slave'} at 127.0.0.1:49114)
I20260713 09:01:26.301846  1626 tablet_copy_service.cc:161] P 43aa753b259f4c2da91258be99bfb371: Beginning new tablet copy session on tablet fa77f37e9bf9454ebe9312d530f82890 from peer cb79171a14364adcb90e144d41cca55e at {username='slave'} at 127.0.0.1:49114: session id = cb79171a14364adcb90e144d41cca55e-fa77f37e9bf9454ebe9312d530f82890
I20260713 09:01:26.308908  1626 tablet_copy_source_session.cc:215] T fa77f37e9bf9454ebe9312d530f82890 P 43aa753b259f4c2da91258be99bfb371: Tablet Copy: opened 0 blocks and 1 log segments
I20260713 09:01:26.299121  2013 tablet_bootstrap.cc:492] T 631e9f035f234531ab920ca5d59a056c P cb79171a14364adcb90e144d41cca55e: Bootstrap replayed 1/1 log segments. Stats: ops{read=2 overwritten=0 applied=2 ignored=0} inserts{seen=0 ignored=0} mutations{seen=0 ignored=0} orphaned_commits=0. Pending: 0 replicates
I20260713 09:01:26.311853  2013 tablet_bootstrap.cc:492] T 631e9f035f234531ab920ca5d59a056c P cb79171a14364adcb90e144d41cca55e: Bootstrap complete.
I20260713 09:01:26.313879  2013 ts_tablet_manager.cc:1403] T 631e9f035f234531ab920ca5d59a056c P cb79171a14364adcb90e144d41cca55e: Time spent bootstrapping tablet: real 0.058s	user 0.029s	sys 0.005s
I20260713 09:01:26.313208  2024 data_dirs.cc:400] Could only allocate 1 dirs of requested 3 for tablet fa77f37e9bf9454ebe9312d530f82890. 1 dirs total, 0 dirs full, 0 dirs failed
I20260713 09:01:26.326860  2013 raft_consensus.cc:359] T 631e9f035f234531ab920ca5d59a056c P cb79171a14364adcb90e144d41cca55e [term 1 LEARNER]: Replica starting. Triggering 0 pending ops. Active config: opid_index: 2 OBSOLETE_local: false peers { permanent_uuid: "9cf59bf1d3454c9e87e34bb55660f612" member_type: VOTER last_known_addr { host: "127.0.107.193" port: 43223 } attrs { replace: true } } peers { permanent_uuid: "43aa753b259f4c2da91258be99bfb371" member_type: VOTER last_known_addr { host: "127.0.107.194" port: 43581 } } peers { permanent_uuid: "c293ad6d69f64ff8940bab5735f222f9" member_type: VOTER last_known_addr { host: "127.0.107.195" port: 34805 } } peers { permanent_uuid: "cb79171a14364adcb90e144d41cca55e" member_type: NON_VOTER last_known_addr { host: "127.0.107.196" port: 33299 } attrs { promote: true } }
I20260713 09:01:26.332011  2013 raft_consensus.cc:740] T 631e9f035f234531ab920ca5d59a056c P cb79171a14364adcb90e144d41cca55e [term 1 LEARNER]: Becoming Follower/Learner. State: Replica: cb79171a14364adcb90e144d41cca55e, State: Initialized, Role: LEARNER
I20260713 09:01:26.332688  2013 consensus_queue.cc:260] T 631e9f035f234531ab920ca5d59a056c P cb79171a14364adcb90e144d41cca55e [NON_LEADER]: Queue going to NON_LEADER mode. State: All replicated index: 0, Majority replicated index: 0, Committed index: 2, Last appended: 1.2, Last appended by leader: 2, Current term: 0, Majority size: -1, State: 0, Mode: NON_LEADER, active raft config: opid_index: 2 OBSOLETE_local: false peers { permanent_uuid: "9cf59bf1d3454c9e87e34bb55660f612" member_type: VOTER last_known_addr { host: "127.0.107.193" port: 43223 } attrs { replace: true } } peers { permanent_uuid: "43aa753b259f4c2da91258be99bfb371" member_type: VOTER last_known_addr { host: "127.0.107.194" port: 43581 } } peers { permanent_uuid: "c293ad6d69f64ff8940bab5735f222f9" member_type: VOTER last_known_addr { host: "127.0.107.195" port: 34805 } } peers { permanent_uuid: "cb79171a14364adcb90e144d41cca55e" member_type: NON_VOTER last_known_addr { host: "127.0.107.196" port: 33299 } attrs { promote: true } }
I20260713 09:01:26.342023  2017 tablet_bootstrap.cc:492] T 169a3a38e51f48668dbe8cb597da5d02 P cb79171a14364adcb90e144d41cca55e: Bootstrap replayed 1/1 log segments. Stats: ops{read=2 overwritten=0 applied=2 ignored=0} inserts{seen=0 ignored=0} mutations{seen=0 ignored=0} orphaned_commits=0. Pending: 0 replicates
I20260713 09:01:26.342864  2017 tablet_bootstrap.cc:492] T 169a3a38e51f48668dbe8cb597da5d02 P cb79171a14364adcb90e144d41cca55e: Bootstrap complete.
I20260713 09:01:26.343472  2017 ts_tablet_manager.cc:1403] T 169a3a38e51f48668dbe8cb597da5d02 P cb79171a14364adcb90e144d41cca55e: Time spent bootstrapping tablet: real 0.074s	user 0.031s	sys 0.020s
I20260713 09:01:26.343572  2013 ts_tablet_manager.cc:1434] T 631e9f035f234531ab920ca5d59a056c P cb79171a14364adcb90e144d41cca55e: Time spent starting tablet: real 0.029s	user 0.007s	sys 0.006s
I20260713 09:01:26.344425  1993 heartbeater.cc:499] Master 127.0.107.254:35037 was elected leader, sending a full tablet report...
I20260713 09:01:26.346909  2017 raft_consensus.cc:359] T 169a3a38e51f48668dbe8cb597da5d02 P cb79171a14364adcb90e144d41cca55e [term 1 LEARNER]: Replica starting. Triggering 0 pending ops. Active config: opid_index: 2 OBSOLETE_local: false peers { permanent_uuid: "9cf59bf1d3454c9e87e34bb55660f612" member_type: VOTER last_known_addr { host: "127.0.107.193" port: 43223 } } peers { permanent_uuid: "43aa753b259f4c2da91258be99bfb371" member_type: VOTER last_known_addr { host: "127.0.107.194" port: 43581 } attrs { replace: true } } peers { permanent_uuid: "c293ad6d69f64ff8940bab5735f222f9" member_type: VOTER last_known_addr { host: "127.0.107.195" port: 34805 } } peers { permanent_uuid: "cb79171a14364adcb90e144d41cca55e" member_type: NON_VOTER last_known_addr { host: "127.0.107.196" port: 33299 } attrs { promote: true } }
I20260713 09:01:26.349982  2018 tablet_bootstrap.cc:492] T 41e1f7a220a44f4992b45ed6c199d3a7 P cb79171a14364adcb90e144d41cca55e: Bootstrap replayed 1/1 log segments. Stats: ops{read=2 overwritten=0 applied=2 ignored=0} inserts{seen=0 ignored=0} mutations{seen=0 ignored=0} orphaned_commits=0. Pending: 0 replicates
I20260713 09:01:26.350863  2018 tablet_bootstrap.cc:492] T 41e1f7a220a44f4992b45ed6c199d3a7 P cb79171a14364adcb90e144d41cca55e: Bootstrap complete.
I20260713 09:01:26.351668  1626 tablet_copy_service.cc:342] P 43aa753b259f4c2da91258be99bfb371: Request end of tablet copy session cb79171a14364adcb90e144d41cca55e-631e9f035f234531ab920ca5d59a056c received from {username='slave'} at 127.0.0.1:49114
I20260713 09:01:26.352177  1626 tablet_copy_service.cc:434] P 43aa753b259f4c2da91258be99bfb371: ending tablet copy session cb79171a14364adcb90e144d41cca55e-631e9f035f234531ab920ca5d59a056c on tablet 631e9f035f234531ab920ca5d59a056c with peer cb79171a14364adcb90e144d41cca55e
I20260713 09:01:26.351511  2018 ts_tablet_manager.cc:1403] T 41e1f7a220a44f4992b45ed6c199d3a7 P cb79171a14364adcb90e144d41cca55e: Time spent bootstrapping tablet: real 0.061s	user 0.009s	sys 0.009s
I20260713 09:01:26.356330  2017 raft_consensus.cc:740] T 169a3a38e51f48668dbe8cb597da5d02 P cb79171a14364adcb90e144d41cca55e [term 1 LEARNER]: Becoming Follower/Learner. State: Replica: cb79171a14364adcb90e144d41cca55e, State: Initialized, Role: LEARNER
I20260713 09:01:26.356989  2017 consensus_queue.cc:260] T 169a3a38e51f48668dbe8cb597da5d02 P cb79171a14364adcb90e144d41cca55e [NON_LEADER]: Queue going to NON_LEADER mode. State: All replicated index: 0, Majority replicated index: 0, Committed index: 2, Last appended: 1.2, Last appended by leader: 2, Current term: 0, Majority size: -1, State: 0, Mode: NON_LEADER, active raft config: opid_index: 2 OBSOLETE_local: false peers { permanent_uuid: "9cf59bf1d3454c9e87e34bb55660f612" member_type: VOTER last_known_addr { host: "127.0.107.193" port: 43223 } } peers { permanent_uuid: "43aa753b259f4c2da91258be99bfb371" member_type: VOTER last_known_addr { host: "127.0.107.194" port: 43581 } attrs { replace: true } } peers { permanent_uuid: "c293ad6d69f64ff8940bab5735f222f9" member_type: VOTER last_known_addr { host: "127.0.107.195" port: 34805 } } peers { permanent_uuid: "cb79171a14364adcb90e144d41cca55e" member_type: NON_VOTER last_known_addr { host: "127.0.107.196" port: 33299 } attrs { promote: true } }
I20260713 09:01:26.359058  2017 ts_tablet_manager.cc:1434] T 169a3a38e51f48668dbe8cb597da5d02 P cb79171a14364adcb90e144d41cca55e: Time spent starting tablet: real 0.015s	user 0.004s	sys 0.000s
I20260713 09:01:26.359092  2024 tablet_copy_client.cc:806] T fa77f37e9bf9454ebe9312d530f82890 P cb79171a14364adcb90e144d41cca55e: tablet copy: Starting download of 0 data blocks...
I20260713 09:01:26.359664  2024 tablet_copy_client.cc:670] T fa77f37e9bf9454ebe9312d530f82890 P cb79171a14364adcb90e144d41cca55e: tablet copy: Starting download of 1 WAL segments...
I20260713 09:01:26.361513  1550 tablet_copy_service.cc:342] P 9cf59bf1d3454c9e87e34bb55660f612: Request end of tablet copy session cb79171a14364adcb90e144d41cca55e-169a3a38e51f48668dbe8cb597da5d02 received from {username='slave'} at 127.0.0.1:33810
I20260713 09:01:26.361901  1550 tablet_copy_service.cc:434] P 9cf59bf1d3454c9e87e34bb55660f612: ending tablet copy session cb79171a14364adcb90e144d41cca55e-169a3a38e51f48668dbe8cb597da5d02 on tablet 169a3a38e51f48668dbe8cb597da5d02 with peer cb79171a14364adcb90e144d41cca55e
I20260713 09:01:26.365902  2018 raft_consensus.cc:359] T 41e1f7a220a44f4992b45ed6c199d3a7 P cb79171a14364adcb90e144d41cca55e [term 1 LEARNER]: Replica starting. Triggering 0 pending ops. Active config: opid_index: 2 OBSOLETE_local: false peers { permanent_uuid: "9cf59bf1d3454c9e87e34bb55660f612" member_type: VOTER last_known_addr { host: "127.0.107.193" port: 43223 } } peers { permanent_uuid: "43aa753b259f4c2da91258be99bfb371" member_type: VOTER last_known_addr { host: "127.0.107.194" port: 43581 } } peers { permanent_uuid: "c293ad6d69f64ff8940bab5735f222f9" member_type: VOTER last_known_addr { host: "127.0.107.195" port: 34805 } attrs { replace: true } } peers { permanent_uuid: "cb79171a14364adcb90e144d41cca55e" member_type: NON_VOTER last_known_addr { host: "127.0.107.196" port: 33299 } attrs { promote: true } }
I20260713 09:01:26.366825  2018 raft_consensus.cc:740] T 41e1f7a220a44f4992b45ed6c199d3a7 P cb79171a14364adcb90e144d41cca55e [term 1 LEARNER]: Becoming Follower/Learner. State: Replica: cb79171a14364adcb90e144d41cca55e, State: Initialized, Role: LEARNER
I20260713 09:01:26.367462  2018 consensus_queue.cc:260] T 41e1f7a220a44f4992b45ed6c199d3a7 P cb79171a14364adcb90e144d41cca55e [NON_LEADER]: Queue going to NON_LEADER mode. State: All replicated index: 0, Majority replicated index: 0, Committed index: 2, Last appended: 1.2, Last appended by leader: 2, Current term: 0, Majority size: -1, State: 0, Mode: NON_LEADER, active raft config: opid_index: 2 OBSOLETE_local: false peers { permanent_uuid: "9cf59bf1d3454c9e87e34bb55660f612" member_type: VOTER last_known_addr { host: "127.0.107.193" port: 43223 } } peers { permanent_uuid: "43aa753b259f4c2da91258be99bfb371" member_type: VOTER last_known_addr { host: "127.0.107.194" port: 43581 } } peers { permanent_uuid: "c293ad6d69f64ff8940bab5735f222f9" member_type: VOTER last_known_addr { host: "127.0.107.195" port: 34805 } attrs { replace: true } } peers { permanent_uuid: "cb79171a14364adcb90e144d41cca55e" member_type: NON_VOTER last_known_addr { host: "127.0.107.196" port: 33299 } attrs { promote: true } }
I20260713 09:01:26.368716  2024 tablet_copy_client.cc:538] T fa77f37e9bf9454ebe9312d530f82890 P cb79171a14364adcb90e144d41cca55e: tablet copy: Tablet Copy complete. Replacing tablet superblock.
I20260713 09:01:26.374595  2018 ts_tablet_manager.cc:1434] T 41e1f7a220a44f4992b45ed6c199d3a7 P cb79171a14364adcb90e144d41cca55e: Time spent starting tablet: real 0.020s	user 0.006s	sys 0.000s
I20260713 09:01:26.376232  1550 tablet_copy_service.cc:342] P 9cf59bf1d3454c9e87e34bb55660f612: Request end of tablet copy session cb79171a14364adcb90e144d41cca55e-41e1f7a220a44f4992b45ed6c199d3a7 received from {username='slave'} at 127.0.0.1:33810
I20260713 09:01:26.376619  1550 tablet_copy_service.cc:434] P 9cf59bf1d3454c9e87e34bb55660f612: ending tablet copy session cb79171a14364adcb90e144d41cca55e-41e1f7a220a44f4992b45ed6c199d3a7 on tablet 41e1f7a220a44f4992b45ed6c199d3a7 with peer cb79171a14364adcb90e144d41cca55e
I20260713 09:01:26.382917  2024 tablet_bootstrap.cc:492] T fa77f37e9bf9454ebe9312d530f82890 P cb79171a14364adcb90e144d41cca55e: Bootstrap starting.
I20260713 09:01:26.404731  2024 tablet_bootstrap.cc:492] T fa77f37e9bf9454ebe9312d530f82890 P cb79171a14364adcb90e144d41cca55e: Bootstrap replayed 1/1 log segments. Stats: ops{read=2 overwritten=0 applied=2 ignored=0} inserts{seen=0 ignored=0} mutations{seen=0 ignored=0} orphaned_commits=0. Pending: 0 replicates
I20260713 09:01:26.405562  2024 tablet_bootstrap.cc:492] T fa77f37e9bf9454ebe9312d530f82890 P cb79171a14364adcb90e144d41cca55e: Bootstrap complete.
I20260713 09:01:26.406226  2024 ts_tablet_manager.cc:1403] T fa77f37e9bf9454ebe9312d530f82890 P cb79171a14364adcb90e144d41cca55e: Time spent bootstrapping tablet: real 0.024s	user 0.020s	sys 0.000s
I20260713 09:01:26.409673  2024 raft_consensus.cc:359] T fa77f37e9bf9454ebe9312d530f82890 P cb79171a14364adcb90e144d41cca55e [term 1 LEARNER]: Replica starting. Triggering 0 pending ops. Active config: opid_index: 2 OBSOLETE_local: false peers { permanent_uuid: "9cf59bf1d3454c9e87e34bb55660f612" member_type: VOTER last_known_addr { host: "127.0.107.193" port: 43223 } } peers { permanent_uuid: "43aa753b259f4c2da91258be99bfb371" member_type: VOTER last_known_addr { host: "127.0.107.194" port: 43581 } } peers { permanent_uuid: "c293ad6d69f64ff8940bab5735f222f9" member_type: VOTER last_known_addr { host: "127.0.107.195" port: 34805 } attrs { replace: true } } peers { permanent_uuid: "cb79171a14364adcb90e144d41cca55e" member_type: NON_VOTER last_known_addr { host: "127.0.107.196" port: 33299 } attrs { promote: true } }
I20260713 09:01:26.410529  2024 raft_consensus.cc:740] T fa77f37e9bf9454ebe9312d530f82890 P cb79171a14364adcb90e144d41cca55e [term 1 LEARNER]: Becoming Follower/Learner. State: Replica: cb79171a14364adcb90e144d41cca55e, State: Initialized, Role: LEARNER
I20260713 09:01:26.411157  2024 consensus_queue.cc:260] T fa77f37e9bf9454ebe9312d530f82890 P cb79171a14364adcb90e144d41cca55e [NON_LEADER]: Queue going to NON_LEADER mode. State: All replicated index: 0, Majority replicated index: 0, Committed index: 2, Last appended: 1.2, Last appended by leader: 2, Current term: 0, Majority size: -1, State: 0, Mode: NON_LEADER, active raft config: opid_index: 2 OBSOLETE_local: false peers { permanent_uuid: "9cf59bf1d3454c9e87e34bb55660f612" member_type: VOTER last_known_addr { host: "127.0.107.193" port: 43223 } } peers { permanent_uuid: "43aa753b259f4c2da91258be99bfb371" member_type: VOTER last_known_addr { host: "127.0.107.194" port: 43581 } } peers { permanent_uuid: "c293ad6d69f64ff8940bab5735f222f9" member_type: VOTER last_known_addr { host: "127.0.107.195" port: 34805 } attrs { replace: true } } peers { permanent_uuid: "cb79171a14364adcb90e144d41cca55e" member_type: NON_VOTER last_known_addr { host: "127.0.107.196" port: 33299 } attrs { promote: true } }
I20260713 09:01:26.413404  2024 ts_tablet_manager.cc:1434] T fa77f37e9bf9454ebe9312d530f82890 P cb79171a14364adcb90e144d41cca55e: Time spent starting tablet: real 0.007s	user 0.004s	sys 0.004s
I20260713 09:01:26.415970  1626 tablet_copy_service.cc:342] P 43aa753b259f4c2da91258be99bfb371: Request end of tablet copy session cb79171a14364adcb90e144d41cca55e-fa77f37e9bf9454ebe9312d530f82890 received from {username='slave'} at 127.0.0.1:49114
I20260713 09:01:26.416352  1626 tablet_copy_service.cc:434] P 43aa753b259f4c2da91258be99bfb371: ending tablet copy session cb79171a14364adcb90e144d41cca55e-fa77f37e9bf9454ebe9312d530f82890 on tablet fa77f37e9bf9454ebe9312d530f82890 with peer cb79171a14364adcb90e144d41cca55e
I20260713 09:01:26.550668  1616 raft_consensus.cc:1275] T 338bea2ba7db4c3d992f3c56b7780e33 P 43aa753b259f4c2da91258be99bfb371 [term 2 FOLLOWER]: Refusing update from remote peer 9cf59bf1d3454c9e87e34bb55660f612: Log matching property violated. Preceding OpId in replica: term: 1 index: 1. Preceding OpId from leader: term: 2 index: 2. (index mismatch)
I20260713 09:01:26.552078  1815 consensus_queue.cc:1048] T 338bea2ba7db4c3d992f3c56b7780e33 P 9cf59bf1d3454c9e87e34bb55660f612 [LEADER]: Connected to new peer: Peer: permanent_uuid: "43aa753b259f4c2da91258be99bfb371" member_type: VOTER last_known_addr { host: "127.0.107.194" port: 43581 }, Status: LMP_MISMATCH, Last received: 0.0, Next index: 2, Last known committed idx: 1, Time since last communication: 0.000s
I20260713 09:01:26.576829  1685 raft_consensus.cc:1275] T 338bea2ba7db4c3d992f3c56b7780e33 P c293ad6d69f64ff8940bab5735f222f9 [term 2 FOLLOWER]: Refusing update from remote peer 9cf59bf1d3454c9e87e34bb55660f612: Log matching property violated. Preceding OpId in replica: term: 0 index: 0. Preceding OpId from leader: term: 2 index: 2. (index mismatch)
I20260713 09:01:26.578227  1739 consensus_queue.cc:1048] T 338bea2ba7db4c3d992f3c56b7780e33 P 9cf59bf1d3454c9e87e34bb55660f612 [LEADER]: Connected to new peer: Peer: permanent_uuid: "c293ad6d69f64ff8940bab5735f222f9" member_type: VOTER last_known_addr { host: "127.0.107.195" port: 34805 }, Status: LMP_MISMATCH, Last received: 0.0, Next index: 2, Last known committed idx: 0, Time since last communication: 0.000s
I20260713 09:01:26.587371  1966 raft_consensus.cc:1217] T 41e1f7a220a44f4992b45ed6c199d3a7 P cb79171a14364adcb90e144d41cca55e [term 1 LEARNER]: Deduplicated request from leader. Original: 1.1->[1.2-1.2]   Dedup: 1.2->[]
I20260713 09:01:26.598549  1966 raft_consensus.cc:1217] T 169a3a38e51f48668dbe8cb597da5d02 P cb79171a14364adcb90e144d41cca55e [term 1 LEARNER]: Deduplicated request from leader. Original: 1.1->[1.2-1.2]   Dedup: 1.2->[]
I20260713 09:01:26.621739  1966 raft_consensus.cc:1217] T 631e9f035f234531ab920ca5d59a056c P cb79171a14364adcb90e144d41cca55e [term 1 LEARNER]: Deduplicated request from leader. Original: 1.1->[1.2-1.2]   Dedup: 1.2->[]
I20260713 09:01:26.757076  1966 raft_consensus.cc:1217] T fa77f37e9bf9454ebe9312d530f82890 P cb79171a14364adcb90e144d41cca55e [term 1 LEARNER]: Deduplicated request from leader. Original: 1.1->[1.2-1.2]   Dedup: 1.2->[]
I20260713 09:01:27.024956  1899 raft_consensus.cc:1064] T 631e9f035f234531ab920ca5d59a056c P 43aa753b259f4c2da91258be99bfb371: attempting to promote NON_VOTER cb79171a14364adcb90e144d41cca55e to VOTER
I20260713 09:01:27.027822  1899 consensus_queue.cc:237] T 631e9f035f234531ab920ca5d59a056c P 43aa753b259f4c2da91258be99bfb371 [LEADER]: Queue going to LEADER mode. State: All replicated index: 0, Majority replicated index: 2, Committed index: 2, Last appended: 1.2, Last appended by leader: 0, Current term: 1, Majority size: 3, State: 0, Mode: LEADER, active raft config: opid_index: 3 OBSOLETE_local: false peers { permanent_uuid: "9cf59bf1d3454c9e87e34bb55660f612" member_type: VOTER last_known_addr { host: "127.0.107.193" port: 43223 } attrs { replace: true } } peers { permanent_uuid: "43aa753b259f4c2da91258be99bfb371" member_type: VOTER last_known_addr { host: "127.0.107.194" port: 43581 } } peers { permanent_uuid: "c293ad6d69f64ff8940bab5735f222f9" member_type: VOTER last_known_addr { host: "127.0.107.195" port: 34805 } } peers { permanent_uuid: "cb79171a14364adcb90e144d41cca55e" member_type: VOTER last_known_addr { host: "127.0.107.196" port: 33299 } attrs { promote: false } }
I20260713 09:01:27.035037  1966 raft_consensus.cc:1275] T 631e9f035f234531ab920ca5d59a056c P cb79171a14364adcb90e144d41cca55e [term 1 LEARNER]: Refusing update from remote peer 43aa753b259f4c2da91258be99bfb371: Log matching property violated. Preceding OpId in replica: term: 1 index: 2. Preceding OpId from leader: term: 1 index: 3. (index mismatch)
I20260713 09:01:27.036940  1685 raft_consensus.cc:1275] T 631e9f035f234531ab920ca5d59a056c P c293ad6d69f64ff8940bab5735f222f9 [term 1 FOLLOWER]: Refusing update from remote peer 43aa753b259f4c2da91258be99bfb371: Log matching property violated. Preceding OpId in replica: term: 1 index: 2. Preceding OpId from leader: term: 1 index: 3. (index mismatch)
I20260713 09:01:27.036901  1847 consensus_queue.cc:1048] T 631e9f035f234531ab920ca5d59a056c P 43aa753b259f4c2da91258be99bfb371 [LEADER]: Connected to new peer: Peer: permanent_uuid: "cb79171a14364adcb90e144d41cca55e" member_type: VOTER last_known_addr { host: "127.0.107.196" port: 33299 } attrs { promote: false }, Status: LMP_MISMATCH, Last received: 0.0, Next index: 3, Last known committed idx: 2, Time since last communication: 0.001s
I20260713 09:01:27.040185  1847 consensus_queue.cc:1048] T 631e9f035f234531ab920ca5d59a056c P 43aa753b259f4c2da91258be99bfb371 [LEADER]: Connected to new peer: Peer: permanent_uuid: "c293ad6d69f64ff8940bab5735f222f9" member_type: VOTER last_known_addr { host: "127.0.107.195" port: 34805 }, Status: LMP_MISMATCH, Last received: 0.0, Next index: 3, Last known committed idx: 2, Time since last communication: 0.000s
I20260713 09:01:27.048691  1537 raft_consensus.cc:1275] T 631e9f035f234531ab920ca5d59a056c P 9cf59bf1d3454c9e87e34bb55660f612 [term 1 FOLLOWER]: Refusing update from remote peer 43aa753b259f4c2da91258be99bfb371: Log matching property violated. Preceding OpId in replica: term: 1 index: 2. Preceding OpId from leader: term: 1 index: 3. (index mismatch)
I20260713 09:01:27.057238  1815 raft_consensus.cc:1064] T 41e1f7a220a44f4992b45ed6c199d3a7 P 9cf59bf1d3454c9e87e34bb55660f612: attempting to promote NON_VOTER cb79171a14364adcb90e144d41cca55e to VOTER
I20260713 09:01:27.059511  1815 consensus_queue.cc:237] T 41e1f7a220a44f4992b45ed6c199d3a7 P 9cf59bf1d3454c9e87e34bb55660f612 [LEADER]: Queue going to LEADER mode. State: All replicated index: 0, Majority replicated index: 2, Committed index: 2, Last appended: 1.2, Last appended by leader: 0, Current term: 1, Majority size: 3, State: 0, Mode: LEADER, active raft config: opid_index: 3 OBSOLETE_local: false peers { permanent_uuid: "9cf59bf1d3454c9e87e34bb55660f612" member_type: VOTER last_known_addr { host: "127.0.107.193" port: 43223 } } peers { permanent_uuid: "43aa753b259f4c2da91258be99bfb371" member_type: VOTER last_known_addr { host: "127.0.107.194" port: 43581 } } peers { permanent_uuid: "c293ad6d69f64ff8940bab5735f222f9" member_type: VOTER last_known_addr { host: "127.0.107.195" port: 34805 } attrs { replace: true } } peers { permanent_uuid: "cb79171a14364adcb90e144d41cca55e" member_type: VOTER last_known_addr { host: "127.0.107.196" port: 33299 } attrs { promote: false } }
I20260713 09:01:27.060774  1847 consensus_queue.cc:1048] T 631e9f035f234531ab920ca5d59a056c P 43aa753b259f4c2da91258be99bfb371 [LEADER]: Connected to new peer: Peer: permanent_uuid: "9cf59bf1d3454c9e87e34bb55660f612" member_type: VOTER last_known_addr { host: "127.0.107.193" port: 43223 } attrs { replace: true }, Status: LMP_MISMATCH, Last received: 0.0, Next index: 3, Last known committed idx: 2, Time since last communication: 0.000s
I20260713 09:01:27.065665  1767 raft_consensus.cc:2955] T 631e9f035f234531ab920ca5d59a056c P 43aa753b259f4c2da91258be99bfb371 [term 1 LEADER]: Committing config change with OpId 1.3: config changed from index 2 to 3, cb79171a14364adcb90e144d41cca55e (127.0.107.196) changed from NON_VOTER to VOTER. New config: { opid_index: 3 OBSOLETE_local: false peers { permanent_uuid: "9cf59bf1d3454c9e87e34bb55660f612" member_type: VOTER last_known_addr { host: "127.0.107.193" port: 43223 } attrs { replace: true } } peers { permanent_uuid: "43aa753b259f4c2da91258be99bfb371" member_type: VOTER last_known_addr { host: "127.0.107.194" port: 43581 } } peers { permanent_uuid: "c293ad6d69f64ff8940bab5735f222f9" member_type: VOTER last_known_addr { host: "127.0.107.195" port: 34805 } } peers { permanent_uuid: "cb79171a14364adcb90e144d41cca55e" member_type: VOTER last_known_addr { host: "127.0.107.196" port: 33299 } attrs { promote: false } } }
I20260713 09:01:27.071357  1966 raft_consensus.cc:2955] T 631e9f035f234531ab920ca5d59a056c P cb79171a14364adcb90e144d41cca55e [term 1 FOLLOWER]: Committing config change with OpId 1.3: config changed from index 2 to 3, cb79171a14364adcb90e144d41cca55e (127.0.107.196) changed from NON_VOTER to VOTER. New config: { opid_index: 3 OBSOLETE_local: false peers { permanent_uuid: "9cf59bf1d3454c9e87e34bb55660f612" member_type: VOTER last_known_addr { host: "127.0.107.193" port: 43223 } attrs { replace: true } } peers { permanent_uuid: "43aa753b259f4c2da91258be99bfb371" member_type: VOTER last_known_addr { host: "127.0.107.194" port: 43581 } } peers { permanent_uuid: "c293ad6d69f64ff8940bab5735f222f9" member_type: VOTER last_known_addr { host: "127.0.107.195" port: 34805 } } peers { permanent_uuid: "cb79171a14364adcb90e144d41cca55e" member_type: VOTER last_known_addr { host: "127.0.107.196" port: 33299 } attrs { promote: false } } }
I20260713 09:01:27.079587  1685 raft_consensus.cc:2955] T 631e9f035f234531ab920ca5d59a056c P c293ad6d69f64ff8940bab5735f222f9 [term 1 FOLLOWER]: Committing config change with OpId 1.3: config changed from index 2 to 3, cb79171a14364adcb90e144d41cca55e (127.0.107.196) changed from NON_VOTER to VOTER. New config: { opid_index: 3 OBSOLETE_local: false peers { permanent_uuid: "9cf59bf1d3454c9e87e34bb55660f612" member_type: VOTER last_known_addr { host: "127.0.107.193" port: 43223 } attrs { replace: true } } peers { permanent_uuid: "43aa753b259f4c2da91258be99bfb371" member_type: VOTER last_known_addr { host: "127.0.107.194" port: 43581 } } peers { permanent_uuid: "c293ad6d69f64ff8940bab5735f222f9" member_type: VOTER last_known_addr { host: "127.0.107.195" port: 34805 } } peers { permanent_uuid: "cb79171a14364adcb90e144d41cca55e" member_type: VOTER last_known_addr { host: "127.0.107.196" port: 33299 } attrs { promote: false } } }
I20260713 09:01:27.090485  1965 raft_consensus.cc:1275] T 41e1f7a220a44f4992b45ed6c199d3a7 P cb79171a14364adcb90e144d41cca55e [term 1 LEARNER]: Refusing update from remote peer 9cf59bf1d3454c9e87e34bb55660f612: Log matching property violated. Preceding OpId in replica: term: 1 index: 2. Preceding OpId from leader: term: 1 index: 3. (index mismatch)
I20260713 09:01:27.092160  1739 consensus_queue.cc:1048] T 41e1f7a220a44f4992b45ed6c199d3a7 P 9cf59bf1d3454c9e87e34bb55660f612 [LEADER]: Connected to new peer: Peer: permanent_uuid: "cb79171a14364adcb90e144d41cca55e" member_type: VOTER last_known_addr { host: "127.0.107.196" port: 33299 } attrs { promote: false }, Status: LMP_MISMATCH, Last received: 0.0, Next index: 3, Last known committed idx: 2, Time since last communication: 0.000s
I20260713 09:01:27.104136  1688 raft_consensus.cc:1275] T 41e1f7a220a44f4992b45ed6c199d3a7 P c293ad6d69f64ff8940bab5735f222f9 [term 1 FOLLOWER]: Refusing update from remote peer 9cf59bf1d3454c9e87e34bb55660f612: Log matching property violated. Preceding OpId in replica: term: 1 index: 2. Preceding OpId from leader: term: 1 index: 3. (index mismatch)
I20260713 09:01:27.106232  1739 consensus_queue.cc:1048] T 41e1f7a220a44f4992b45ed6c199d3a7 P 9cf59bf1d3454c9e87e34bb55660f612 [LEADER]: Connected to new peer: Peer: permanent_uuid: "c293ad6d69f64ff8940bab5735f222f9" member_type: VOTER last_known_addr { host: "127.0.107.195" port: 34805 } attrs { replace: true }, Status: LMP_MISMATCH, Last received: 0.0, Next index: 3, Last known committed idx: 2, Time since last communication: 0.000s
I20260713 09:01:27.097289  1537 raft_consensus.cc:2955] T 631e9f035f234531ab920ca5d59a056c P 9cf59bf1d3454c9e87e34bb55660f612 [term 1 FOLLOWER]: Committing config change with OpId 1.3: config changed from index 2 to 3, cb79171a14364adcb90e144d41cca55e (127.0.107.196) changed from NON_VOTER to VOTER. New config: { opid_index: 3 OBSOLETE_local: false peers { permanent_uuid: "9cf59bf1d3454c9e87e34bb55660f612" member_type: VOTER last_known_addr { host: "127.0.107.193" port: 43223 } attrs { replace: true } } peers { permanent_uuid: "43aa753b259f4c2da91258be99bfb371" member_type: VOTER last_known_addr { host: "127.0.107.194" port: 43581 } } peers { permanent_uuid: "c293ad6d69f64ff8940bab5735f222f9" member_type: VOTER last_known_addr { host: "127.0.107.195" port: 34805 } } peers { permanent_uuid: "cb79171a14364adcb90e144d41cca55e" member_type: VOTER last_known_addr { host: "127.0.107.196" port: 33299 } attrs { promote: false } } }
I20260713 09:01:27.122586  1436 catalog_manager.cc:5697] T 631e9f035f234531ab920ca5d59a056c P 43aa753b259f4c2da91258be99bfb371 reported cstate change: config changed from index 2 to 3, cb79171a14364adcb90e144d41cca55e (127.0.107.196) changed from NON_VOTER to VOTER. New cstate: current_term: 1 leader_uuid: "43aa753b259f4c2da91258be99bfb371" committed_config { opid_index: 3 OBSOLETE_local: false peers { permanent_uuid: "9cf59bf1d3454c9e87e34bb55660f612" member_type: VOTER last_known_addr { host: "127.0.107.193" port: 43223 } attrs { replace: true } health_report { overall_health: HEALTHY } } peers { permanent_uuid: "43aa753b259f4c2da91258be99bfb371" member_type: VOTER last_known_addr { host: "127.0.107.194" port: 43581 } health_report { overall_health: HEALTHY } } peers { permanent_uuid: "c293ad6d69f64ff8940bab5735f222f9" member_type: VOTER last_known_addr { host: "127.0.107.195" port: 34805 } health_report { overall_health: HEALTHY } } peers { permanent_uuid: "cb79171a14364adcb90e144d41cca55e" member_type: VOTER last_known_addr { host: "127.0.107.196" port: 33299 } attrs { promote: false } health_report { overall_health: HEALTHY } } }
I20260713 09:01:27.131021  1616 raft_consensus.cc:1275] T 41e1f7a220a44f4992b45ed6c199d3a7 P 43aa753b259f4c2da91258be99bfb371 [term 1 FOLLOWER]: Refusing update from remote peer 9cf59bf1d3454c9e87e34bb55660f612: Log matching property violated. Preceding OpId in replica: term: 1 index: 2. Preceding OpId from leader: term: 1 index: 3. (index mismatch)
I20260713 09:01:27.150162  1815 consensus_queue.cc:1048] T 41e1f7a220a44f4992b45ed6c199d3a7 P 9cf59bf1d3454c9e87e34bb55660f612 [LEADER]: Connected to new peer: Peer: permanent_uuid: "43aa753b259f4c2da91258be99bfb371" member_type: VOTER last_known_addr { host: "127.0.107.194" port: 43581 }, Status: LMP_MISMATCH, Last received: 0.0, Next index: 3, Last known committed idx: 2, Time since last communication: 0.001s
I20260713 09:01:27.164330  2042 raft_consensus.cc:1064] T 169a3a38e51f48668dbe8cb597da5d02 P 9cf59bf1d3454c9e87e34bb55660f612: attempting to promote NON_VOTER cb79171a14364adcb90e144d41cca55e to VOTER
I20260713 09:01:27.173367  2042 consensus_queue.cc:237] T 169a3a38e51f48668dbe8cb597da5d02 P 9cf59bf1d3454c9e87e34bb55660f612 [LEADER]: Queue going to LEADER mode. State: All replicated index: 0, Majority replicated index: 2, Committed index: 2, Last appended: 1.2, Last appended by leader: 0, Current term: 1, Majority size: 3, State: 0, Mode: LEADER, active raft config: opid_index: 3 OBSOLETE_local: false peers { permanent_uuid: "9cf59bf1d3454c9e87e34bb55660f612" member_type: VOTER last_known_addr { host: "127.0.107.193" port: 43223 } } peers { permanent_uuid: "43aa753b259f4c2da91258be99bfb371" member_type: VOTER last_known_addr { host: "127.0.107.194" port: 43581 } attrs { replace: true } } peers { permanent_uuid: "c293ad6d69f64ff8940bab5735f222f9" member_type: VOTER last_known_addr { host: "127.0.107.195" port: 34805 } } peers { permanent_uuid: "cb79171a14364adcb90e144d41cca55e" member_type: VOTER last_known_addr { host: "127.0.107.196" port: 33299 } attrs { promote: false } }
I20260713 09:01:27.193300  2047 raft_consensus.cc:2955] T 41e1f7a220a44f4992b45ed6c199d3a7 P 9cf59bf1d3454c9e87e34bb55660f612 [term 1 LEADER]: Committing config change with OpId 1.3: config changed from index 2 to 3, cb79171a14364adcb90e144d41cca55e (127.0.107.196) changed from NON_VOTER to VOTER. New config: { opid_index: 3 OBSOLETE_local: false peers { permanent_uuid: "9cf59bf1d3454c9e87e34bb55660f612" member_type: VOTER last_known_addr { host: "127.0.107.193" port: 43223 } } peers { permanent_uuid: "43aa753b259f4c2da91258be99bfb371" member_type: VOTER last_known_addr { host: "127.0.107.194" port: 43581 } } peers { permanent_uuid: "c293ad6d69f64ff8940bab5735f222f9" member_type: VOTER last_known_addr { host: "127.0.107.195" port: 34805 } attrs { replace: true } } peers { permanent_uuid: "cb79171a14364adcb90e144d41cca55e" member_type: VOTER last_known_addr { host: "127.0.107.196" port: 33299 } attrs { promote: false } } }
I20260713 09:01:27.194796  1964 raft_consensus.cc:2955] T 41e1f7a220a44f4992b45ed6c199d3a7 P cb79171a14364adcb90e144d41cca55e [term 1 FOLLOWER]: Committing config change with OpId 1.3: config changed from index 2 to 3, cb79171a14364adcb90e144d41cca55e (127.0.107.196) changed from NON_VOTER to VOTER. New config: { opid_index: 3 OBSOLETE_local: false peers { permanent_uuid: "9cf59bf1d3454c9e87e34bb55660f612" member_type: VOTER last_known_addr { host: "127.0.107.193" port: 43223 } } peers { permanent_uuid: "43aa753b259f4c2da91258be99bfb371" member_type: VOTER last_known_addr { host: "127.0.107.194" port: 43581 } } peers { permanent_uuid: "c293ad6d69f64ff8940bab5735f222f9" member_type: VOTER last_known_addr { host: "127.0.107.195" port: 34805 } attrs { replace: true } } peers { permanent_uuid: "cb79171a14364adcb90e144d41cca55e" member_type: VOTER last_known_addr { host: "127.0.107.196" port: 33299 } attrs { promote: false } } }
I20260713 09:01:27.208981  1688 raft_consensus.cc:2955] T 41e1f7a220a44f4992b45ed6c199d3a7 P c293ad6d69f64ff8940bab5735f222f9 [term 1 FOLLOWER]: Committing config change with OpId 1.3: config changed from index 2 to 3, cb79171a14364adcb90e144d41cca55e (127.0.107.196) changed from NON_VOTER to VOTER. New config: { opid_index: 3 OBSOLETE_local: false peers { permanent_uuid: "9cf59bf1d3454c9e87e34bb55660f612" member_type: VOTER last_known_addr { host: "127.0.107.193" port: 43223 } } peers { permanent_uuid: "43aa753b259f4c2da91258be99bfb371" member_type: VOTER last_known_addr { host: "127.0.107.194" port: 43581 } } peers { permanent_uuid: "c293ad6d69f64ff8940bab5735f222f9" member_type: VOTER last_known_addr { host: "127.0.107.195" port: 34805 } attrs { replace: true } } peers { permanent_uuid: "cb79171a14364adcb90e144d41cca55e" member_type: VOTER last_known_addr { host: "127.0.107.196" port: 33299 } attrs { promote: false } } }
I20260713 09:01:27.241910  1616 raft_consensus.cc:2955] T 41e1f7a220a44f4992b45ed6c199d3a7 P 43aa753b259f4c2da91258be99bfb371 [term 1 FOLLOWER]: Committing config change with OpId 1.3: config changed from index 2 to 3, cb79171a14364adcb90e144d41cca55e (127.0.107.196) changed from NON_VOTER to VOTER. New config: { opid_index: 3 OBSOLETE_local: false peers { permanent_uuid: "9cf59bf1d3454c9e87e34bb55660f612" member_type: VOTER last_known_addr { host: "127.0.107.193" port: 43223 } } peers { permanent_uuid: "43aa753b259f4c2da91258be99bfb371" member_type: VOTER last_known_addr { host: "127.0.107.194" port: 43581 } } peers { permanent_uuid: "c293ad6d69f64ff8940bab5735f222f9" member_type: VOTER last_known_addr { host: "127.0.107.195" port: 34805 } attrs { replace: true } } peers { permanent_uuid: "cb79171a14364adcb90e144d41cca55e" member_type: VOTER last_known_addr { host: "127.0.107.196" port: 33299 } attrs { promote: false } } }
I20260713 09:01:27.263355  1964 raft_consensus.cc:1275] T 169a3a38e51f48668dbe8cb597da5d02 P cb79171a14364adcb90e144d41cca55e [term 1 LEARNER]: Refusing update from remote peer 9cf59bf1d3454c9e87e34bb55660f612: Log matching property violated. Preceding OpId in replica: term: 1 index: 2. Preceding OpId from leader: term: 1 index: 3. (index mismatch)
I20260713 09:01:27.267181  1688 raft_consensus.cc:1275] T 169a3a38e51f48668dbe8cb597da5d02 P c293ad6d69f64ff8940bab5735f222f9 [term 1 FOLLOWER]: Refusing update from remote peer 9cf59bf1d3454c9e87e34bb55660f612: Log matching property violated. Preceding OpId in replica: term: 1 index: 2. Preceding OpId from leader: term: 1 index: 3. (index mismatch)
I20260713 09:01:27.268610  1616 raft_consensus.cc:1275] T 169a3a38e51f48668dbe8cb597da5d02 P 43aa753b259f4c2da91258be99bfb371 [term 1 FOLLOWER]: Refusing update from remote peer 9cf59bf1d3454c9e87e34bb55660f612: Log matching property violated. Preceding OpId in replica: term: 1 index: 2. Preceding OpId from leader: term: 1 index: 3. (index mismatch)
I20260713 09:01:27.268787  1815 consensus_queue.cc:1048] T 169a3a38e51f48668dbe8cb597da5d02 P 9cf59bf1d3454c9e87e34bb55660f612 [LEADER]: Connected to new peer: Peer: permanent_uuid: "cb79171a14364adcb90e144d41cca55e" member_type: VOTER last_known_addr { host: "127.0.107.196" port: 33299 } attrs { promote: false }, Status: LMP_MISMATCH, Last received: 0.0, Next index: 3, Last known committed idx: 2, Time since last communication: 0.000s
I20260713 09:01:27.270478  1813 consensus_queue.cc:1048] T 169a3a38e51f48668dbe8cb597da5d02 P 9cf59bf1d3454c9e87e34bb55660f612 [LEADER]: Connected to new peer: Peer: permanent_uuid: "c293ad6d69f64ff8940bab5735f222f9" member_type: VOTER last_known_addr { host: "127.0.107.195" port: 34805 }, Status: LMP_MISMATCH, Last received: 0.0, Next index: 3, Last known committed idx: 2, Time since last communication: 0.001s
I20260713 09:01:27.272207  1815 consensus_queue.cc:1048] T 169a3a38e51f48668dbe8cb597da5d02 P 9cf59bf1d3454c9e87e34bb55660f612 [LEADER]: Connected to new peer: Peer: permanent_uuid: "43aa753b259f4c2da91258be99bfb371" member_type: VOTER last_known_addr { host: "127.0.107.194" port: 43581 } attrs { replace: true }, Status: LMP_MISMATCH, Last received: 0.0, Next index: 3, Last known committed idx: 2, Time since last communication: 0.000s
I20260713 09:01:27.292640  1847 raft_consensus.cc:1064] T fa77f37e9bf9454ebe9312d530f82890 P 43aa753b259f4c2da91258be99bfb371: attempting to promote NON_VOTER cb79171a14364adcb90e144d41cca55e to VOTER
