I20260713 09:00:38.495003  7548 raft_consensus.cc:740] T d099364a818b4ad6aa11e5b7d034317f P d80749b2ac55478ba759ffe83e31794a [term 1 LEARNER]: Becoming Follower/Learner. State: Replica: d80749b2ac55478ba759ffe83e31794a, State: Initialized, Role: LEARNER
I20260713 09:00:38.495505  7546 ts_tablet_manager.cc:1403] T 2ee0cb74979242a5a137e81abc035715 P d80749b2ac55478ba759ffe83e31794a: Time spent bootstrapping tablet: real 0.023s	user 0.023s	sys 0.000s
I20260713 09:00:38.495543  7548 consensus_queue.cc:260] T d099364a818b4ad6aa11e5b7d034317f P d80749b2ac55478ba759ffe83e31794a [NON_LEADER]: Queue going to NON_LEADER mode. State: All replicated index: 0, Majority replicated index: 0, Committed index: 2, Last appended: 1.2, Last appended by leader: 2, Current term: 0, Majority size: -1, State: 0, Mode: NON_LEADER, active raft config: opid_index: 2 OBSOLETE_local: false peers { permanent_uuid: "8d2fdcf4afa04ed4bb61bc3a8faa938e" member_type: VOTER last_known_addr { host: "127.5.196.193" port: 46855 } } peers { permanent_uuid: "977d55d3f6aa437dad5a32cf5c0fe18c" member_type: VOTER last_known_addr { host: "127.5.196.194" port: 40219 } } peers { permanent_uuid: "7f85461c42b24b559a7beb3c34c753e1" member_type: VOTER last_known_addr { host: "127.5.196.195" port: 36751 } attrs { replace: true } } peers { permanent_uuid: "d80749b2ac55478ba759ffe83e31794a" member_type: NON_VOTER last_known_addr { host: "127.5.196.196" port: 34747 } attrs { promote: true } }
I20260713 09:00:38.498610  7546 raft_consensus.cc:359] T 2ee0cb74979242a5a137e81abc035715 P d80749b2ac55478ba759ffe83e31794a [term 1 LEARNER]: Replica starting. Triggering 0 pending ops. Active config: opid_index: 2 OBSOLETE_local: false peers { permanent_uuid: "8d2fdcf4afa04ed4bb61bc3a8faa938e" member_type: VOTER last_known_addr { host: "127.5.196.193" port: 46855 } } peers { permanent_uuid: "977d55d3f6aa437dad5a32cf5c0fe18c" member_type: VOTER last_known_addr { host: "127.5.196.194" port: 40219 } } peers { permanent_uuid: "7f85461c42b24b559a7beb3c34c753e1" member_type: VOTER last_known_addr { host: "127.5.196.195" port: 36751 } attrs { replace: true } } peers { permanent_uuid: "d80749b2ac55478ba759ffe83e31794a" member_type: NON_VOTER last_known_addr { host: "127.5.196.196" port: 34747 } attrs { promote: true } }
I20260713 09:00:38.499419  7546 raft_consensus.cc:740] T 2ee0cb74979242a5a137e81abc035715 P d80749b2ac55478ba759ffe83e31794a [term 1 LEARNER]: Becoming Follower/Learner. State: Replica: d80749b2ac55478ba759ffe83e31794a, State: Initialized, Role: LEARNER
I20260713 09:00:38.500051  7546 consensus_queue.cc:260] T 2ee0cb74979242a5a137e81abc035715 P d80749b2ac55478ba759ffe83e31794a [NON_LEADER]: Queue going to NON_LEADER mode. State: All replicated index: 0, Majority replicated index: 0, Committed index: 2, Last appended: 1.2, Last appended by leader: 2, Current term: 0, Majority size: -1, State: 0, Mode: NON_LEADER, active raft config: opid_index: 2 OBSOLETE_local: false peers { permanent_uuid: "8d2fdcf4afa04ed4bb61bc3a8faa938e" member_type: VOTER last_known_addr { host: "127.5.196.193" port: 46855 } } peers { permanent_uuid: "977d55d3f6aa437dad5a32cf5c0fe18c" member_type: VOTER last_known_addr { host: "127.5.196.194" port: 40219 } } peers { permanent_uuid: "7f85461c42b24b559a7beb3c34c753e1" member_type: VOTER last_known_addr { host: "127.5.196.195" port: 36751 } attrs { replace: true } } peers { permanent_uuid: "d80749b2ac55478ba759ffe83e31794a" member_type: NON_VOTER last_known_addr { host: "127.5.196.196" port: 34747 } attrs { promote: true } }
I20260713 09:00:38.501521  7548 ts_tablet_manager.cc:1434] T d099364a818b4ad6aa11e5b7d034317f P d80749b2ac55478ba759ffe83e31794a: Time spent starting tablet: real 0.009s	user 0.005s	sys 0.003s
I20260713 09:00:38.503203  7089 tablet_copy_service.cc:342] P 977d55d3f6aa437dad5a32cf5c0fe18c: Request end of tablet copy session d80749b2ac55478ba759ffe83e31794a-d099364a818b4ad6aa11e5b7d034317f received from {username='slave'} at 127.0.0.1:50454
I20260713 09:00:38.503568  7089 tablet_copy_service.cc:434] P 977d55d3f6aa437dad5a32cf5c0fe18c: ending tablet copy session d80749b2ac55478ba759ffe83e31794a-d099364a818b4ad6aa11e5b7d034317f on tablet d099364a818b4ad6aa11e5b7d034317f with peer d80749b2ac55478ba759ffe83e31794a
I20260713 09:00:38.506942  7548 ts_tablet_manager.cc:933] T 14d64950d8cc4cb899e60c2c33b7ea46 P d80749b2ac55478ba759ffe83e31794a: Initiating tablet copy from peer 8d2fdcf4afa04ed4bb61bc3a8faa938e (127.5.196.193:46855)
I20260713 09:00:38.515302  7546 ts_tablet_manager.cc:1434] T 2ee0cb74979242a5a137e81abc035715 P d80749b2ac55478ba759ffe83e31794a: Time spent starting tablet: real 0.019s	user 0.002s	sys 0.010s
I20260713 09:00:38.517166  7014 tablet_copy_service.cc:342] P 8d2fdcf4afa04ed4bb61bc3a8faa938e: Request end of tablet copy session d80749b2ac55478ba759ffe83e31794a-2ee0cb74979242a5a137e81abc035715 received from {username='slave'} at 127.0.0.1:42054
I20260713 09:00:38.517596  7014 tablet_copy_service.cc:434] P 8d2fdcf4afa04ed4bb61bc3a8faa938e: ending tablet copy session d80749b2ac55478ba759ffe83e31794a-2ee0cb74979242a5a137e81abc035715 on tablet 2ee0cb74979242a5a137e81abc035715 with peer d80749b2ac55478ba759ffe83e31794a
I20260713 09:00:38.525635  7548 tablet_copy_client.cc:323] T 14d64950d8cc4cb899e60c2c33b7ea46 P d80749b2ac55478ba759ffe83e31794a: tablet copy: Beginning tablet copy session from remote peer at address 127.5.196.193:46855
I20260713 09:00:38.527079  7014 tablet_copy_service.cc:140] P 8d2fdcf4afa04ed4bb61bc3a8faa938e: Received BeginTabletCopySession request for tablet 14d64950d8cc4cb899e60c2c33b7ea46 from peer d80749b2ac55478ba759ffe83e31794a ({username='slave'} at 127.0.0.1:42054)
I20260713 09:00:38.527582  7014 tablet_copy_service.cc:161] P 8d2fdcf4afa04ed4bb61bc3a8faa938e: Beginning new tablet copy session on tablet 14d64950d8cc4cb899e60c2c33b7ea46 from peer d80749b2ac55478ba759ffe83e31794a at {username='slave'} at 127.0.0.1:42054: session id = d80749b2ac55478ba759ffe83e31794a-14d64950d8cc4cb899e60c2c33b7ea46
I20260713 09:00:38.533314  7014 tablet_copy_source_session.cc:215] T 14d64950d8cc4cb899e60c2c33b7ea46 P 8d2fdcf4afa04ed4bb61bc3a8faa938e: Tablet Copy: opened 0 blocks and 1 log segments
I20260713 09:00:38.535655  7548 data_dirs.cc:400] Could only allocate 1 dirs of requested 3 for tablet 14d64950d8cc4cb899e60c2c33b7ea46. 1 dirs total, 0 dirs full, 0 dirs failed
I20260713 09:00:38.547602  7548 tablet_copy_client.cc:806] T 14d64950d8cc4cb899e60c2c33b7ea46 P d80749b2ac55478ba759ffe83e31794a: tablet copy: Starting download of 0 data blocks...
I20260713 09:00:38.548117  7548 tablet_copy_client.cc:670] T 14d64950d8cc4cb899e60c2c33b7ea46 P d80749b2ac55478ba759ffe83e31794a: tablet copy: Starting download of 1 WAL segments...
I20260713 09:00:38.550863  7548 tablet_copy_client.cc:538] T 14d64950d8cc4cb899e60c2c33b7ea46 P d80749b2ac55478ba759ffe83e31794a: tablet copy: Tablet Copy complete. Replacing tablet superblock.
I20260713 09:00:38.556200  7548 tablet_bootstrap.cc:492] T 14d64950d8cc4cb899e60c2c33b7ea46 P d80749b2ac55478ba759ffe83e31794a: Bootstrap starting.
I20260713 09:00:38.570693  7548 tablet_bootstrap.cc:492] T 14d64950d8cc4cb899e60c2c33b7ea46 P d80749b2ac55478ba759ffe83e31794a: Bootstrap replayed 1/1 log segments. Stats: ops{read=2 overwritten=0 applied=2 ignored=0} inserts{seen=0 ignored=0} mutations{seen=0 ignored=0} orphaned_commits=0. Pending: 0 replicates
I20260713 09:00:38.571376  7548 tablet_bootstrap.cc:492] T 14d64950d8cc4cb899e60c2c33b7ea46 P d80749b2ac55478ba759ffe83e31794a: Bootstrap complete.
I20260713 09:00:38.571949  7548 ts_tablet_manager.cc:1403] T 14d64950d8cc4cb899e60c2c33b7ea46 P d80749b2ac55478ba759ffe83e31794a: Time spent bootstrapping tablet: real 0.016s	user 0.018s	sys 0.000s
I20260713 09:00:38.574227  7548 raft_consensus.cc:359] T 14d64950d8cc4cb899e60c2c33b7ea46 P d80749b2ac55478ba759ffe83e31794a [term 1 LEARNER]: Replica starting. Triggering 0 pending ops. Active config: opid_index: 2 OBSOLETE_local: false peers { permanent_uuid: "8d2fdcf4afa04ed4bb61bc3a8faa938e" member_type: VOTER last_known_addr { host: "127.5.196.193" port: 46855 } } peers { permanent_uuid: "977d55d3f6aa437dad5a32cf5c0fe18c" member_type: VOTER last_known_addr { host: "127.5.196.194" port: 40219 } attrs { replace: true } } peers { permanent_uuid: "7f85461c42b24b559a7beb3c34c753e1" member_type: VOTER last_known_addr { host: "127.5.196.195" port: 36751 } } peers { permanent_uuid: "d80749b2ac55478ba759ffe83e31794a" member_type: NON_VOTER last_known_addr { host: "127.5.196.196" port: 34747 } attrs { promote: true } }
I20260713 09:00:38.574772  7548 raft_consensus.cc:740] T 14d64950d8cc4cb899e60c2c33b7ea46 P d80749b2ac55478ba759ffe83e31794a [term 1 LEARNER]: Becoming Follower/Learner. State: Replica: d80749b2ac55478ba759ffe83e31794a, State: Initialized, Role: LEARNER
I20260713 09:00:38.575222  7548 consensus_queue.cc:260] T 14d64950d8cc4cb899e60c2c33b7ea46 P d80749b2ac55478ba759ffe83e31794a [NON_LEADER]: Queue going to NON_LEADER mode. State: All replicated index: 0, Majority replicated index: 0, Committed index: 2, Last appended: 1.2, Last appended by leader: 2, Current term: 0, Majority size: -1, State: 0, Mode: NON_LEADER, active raft config: opid_index: 2 OBSOLETE_local: false peers { permanent_uuid: "8d2fdcf4afa04ed4bb61bc3a8faa938e" member_type: VOTER last_known_addr { host: "127.5.196.193" port: 46855 } } peers { permanent_uuid: "977d55d3f6aa437dad5a32cf5c0fe18c" member_type: VOTER last_known_addr { host: "127.5.196.194" port: 40219 } attrs { replace: true } } peers { permanent_uuid: "7f85461c42b24b559a7beb3c34c753e1" member_type: VOTER last_known_addr { host: "127.5.196.195" port: 36751 } } peers { permanent_uuid: "d80749b2ac55478ba759ffe83e31794a" member_type: NON_VOTER last_known_addr { host: "127.5.196.196" port: 34747 } attrs { promote: true } }
I20260713 09:00:38.576833  7548 ts_tablet_manager.cc:1434] T 14d64950d8cc4cb899e60c2c33b7ea46 P d80749b2ac55478ba759ffe83e31794a: Time spent starting tablet: real 0.005s	user 0.002s	sys 0.000s
I20260713 09:00:38.578315  7014 tablet_copy_service.cc:342] P 8d2fdcf4afa04ed4bb61bc3a8faa938e: Request end of tablet copy session d80749b2ac55478ba759ffe83e31794a-14d64950d8cc4cb899e60c2c33b7ea46 received from {username='slave'} at 127.0.0.1:42054
I20260713 09:00:38.578640  7014 tablet_copy_service.cc:434] P 8d2fdcf4afa04ed4bb61bc3a8faa938e: ending tablet copy session d80749b2ac55478ba759ffe83e31794a-14d64950d8cc4cb899e60c2c33b7ea46 on tablet 14d64950d8cc4cb899e60c2c33b7ea46 with peer d80749b2ac55478ba759ffe83e31794a
I20260713 09:00:38.610148  7548 ts_tablet_manager.cc:933] T 45ad84a151fa4789a55324b5e0589b9a P d80749b2ac55478ba759ffe83e31794a: Initiating tablet copy from peer 7f85461c42b24b559a7beb3c34c753e1 (127.5.196.195:36751)
I20260713 09:00:38.611699  7548 tablet_copy_client.cc:323] T 45ad84a151fa4789a55324b5e0589b9a P d80749b2ac55478ba759ffe83e31794a: tablet copy: Beginning tablet copy session from remote peer at address 127.5.196.195:36751
I20260713 09:00:38.613112  7163 tablet_copy_service.cc:140] P 7f85461c42b24b559a7beb3c34c753e1: Received BeginTabletCopySession request for tablet 45ad84a151fa4789a55324b5e0589b9a from peer d80749b2ac55478ba759ffe83e31794a ({username='slave'} at 127.0.0.1:40356)
I20260713 09:00:38.613694  7163 tablet_copy_service.cc:161] P 7f85461c42b24b559a7beb3c34c753e1: Beginning new tablet copy session on tablet 45ad84a151fa4789a55324b5e0589b9a from peer d80749b2ac55478ba759ffe83e31794a at {username='slave'} at 127.0.0.1:40356: session id = d80749b2ac55478ba759ffe83e31794a-45ad84a151fa4789a55324b5e0589b9a
I20260713 09:00:38.663316  7163 tablet_copy_source_session.cc:215] T 45ad84a151fa4789a55324b5e0589b9a P 7f85461c42b24b559a7beb3c34c753e1: Tablet Copy: opened 0 blocks and 1 log segments
I20260713 09:00:38.668080  7548 data_dirs.cc:400] Could only allocate 1 dirs of requested 3 for tablet 45ad84a151fa4789a55324b5e0589b9a. 1 dirs total, 0 dirs full, 0 dirs failed
I20260713 09:00:38.683844  7548 tablet_copy_client.cc:806] T 45ad84a151fa4789a55324b5e0589b9a P d80749b2ac55478ba759ffe83e31794a: tablet copy: Starting download of 0 data blocks...
I20260713 09:00:38.684521  7548 tablet_copy_client.cc:670] T 45ad84a151fa4789a55324b5e0589b9a P d80749b2ac55478ba759ffe83e31794a: tablet copy: Starting download of 1 WAL segments...
I20260713 09:00:38.692838  7548 tablet_copy_client.cc:538] T 45ad84a151fa4789a55324b5e0589b9a P d80749b2ac55478ba759ffe83e31794a: tablet copy: Tablet Copy complete. Replacing tablet superblock.
I20260713 09:00:38.701004  7548 tablet_bootstrap.cc:492] T 45ad84a151fa4789a55324b5e0589b9a P d80749b2ac55478ba759ffe83e31794a: Bootstrap starting.
I20260713 09:00:38.721490  7548 tablet_bootstrap.cc:492] T 45ad84a151fa4789a55324b5e0589b9a P d80749b2ac55478ba759ffe83e31794a: Bootstrap replayed 1/1 log segments. Stats: ops{read=2 overwritten=0 applied=2 ignored=0} inserts{seen=0 ignored=0} mutations{seen=0 ignored=0} orphaned_commits=0. Pending: 0 replicates
I20260713 09:00:38.722502  7548 tablet_bootstrap.cc:492] T 45ad84a151fa4789a55324b5e0589b9a P d80749b2ac55478ba759ffe83e31794a: Bootstrap complete.
I20260713 09:00:38.723196  7548 ts_tablet_manager.cc:1403] T 45ad84a151fa4789a55324b5e0589b9a P d80749b2ac55478ba759ffe83e31794a: Time spent bootstrapping tablet: real 0.022s	user 0.018s	sys 0.005s
I20260713 09:00:38.725987  7548 raft_consensus.cc:359] T 45ad84a151fa4789a55324b5e0589b9a P d80749b2ac55478ba759ffe83e31794a [term 1 LEARNER]: Replica starting. Triggering 0 pending ops. Active config: opid_index: 2 OBSOLETE_local: false peers { permanent_uuid: "8d2fdcf4afa04ed4bb61bc3a8faa938e" member_type: VOTER last_known_addr { host: "127.5.196.193" port: 46855 } } peers { permanent_uuid: "977d55d3f6aa437dad5a32cf5c0fe18c" member_type: VOTER last_known_addr { host: "127.5.196.194" port: 40219 } attrs { replace: true } } peers { permanent_uuid: "7f85461c42b24b559a7beb3c34c753e1" member_type: VOTER last_known_addr { host: "127.5.196.195" port: 36751 } } peers { permanent_uuid: "d80749b2ac55478ba759ffe83e31794a" member_type: NON_VOTER last_known_addr { host: "127.5.196.196" port: 34747 } attrs { promote: true } }
I20260713 09:00:38.726893  7548 raft_consensus.cc:740] T 45ad84a151fa4789a55324b5e0589b9a P d80749b2ac55478ba759ffe83e31794a [term 1 LEARNER]: Becoming Follower/Learner. State: Replica: d80749b2ac55478ba759ffe83e31794a, State: Initialized, Role: LEARNER
I20260713 09:00:38.727403  7548 consensus_queue.cc:260] T 45ad84a151fa4789a55324b5e0589b9a P d80749b2ac55478ba759ffe83e31794a [NON_LEADER]: Queue going to NON_LEADER mode. State: All replicated index: 0, Majority replicated index: 0, Committed index: 2, Last appended: 1.2, Last appended by leader: 2, Current term: 0, Majority size: -1, State: 0, Mode: NON_LEADER, active raft config: opid_index: 2 OBSOLETE_local: false peers { permanent_uuid: "8d2fdcf4afa04ed4bb61bc3a8faa938e" member_type: VOTER last_known_addr { host: "127.5.196.193" port: 46855 } } peers { permanent_uuid: "977d55d3f6aa437dad5a32cf5c0fe18c" member_type: VOTER last_known_addr { host: "127.5.196.194" port: 40219 } attrs { replace: true } } peers { permanent_uuid: "7f85461c42b24b559a7beb3c34c753e1" member_type: VOTER last_known_addr { host: "127.5.196.195" port: 36751 } } peers { permanent_uuid: "d80749b2ac55478ba759ffe83e31794a" member_type: NON_VOTER last_known_addr { host: "127.5.196.196" port: 34747 } attrs { promote: true } }
I20260713 09:00:38.730486  7548 ts_tablet_manager.cc:1434] T 45ad84a151fa4789a55324b5e0589b9a P d80749b2ac55478ba759ffe83e31794a: Time spent starting tablet: real 0.007s	user 0.003s	sys 0.003s
I20260713 09:00:38.732115  7163 tablet_copy_service.cc:342] P 7f85461c42b24b559a7beb3c34c753e1: Request end of tablet copy session d80749b2ac55478ba759ffe83e31794a-45ad84a151fa4789a55324b5e0589b9a received from {username='slave'} at 127.0.0.1:40356
I20260713 09:00:38.732599  7163 tablet_copy_service.cc:434] P 7f85461c42b24b559a7beb3c34c753e1: ending tablet copy session d80749b2ac55478ba759ffe83e31794a-45ad84a151fa4789a55324b5e0589b9a on tablet 45ad84a151fa4789a55324b5e0589b9a with peer d80749b2ac55478ba759ffe83e31794a
I20260713 09:00:38.932417  7405 raft_consensus.cc:1217] T 2ee0cb74979242a5a137e81abc035715 P d80749b2ac55478ba759ffe83e31794a [term 1 LEARNER]: Deduplicated request from leader. Original: 1.1->[1.2-1.2]   Dedup: 1.2->[]
I20260713 09:00:38.985669  7405 raft_consensus.cc:1217] T d099364a818b4ad6aa11e5b7d034317f P d80749b2ac55478ba759ffe83e31794a [term 1 LEARNER]: Deduplicated request from leader. Original: 1.1->[1.2-1.2]   Dedup: 1.2->[]
I20260713 09:00:39.037361  7405 raft_consensus.cc:1217] T 14d64950d8cc4cb899e60c2c33b7ea46 P d80749b2ac55478ba759ffe83e31794a [term 1 LEARNER]: Deduplicated request from leader. Original: 1.1->[1.2-1.2]   Dedup: 1.2->[]
I20260713 09:00:39.046770  7405 raft_consensus.cc:1217] T 45ad84a151fa4789a55324b5e0589b9a P d80749b2ac55478ba759ffe83e31794a [term 1 LEARNER]: Deduplicated request from leader. Original: 1.1->[1.2-1.2]   Dedup: 1.2->[]
I20260713 09:00:39.326606  7295 raft_consensus.cc:1064] T 2ee0cb74979242a5a137e81abc035715 P 8d2fdcf4afa04ed4bb61bc3a8faa938e: attempting to promote NON_VOTER d80749b2ac55478ba759ffe83e31794a to VOTER
I20260713 09:00:39.328438  7295 consensus_queue.cc:237] T 2ee0cb74979242a5a137e81abc035715 P 8d2fdcf4afa04ed4bb61bc3a8faa938e [LEADER]: Queue going to LEADER mode. State: All replicated index: 0, Majority replicated index: 2, Committed index: 2, Last appended: 1.2, Last appended by leader: 0, Current term: 1, Majority size: 3, State: 0, Mode: LEADER, active raft config: opid_index: 3 OBSOLETE_local: false peers { permanent_uuid: "8d2fdcf4afa04ed4bb61bc3a8faa938e" member_type: VOTER last_known_addr { host: "127.5.196.193" port: 46855 } } peers { permanent_uuid: "977d55d3f6aa437dad5a32cf5c0fe18c" member_type: VOTER last_known_addr { host: "127.5.196.194" port: 40219 } } peers { permanent_uuid: "7f85461c42b24b559a7beb3c34c753e1" member_type: VOTER last_known_addr { host: "127.5.196.195" port: 36751 } attrs { replace: true } } peers { permanent_uuid: "d80749b2ac55478ba759ffe83e31794a" member_type: VOTER last_known_addr { host: "127.5.196.196" port: 34747 } attrs { promote: false } }
I20260713 09:00:39.335199  7405 raft_consensus.cc:1275] T 2ee0cb74979242a5a137e81abc035715 P d80749b2ac55478ba759ffe83e31794a [term 1 LEARNER]: Refusing update from remote peer 8d2fdcf4afa04ed4bb61bc3a8faa938e: Log matching property violated. Preceding OpId in replica: term: 1 index: 2. Preceding OpId from leader: term: 1 index: 3. (index mismatch)
I20260713 09:00:39.335290  7153 raft_consensus.cc:1275] T 2ee0cb74979242a5a137e81abc035715 P 7f85461c42b24b559a7beb3c34c753e1 [term 1 FOLLOWER]: Refusing update from remote peer 8d2fdcf4afa04ed4bb61bc3a8faa938e: Log matching property violated. Preceding OpId in replica: term: 1 index: 2. Preceding OpId from leader: term: 1 index: 3. (index mismatch)
I20260713 09:00:39.335287  7077 raft_consensus.cc:1275] T 2ee0cb74979242a5a137e81abc035715 P 977d55d3f6aa437dad5a32cf5c0fe18c [term 1 FOLLOWER]: Refusing update from remote peer 8d2fdcf4afa04ed4bb61bc3a8faa938e: Log matching property violated. Preceding OpId in replica: term: 1 index: 2. Preceding OpId from leader: term: 1 index: 3. (index mismatch)
I20260713 09:00:39.336694  7560 consensus_queue.cc:1048] T 2ee0cb74979242a5a137e81abc035715 P 8d2fdcf4afa04ed4bb61bc3a8faa938e [LEADER]: Connected to new peer: Peer: permanent_uuid: "7f85461c42b24b559a7beb3c34c753e1" member_type: VOTER last_known_addr { host: "127.5.196.195" port: 36751 } attrs { replace: true }, Status: LMP_MISMATCH, Last received: 0.0, Next index: 3, Last known committed idx: 2, Time since last communication: 0.000s
I20260713 09:00:39.337707  7570 consensus_queue.cc:1048] T 2ee0cb74979242a5a137e81abc035715 P 8d2fdcf4afa04ed4bb61bc3a8faa938e [LEADER]: Connected to new peer: Peer: permanent_uuid: "977d55d3f6aa437dad5a32cf5c0fe18c" member_type: VOTER last_known_addr { host: "127.5.196.194" port: 40219 }, Status: LMP_MISMATCH, Last received: 0.0, Next index: 3, Last known committed idx: 2, Time since last communication: 0.000s
I20260713 09:00:39.338480  7295 consensus_queue.cc:1048] T 2ee0cb74979242a5a137e81abc035715 P 8d2fdcf4afa04ed4bb61bc3a8faa938e [LEADER]: Connected to new peer: Peer: permanent_uuid: "d80749b2ac55478ba759ffe83e31794a" member_type: VOTER last_known_addr { host: "127.5.196.196" port: 34747 } attrs { promote: false }, Status: LMP_MISMATCH, Last received: 0.0, Next index: 3, Last known committed idx: 2, Time since last communication: 0.000s
I20260713 09:00:39.361732  7570 raft_consensus.cc:2955] T 2ee0cb74979242a5a137e81abc035715 P 8d2fdcf4afa04ed4bb61bc3a8faa938e [term 1 LEADER]: Committing config change with OpId 1.3: config changed from index 2 to 3, d80749b2ac55478ba759ffe83e31794a (127.5.196.196) changed from NON_VOTER to VOTER. New config: { opid_index: 3 OBSOLETE_local: false peers { permanent_uuid: "8d2fdcf4afa04ed4bb61bc3a8faa938e" member_type: VOTER last_known_addr { host: "127.5.196.193" port: 46855 } } peers { permanent_uuid: "977d55d3f6aa437dad5a32cf5c0fe18c" member_type: VOTER last_known_addr { host: "127.5.196.194" port: 40219 } } peers { permanent_uuid: "7f85461c42b24b559a7beb3c34c753e1" member_type: VOTER last_known_addr { host: "127.5.196.195" port: 36751 } attrs { replace: true } } peers { permanent_uuid: "d80749b2ac55478ba759ffe83e31794a" member_type: VOTER last_known_addr { host: "127.5.196.196" port: 34747 } attrs { promote: false } } }
I20260713 09:00:39.363577  7407 raft_consensus.cc:2955] T 2ee0cb74979242a5a137e81abc035715 P d80749b2ac55478ba759ffe83e31794a [term 1 FOLLOWER]: Committing config change with OpId 1.3: config changed from index 2 to 3, d80749b2ac55478ba759ffe83e31794a (127.5.196.196) changed from NON_VOTER to VOTER. New config: { opid_index: 3 OBSOLETE_local: false peers { permanent_uuid: "8d2fdcf4afa04ed4bb61bc3a8faa938e" member_type: VOTER last_known_addr { host: "127.5.196.193" port: 46855 } } peers { permanent_uuid: "977d55d3f6aa437dad5a32cf5c0fe18c" member_type: VOTER last_known_addr { host: "127.5.196.194" port: 40219 } } peers { permanent_uuid: "7f85461c42b24b559a7beb3c34c753e1" member_type: VOTER last_known_addr { host: "127.5.196.195" port: 36751 } attrs { replace: true } } peers { permanent_uuid: "d80749b2ac55478ba759ffe83e31794a" member_type: VOTER last_known_addr { host: "127.5.196.196" port: 34747 } attrs { promote: false } } }
I20260713 09:00:39.374166  7153 raft_consensus.cc:2955] T 2ee0cb74979242a5a137e81abc035715 P 7f85461c42b24b559a7beb3c34c753e1 [term 1 FOLLOWER]: Committing config change with OpId 1.3: config changed from index 2 to 3, d80749b2ac55478ba759ffe83e31794a (127.5.196.196) changed from NON_VOTER to VOTER. New config: { opid_index: 3 OBSOLETE_local: false peers { permanent_uuid: "8d2fdcf4afa04ed4bb61bc3a8faa938e" member_type: VOTER last_known_addr { host: "127.5.196.193" port: 46855 } } peers { permanent_uuid: "977d55d3f6aa437dad5a32cf5c0fe18c" member_type: VOTER last_known_addr { host: "127.5.196.194" port: 40219 } } peers { permanent_uuid: "7f85461c42b24b559a7beb3c34c753e1" member_type: VOTER last_known_addr { host: "127.5.196.195" port: 36751 } attrs { replace: true } } peers { permanent_uuid: "d80749b2ac55478ba759ffe83e31794a" member_type: VOTER last_known_addr { host: "127.5.196.196" port: 34747 } attrs { promote: false } } }
I20260713 09:00:39.378769  6902 catalog_manager.cc:5697] T 2ee0cb74979242a5a137e81abc035715 P d80749b2ac55478ba759ffe83e31794a reported cstate change: config changed from index 2 to 3, d80749b2ac55478ba759ffe83e31794a (127.5.196.196) changed from NON_VOTER to VOTER. New cstate: current_term: 1 leader_uuid: "8d2fdcf4afa04ed4bb61bc3a8faa938e" committed_config { opid_index: 3 OBSOLETE_local: false peers { permanent_uuid: "8d2fdcf4afa04ed4bb61bc3a8faa938e" member_type: VOTER last_known_addr { host: "127.5.196.193" port: 46855 } } peers { permanent_uuid: "977d55d3f6aa437dad5a32cf5c0fe18c" member_type: VOTER last_known_addr { host: "127.5.196.194" port: 40219 } } peers { permanent_uuid: "7f85461c42b24b559a7beb3c34c753e1" member_type: VOTER last_known_addr { host: "127.5.196.195" port: 36751 } attrs { replace: true } } peers { permanent_uuid: "d80749b2ac55478ba759ffe83e31794a" member_type: VOTER last_known_addr { host: "127.5.196.196" port: 34747 } attrs { promote: false } } }
I20260713 09:00:39.380295  7077 raft_consensus.cc:2955] T 2ee0cb74979242a5a137e81abc035715 P 977d55d3f6aa437dad5a32cf5c0fe18c [term 1 FOLLOWER]: Committing config change with OpId 1.3: config changed from index 2 to 3, d80749b2ac55478ba759ffe83e31794a (127.5.196.196) changed from NON_VOTER to VOTER. New config: { opid_index: 3 OBSOLETE_local: false peers { permanent_uuid: "8d2fdcf4afa04ed4bb61bc3a8faa938e" member_type: VOTER last_known_addr { host: "127.5.196.193" port: 46855 } } peers { permanent_uuid: "977d55d3f6aa437dad5a32cf5c0fe18c" member_type: VOTER last_known_addr { host: "127.5.196.194" port: 40219 } } peers { permanent_uuid: "7f85461c42b24b559a7beb3c34c753e1" member_type: VOTER last_known_addr { host: "127.5.196.195" port: 36751 } attrs { replace: true } } peers { permanent_uuid: "d80749b2ac55478ba759ffe83e31794a" member_type: VOTER last_known_addr { host: "127.5.196.196" port: 34747 } attrs { promote: false } } }
I20260713 09:00:39.417728  7003 consensus_queue.cc:237] T 2ee0cb74979242a5a137e81abc035715 P 8d2fdcf4afa04ed4bb61bc3a8faa938e [LEADER]: Queue going to LEADER mode. State: All replicated index: 0, Majority replicated index: 3, Committed index: 3, Last appended: 1.3, Last appended by leader: 0, Current term: 1, Majority size: 2, State: 0, Mode: LEADER, active raft config: opid_index: 4 OBSOLETE_local: false peers { permanent_uuid: "8d2fdcf4afa04ed4bb61bc3a8faa938e" member_type: VOTER last_known_addr { host: "127.5.196.193" port: 46855 } } peers { permanent_uuid: "977d55d3f6aa437dad5a32cf5c0fe18c" member_type: VOTER last_known_addr { host: "127.5.196.194" port: 40219 } } peers { permanent_uuid: "d80749b2ac55478ba759ffe83e31794a" member_type: VOTER last_known_addr { host: "127.5.196.196" port: 34747 } attrs { promote: false } }
I20260713 09:00:39.424554  7407 raft_consensus.cc:1275] T 2ee0cb74979242a5a137e81abc035715 P d80749b2ac55478ba759ffe83e31794a [term 1 FOLLOWER]: Refusing update from remote peer 8d2fdcf4afa04ed4bb61bc3a8faa938e: Log matching property violated. Preceding OpId in replica: term: 1 index: 3. Preceding OpId from leader: term: 1 index: 4. (index mismatch)
I20260713 09:00:39.424892  7077 raft_consensus.cc:1275] T 2ee0cb74979242a5a137e81abc035715 P 977d55d3f6aa437dad5a32cf5c0fe18c [term 1 FOLLOWER]: Refusing update from remote peer 8d2fdcf4afa04ed4bb61bc3a8faa938e: Log matching property violated. Preceding OpId in replica: term: 1 index: 3. Preceding OpId from leader: term: 1 index: 4. (index mismatch)
I20260713 09:00:39.425958  7560 consensus_queue.cc:1048] T 2ee0cb74979242a5a137e81abc035715 P 8d2fdcf4afa04ed4bb61bc3a8faa938e [LEADER]: Connected to new peer: Peer: permanent_uuid: "d80749b2ac55478ba759ffe83e31794a" member_type: VOTER last_known_addr { host: "127.5.196.196" port: 34747 } attrs { promote: false }, Status: LMP_MISMATCH, Last received: 0.0, Next index: 4, Last known committed idx: 3, Time since last communication: 0.000s
I20260713 09:00:39.426862  7561 consensus_queue.cc:1048] T 2ee0cb74979242a5a137e81abc035715 P 8d2fdcf4afa04ed4bb61bc3a8faa938e [LEADER]: Connected to new peer: Peer: permanent_uuid: "977d55d3f6aa437dad5a32cf5c0fe18c" member_type: VOTER last_known_addr { host: "127.5.196.194" port: 40219 }, Status: LMP_MISMATCH, Last received: 0.0, Next index: 4, Last known committed idx: 3, Time since last communication: 0.000s
I20260713 09:00:39.432685  7295 raft_consensus.cc:2955] T 2ee0cb74979242a5a137e81abc035715 P 8d2fdcf4afa04ed4bb61bc3a8faa938e [term 1 LEADER]: Committing config change with OpId 1.4: config changed from index 3 to 4, VOTER 7f85461c42b24b559a7beb3c34c753e1 (127.5.196.195) evicted. New config: { opid_index: 4 OBSOLETE_local: false peers { permanent_uuid: "8d2fdcf4afa04ed4bb61bc3a8faa938e" member_type: VOTER last_known_addr { host: "127.5.196.193" port: 46855 } } peers { permanent_uuid: "977d55d3f6aa437dad5a32cf5c0fe18c" member_type: VOTER last_known_addr { host: "127.5.196.194" port: 40219 } } peers { permanent_uuid: "d80749b2ac55478ba759ffe83e31794a" member_type: VOTER last_known_addr { host: "127.5.196.196" port: 34747 } attrs { promote: false } } }
I20260713 09:00:39.434510  7407 raft_consensus.cc:2955] T 2ee0cb74979242a5a137e81abc035715 P d80749b2ac55478ba759ffe83e31794a [term 1 FOLLOWER]: Committing config change with OpId 1.4: config changed from index 3 to 4, VOTER 7f85461c42b24b559a7beb3c34c753e1 (127.5.196.195) evicted. New config: { opid_index: 4 OBSOLETE_local: false peers { permanent_uuid: "8d2fdcf4afa04ed4bb61bc3a8faa938e" member_type: VOTER last_known_addr { host: "127.5.196.193" port: 46855 } } peers { permanent_uuid: "977d55d3f6aa437dad5a32cf5c0fe18c" member_type: VOTER last_known_addr { host: "127.5.196.194" port: 40219 } } peers { permanent_uuid: "d80749b2ac55478ba759ffe83e31794a" member_type: VOTER last_known_addr { host: "127.5.196.196" port: 34747 } attrs { promote: false } } }
I20260713 09:00:39.436964  7077 raft_consensus.cc:2955] T 2ee0cb74979242a5a137e81abc035715 P 977d55d3f6aa437dad5a32cf5c0fe18c [term 1 FOLLOWER]: Committing config change with OpId 1.4: config changed from index 3 to 4, VOTER 7f85461c42b24b559a7beb3c34c753e1 (127.5.196.195) evicted. New config: { opid_index: 4 OBSOLETE_local: false peers { permanent_uuid: "8d2fdcf4afa04ed4bb61bc3a8faa938e" member_type: VOTER last_known_addr { host: "127.5.196.193" port: 46855 } } peers { permanent_uuid: "977d55d3f6aa437dad5a32cf5c0fe18c" member_type: VOTER last_known_addr { host: "127.5.196.194" port: 40219 } } peers { permanent_uuid: "d80749b2ac55478ba759ffe83e31794a" member_type: VOTER last_known_addr { host: "127.5.196.196" port: 34747 } attrs { promote: false } } }
I20260713 09:00:39.442018  6887 catalog_manager.cc:5210] ChangeConfig:REMOVE_PEER RPC for tablet 2ee0cb74979242a5a137e81abc035715 with cas_config_opid_index 3: ChangeConfig:REMOVE_PEER succeeded (attempt 1)
I20260713 09:00:39.447840  6900 catalog_manager.cc:5697] T 2ee0cb74979242a5a137e81abc035715 P 8d2fdcf4afa04ed4bb61bc3a8faa938e reported cstate change: config changed from index 3 to 4, VOTER 7f85461c42b24b559a7beb3c34c753e1 (127.5.196.195) evicted. New cstate: current_term: 1 leader_uuid: "8d2fdcf4afa04ed4bb61bc3a8faa938e" committed_config { opid_index: 4 OBSOLETE_local: false peers { permanent_uuid: "8d2fdcf4afa04ed4bb61bc3a8faa938e" member_type: VOTER last_known_addr { host: "127.5.196.193" port: 46855 } health_report { overall_health: HEALTHY } } peers { permanent_uuid: "977d55d3f6aa437dad5a32cf5c0fe18c" member_type: VOTER last_known_addr { host: "127.5.196.194" port: 40219 } health_report { overall_health: HEALTHY } } peers { permanent_uuid: "d80749b2ac55478ba759ffe83e31794a" member_type: VOTER last_known_addr { host: "127.5.196.196" port: 34747 } attrs { promote: false } health_report { overall_health: HEALTHY } } }
I20260713 09:00:39.454248  7568 raft_consensus.cc:1064] T 45ad84a151fa4789a55324b5e0589b9a P 7f85461c42b24b559a7beb3c34c753e1: attempting to promote NON_VOTER d80749b2ac55478ba759ffe83e31794a to VOTER
I20260713 09:00:39.456616  7568 consensus_queue.cc:237] T 45ad84a151fa4789a55324b5e0589b9a P 7f85461c42b24b559a7beb3c34c753e1 [LEADER]: Queue going to LEADER mode. State: All replicated index: 0, Majority replicated index: 2, Committed index: 2, Last appended: 1.2, Last appended by leader: 0, Current term: 1, Majority size: 3, State: 0, Mode: LEADER, active raft config: opid_index: 3 OBSOLETE_local: false peers { permanent_uuid: "8d2fdcf4afa04ed4bb61bc3a8faa938e" member_type: VOTER last_known_addr { host: "127.5.196.193" port: 46855 } } peers { permanent_uuid: "977d55d3f6aa437dad5a32cf5c0fe18c" member_type: VOTER last_known_addr { host: "127.5.196.194" port: 40219 } attrs { replace: true } } peers { permanent_uuid: "7f85461c42b24b559a7beb3c34c753e1" member_type: VOTER last_known_addr { host: "127.5.196.195" port: 36751 } } peers { permanent_uuid: "d80749b2ac55478ba759ffe83e31794a" member_type: VOTER last_known_addr { host: "127.5.196.196" port: 34747 } attrs { promote: false } }
I20260713 09:00:39.463502  7407 raft_consensus.cc:1275] T 45ad84a151fa4789a55324b5e0589b9a P d80749b2ac55478ba759ffe83e31794a [term 1 LEARNER]: Refusing update from remote peer 7f85461c42b24b559a7beb3c34c753e1: Log matching property violated. Preceding OpId in replica: term: 1 index: 2. Preceding OpId from leader: term: 1 index: 3. (index mismatch)
I20260713 09:00:39.465405  7077 raft_consensus.cc:1275] T 45ad84a151fa4789a55324b5e0589b9a P 977d55d3f6aa437dad5a32cf5c0fe18c [term 1 FOLLOWER]: Refusing update from remote peer 7f85461c42b24b559a7beb3c34c753e1: Log matching property violated. Preceding OpId in replica: term: 1 index: 2. Preceding OpId from leader: term: 1 index: 3. (index mismatch)
I20260713 09:00:39.465332  7526 consensus_queue.cc:1048] T 45ad84a151fa4789a55324b5e0589b9a P 7f85461c42b24b559a7beb3c34c753e1 [LEADER]: Connected to new peer: Peer: permanent_uuid: "d80749b2ac55478ba759ffe83e31794a" member_type: VOTER last_known_addr { host: "127.5.196.196" port: 34747 } attrs { promote: false }, Status: LMP_MISMATCH, Last received: 0.0, Next index: 3, Last known committed idx: 2, Time since last communication: 0.001s
I20260713 09:00:39.468705  7137 tablet_service.cc:1558] Processing DeleteTablet for tablet 2ee0cb74979242a5a137e81abc035715 with delete_type TABLET_DATA_TOMBSTONED (TS 7f85461c42b24b559a7beb3c34c753e1 not found in new config with opid_index 4) from {username='slave'} at 127.0.0.1:40320
I20260713 09:00:39.471860  7526 consensus_queue.cc:1048] T 45ad84a151fa4789a55324b5e0589b9a P 7f85461c42b24b559a7beb3c34c753e1 [LEADER]: Connected to new peer: Peer: permanent_uuid: "977d55d3f6aa437dad5a32cf5c0fe18c" member_type: VOTER last_known_addr { host: "127.5.196.194" port: 40219 } attrs { replace: true }, Status: LMP_MISMATCH, Last received: 0.0, Next index: 3, Last known committed idx: 2, Time since last communication: 0.000s
I20260713 09:00:39.478008  7003 raft_consensus.cc:1275] T 45ad84a151fa4789a55324b5e0589b9a P 8d2fdcf4afa04ed4bb61bc3a8faa938e [term 1 FOLLOWER]: Refusing update from remote peer 7f85461c42b24b559a7beb3c34c753e1: Log matching property violated. Preceding OpId in replica: term: 1 index: 2. Preceding OpId from leader: term: 1 index: 3. (index mismatch)
I20260713 09:00:39.479765  7526 consensus_queue.cc:1048] T 45ad84a151fa4789a55324b5e0589b9a P 7f85461c42b24b559a7beb3c34c753e1 [LEADER]: Connected to new peer: Peer: permanent_uuid: "8d2fdcf4afa04ed4bb61bc3a8faa938e" member_type: VOTER last_known_addr { host: "127.5.196.193" port: 46855 }, Status: LMP_MISMATCH, Last received: 0.0, Next index: 3, Last known committed idx: 2, Time since last communication: 0.000s
I20260713 09:00:39.489306  7568 raft_consensus.cc:2955] T 45ad84a151fa4789a55324b5e0589b9a P 7f85461c42b24b559a7beb3c34c753e1 [term 1 LEADER]: Committing config change with OpId 1.3: config changed from index 2 to 3, d80749b2ac55478ba759ffe83e31794a (127.5.196.196) changed from NON_VOTER to VOTER. New config: { opid_index: 3 OBSOLETE_local: false peers { permanent_uuid: "8d2fdcf4afa04ed4bb61bc3a8faa938e" member_type: VOTER last_known_addr { host: "127.5.196.193" port: 46855 } } peers { permanent_uuid: "977d55d3f6aa437dad5a32cf5c0fe18c" member_type: VOTER last_known_addr { host: "127.5.196.194" port: 40219 } attrs { replace: true } } peers { permanent_uuid: "7f85461c42b24b559a7beb3c34c753e1" member_type: VOTER last_known_addr { host: "127.5.196.195" port: 36751 } } peers { permanent_uuid: "d80749b2ac55478ba759ffe83e31794a" member_type: VOTER last_known_addr { host: "127.5.196.196" port: 34747 } attrs { promote: false } } }
I20260713 09:00:39.494334  7003 raft_consensus.cc:2955] T 45ad84a151fa4789a55324b5e0589b9a P 8d2fdcf4afa04ed4bb61bc3a8faa938e [term 1 FOLLOWER]: Committing config change with OpId 1.3: config changed from index 2 to 3, d80749b2ac55478ba759ffe83e31794a (127.5.196.196) changed from NON_VOTER to VOTER. New config: { opid_index: 3 OBSOLETE_local: false peers { permanent_uuid: "8d2fdcf4afa04ed4bb61bc3a8faa938e" member_type: VOTER last_known_addr { host: "127.5.196.193" port: 46855 } } peers { permanent_uuid: "977d55d3f6aa437dad5a32cf5c0fe18c" member_type: VOTER last_known_addr { host: "127.5.196.194" port: 40219 } attrs { replace: true } } peers { permanent_uuid: "7f85461c42b24b559a7beb3c34c753e1" member_type: VOTER last_known_addr { host: "127.5.196.195" port: 36751 } } peers { permanent_uuid: "d80749b2ac55478ba759ffe83e31794a" member_type: VOTER last_known_addr { host: "127.5.196.196" port: 34747 } attrs { promote: false } } }
I20260713 09:00:39.503022  7077 raft_consensus.cc:2955] T 45ad84a151fa4789a55324b5e0589b9a P 977d55d3f6aa437dad5a32cf5c0fe18c [term 1 FOLLOWER]: Committing config change with OpId 1.3: config changed from index 2 to 3, d80749b2ac55478ba759ffe83e31794a (127.5.196.196) changed from NON_VOTER to VOTER. New config: { opid_index: 3 OBSOLETE_local: false peers { permanent_uuid: "8d2fdcf4afa04ed4bb61bc3a8faa938e" member_type: VOTER last_known_addr { host: "127.5.196.193" port: 46855 } } peers { permanent_uuid: "977d55d3f6aa437dad5a32cf5c0fe18c" member_type: VOTER last_known_addr { host: "127.5.196.194" port: 40219 } attrs { replace: true } } peers { permanent_uuid: "7f85461c42b24b559a7beb3c34c753e1" member_type: VOTER last_known_addr { host: "127.5.196.195" port: 36751 } } peers { permanent_uuid: "d80749b2ac55478ba759ffe83e31794a" member_type: VOTER last_known_addr { host: "127.5.196.196" port: 34747 } attrs { promote: false } } }
I20260713 09:00:39.506282  7579 tablet_replica.cc:333] T 2ee0cb74979242a5a137e81abc035715 P 7f85461c42b24b559a7beb3c34c753e1: stopping tablet replica
I20260713 09:00:39.507409  7579 raft_consensus.cc:2243] T 2ee0cb74979242a5a137e81abc035715 P 7f85461c42b24b559a7beb3c34c753e1 [term 1 FOLLOWER]: Raft consensus shutting down.
I20260713 09:00:39.497802  7407 raft_consensus.cc:2955] T 45ad84a151fa4789a55324b5e0589b9a P d80749b2ac55478ba759ffe83e31794a [term 1 FOLLOWER]: Committing config change with OpId 1.3: config changed from index 2 to 3, d80749b2ac55478ba759ffe83e31794a (127.5.196.196) changed from NON_VOTER to VOTER. New config: { opid_index: 3 OBSOLETE_local: false peers { permanent_uuid: "8d2fdcf4afa04ed4bb61bc3a8faa938e" member_type: VOTER last_known_addr { host: "127.5.196.193" port: 46855 } } peers { permanent_uuid: "977d55d3f6aa437dad5a32cf5c0fe18c" member_type: VOTER last_known_addr { host: "127.5.196.194" port: 40219 } attrs { replace: true } } peers { permanent_uuid: "7f85461c42b24b559a7beb3c34c753e1" member_type: VOTER last_known_addr { host: "127.5.196.195" port: 36751 } } peers { permanent_uuid: "d80749b2ac55478ba759ffe83e31794a" member_type: VOTER last_known_addr { host: "127.5.196.196" port: 34747 } attrs { promote: false } } }
I20260713 09:00:39.508105  6900 catalog_manager.cc:5697] T 45ad84a151fa4789a55324b5e0589b9a P 7f85461c42b24b559a7beb3c34c753e1 reported cstate change: config changed from index 2 to 3, d80749b2ac55478ba759ffe83e31794a (127.5.196.196) changed from NON_VOTER to VOTER. New cstate: current_term: 1 leader_uuid: "7f85461c42b24b559a7beb3c34c753e1" committed_config { opid_index: 3 OBSOLETE_local: false peers { permanent_uuid: "8d2fdcf4afa04ed4bb61bc3a8faa938e" member_type: VOTER last_known_addr { host: "127.5.196.193" port: 46855 } health_report { overall_health: HEALTHY } } peers { permanent_uuid: "977d55d3f6aa437dad5a32cf5c0fe18c" member_type: VOTER last_known_addr { host: "127.5.196.194" port: 40219 } attrs { replace: true } health_report { overall_health: HEALTHY } } peers { permanent_uuid: "7f85461c42b24b559a7beb3c34c753e1" member_type: VOTER last_known_addr { host: "127.5.196.195" port: 36751 } health_report { overall_health: HEALTHY } } peers { permanent_uuid: "d80749b2ac55478ba759ffe83e31794a" member_type: VOTER last_known_addr { host: "127.5.196.196" port: 34747 } attrs { promote: false } health_report { overall_health: HEALTHY } } }
I20260713 09:00:39.517079  7579 raft_consensus.cc:2272] T 2ee0cb74979242a5a137e81abc035715 P 7f85461c42b24b559a7beb3c34c753e1 [term 1 FOLLOWER]: Raft consensus is shut down!
I20260713 09:00:39.524577  7579 ts_tablet_manager.cc:1916] T 2ee0cb74979242a5a137e81abc035715 P 7f85461c42b24b559a7beb3c34c753e1: Deleting tablet data with delete state TABLET_DATA_TOMBSTONED
I20260713 09:00:39.528614  7534 raft_consensus.cc:1064] T d099364a818b4ad6aa11e5b7d034317f P 977d55d3f6aa437dad5a32cf5c0fe18c: attempting to promote NON_VOTER d80749b2ac55478ba759ffe83e31794a to VOTER
I20260713 09:00:39.534986  7149 consensus_queue.cc:237] T 45ad84a151fa4789a55324b5e0589b9a P 7f85461c42b24b559a7beb3c34c753e1 [LEADER]: Queue going to LEADER mode. State: All replicated index: 0, Majority replicated index: 3, Committed index: 3, Last appended: 1.3, Last appended by leader: 0, Current term: 1, Majority size: 2, State: 0, Mode: LEADER, active raft config: opid_index: 4 OBSOLETE_local: false peers { permanent_uuid: "8d2fdcf4afa04ed4bb61bc3a8faa938e" member_type: VOTER last_known_addr { host: "127.5.196.193" port: 46855 } } peers { permanent_uuid: "7f85461c42b24b559a7beb3c34c753e1" member_type: VOTER last_known_addr { host: "127.5.196.195" port: 36751 } } peers { permanent_uuid: "d80749b2ac55478ba759ffe83e31794a" member_type: VOTER last_known_addr { host: "127.5.196.196" port: 34747 } attrs { promote: false } }
I20260713 09:00:39.542513  7579 ts_tablet_manager.cc:1929] T 2ee0cb74979242a5a137e81abc035715 P 7f85461c42b24b559a7beb3c34c753e1: tablet deleted with delete type TABLET_DATA_TOMBSTONED: last-logged OpId 1.3
I20260713 09:00:39.543123  7579 log.cc:1199] T 2ee0cb74979242a5a137e81abc035715 P 7f85461c42b24b559a7beb3c34c753e1: Deleting WAL directory at /tmp/dist-test-taskjUr0yL/test-tmp/auto_leader_rebalancer-test.0.LeaderRebalancerTest.AddTserver.1783933208341865-5907-0/minicluster-data/ts-2-root/wals/2ee0cb74979242a5a137e81abc035715
I20260713 09:00:39.545609  6886 catalog_manager.cc:5028] TS 7f85461c42b24b559a7beb3c34c753e1 (127.5.196.195:36751): tablet 2ee0cb74979242a5a137e81abc035715 (table test-workload [id=77dc614d6595437f92b9c82d0e575238]) successfully deleted
I20260713 09:00:39.547871  7534 consensus_queue.cc:237] T d099364a818b4ad6aa11e5b7d034317f P 977d55d3f6aa437dad5a32cf5c0fe18c [LEADER]: Queue going to LEADER mode. State: All replicated index: 0, Majority replicated index: 2, Committed index: 2, Last appended: 1.2, Last appended by leader: 0, Current term: 1, Majority size: 3, State: 0, Mode: LEADER, active raft config: opid_index: 3 OBSOLETE_local: false peers { permanent_uuid: "8d2fdcf4afa04ed4bb61bc3a8faa938e" member_type: VOTER last_known_addr { host: "127.5.196.193" port: 46855 } } peers { permanent_uuid: "977d55d3f6aa437dad5a32cf5c0fe18c" member_type: VOTER last_known_addr { host: "127.5.196.194" port: 40219 } } peers { permanent_uuid: "7f85461c42b24b559a7beb3c34c753e1" member_type: VOTER last_known_addr { host: "127.5.196.195" port: 36751 } attrs { replace: true } } peers { permanent_uuid: "d80749b2ac55478ba759ffe83e31794a" member_type: VOTER last_known_addr { host: "127.5.196.196" port: 34747 } attrs { promote: false } }
I20260713 09:00:39.552783  7003 raft_consensus.cc:1275] T 45ad84a151fa4789a55324b5e0589b9a P 8d2fdcf4afa04ed4bb61bc3a8faa938e [term 1 FOLLOWER]: Refusing update from remote peer 7f85461c42b24b559a7beb3c34c753e1: Log matching property violated. Preceding OpId in replica: term: 1 index: 3. Preceding OpId from leader: term: 1 index: 4. (index mismatch)
I20260713 09:00:39.553026  7405 raft_consensus.cc:1275] T 45ad84a151fa4789a55324b5e0589b9a P d80749b2ac55478ba759ffe83e31794a [term 1 FOLLOWER]: Refusing update from remote peer 7f85461c42b24b559a7beb3c34c753e1: Log matching property violated. Preceding OpId in replica: term: 1 index: 3. Preceding OpId from leader: term: 1 index: 4. (index mismatch)
I20260713 09:00:39.554867  7568 consensus_queue.cc:1048] T 45ad84a151fa4789a55324b5e0589b9a P 7f85461c42b24b559a7beb3c34c753e1 [LEADER]: Connected to new peer: Peer: permanent_uuid: "8d2fdcf4afa04ed4bb61bc3a8faa938e" member_type: VOTER last_known_addr { host: "127.5.196.193" port: 46855 }, Status: LMP_MISMATCH, Last received: 0.0, Next index: 4, Last known committed idx: 3, Time since last communication: 0.000s
I20260713 09:00:39.557721  7407 raft_consensus.cc:1275] T d099364a818b4ad6aa11e5b7d034317f P d80749b2ac55478ba759ffe83e31794a [term 1 LEARNER]: Refusing update from remote peer 977d55d3f6aa437dad5a32cf5c0fe18c: Log matching property violated. Preceding OpId in replica: term: 1 index: 2. Preceding OpId from leader: term: 1 index: 3. (index mismatch)
I20260713 09:00:39.558952  7568 consensus_queue.cc:1048] T 45ad84a151fa4789a55324b5e0589b9a P 7f85461c42b24b559a7beb3c34c753e1 [LEADER]: Connected to new peer: Peer: permanent_uuid: "d80749b2ac55478ba759ffe83e31794a" member_type: VOTER last_known_addr { host: "127.5.196.196" port: 34747 } attrs { promote: false }, Status: LMP_MISMATCH, Last received: 0.0, Next index: 4, Last known committed idx: 3, Time since last communication: 0.000s
I20260713 09:00:39.560598  7149 raft_consensus.cc:1275] T d099364a818b4ad6aa11e5b7d034317f P 7f85461c42b24b559a7beb3c34c753e1 [term 1 FOLLOWER]: Refusing update from remote peer 977d55d3f6aa437dad5a32cf5c0fe18c: Log matching property violated. Preceding OpId in replica: term: 1 index: 2. Preceding OpId from leader: term: 1 index: 3. (index mismatch)
I20260713 09:00:39.562083  7540 consensus_queue.cc:1048] T d099364a818b4ad6aa11e5b7d034317f P 977d55d3f6aa437dad5a32cf5c0fe18c [LEADER]: Connected to new peer: Peer: permanent_uuid: "d80749b2ac55478ba759ffe83e31794a" member_type: VOTER last_known_addr { host: "127.5.196.196" port: 34747 } attrs { promote: false }, Status: LMP_MISMATCH, Last received: 0.0, Next index: 3, Last known committed idx: 2, Time since last communication: 0.001s
I20260713 09:00:39.568143  7540 consensus_queue.cc:1048] T d099364a818b4ad6aa11e5b7d034317f P 977d55d3f6aa437dad5a32cf5c0fe18c [LEADER]: Connected to new peer: Peer: permanent_uuid: "7f85461c42b24b559a7beb3c34c753e1" member_type: VOTER last_known_addr { host: "127.5.196.195" port: 36751 } attrs { replace: true }, Status: LMP_MISMATCH, Last received: 0.0, Next index: 3, Last known committed idx: 2, Time since last communication: 0.000s
I20260713 09:00:39.570031  7004 raft_consensus.cc:2955] T 45ad84a151fa4789a55324b5e0589b9a P 8d2fdcf4afa04ed4bb61bc3a8faa938e [term 1 FOLLOWER]: Committing config change with OpId 1.4: config changed from index 3 to 4, VOTER 977d55d3f6aa437dad5a32cf5c0fe18c (127.5.196.194) evicted. New config: { opid_index: 4 OBSOLETE_local: false peers { permanent_uuid: "8d2fdcf4afa04ed4bb61bc3a8faa938e" member_type: VOTER last_known_addr { host: "127.5.196.193" port: 46855 } } peers { permanent_uuid: "7f85461c42b24b559a7beb3c34c753e1" member_type: VOTER last_known_addr { host: "127.5.196.195" port: 36751 } } peers { permanent_uuid: "d80749b2ac55478ba759ffe83e31794a" member_type: VOTER last_known_addr { host: "127.5.196.196" port: 34747 } attrs { promote: false } } }
I20260713 09:00:39.566958  7526 raft_consensus.cc:2955] T 45ad84a151fa4789a55324b5e0589b9a P 7f85461c42b24b559a7beb3c34c753e1 [term 1 LEADER]: Committing config change with OpId 1.4: config changed from index 3 to 4, VOTER 977d55d3f6aa437dad5a32cf5c0fe18c (127.5.196.194) evicted. New config: { opid_index: 4 OBSOLETE_local: false peers { permanent_uuid: "8d2fdcf4afa04ed4bb61bc3a8faa938e" member_type: VOTER last_known_addr { host: "127.5.196.193" port: 46855 } } peers { permanent_uuid: "7f85461c42b24b559a7beb3c34c753e1" member_type: VOTER last_known_addr { host: "127.5.196.195" port: 36751 } } peers { permanent_uuid: "d80749b2ac55478ba759ffe83e31794a" member_type: VOTER last_known_addr { host: "127.5.196.196" port: 34747 } attrs { promote: false } } }
I20260713 09:00:39.577272  7406 raft_consensus.cc:2955] T 45ad84a151fa4789a55324b5e0589b9a P d80749b2ac55478ba759ffe83e31794a [term 1 FOLLOWER]: Committing config change with OpId 1.4: config changed from index 3 to 4, VOTER 977d55d3f6aa437dad5a32cf5c0fe18c (127.5.196.194) evicted. New config: { opid_index: 4 OBSOLETE_local: false peers { permanent_uuid: "8d2fdcf4afa04ed4bb61bc3a8faa938e" member_type: VOTER last_known_addr { host: "127.5.196.193" port: 46855 } } peers { permanent_uuid: "7f85461c42b24b559a7beb3c34c753e1" member_type: VOTER last_known_addr { host: "127.5.196.195" port: 36751 } } peers { permanent_uuid: "d80749b2ac55478ba759ffe83e31794a" member_type: VOTER last_known_addr { host: "127.5.196.196" port: 34747 } attrs { promote: false } } }
I20260713 09:00:39.586324  6886 catalog_manager.cc:5210] ChangeConfig:REMOVE_PEER RPC for tablet 45ad84a151fa4789a55324b5e0589b9a with cas_config_opid_index 3: ChangeConfig:REMOVE_PEER succeeded (attempt 1)
I20260713 09:00:39.596453  6900 catalog_manager.cc:5697] T 45ad84a151fa4789a55324b5e0589b9a P 7f85461c42b24b559a7beb3c34c753e1 reported cstate change: config changed from index 3 to 4, VOTER 977d55d3f6aa437dad5a32cf5c0fe18c (127.5.196.194) evicted. New cstate: current_term: 1 leader_uuid: "7f85461c42b24b559a7beb3c34c753e1" committed_config { opid_index: 4 OBSOLETE_local: false peers { permanent_uuid: "8d2fdcf4afa04ed4bb61bc3a8faa938e" member_type: VOTER last_known_addr { host: "127.5.196.193" port: 46855 } health_report { overall_health: HEALTHY } } peers { permanent_uuid: "7f85461c42b24b559a7beb3c34c753e1" member_type: VOTER last_known_addr { host: "127.5.196.195" port: 36751 } health_report { overall_health: HEALTHY } } peers { permanent_uuid: "d80749b2ac55478ba759ffe83e31794a" member_type: VOTER last_known_addr { host: "127.5.196.196" port: 34747 } attrs { promote: false } health_report { overall_health: HEALTHY } } }
