I20260713 09:00:58.224745   758 raft_consensus.cc:359] T 75720382549c48e99275fd16dacfbbf3 P bafa38888d3c4855a805b5b9366a020e [term 0 FOLLOWER]: Replica starting. Triggering 0 pending ops. Active config: opid_index: -1 OBSOLETE_local: false peers { permanent_uuid: "bafa38888d3c4855a805b5b9366a020e" member_type: VOTER last_known_addr { host: "127.0.107.193" port: 45875 } } peers { permanent_uuid: "dda1bd6453e94486acf1812d3ac03132" member_type: VOTER last_known_addr { host: "127.0.107.194" port: 36241 } } peers { permanent_uuid: "9541d20d70e74e2b99d3eaaa5bba495d" member_type: VOTER last_known_addr { host: "127.0.107.195" port: 44593 } }
I20260713 09:00:58.225701   758 raft_consensus.cc:385] T 75720382549c48e99275fd16dacfbbf3 P bafa38888d3c4855a805b5b9366a020e [term 0 FOLLOWER]: Consensus starting up: Expiring failure detector timer to make a prompt election more likely
I20260713 09:00:58.226053   758 raft_consensus.cc:740] T 75720382549c48e99275fd16dacfbbf3 P bafa38888d3c4855a805b5b9366a020e [term 0 FOLLOWER]: Becoming Follower/Learner. State: Replica: bafa38888d3c4855a805b5b9366a020e, State: Initialized, Role: FOLLOWER
I20260713 09:00:58.226964   758 consensus_queue.cc:260] T 75720382549c48e99275fd16dacfbbf3 P bafa38888d3c4855a805b5b9366a020e [NON_LEADER]: Queue going to NON_LEADER mode. State: All replicated index: 0, Majority replicated index: 0, Committed index: 0, Last appended: 0.0, Last appended by leader: 0, Current term: 0, Majority size: -1, State: 0, Mode: NON_LEADER, active raft config: opid_index: -1 OBSOLETE_local: false peers { permanent_uuid: "bafa38888d3c4855a805b5b9366a020e" member_type: VOTER last_known_addr { host: "127.0.107.193" port: 45875 } } peers { permanent_uuid: "dda1bd6453e94486acf1812d3ac03132" member_type: VOTER last_known_addr { host: "127.0.107.194" port: 36241 } } peers { permanent_uuid: "9541d20d70e74e2b99d3eaaa5bba495d" member_type: VOTER last_known_addr { host: "127.0.107.195" port: 44593 } }
I20260713 09:00:58.234975   566 raft_consensus.cc:2468] T df20ea85d8a74413a88243c4f3e0d3ad P bafa38888d3c4855a805b5b9366a020e [term 1 FOLLOWER]: Leader election vote request: Granting yes vote for candidate dda1bd6453e94486acf1812d3ac03132 in term 1.
I20260713 09:00:58.235342   759 tablet_bootstrap.cc:492] T a51af2046e9f4718bfbaff3e7756e9b1 P 9541d20d70e74e2b99d3eaaa5bba495d: No bootstrap required, opened a new log
I20260713 09:00:58.236016   759 ts_tablet_manager.cc:1403] T a51af2046e9f4718bfbaff3e7756e9b1 P 9541d20d70e74e2b99d3eaaa5bba495d: Time spent bootstrapping tablet: real 0.122s	user 0.018s	sys 0.019s
I20260713 09:00:58.237408   758 ts_tablet_manager.cc:1434] T 75720382549c48e99275fd16dacfbbf3 P bafa38888d3c4855a805b5b9366a020e: Time spent starting tablet: real 0.027s	user 0.007s	sys 0.004s
I20260713 09:00:58.239799   759 raft_consensus.cc:359] T a51af2046e9f4718bfbaff3e7756e9b1 P 9541d20d70e74e2b99d3eaaa5bba495d [term 0 FOLLOWER]: Replica starting. Triggering 0 pending ops. Active config: opid_index: -1 OBSOLETE_local: false peers { permanent_uuid: "bafa38888d3c4855a805b5b9366a020e" member_type: VOTER last_known_addr { host: "127.0.107.193" port: 45875 } } peers { permanent_uuid: "dda1bd6453e94486acf1812d3ac03132" member_type: VOTER last_known_addr { host: "127.0.107.194" port: 36241 } } peers { permanent_uuid: "9541d20d70e74e2b99d3eaaa5bba495d" member_type: VOTER last_known_addr { host: "127.0.107.195" port: 44593 } }
I20260713 09:00:58.241360   759 raft_consensus.cc:385] T a51af2046e9f4718bfbaff3e7756e9b1 P 9541d20d70e74e2b99d3eaaa5bba495d [term 0 FOLLOWER]: Consensus starting up: Expiring failure detector timer to make a prompt election more likely
I20260713 09:00:58.242098   789 raft_consensus.cc:697] T 3bc59d066cbf4ae9806ce7b4649a7706 P dda1bd6453e94486acf1812d3ac03132 [term 1 LEADER]: Becoming Leader. State: Replica: dda1bd6453e94486acf1812d3ac03132, State: Running, Role: LEADER
I20260713 09:00:58.242157   759 raft_consensus.cc:740] T a51af2046e9f4718bfbaff3e7756e9b1 P 9541d20d70e74e2b99d3eaaa5bba495d [term 0 FOLLOWER]: Becoming Follower/Learner. State: Replica: 9541d20d70e74e2b99d3eaaa5bba495d, State: Initialized, Role: FOLLOWER
I20260713 09:00:58.243206   789 consensus_queue.cc:237] T 3bc59d066cbf4ae9806ce7b4649a7706 P dda1bd6453e94486acf1812d3ac03132 [LEADER]: Queue going to LEADER mode. State: All replicated index: 0, Majority replicated index: 0, Committed index: 0, Last appended: 0.0, Last appended by leader: 0, Current term: 1, Majority size: 2, State: 0, Mode: LEADER, active raft config: opid_index: -1 OBSOLETE_local: false peers { permanent_uuid: "9541d20d70e74e2b99d3eaaa5bba495d" member_type: VOTER last_known_addr { host: "127.0.107.195" port: 44593 } } peers { permanent_uuid: "bafa38888d3c4855a805b5b9366a020e" member_type: VOTER last_known_addr { host: "127.0.107.193" port: 45875 } } peers { permanent_uuid: "dda1bd6453e94486acf1812d3ac03132" member_type: VOTER last_known_addr { host: "127.0.107.194" port: 36241 } }
I20260713 09:00:58.244720   759 consensus_queue.cc:260] T a51af2046e9f4718bfbaff3e7756e9b1 P 9541d20d70e74e2b99d3eaaa5bba495d [NON_LEADER]: Queue going to NON_LEADER mode. State: All replicated index: 0, Majority replicated index: 0, Committed index: 0, Last appended: 0.0, Last appended by leader: 0, Current term: 0, Majority size: -1, State: 0, Mode: NON_LEADER, active raft config: opid_index: -1 OBSOLETE_local: false peers { permanent_uuid: "bafa38888d3c4855a805b5b9366a020e" member_type: VOTER last_known_addr { host: "127.0.107.193" port: 45875 } } peers { permanent_uuid: "dda1bd6453e94486acf1812d3ac03132" member_type: VOTER last_known_addr { host: "127.0.107.194" port: 36241 } } peers { permanent_uuid: "9541d20d70e74e2b99d3eaaa5bba495d" member_type: VOTER last_known_addr { host: "127.0.107.195" port: 44593 } }
I20260713 09:00:58.242094   758 tablet_bootstrap.cc:492] T 9a0277e86a234409a5c0558334e0ec0a P bafa38888d3c4855a805b5b9366a020e: Bootstrap starting.
I20260713 09:00:58.255148   758 tablet_bootstrap.cc:654] T 9a0277e86a234409a5c0558334e0ec0a P bafa38888d3c4855a805b5b9366a020e: Neither blocks nor log segments found. Creating new log.
I20260713 09:00:58.256760   759 ts_tablet_manager.cc:1434] T a51af2046e9f4718bfbaff3e7756e9b1 P 9541d20d70e74e2b99d3eaaa5bba495d: Time spent starting tablet: real 0.020s	user 0.005s	sys 0.003s
I20260713 09:00:58.257799   759 tablet_bootstrap.cc:492] T 75720382549c48e99275fd16dacfbbf3 P 9541d20d70e74e2b99d3eaaa5bba495d: Bootstrap starting.
I20260713 09:00:58.259223   760 tablet_bootstrap.cc:492] T 3af642a7899940febd8c4851c6d19b8f P dda1bd6453e94486acf1812d3ac03132: No bootstrap required, opened a new log
I20260713 09:00:58.259924   760 ts_tablet_manager.cc:1403] T 3af642a7899940febd8c4851c6d19b8f P dda1bd6453e94486acf1812d3ac03132: Time spent bootstrapping tablet: real 0.116s	user 0.019s	sys 0.013s
I20260713 09:00:58.263409   760 raft_consensus.cc:359] T 3af642a7899940febd8c4851c6d19b8f P dda1bd6453e94486acf1812d3ac03132 [term 0 FOLLOWER]: Replica starting. Triggering 0 pending ops. Active config: opid_index: -1 OBSOLETE_local: false peers { permanent_uuid: "bafa38888d3c4855a805b5b9366a020e" member_type: VOTER last_known_addr { host: "127.0.107.193" port: 45875 } } peers { permanent_uuid: "dda1bd6453e94486acf1812d3ac03132" member_type: VOTER last_known_addr { host: "127.0.107.194" port: 36241 } } peers { permanent_uuid: "9541d20d70e74e2b99d3eaaa5bba495d" member_type: VOTER last_known_addr { host: "127.0.107.195" port: 44593 } }
I20260713 09:00:58.264305   760 raft_consensus.cc:385] T 3af642a7899940febd8c4851c6d19b8f P dda1bd6453e94486acf1812d3ac03132 [term 0 FOLLOWER]: Consensus starting up: Expiring failure detector timer to make a prompt election more likely
I20260713 09:00:58.264699   760 raft_consensus.cc:740] T 3af642a7899940febd8c4851c6d19b8f P dda1bd6453e94486acf1812d3ac03132 [term 0 FOLLOWER]: Becoming Follower/Learner. State: Replica: dda1bd6453e94486acf1812d3ac03132, State: Initialized, Role: FOLLOWER
I20260713 09:00:58.267765   681 leader_election.cc:304] T 3bc59d066cbf4ae9806ce7b4649a7706 P 9541d20d70e74e2b99d3eaaa5bba495d [CANDIDATE]: Term 1 pre-election: Election decided. Result: candidate lost. Election summary: received 3 responses out of 3 voters: 1 yes votes; 2 no votes. yes voters: 9541d20d70e74e2b99d3eaaa5bba495d; no voters: bafa38888d3c4855a805b5b9366a020e, dda1bd6453e94486acf1812d3ac03132
I20260713 09:00:58.268560   759 tablet_bootstrap.cc:654] T 75720382549c48e99275fd16dacfbbf3 P 9541d20d70e74e2b99d3eaaa5bba495d: Neither blocks nor log segments found. Creating new log.
I20260713 09:00:58.268818   784 raft_consensus.cc:3060] T 3bc59d066cbf4ae9806ce7b4649a7706 P 9541d20d70e74e2b99d3eaaa5bba495d [term 0 FOLLOWER]: Advancing to term 1
I20260713 09:00:58.277637   784 raft_consensus.cc:2749] T 3bc59d066cbf4ae9806ce7b4649a7706 P 9541d20d70e74e2b99d3eaaa5bba495d [term 1 FOLLOWER]: Leader pre-election lost for term 1. Reason: could not achieve majority
I20260713 09:00:58.281380   759 tablet_bootstrap.cc:492] T 75720382549c48e99275fd16dacfbbf3 P 9541d20d70e74e2b99d3eaaa5bba495d: No bootstrap required, opened a new log
I20260713 09:00:58.265576   760 consensus_queue.cc:260] T 3af642a7899940febd8c4851c6d19b8f P dda1bd6453e94486acf1812d3ac03132 [NON_LEADER]: Queue going to NON_LEADER mode. State: All replicated index: 0, Majority replicated index: 0, Committed index: 0, Last appended: 0.0, Last appended by leader: 0, Current term: 0, Majority size: -1, State: 0, Mode: NON_LEADER, active raft config: opid_index: -1 OBSOLETE_local: false peers { permanent_uuid: "bafa38888d3c4855a805b5b9366a020e" member_type: VOTER last_known_addr { host: "127.0.107.193" port: 45875 } } peers { permanent_uuid: "dda1bd6453e94486acf1812d3ac03132" member_type: VOTER last_known_addr { host: "127.0.107.194" port: 36241 } } peers { permanent_uuid: "9541d20d70e74e2b99d3eaaa5bba495d" member_type: VOTER last_known_addr { host: "127.0.107.195" port: 44593 } }
I20260713 09:00:58.282243   759 ts_tablet_manager.cc:1403] T 75720382549c48e99275fd16dacfbbf3 P 9541d20d70e74e2b99d3eaaa5bba495d: Time spent bootstrapping tablet: real 0.025s	user 0.013s	sys 0.006s
I20260713 09:00:58.284201   760 ts_tablet_manager.cc:1434] T 3af642a7899940febd8c4851c6d19b8f P dda1bd6453e94486acf1812d3ac03132: Time spent starting tablet: real 0.024s	user 0.006s	sys 0.002s
I20260713 09:00:58.289426   760 tablet_bootstrap.cc:492] T 16a0e13993ed42eb83000912700c9949 P dda1bd6453e94486acf1812d3ac03132: Bootstrap starting.
I20260713 09:00:58.285130   759 raft_consensus.cc:359] T 75720382549c48e99275fd16dacfbbf3 P 9541d20d70e74e2b99d3eaaa5bba495d [term 0 FOLLOWER]: Replica starting. Triggering 0 pending ops. Active config: opid_index: -1 OBSOLETE_local: false peers { permanent_uuid: "bafa38888d3c4855a805b5b9366a020e" member_type: VOTER last_known_addr { host: "127.0.107.193" port: 45875 } } peers { permanent_uuid: "dda1bd6453e94486acf1812d3ac03132" member_type: VOTER last_known_addr { host: "127.0.107.194" port: 36241 } } peers { permanent_uuid: "9541d20d70e74e2b99d3eaaa5bba495d" member_type: VOTER last_known_addr { host: "127.0.107.195" port: 44593 } }
I20260713 09:00:58.293629   759 raft_consensus.cc:385] T 75720382549c48e99275fd16dacfbbf3 P 9541d20d70e74e2b99d3eaaa5bba495d [term 0 FOLLOWER]: Consensus starting up: Expiring failure detector timer to make a prompt election more likely
I20260713 09:00:58.294486   759 raft_consensus.cc:740] T 75720382549c48e99275fd16dacfbbf3 P 9541d20d70e74e2b99d3eaaa5bba495d [term 0 FOLLOWER]: Becoming Follower/Learner. State: Replica: 9541d20d70e74e2b99d3eaaa5bba495d, State: Initialized, Role: FOLLOWER
I20260713 09:00:58.295396   759 consensus_queue.cc:260] T 75720382549c48e99275fd16dacfbbf3 P 9541d20d70e74e2b99d3eaaa5bba495d [NON_LEADER]: Queue going to NON_LEADER mode. State: All replicated index: 0, Majority replicated index: 0, Committed index: 0, Last appended: 0.0, Last appended by leader: 0, Current term: 0, Majority size: -1, State: 0, Mode: NON_LEADER, active raft config: opid_index: -1 OBSOLETE_local: false peers { permanent_uuid: "bafa38888d3c4855a805b5b9366a020e" member_type: VOTER last_known_addr { host: "127.0.107.193" port: 45875 } } peers { permanent_uuid: "dda1bd6453e94486acf1812d3ac03132" member_type: VOTER last_known_addr { host: "127.0.107.194" port: 36241 } } peers { permanent_uuid: "9541d20d70e74e2b99d3eaaa5bba495d" member_type: VOTER last_known_addr { host: "127.0.107.195" port: 44593 } }
I20260713 09:00:58.299160   760 tablet_bootstrap.cc:654] T 16a0e13993ed42eb83000912700c9949 P dda1bd6453e94486acf1812d3ac03132: Neither blocks nor log segments found. Creating new log.
I20260713 09:00:58.299199   759 ts_tablet_manager.cc:1434] T 75720382549c48e99275fd16dacfbbf3 P 9541d20d70e74e2b99d3eaaa5bba495d: Time spent starting tablet: real 0.017s	user 0.008s	sys 0.000s
I20260713 09:00:58.300505   759 tablet_bootstrap.cc:492] T 9a0277e86a234409a5c0558334e0ec0a P 9541d20d70e74e2b99d3eaaa5bba495d: Bootstrap starting.
I20260713 09:00:58.306733   758 tablet_bootstrap.cc:492] T 9a0277e86a234409a5c0558334e0ec0a P bafa38888d3c4855a805b5b9366a020e: No bootstrap required, opened a new log
I20260713 09:00:58.307287   758 ts_tablet_manager.cc:1403] T 9a0277e86a234409a5c0558334e0ec0a P bafa38888d3c4855a805b5b9366a020e: Time spent bootstrapping tablet: real 0.069s	user 0.018s	sys 0.025s
I20260713 09:00:58.309468   759 tablet_bootstrap.cc:654] T 9a0277e86a234409a5c0558334e0ec0a P 9541d20d70e74e2b99d3eaaa5bba495d: Neither blocks nor log segments found. Creating new log.
I20260713 09:00:58.310362   758 raft_consensus.cc:359] T 9a0277e86a234409a5c0558334e0ec0a P bafa38888d3c4855a805b5b9366a020e [term 0 FOLLOWER]: Replica starting. Triggering 0 pending ops. Active config: opid_index: -1 OBSOLETE_local: false peers { permanent_uuid: "bafa38888d3c4855a805b5b9366a020e" member_type: VOTER last_known_addr { host: "127.0.107.193" port: 45875 } } peers { permanent_uuid: "dda1bd6453e94486acf1812d3ac03132" member_type: VOTER last_known_addr { host: "127.0.107.194" port: 36241 } } peers { permanent_uuid: "9541d20d70e74e2b99d3eaaa5bba495d" member_type: VOTER last_known_addr { host: "127.0.107.195" port: 44593 } }
I20260713 09:00:58.311901   758 raft_consensus.cc:385] T 9a0277e86a234409a5c0558334e0ec0a P bafa38888d3c4855a805b5b9366a020e [term 0 FOLLOWER]: Consensus starting up: Expiring failure detector timer to make a prompt election more likely
I20260713 09:00:58.312201   758 raft_consensus.cc:740] T 9a0277e86a234409a5c0558334e0ec0a P bafa38888d3c4855a805b5b9366a020e [term 0 FOLLOWER]: Becoming Follower/Learner. State: Replica: bafa38888d3c4855a805b5b9366a020e, State: Initialized, Role: FOLLOWER
I20260713 09:00:58.312932   758 consensus_queue.cc:260] T 9a0277e86a234409a5c0558334e0ec0a P bafa38888d3c4855a805b5b9366a020e [NON_LEADER]: Queue going to NON_LEADER mode. State: All replicated index: 0, Majority replicated index: 0, Committed index: 0, Last appended: 0.0, Last appended by leader: 0, Current term: 0, Majority size: -1, State: 0, Mode: NON_LEADER, active raft config: opid_index: -1 OBSOLETE_local: false peers { permanent_uuid: "bafa38888d3c4855a805b5b9366a020e" member_type: VOTER last_known_addr { host: "127.0.107.193" port: 45875 } } peers { permanent_uuid: "dda1bd6453e94486acf1812d3ac03132" member_type: VOTER last_known_addr { host: "127.0.107.194" port: 36241 } } peers { permanent_uuid: "9541d20d70e74e2b99d3eaaa5bba495d" member_type: VOTER last_known_addr { host: "127.0.107.195" port: 44593 } }
I20260713 09:00:58.315361   758 ts_tablet_manager.cc:1434] T 9a0277e86a234409a5c0558334e0ec0a P bafa38888d3c4855a805b5b9366a020e: Time spent starting tablet: real 0.008s	user 0.006s	sys 0.000s
I20260713 09:00:58.310109   463 catalog_manager.cc:5697] T 3bc59d066cbf4ae9806ce7b4649a7706 P dda1bd6453e94486acf1812d3ac03132 reported cstate change: term changed from 0 to 1, leader changed from <none> to dda1bd6453e94486acf1812d3ac03132 (127.0.107.194). New cstate: current_term: 1 leader_uuid: "dda1bd6453e94486acf1812d3ac03132" committed_config { opid_index: -1 OBSOLETE_local: false peers { permanent_uuid: "9541d20d70e74e2b99d3eaaa5bba495d" member_type: VOTER last_known_addr { host: "127.0.107.195" port: 44593 } health_report { overall_health: UNKNOWN } } peers { permanent_uuid: "bafa38888d3c4855a805b5b9366a020e" member_type: VOTER last_known_addr { host: "127.0.107.193" port: 45875 } health_report { overall_health: UNKNOWN } } peers { permanent_uuid: "dda1bd6453e94486acf1812d3ac03132" member_type: VOTER last_known_addr { host: "127.0.107.194" port: 36241 } health_report { overall_health: HEALTHY } } }
I20260713 09:00:58.316358   758 tablet_bootstrap.cc:492] T ca41b965374744d4a46b28166c9a70d8 P bafa38888d3c4855a805b5b9366a020e: Bootstrap starting.
I20260713 09:00:58.317011   463 catalog_manager.cc:5697] T 043151e4b03c40b5a1e989f355c11e6e P dda1bd6453e94486acf1812d3ac03132 reported cstate change: term changed from 0 to 1, leader changed from <none> to dda1bd6453e94486acf1812d3ac03132 (127.0.107.194). New cstate: current_term: 1 leader_uuid: "dda1bd6453e94486acf1812d3ac03132" committed_config { opid_index: -1 OBSOLETE_local: false peers { permanent_uuid: "bafa38888d3c4855a805b5b9366a020e" member_type: VOTER last_known_addr { host: "127.0.107.193" port: 45875 } health_report { overall_health: UNKNOWN } } peers { permanent_uuid: "dda1bd6453e94486acf1812d3ac03132" member_type: VOTER last_known_addr { host: "127.0.107.194" port: 36241 } health_report { overall_health: HEALTHY } } peers { permanent_uuid: "9541d20d70e74e2b99d3eaaa5bba495d" member_type: VOTER last_known_addr { host: "127.0.107.195" port: 44593 } health_report { overall_health: UNKNOWN } } }
I20260713 09:00:58.318845   463 catalog_manager.cc:5697] T df20ea85d8a74413a88243c4f3e0d3ad P dda1bd6453e94486acf1812d3ac03132 reported cstate change: term changed from 0 to 1, leader changed from <none> to dda1bd6453e94486acf1812d3ac03132 (127.0.107.194). New cstate: current_term: 1 leader_uuid: "dda1bd6453e94486acf1812d3ac03132" committed_config { opid_index: -1 OBSOLETE_local: false peers { permanent_uuid: "bafa38888d3c4855a805b5b9366a020e" member_type: VOTER last_known_addr { host: "127.0.107.193" port: 45875 } health_report { overall_health: UNKNOWN } } peers { permanent_uuid: "dda1bd6453e94486acf1812d3ac03132" member_type: VOTER last_known_addr { host: "127.0.107.194" port: 36241 } health_report { overall_health: HEALTHY } } peers { permanent_uuid: "9541d20d70e74e2b99d3eaaa5bba495d" member_type: VOTER last_known_addr { host: "127.0.107.195" port: 44593 } health_report { overall_health: UNKNOWN } } }
I20260713 09:00:58.325508   758 tablet_bootstrap.cc:654] T ca41b965374744d4a46b28166c9a70d8 P bafa38888d3c4855a805b5b9366a020e: Neither blocks nor log segments found. Creating new log.
I20260713 09:00:58.330571   760 tablet_bootstrap.cc:492] T 16a0e13993ed42eb83000912700c9949 P dda1bd6453e94486acf1812d3ac03132: No bootstrap required, opened a new log
I20260713 09:00:58.331141   760 ts_tablet_manager.cc:1403] T 16a0e13993ed42eb83000912700c9949 P dda1bd6453e94486acf1812d3ac03132: Time spent bootstrapping tablet: real 0.042s	user 0.017s	sys 0.016s
I20260713 09:00:58.334414   760 raft_consensus.cc:359] T 16a0e13993ed42eb83000912700c9949 P dda1bd6453e94486acf1812d3ac03132 [term 0 FOLLOWER]: Replica starting. Triggering 0 pending ops. Active config: opid_index: -1 OBSOLETE_local: false peers { permanent_uuid: "bafa38888d3c4855a805b5b9366a020e" member_type: VOTER last_known_addr { host: "127.0.107.193" port: 45875 } } peers { permanent_uuid: "dda1bd6453e94486acf1812d3ac03132" member_type: VOTER last_known_addr { host: "127.0.107.194" port: 36241 } } peers { permanent_uuid: "9541d20d70e74e2b99d3eaaa5bba495d" member_type: VOTER last_known_addr { host: "127.0.107.195" port: 44593 } }
I20260713 09:00:58.335692   760 raft_consensus.cc:385] T 16a0e13993ed42eb83000912700c9949 P dda1bd6453e94486acf1812d3ac03132 [term 0 FOLLOWER]: Consensus starting up: Expiring failure detector timer to make a prompt election more likely
I20260713 09:00:58.336411   760 raft_consensus.cc:740] T 16a0e13993ed42eb83000912700c9949 P dda1bd6453e94486acf1812d3ac03132 [term 0 FOLLOWER]: Becoming Follower/Learner. State: Replica: dda1bd6453e94486acf1812d3ac03132, State: Initialized, Role: FOLLOWER
I20260713 09:00:58.336609   759 tablet_bootstrap.cc:492] T 9a0277e86a234409a5c0558334e0ec0a P 9541d20d70e74e2b99d3eaaa5bba495d: No bootstrap required, opened a new log
I20260713 09:00:58.337177   759 ts_tablet_manager.cc:1403] T 9a0277e86a234409a5c0558334e0ec0a P 9541d20d70e74e2b99d3eaaa5bba495d: Time spent bootstrapping tablet: real 0.037s	user 0.015s	sys 0.000s
I20260713 09:00:58.338091   760 consensus_queue.cc:260] T 16a0e13993ed42eb83000912700c9949 P dda1bd6453e94486acf1812d3ac03132 [NON_LEADER]: Queue going to NON_LEADER mode. State: All replicated index: 0, Majority replicated index: 0, Committed index: 0, Last appended: 0.0, Last appended by leader: 0, Current term: 0, Majority size: -1, State: 0, Mode: NON_LEADER, active raft config: opid_index: -1 OBSOLETE_local: false peers { permanent_uuid: "bafa38888d3c4855a805b5b9366a020e" member_type: VOTER last_known_addr { host: "127.0.107.193" port: 45875 } } peers { permanent_uuid: "dda1bd6453e94486acf1812d3ac03132" member_type: VOTER last_known_addr { host: "127.0.107.194" port: 36241 } } peers { permanent_uuid: "9541d20d70e74e2b99d3eaaa5bba495d" member_type: VOTER last_known_addr { host: "127.0.107.195" port: 44593 } }
I20260713 09:00:58.339210   758 tablet_bootstrap.cc:492] T ca41b965374744d4a46b28166c9a70d8 P bafa38888d3c4855a805b5b9366a020e: No bootstrap required, opened a new log
I20260713 09:00:58.339726   758 ts_tablet_manager.cc:1403] T ca41b965374744d4a46b28166c9a70d8 P bafa38888d3c4855a805b5b9366a020e: Time spent bootstrapping tablet: real 0.024s	user 0.009s	sys 0.009s
I20260713 09:00:58.340739   760 ts_tablet_manager.cc:1434] T 16a0e13993ed42eb83000912700c9949 P dda1bd6453e94486acf1812d3ac03132: Time spent starting tablet: real 0.009s	user 0.003s	sys 0.003s
I20260713 09:00:58.340013   461 catalog_manager.cc:5697] T 16a0e13993ed42eb83000912700c9949 P 9541d20d70e74e2b99d3eaaa5bba495d reported cstate change: term changed from 0 to 1, leader changed from <none> to 9541d20d70e74e2b99d3eaaa5bba495d (127.0.107.195). New cstate: current_term: 1 leader_uuid: "9541d20d70e74e2b99d3eaaa5bba495d" committed_config { opid_index: -1 OBSOLETE_local: false peers { permanent_uuid: "bafa38888d3c4855a805b5b9366a020e" member_type: VOTER last_known_addr { host: "127.0.107.193" port: 45875 } health_report { overall_health: UNKNOWN } } peers { permanent_uuid: "dda1bd6453e94486acf1812d3ac03132" member_type: VOTER last_known_addr { host: "127.0.107.194" port: 36241 } health_report { overall_health: UNKNOWN } } peers { permanent_uuid: "9541d20d70e74e2b99d3eaaa5bba495d" member_type: VOTER last_known_addr { host: "127.0.107.195" port: 44593 } health_report { overall_health: HEALTHY } } }
I20260713 09:00:58.341682   760 tablet_bootstrap.cc:492] T 75720382549c48e99275fd16dacfbbf3 P dda1bd6453e94486acf1812d3ac03132: Bootstrap starting.
I20260713 09:00:58.342388   758 raft_consensus.cc:359] T ca41b965374744d4a46b28166c9a70d8 P bafa38888d3c4855a805b5b9366a020e [term 0 FOLLOWER]: Replica starting. Triggering 0 pending ops. Active config: opid_index: -1 OBSOLETE_local: false peers { permanent_uuid: "bafa38888d3c4855a805b5b9366a020e" member_type: VOTER last_known_addr { host: "127.0.107.193" port: 45875 } } peers { permanent_uuid: "dda1bd6453e94486acf1812d3ac03132" member_type: VOTER last_known_addr { host: "127.0.107.194" port: 36241 } } peers { permanent_uuid: "9541d20d70e74e2b99d3eaaa5bba495d" member_type: VOTER last_known_addr { host: "127.0.107.195" port: 44593 } }
I20260713 09:00:58.343075   758 raft_consensus.cc:385] T ca41b965374744d4a46b28166c9a70d8 P bafa38888d3c4855a805b5b9366a020e [term 0 FOLLOWER]: Consensus starting up: Expiring failure detector timer to make a prompt election more likely
I20260713 09:00:58.343343   758 raft_consensus.cc:740] T ca41b965374744d4a46b28166c9a70d8 P bafa38888d3c4855a805b5b9366a020e [term 0 FOLLOWER]: Becoming Follower/Learner. State: Replica: bafa38888d3c4855a805b5b9366a020e, State: Initialized, Role: FOLLOWER
I20260713 09:00:58.344086   758 consensus_queue.cc:260] T ca41b965374744d4a46b28166c9a70d8 P bafa38888d3c4855a805b5b9366a020e [NON_LEADER]: Queue going to NON_LEADER mode. State: All replicated index: 0, Majority replicated index: 0, Committed index: 0, Last appended: 0.0, Last appended by leader: 0, Current term: 0, Majority size: -1, State: 0, Mode: NON_LEADER, active raft config: opid_index: -1 OBSOLETE_local: false peers { permanent_uuid: "bafa38888d3c4855a805b5b9366a020e" member_type: VOTER last_known_addr { host: "127.0.107.193" port: 45875 } } peers { permanent_uuid: "dda1bd6453e94486acf1812d3ac03132" member_type: VOTER last_known_addr { host: "127.0.107.194" port: 36241 } } peers { permanent_uuid: "9541d20d70e74e2b99d3eaaa5bba495d" member_type: VOTER last_known_addr { host: "127.0.107.195" port: 44593 } }
I20260713 09:00:58.348982   758 ts_tablet_manager.cc:1434] T ca41b965374744d4a46b28166c9a70d8 P bafa38888d3c4855a805b5b9366a020e: Time spent starting tablet: real 0.009s	user 0.006s	sys 0.000s
I20260713 09:00:58.347167   759 raft_consensus.cc:359] T 9a0277e86a234409a5c0558334e0ec0a P 9541d20d70e74e2b99d3eaaa5bba495d [term 0 FOLLOWER]: Replica starting. Triggering 0 pending ops. Active config: opid_index: -1 OBSOLETE_local: false peers { permanent_uuid: "bafa38888d3c4855a805b5b9366a020e" member_type: VOTER last_known_addr { host: "127.0.107.193" port: 45875 } } peers { permanent_uuid: "dda1bd6453e94486acf1812d3ac03132" member_type: VOTER last_known_addr { host: "127.0.107.194" port: 36241 } } peers { permanent_uuid: "9541d20d70e74e2b99d3eaaa5bba495d" member_type: VOTER last_known_addr { host: "127.0.107.195" port: 44593 } }
I20260713 09:00:58.349828   759 raft_consensus.cc:385] T 9a0277e86a234409a5c0558334e0ec0a P 9541d20d70e74e2b99d3eaaa5bba495d [term 0 FOLLOWER]: Consensus starting up: Expiring failure detector timer to make a prompt election more likely
I20260713 09:00:58.350118   759 raft_consensus.cc:740] T 9a0277e86a234409a5c0558334e0ec0a P 9541d20d70e74e2b99d3eaaa5bba495d [term 0 FOLLOWER]: Becoming Follower/Learner. State: Replica: 9541d20d70e74e2b99d3eaaa5bba495d, State: Initialized, Role: FOLLOWER
I20260713 09:00:58.350821   759 consensus_queue.cc:260] T 9a0277e86a234409a5c0558334e0ec0a P 9541d20d70e74e2b99d3eaaa5bba495d [NON_LEADER]: Queue going to NON_LEADER mode. State: All replicated index: 0, Majority replicated index: 0, Committed index: 0, Last appended: 0.0, Last appended by leader: 0, Current term: 0, Majority size: -1, State: 0, Mode: NON_LEADER, active raft config: opid_index: -1 OBSOLETE_local: false peers { permanent_uuid: "bafa38888d3c4855a805b5b9366a020e" member_type: VOTER last_known_addr { host: "127.0.107.193" port: 45875 } } peers { permanent_uuid: "dda1bd6453e94486acf1812d3ac03132" member_type: VOTER last_known_addr { host: "127.0.107.194" port: 36241 } } peers { permanent_uuid: "9541d20d70e74e2b99d3eaaa5bba495d" member_type: VOTER last_known_addr { host: "127.0.107.195" port: 44593 } }
I20260713 09:00:58.352851   759 ts_tablet_manager.cc:1434] T 9a0277e86a234409a5c0558334e0ec0a P 9541d20d70e74e2b99d3eaaa5bba495d: Time spent starting tablet: real 0.015s	user 0.006s	sys 0.000s
I20260713 09:00:58.353758   759 tablet_bootstrap.cc:492] T ca41b965374744d4a46b28166c9a70d8 P 9541d20d70e74e2b99d3eaaa5bba495d: Bootstrap starting.
I20260713 09:00:58.354737   790 raft_consensus.cc:493] T 3af642a7899940febd8c4851c6d19b8f P dda1bd6453e94486acf1812d3ac03132 [term 0 FOLLOWER]: Starting pre-election (no leader contacted us within the election timeout)
I20260713 09:00:58.355240   790 raft_consensus.cc:515] T 3af642a7899940febd8c4851c6d19b8f P dda1bd6453e94486acf1812d3ac03132 [term 0 FOLLOWER]: Starting pre-election with config: opid_index: -1 OBSOLETE_local: false peers { permanent_uuid: "bafa38888d3c4855a805b5b9366a020e" member_type: VOTER last_known_addr { host: "127.0.107.193" port: 45875 } } peers { permanent_uuid: "dda1bd6453e94486acf1812d3ac03132" member_type: VOTER last_known_addr { host: "127.0.107.194" port: 36241 } } peers { permanent_uuid: "9541d20d70e74e2b99d3eaaa5bba495d" member_type: VOTER last_known_addr { host: "127.0.107.195" port: 44593 } }
I20260713 09:00:58.353981   760 tablet_bootstrap.cc:654] T 75720382549c48e99275fd16dacfbbf3 P dda1bd6453e94486acf1812d3ac03132: Neither blocks nor log segments found. Creating new log.
I20260713 09:00:58.357519   790 leader_election.cc:290] T 3af642a7899940febd8c4851c6d19b8f P dda1bd6453e94486acf1812d3ac03132 [CANDIDATE]: Term 1 pre-election: Requested pre-vote from peers bafa38888d3c4855a805b5b9366a020e (127.0.107.193:45875), 9541d20d70e74e2b99d3eaaa5bba495d (127.0.107.195:44593)
I20260713 09:00:58.358551   564 tablet_service.cc:1917] Received RequestConsensusVote() RPC: tablet_id: "3af642a7899940febd8c4851c6d19b8f" candidate_uuid: "dda1bd6453e94486acf1812d3ac03132" candidate_term: 1 candidate_status { last_received { term: 0 index: 0 } } ignore_live_leader: false dest_uuid: "bafa38888d3c4855a805b5b9366a020e" is_pre_election: true
I20260713 09:00:58.359474   564 raft_consensus.cc:2393] T 3af642a7899940febd8c4851c6d19b8f P bafa38888d3c4855a805b5b9366a020e [term 1 FOLLOWER]: Leader pre-election vote request: Denying vote to candidate dda1bd6453e94486acf1812d3ac03132 in current term 1: Already voted for candidate 9541d20d70e74e2b99d3eaaa5bba495d in this term.
I20260713 09:00:58.361492   714 tablet_service.cc:1917] Received RequestConsensusVote() RPC: tablet_id: "3af642a7899940febd8c4851c6d19b8f" candidate_uuid: "dda1bd6453e94486acf1812d3ac03132" candidate_term: 1 candidate_status { last_received { term: 0 index: 0 } } ignore_live_leader: false dest_uuid: "9541d20d70e74e2b99d3eaaa5bba495d" is_pre_election: true
I20260713 09:00:58.363674   604 leader_election.cc:304] T 3af642a7899940febd8c4851c6d19b8f P dda1bd6453e94486acf1812d3ac03132 [CANDIDATE]: Term 1 pre-election: Election decided. Result: candidate lost. Election summary: received 3 responses out of 3 voters: 1 yes votes; 2 no votes. yes voters: dda1bd6453e94486acf1812d3ac03132; no voters: 9541d20d70e74e2b99d3eaaa5bba495d, bafa38888d3c4855a805b5b9366a020e
I20260713 09:00:58.364753   790 raft_consensus.cc:3060] T 3af642a7899940febd8c4851c6d19b8f P dda1bd6453e94486acf1812d3ac03132 [term 0 FOLLOWER]: Advancing to term 1
I20260713 09:00:58.366022   759 tablet_bootstrap.cc:654] T ca41b965374744d4a46b28166c9a70d8 P 9541d20d70e74e2b99d3eaaa5bba495d: Neither blocks nor log segments found. Creating new log.
I20260713 09:00:58.368427   789 consensus_queue.cc:1048] T a51af2046e9f4718bfbaff3e7756e9b1 P dda1bd6453e94486acf1812d3ac03132 [LEADER]: Connected to new peer: Peer: permanent_uuid: "bafa38888d3c4855a805b5b9366a020e" member_type: VOTER last_known_addr { host: "127.0.107.193" port: 45875 }, Status: LMP_MISMATCH, Last received: 0.0, Next index: 1, Last known committed idx: 0, Time since last communication: 0.001s
I20260713 09:00:58.376495   790 raft_consensus.cc:2749] T 3af642a7899940febd8c4851c6d19b8f P dda1bd6453e94486acf1812d3ac03132 [term 1 FOLLOWER]: Leader pre-election lost for term 1. Reason: could not achieve majority
I20260713 09:00:58.392839   759 tablet_bootstrap.cc:492] T ca41b965374744d4a46b28166c9a70d8 P 9541d20d70e74e2b99d3eaaa5bba495d: No bootstrap required, opened a new log
I20260713 09:00:58.393733   759 ts_tablet_manager.cc:1403] T ca41b965374744d4a46b28166c9a70d8 P 9541d20d70e74e2b99d3eaaa5bba495d: Time spent bootstrapping tablet: real 0.040s	user 0.011s	sys 0.008s
I20260713 09:00:58.398553   759 raft_consensus.cc:359] T ca41b965374744d4a46b28166c9a70d8 P 9541d20d70e74e2b99d3eaaa5bba495d [term 0 FOLLOWER]: Replica starting. Triggering 0 pending ops. Active config: opid_index: -1 OBSOLETE_local: false peers { permanent_uuid: "bafa38888d3c4855a805b5b9366a020e" member_type: VOTER last_known_addr { host: "127.0.107.193" port: 45875 } } peers { permanent_uuid: "dda1bd6453e94486acf1812d3ac03132" member_type: VOTER last_known_addr { host: "127.0.107.194" port: 36241 } } peers { permanent_uuid: "9541d20d70e74e2b99d3eaaa5bba495d" member_type: VOTER last_known_addr { host: "127.0.107.195" port: 44593 } }
I20260713 09:00:58.399449   759 raft_consensus.cc:385] T ca41b965374744d4a46b28166c9a70d8 P 9541d20d70e74e2b99d3eaaa5bba495d [term 0 FOLLOWER]: Consensus starting up: Expiring failure detector timer to make a prompt election more likely
I20260713 09:00:58.399771   759 raft_consensus.cc:740] T ca41b965374744d4a46b28166c9a70d8 P 9541d20d70e74e2b99d3eaaa5bba495d [term 0 FOLLOWER]: Becoming Follower/Learner. State: Replica: 9541d20d70e74e2b99d3eaaa5bba495d, State: Initialized, Role: FOLLOWER
I20260713 09:00:58.400472   759 consensus_queue.cc:260] T ca41b965374744d4a46b28166c9a70d8 P 9541d20d70e74e2b99d3eaaa5bba495d [NON_LEADER]: Queue going to NON_LEADER mode. State: All replicated index: 0, Majority replicated index: 0, Committed index: 0, Last appended: 0.0, Last appended by leader: 0, Current term: 0, Majority size: -1, State: 0, Mode: NON_LEADER, active raft config: opid_index: -1 OBSOLETE_local: false peers { permanent_uuid: "bafa38888d3c4855a805b5b9366a020e" member_type: VOTER last_known_addr { host: "127.0.107.193" port: 45875 } } peers { permanent_uuid: "dda1bd6453e94486acf1812d3ac03132" member_type: VOTER last_known_addr { host: "127.0.107.194" port: 36241 } } peers { permanent_uuid: "9541d20d70e74e2b99d3eaaa5bba495d" member_type: VOTER last_known_addr { host: "127.0.107.195" port: 44593 } }
I20260713 09:00:58.402446   759 ts_tablet_manager.cc:1434] T ca41b965374744d4a46b28166c9a70d8 P 9541d20d70e74e2b99d3eaaa5bba495d: Time spent starting tablet: real 0.008s	user 0.007s	sys 0.000s
I20260713 09:00:58.404479   760 tablet_bootstrap.cc:492] T 75720382549c48e99275fd16dacfbbf3 P dda1bd6453e94486acf1812d3ac03132: No bootstrap required, opened a new log
I20260713 09:00:58.405019   760 ts_tablet_manager.cc:1403] T 75720382549c48e99275fd16dacfbbf3 P dda1bd6453e94486acf1812d3ac03132: Time spent bootstrapping tablet: real 0.064s	user 0.011s	sys 0.021s
I20260713 09:00:58.409544   760 raft_consensus.cc:359] T 75720382549c48e99275fd16dacfbbf3 P dda1bd6453e94486acf1812d3ac03132 [term 0 FOLLOWER]: Replica starting. Triggering 0 pending ops. Active config: opid_index: -1 OBSOLETE_local: false peers { permanent_uuid: "bafa38888d3c4855a805b5b9366a020e" member_type: VOTER last_known_addr { host: "127.0.107.193" port: 45875 } } peers { permanent_uuid: "dda1bd6453e94486acf1812d3ac03132" member_type: VOTER last_known_addr { host: "127.0.107.194" port: 36241 } } peers { permanent_uuid: "9541d20d70e74e2b99d3eaaa5bba495d" member_type: VOTER last_known_addr { host: "127.0.107.195" port: 44593 } }
I20260713 09:00:58.410355   760 raft_consensus.cc:385] T 75720382549c48e99275fd16dacfbbf3 P dda1bd6453e94486acf1812d3ac03132 [term 0 FOLLOWER]: Consensus starting up: Expiring failure detector timer to make a prompt election more likely
I20260713 09:00:58.410681   760 raft_consensus.cc:740] T 75720382549c48e99275fd16dacfbbf3 P dda1bd6453e94486acf1812d3ac03132 [term 0 FOLLOWER]: Becoming Follower/Learner. State: Replica: dda1bd6453e94486acf1812d3ac03132, State: Initialized, Role: FOLLOWER
I20260713 09:00:58.411561   760 consensus_queue.cc:260] T 75720382549c48e99275fd16dacfbbf3 P dda1bd6453e94486acf1812d3ac03132 [NON_LEADER]: Queue going to NON_LEADER mode. State: All replicated index: 0, Majority replicated index: 0, Committed index: 0, Last appended: 0.0, Last appended by leader: 0, Current term: 0, Majority size: -1, State: 0, Mode: NON_LEADER, active raft config: opid_index: -1 OBSOLETE_local: false peers { permanent_uuid: "bafa38888d3c4855a805b5b9366a020e" member_type: VOTER last_known_addr { host: "127.0.107.193" port: 45875 } } peers { permanent_uuid: "dda1bd6453e94486acf1812d3ac03132" member_type: VOTER last_known_addr { host: "127.0.107.194" port: 36241 } } peers { permanent_uuid: "9541d20d70e74e2b99d3eaaa5bba495d" member_type: VOTER last_known_addr { host: "127.0.107.195" port: 44593 } }
I20260713 09:00:58.413648   714 raft_consensus.cc:3060] T a51af2046e9f4718bfbaff3e7756e9b1 P 9541d20d70e74e2b99d3eaaa5bba495d [term 0 FOLLOWER]: Advancing to term 1
I20260713 09:00:58.415675   760 ts_tablet_manager.cc:1434] T 75720382549c48e99275fd16dacfbbf3 P dda1bd6453e94486acf1812d3ac03132: Time spent starting tablet: real 0.010s	user 0.005s	sys 0.006s
I20260713 09:00:58.416785   760 tablet_bootstrap.cc:492] T 9a0277e86a234409a5c0558334e0ec0a P dda1bd6453e94486acf1812d3ac03132: Bootstrap starting.
I20260713 09:00:58.426033   760 tablet_bootstrap.cc:654] T 9a0277e86a234409a5c0558334e0ec0a P dda1bd6453e94486acf1812d3ac03132: Neither blocks nor log segments found. Creating new log.
I20260713 09:00:58.427173   789 consensus_queue.cc:1048] T a51af2046e9f4718bfbaff3e7756e9b1 P dda1bd6453e94486acf1812d3ac03132 [LEADER]: Connected to new peer: Peer: permanent_uuid: "9541d20d70e74e2b99d3eaaa5bba495d" member_type: VOTER last_known_addr { host: "127.0.107.195" port: 44593 }, Status: LMP_MISMATCH, Last received: 0.0, Next index: 1, Last known committed idx: 0, Time since last communication: 0.001s
I20260713 09:00:58.446149   760 tablet_bootstrap.cc:492] T 9a0277e86a234409a5c0558334e0ec0a P dda1bd6453e94486acf1812d3ac03132: No bootstrap required, opened a new log
I20260713 09:00:58.446597   760 ts_tablet_manager.cc:1403] T 9a0277e86a234409a5c0558334e0ec0a P dda1bd6453e94486acf1812d3ac03132: Time spent bootstrapping tablet: real 0.030s	user 0.012s	sys 0.016s
I20260713 09:00:58.449793   760 raft_consensus.cc:359] T 9a0277e86a234409a5c0558334e0ec0a P dda1bd6453e94486acf1812d3ac03132 [term 0 FOLLOWER]: Replica starting. Triggering 0 pending ops. Active config: opid_index: -1 OBSOLETE_local: false peers { permanent_uuid: "bafa38888d3c4855a805b5b9366a020e" member_type: VOTER last_known_addr { host: "127.0.107.193" port: 45875 } } peers { permanent_uuid: "dda1bd6453e94486acf1812d3ac03132" member_type: VOTER last_known_addr { host: "127.0.107.194" port: 36241 } } peers { permanent_uuid: "9541d20d70e74e2b99d3eaaa5bba495d" member_type: VOTER last_known_addr { host: "127.0.107.195" port: 44593 } }
I20260713 09:00:58.450445   760 raft_consensus.cc:385] T 9a0277e86a234409a5c0558334e0ec0a P dda1bd6453e94486acf1812d3ac03132 [term 0 FOLLOWER]: Consensus starting up: Expiring failure detector timer to make a prompt election more likely
I20260713 09:00:58.450696   760 raft_consensus.cc:740] T 9a0277e86a234409a5c0558334e0ec0a P dda1bd6453e94486acf1812d3ac03132 [term 0 FOLLOWER]: Becoming Follower/Learner. State: Replica: dda1bd6453e94486acf1812d3ac03132, State: Initialized, Role: FOLLOWER
I20260713 09:00:58.451460   760 consensus_queue.cc:260] T 9a0277e86a234409a5c0558334e0ec0a P dda1bd6453e94486acf1812d3ac03132 [NON_LEADER]: Queue going to NON_LEADER mode. State: All replicated index: 0, Majority replicated index: 0, Committed index: 0, Last appended: 0.0, Last appended by leader: 0, Current term: 0, Majority size: -1, State: 0, Mode: NON_LEADER, active raft config: opid_index: -1 OBSOLETE_local: false peers { permanent_uuid: "bafa38888d3c4855a805b5b9366a020e" member_type: VOTER last_known_addr { host: "127.0.107.193" port: 45875 } } peers { permanent_uuid: "dda1bd6453e94486acf1812d3ac03132" member_type: VOTER last_known_addr { host: "127.0.107.194" port: 36241 } } peers { permanent_uuid: "9541d20d70e74e2b99d3eaaa5bba495d" member_type: VOTER last_known_addr { host: "127.0.107.195" port: 44593 } }
I20260713 09:00:58.453445   760 ts_tablet_manager.cc:1434] T 9a0277e86a234409a5c0558334e0ec0a P dda1bd6453e94486acf1812d3ac03132: Time spent starting tablet: real 0.007s	user 0.005s	sys 0.001s
I20260713 09:00:58.453846   778 raft_consensus.cc:493] T ca41b965374744d4a46b28166c9a70d8 P bafa38888d3c4855a805b5b9366a020e [term 0 FOLLOWER]: Starting pre-election (no leader contacted us within the election timeout)
I20260713 09:00:58.454375   760 tablet_bootstrap.cc:492] T ca41b965374744d4a46b28166c9a70d8 P dda1bd6453e94486acf1812d3ac03132: Bootstrap starting.
I20260713 09:00:58.454291   778 raft_consensus.cc:515] T ca41b965374744d4a46b28166c9a70d8 P bafa38888d3c4855a805b5b9366a020e [term 0 FOLLOWER]: Starting pre-election with config: opid_index: -1 OBSOLETE_local: false peers { permanent_uuid: "bafa38888d3c4855a805b5b9366a020e" member_type: VOTER last_known_addr { host: "127.0.107.193" port: 45875 } } peers { permanent_uuid: "dda1bd6453e94486acf1812d3ac03132" member_type: VOTER last_known_addr { host: "127.0.107.194" port: 36241 } } peers { permanent_uuid: "9541d20d70e74e2b99d3eaaa5bba495d" member_type: VOTER last_known_addr { host: "127.0.107.195" port: 44593 } }
I20260713 09:00:58.456262   778 leader_election.cc:290] T ca41b965374744d4a46b28166c9a70d8 P bafa38888d3c4855a805b5b9366a020e [CANDIDATE]: Term 1 pre-election: Requested pre-vote from peers dda1bd6453e94486acf1812d3ac03132 (127.0.107.194:36241), 9541d20d70e74e2b99d3eaaa5bba495d (127.0.107.195:44593)
I20260713 09:00:58.458787   641 tablet_service.cc:1917] Received RequestConsensusVote() RPC: tablet_id: "ca41b965374744d4a46b28166c9a70d8" candidate_uuid: "bafa38888d3c4855a805b5b9366a020e" candidate_term: 1 candidate_status { last_received { term: 0 index: 0 } } ignore_live_leader: false dest_uuid: "dda1bd6453e94486acf1812d3ac03132" is_pre_election: true
W20260713 09:00:58.460285   532 leader_election.cc:343] T ca41b965374744d4a46b28166c9a70d8 P bafa38888d3c4855a805b5b9366a020e [CANDIDATE]: Term 1 pre-election: Tablet error from VoteRequest() call to peer dda1bd6453e94486acf1812d3ac03132 (127.0.107.194:36241): Illegal state: must be running to vote when last-logged opid is not known
I20260713 09:00:58.461079   760 tablet_bootstrap.cc:654] T ca41b965374744d4a46b28166c9a70d8 P dda1bd6453e94486acf1812d3ac03132: Neither blocks nor log segments found. Creating new log.
I20260713 09:00:58.466172   801 raft_consensus.cc:493] T 75720382549c48e99275fd16dacfbbf3 P dda1bd6453e94486acf1812d3ac03132 [term 0 FOLLOWER]: Starting pre-election (no leader contacted us within the election timeout)
I20260713 09:00:58.466739   801 raft_consensus.cc:515] T 75720382549c48e99275fd16dacfbbf3 P dda1bd6453e94486acf1812d3ac03132 [term 0 FOLLOWER]: Starting pre-election with config: opid_index: -1 OBSOLETE_local: false peers { permanent_uuid: "bafa38888d3c4855a805b5b9366a020e" member_type: VOTER last_known_addr { host: "127.0.107.193" port: 45875 } } peers { permanent_uuid: "dda1bd6453e94486acf1812d3ac03132" member_type: VOTER last_known_addr { host: "127.0.107.194" port: 36241 } } peers { permanent_uuid: "9541d20d70e74e2b99d3eaaa5bba495d" member_type: VOTER last_known_addr { host: "127.0.107.195" port: 44593 } }
I20260713 09:00:58.467532   715 tablet_service.cc:1917] Received RequestConsensusVote() RPC: tablet_id: "ca41b965374744d4a46b28166c9a70d8" candidate_uuid: "bafa38888d3c4855a805b5b9366a020e" candidate_term: 1 candidate_status { last_received { term: 0 index: 0 } } ignore_live_leader: false dest_uuid: "9541d20d70e74e2b99d3eaaa5bba495d" is_pre_election: true
I20260713 09:00:58.468178   715 raft_consensus.cc:2468] T ca41b965374744d4a46b28166c9a70d8 P 9541d20d70e74e2b99d3eaaa5bba495d [term 0 FOLLOWER]: Leader pre-election vote request: Granting yes vote for candidate bafa38888d3c4855a805b5b9366a020e in term 0.
I20260713 09:00:58.470039   532 leader_election.cc:304] T ca41b965374744d4a46b28166c9a70d8 P bafa38888d3c4855a805b5b9366a020e [CANDIDATE]: Term 1 pre-election: Election decided. Result: candidate won. Election summary: received 3 responses out of 3 voters: 2 yes votes; 1 no votes. yes voters: 9541d20d70e74e2b99d3eaaa5bba495d, bafa38888d3c4855a805b5b9366a020e; no voters: dda1bd6453e94486acf1812d3ac03132
I20260713 09:00:58.470763   801 leader_election.cc:290] T 75720382549c48e99275fd16dacfbbf3 P dda1bd6453e94486acf1812d3ac03132 [CANDIDATE]: Term 1 pre-election: Requested pre-vote from peers bafa38888d3c4855a805b5b9366a020e (127.0.107.193:45875), 9541d20d70e74e2b99d3eaaa5bba495d (127.0.107.195:44593)
I20260713 09:00:58.471634   778 raft_consensus.cc:2804] T ca41b965374744d4a46b28166c9a70d8 P bafa38888d3c4855a805b5b9366a020e [term 0 FOLLOWER]: Leader pre-election won for term 1
I20260713 09:00:58.472030   778 raft_consensus.cc:493] T ca41b965374744d4a46b28166c9a70d8 P bafa38888d3c4855a805b5b9366a020e [term 0 FOLLOWER]: Starting leader election (no leader contacted us within the election timeout)
I20260713 09:00:58.472402   778 raft_consensus.cc:3060] T ca41b965374744d4a46b28166c9a70d8 P bafa38888d3c4855a805b5b9366a020e [term 0 FOLLOWER]: Advancing to term 1
I20260713 09:00:58.476358   715 tablet_service.cc:1917] Received RequestConsensusVote() RPC: tablet_id: "75720382549c48e99275fd16dacfbbf3" candidate_uuid: "dda1bd6453e94486acf1812d3ac03132" candidate_term: 1 candidate_status { last_received { term: 0 index: 0 } } ignore_live_leader: false dest_uuid: "9541d20d70e74e2b99d3eaaa5bba495d" is_pre_election: true
I20260713 09:00:58.477034   715 raft_consensus.cc:2468] T 75720382549c48e99275fd16dacfbbf3 P 9541d20d70e74e2b99d3eaaa5bba495d [term 0 FOLLOWER]: Leader pre-election vote request: Granting yes vote for candidate dda1bd6453e94486acf1812d3ac03132 in term 0.
I20260713 09:00:58.478286   607 leader_election.cc:304] T 75720382549c48e99275fd16dacfbbf3 P dda1bd6453e94486acf1812d3ac03132 [CANDIDATE]: Term 1 pre-election: Election decided. Result: candidate won. Election summary: received 2 responses out of 3 voters: 2 yes votes; 0 no votes. yes voters: 9541d20d70e74e2b99d3eaaa5bba495d, dda1bd6453e94486acf1812d3ac03132; no voters: 
I20260713 09:00:58.479187   801 raft_consensus.cc:2804] T 75720382549c48e99275fd16dacfbbf3 P dda1bd6453e94486acf1812d3ac03132 [term 0 FOLLOWER]: Leader pre-election won for term 1
I20260713 09:00:58.479574   801 raft_consensus.cc:493] T 75720382549c48e99275fd16dacfbbf3 P dda1bd6453e94486acf1812d3ac03132 [term 0 FOLLOWER]: Starting leader election (no leader contacted us within the election timeout)
I20260713 09:00:58.479934   801 raft_consensus.cc:3060] T 75720382549c48e99275fd16dacfbbf3 P dda1bd6453e94486acf1812d3ac03132 [term 0 FOLLOWER]: Advancing to term 1
I20260713 09:00:58.480436   566 tablet_service.cc:1917] Received RequestConsensusVote() RPC: tablet_id: "75720382549c48e99275fd16dacfbbf3" candidate_uuid: "dda1bd6453e94486acf1812d3ac03132" candidate_term: 1 candidate_status { last_received { term: 0 index: 0 } } ignore_live_leader: false dest_uuid: "bafa38888d3c4855a805b5b9366a020e" is_pre_election: true
I20260713 09:00:58.481078   566 raft_consensus.cc:2468] T 75720382549c48e99275fd16dacfbbf3 P bafa38888d3c4855a805b5b9366a020e [term 0 FOLLOWER]: Leader pre-election vote request: Granting yes vote for candidate dda1bd6453e94486acf1812d3ac03132 in term 0.
I20260713 09:00:58.481554   778 raft_consensus.cc:515] T ca41b965374744d4a46b28166c9a70d8 P bafa38888d3c4855a805b5b9366a020e [term 1 FOLLOWER]: Starting leader election with config: opid_index: -1 OBSOLETE_local: false peers { permanent_uuid: "bafa38888d3c4855a805b5b9366a020e" member_type: VOTER last_known_addr { host: "127.0.107.193" port: 45875 } } peers { permanent_uuid: "dda1bd6453e94486acf1812d3ac03132" member_type: VOTER last_known_addr { host: "127.0.107.194" port: 36241 } } peers { permanent_uuid: "9541d20d70e74e2b99d3eaaa5bba495d" member_type: VOTER last_known_addr { host: "127.0.107.195" port: 44593 } }
I20260713 09:00:58.484596   760 tablet_bootstrap.cc:492] T ca41b965374744d4a46b28166c9a70d8 P dda1bd6453e94486acf1812d3ac03132: No bootstrap required, opened a new log
I20260713 09:00:58.485116   760 ts_tablet_manager.cc:1403] T ca41b965374744d4a46b28166c9a70d8 P dda1bd6453e94486acf1812d3ac03132: Time spent bootstrapping tablet: real 0.031s	user 0.014s	sys 0.012s
I20260713 09:00:58.485283   641 tablet_service.cc:1917] Received RequestConsensusVote() RPC: tablet_id: "ca41b965374744d4a46b28166c9a70d8" candidate_uuid: "bafa38888d3c4855a805b5b9366a020e" candidate_term: 1 candidate_status { last_received { term: 0 index: 0 } } ignore_live_leader: false dest_uuid: "dda1bd6453e94486acf1812d3ac03132"
I20260713 09:00:58.487425   715 tablet_service.cc:1917] Received RequestConsensusVote() RPC: tablet_id: "ca41b965374744d4a46b28166c9a70d8" candidate_uuid: "bafa38888d3c4855a805b5b9366a020e" candidate_term: 1 candidate_status { last_received { term: 0 index: 0 } } ignore_live_leader: false dest_uuid: "9541d20d70e74e2b99d3eaaa5bba495d"
I20260713 09:00:58.487586   801 raft_consensus.cc:515] T 75720382549c48e99275fd16dacfbbf3 P dda1bd6453e94486acf1812d3ac03132 [term 1 FOLLOWER]: Starting leader election with config: opid_index: -1 OBSOLETE_local: false peers { permanent_uuid: "bafa38888d3c4855a805b5b9366a020e" member_type: VOTER last_known_addr { host: "127.0.107.193" port: 45875 } } peers { permanent_uuid: "dda1bd6453e94486acf1812d3ac03132" member_type: VOTER last_known_addr { host: "127.0.107.194" port: 36241 } } peers { permanent_uuid: "9541d20d70e74e2b99d3eaaa5bba495d" member_type: VOTER last_known_addr { host: "127.0.107.195" port: 44593 } }
I20260713 09:00:58.488034   715 raft_consensus.cc:3060] T ca41b965374744d4a46b28166c9a70d8 P 9541d20d70e74e2b99d3eaaa5bba495d [term 0 FOLLOWER]: Advancing to term 1
I20260713 09:00:58.488377   778 leader_election.cc:290] T ca41b965374744d4a46b28166c9a70d8 P bafa38888d3c4855a805b5b9366a020e [CANDIDATE]: Term 1 election: Requested vote from peers dda1bd6453e94486acf1812d3ac03132 (127.0.107.194:36241), 9541d20d70e74e2b99d3eaaa5bba495d (127.0.107.195:44593)
W20260713 09:00:58.489665   532 leader_election.cc:343] T ca41b965374744d4a46b28166c9a70d8 P bafa38888d3c4855a805b5b9366a020e [CANDIDATE]: Term 1 election: Tablet error from VoteRequest() call to peer dda1bd6453e94486acf1812d3ac03132 (127.0.107.194:36241): Illegal state: must be running to vote when last-logged opid is not known
