I20260713 09:00:42.742074   714 raft_consensus.cc:1275] T 7dfb5d2fa4284c5786d53a37dc5153cb P 1d96fa543ee1474aa3ff4c4509e3bcc5 [term 3 FOLLOWER]: Refusing update from remote peer 828bc2a72c814d73a552f2404c5b3afc: Log matching property violated. Preceding OpId in replica: term: 2 index: 2. Preceding OpId from leader: term: 3 index: 3. (index mismatch)
I20260713 09:00:42.743049   843 consensus_queue.cc:1048] T 7dfb5d2fa4284c5786d53a37dc5153cb P 828bc2a72c814d73a552f2404c5b3afc [LEADER]: Connected to new peer: Peer: permanent_uuid: "1d96fa543ee1474aa3ff4c4509e3bcc5" member_type: VOTER last_known_addr { host: "127.0.107.195" port: 42653 }, Status: LMP_MISMATCH, Last received: 0.0, Next index: 3, Last known committed idx: 2, Time since last communication: 0.000s
I20260713 09:00:42.749883   565 raft_consensus.cc:1275] T 7dfb5d2fa4284c5786d53a37dc5153cb P 636c6e36ad9448eca091d35fe7cf51b9 [term 3 FOLLOWER]: Refusing update from remote peer 828bc2a72c814d73a552f2404c5b3afc: Log matching property violated. Preceding OpId in replica: term: 2 index: 2. Preceding OpId from leader: term: 3 index: 3. (index mismatch)
I20260713 09:00:42.751039   881 consensus_queue.cc:1048] T 7dfb5d2fa4284c5786d53a37dc5153cb P 828bc2a72c814d73a552f2404c5b3afc [LEADER]: Connected to new peer: Peer: permanent_uuid: "636c6e36ad9448eca091d35fe7cf51b9" member_type: VOTER last_known_addr { host: "127.0.107.193" port: 42281 }, Status: LMP_MISMATCH, Last received: 0.0, Next index: 3, Last known committed idx: 2, Time since last communication: 0.000s
I20260713 09:00:42.992218   714 raft_consensus.cc:1275] T fbc935846f9a4416b74ff747e9c36e2e P 1d96fa543ee1474aa3ff4c4509e3bcc5 [term 4 FOLLOWER]: Refusing update from remote peer 828bc2a72c814d73a552f2404c5b3afc: Log matching property violated. Preceding OpId in replica: term: 3 index: 3. Preceding OpId from leader: term: 4 index: 4. (index mismatch)
I20260713 09:00:42.993340   881 consensus_queue.cc:1048] T fbc935846f9a4416b74ff747e9c36e2e P 828bc2a72c814d73a552f2404c5b3afc [LEADER]: Connected to new peer: Peer: permanent_uuid: "1d96fa543ee1474aa3ff4c4509e3bcc5" member_type: VOTER last_known_addr { host: "127.0.107.195" port: 42653 }, Status: LMP_MISMATCH, Last received: 0.0, Next index: 4, Last known committed idx: 3, Time since last communication: 0.000s
I20260713 09:00:43.000703   565 raft_consensus.cc:1275] T fbc935846f9a4416b74ff747e9c36e2e P 636c6e36ad9448eca091d35fe7cf51b9 [term 4 FOLLOWER]: Refusing update from remote peer 828bc2a72c814d73a552f2404c5b3afc: Log matching property violated. Preceding OpId in replica: term: 3 index: 3. Preceding OpId from leader: term: 4 index: 4. (index mismatch)
I20260713 09:00:43.001956   843 consensus_queue.cc:1048] T fbc935846f9a4416b74ff747e9c36e2e P 828bc2a72c814d73a552f2404c5b3afc [LEADER]: Connected to new peer: Peer: permanent_uuid: "636c6e36ad9448eca091d35fe7cf51b9" member_type: VOTER last_known_addr { host: "127.0.107.193" port: 42281 }, Status: LMP_MISMATCH, Last received: 0.0, Next index: 4, Last known committed idx: 3, Time since last communication: 0.000s
I20260713 09:00:43.259097   714 raft_consensus.cc:1275] T 433c77d6d6344893b6690c4dc3a668c7 P 1d96fa543ee1474aa3ff4c4509e3bcc5 [term 4 FOLLOWER]: Refusing update from remote peer 828bc2a72c814d73a552f2404c5b3afc: Log matching property violated. Preceding OpId in replica: term: 3 index: 3. Preceding OpId from leader: term: 4 index: 4. (index mismatch)
I20260713 09:00:43.260057   881 consensus_queue.cc:1048] T 433c77d6d6344893b6690c4dc3a668c7 P 828bc2a72c814d73a552f2404c5b3afc [LEADER]: Connected to new peer: Peer: permanent_uuid: "1d96fa543ee1474aa3ff4c4509e3bcc5" member_type: VOTER last_known_addr { host: "127.0.107.195" port: 42653 }, Status: LMP_MISMATCH, Last received: 0.0, Next index: 4, Last known committed idx: 3, Time since last communication: 0.000s
I20260713 09:00:43.267216   566 raft_consensus.cc:1275] T 433c77d6d6344893b6690c4dc3a668c7 P 636c6e36ad9448eca091d35fe7cf51b9 [term 4 FOLLOWER]: Refusing update from remote peer 828bc2a72c814d73a552f2404c5b3afc: Log matching property violated. Preceding OpId in replica: term: 3 index: 3. Preceding OpId from leader: term: 4 index: 4. (index mismatch)
I20260713 09:00:43.269068   872 consensus_queue.cc:1048] T 433c77d6d6344893b6690c4dc3a668c7 P 828bc2a72c814d73a552f2404c5b3afc [LEADER]: Connected to new peer: Peer: permanent_uuid: "636c6e36ad9448eca091d35fe7cf51b9" member_type: VOTER last_known_addr { host: "127.0.107.193" port: 42281 }, Status: LMP_MISMATCH, Last received: 0.0, Next index: 4, Last known committed idx: 3, Time since last communication: 0.000s
I20260713 09:00:45.177888   431 auto_leader_rebalancer.cc:141] leader rebalance for table test-workload
I20260713 09:00:45.184748   641 tablet_service.cc:2072] Received LeaderStepDown RPC: tablet_id: "1c463c9a67bb4ec3a3e990b9af80b0a0"
dest_uuid: "828bc2a72c814d73a552f2404c5b3afc"
mode: GRACEFUL
new_leader_uuid: "636c6e36ad9448eca091d35fe7cf51b9"
 from {username='slave'} at 127.0.0.1:41922
I20260713 09:00:45.185298   641 raft_consensus.cc:606] T 1c463c9a67bb4ec3a3e990b9af80b0a0 P 828bc2a72c814d73a552f2404c5b3afc [term 3 LEADER]: Received request to transfer leadership to TS 636c6e36ad9448eca091d35fe7cf51b9
I20260713 09:00:45.187703   641 tablet_service.cc:2072] Received LeaderStepDown RPC: tablet_id: "26232c6533f04d3e9ba00d1255c9bd5a"
dest_uuid: "828bc2a72c814d73a552f2404c5b3afc"
mode: GRACEFUL
new_leader_uuid: "1d96fa543ee1474aa3ff4c4509e3bcc5"
 from {username='slave'} at 127.0.0.1:41922
I20260713 09:00:45.188073   641 raft_consensus.cc:606] T 26232c6533f04d3e9ba00d1255c9bd5a P 828bc2a72c814d73a552f2404c5b3afc [term 2 LEADER]: Received request to transfer leadership to TS 1d96fa543ee1474aa3ff4c4509e3bcc5
I20260713 09:00:45.189921   641 tablet_service.cc:2072] Received LeaderStepDown RPC: tablet_id: "433c77d6d6344893b6690c4dc3a668c7"
dest_uuid: "828bc2a72c814d73a552f2404c5b3afc"
mode: GRACEFUL
new_leader_uuid: "1d96fa543ee1474aa3ff4c4509e3bcc5"
 from {username='slave'} at 127.0.0.1:41922
I20260713 09:00:45.190230   641 raft_consensus.cc:606] T 433c77d6d6344893b6690c4dc3a668c7 P 828bc2a72c814d73a552f2404c5b3afc [term 4 LEADER]: Received request to transfer leadership to TS 1d96fa543ee1474aa3ff4c4509e3bcc5
I20260713 09:00:45.191962   641 tablet_service.cc:2072] Received LeaderStepDown RPC: tablet_id: "7dfb5d2fa4284c5786d53a37dc5153cb"
dest_uuid: "828bc2a72c814d73a552f2404c5b3afc"
mode: GRACEFUL
new_leader_uuid: "636c6e36ad9448eca091d35fe7cf51b9"
 from {username='slave'} at 127.0.0.1:41922
I20260713 09:00:45.192252   641 raft_consensus.cc:606] T 7dfb5d2fa4284c5786d53a37dc5153cb P 828bc2a72c814d73a552f2404c5b3afc [term 3 LEADER]: Received request to transfer leadership to TS 636c6e36ad9448eca091d35fe7cf51b9
I20260713 09:00:45.193876   641 tablet_service.cc:2072] Received LeaderStepDown RPC: tablet_id: "e1e29f4b0bcf4ca5bfe60267886ebe4f"
dest_uuid: "828bc2a72c814d73a552f2404c5b3afc"
mode: GRACEFUL
new_leader_uuid: "636c6e36ad9448eca091d35fe7cf51b9"
 from {username='slave'} at 127.0.0.1:41922
I20260713 09:00:45.194151   641 raft_consensus.cc:606] T e1e29f4b0bcf4ca5bfe60267886ebe4f P 828bc2a72c814d73a552f2404c5b3afc [term 2 LEADER]: Received request to transfer leadership to TS 636c6e36ad9448eca091d35fe7cf51b9
I20260713 09:00:45.194926   431 auto_leader_rebalancer.cc:479] table: test-workload, leader rebalance finish, leader transfer count: 5
I20260713 09:00:45.195295   431 auto_leader_rebalancer.cc:554] All tables' leader rebalancing finished this round
I20260713 09:00:45.228816   896 raft_consensus.cc:993] T 7dfb5d2fa4284c5786d53a37dc5153cb P 828bc2a72c814d73a552f2404c5b3afc: : Instructing follower 636c6e36ad9448eca091d35fe7cf51b9 to start an election
I20260713 09:00:45.229311   881 raft_consensus.cc:1081] T 7dfb5d2fa4284c5786d53a37dc5153cb P 828bc2a72c814d73a552f2404c5b3afc [term 3 LEADER]: Signalling peer 636c6e36ad9448eca091d35fe7cf51b9 to start an election
I20260713 09:00:45.230641   565 tablet_service.cc:2044] Received Run Leader Election RPC: tablet_id: "7dfb5d2fa4284c5786d53a37dc5153cb"
dest_uuid: "636c6e36ad9448eca091d35fe7cf51b9"
 from {username='slave'} at 127.0.0.1:51132
I20260713 09:00:45.231036   565 raft_consensus.cc:493] T 7dfb5d2fa4284c5786d53a37dc5153cb P 636c6e36ad9448eca091d35fe7cf51b9 [term 3 FOLLOWER]: Starting forced leader election (received explicit request)
I20260713 09:00:45.231302   565 raft_consensus.cc:3060] T 7dfb5d2fa4284c5786d53a37dc5153cb P 636c6e36ad9448eca091d35fe7cf51b9 [term 3 FOLLOWER]: Advancing to term 4
I20260713 09:00:45.235559   565 raft_consensus.cc:515] T 7dfb5d2fa4284c5786d53a37dc5153cb P 636c6e36ad9448eca091d35fe7cf51b9 [term 4 FOLLOWER]: Starting forced leader election with config: opid_index: -1 OBSOLETE_local: false peers { permanent_uuid: "636c6e36ad9448eca091d35fe7cf51b9" member_type: VOTER last_known_addr { host: "127.0.107.193" port: 42281 } } peers { permanent_uuid: "828bc2a72c814d73a552f2404c5b3afc" member_type: VOTER last_known_addr { host: "127.0.107.194" port: 42195 } } peers { permanent_uuid: "1d96fa543ee1474aa3ff4c4509e3bcc5" member_type: VOTER last_known_addr { host: "127.0.107.195" port: 42653 } }
I20260713 09:00:45.236850   565 leader_election.cc:290] T 7dfb5d2fa4284c5786d53a37dc5153cb P 636c6e36ad9448eca091d35fe7cf51b9 [CANDIDATE]: Term 4 election: Requested vote from peers 828bc2a72c814d73a552f2404c5b3afc (127.0.107.194:42195), 1d96fa543ee1474aa3ff4c4509e3bcc5 (127.0.107.195:42653)
I20260713 09:00:45.237624   641 tablet_service.cc:1917] Received RequestConsensusVote() RPC: tablet_id: "7dfb5d2fa4284c5786d53a37dc5153cb" candidate_uuid: "636c6e36ad9448eca091d35fe7cf51b9" candidate_term: 4 candidate_status { last_received { term: 3 index: 3 } } ignore_live_leader: true dest_uuid: "828bc2a72c814d73a552f2404c5b3afc"
I20260713 09:00:45.238063   715 tablet_service.cc:1917] Received RequestConsensusVote() RPC: tablet_id: "7dfb5d2fa4284c5786d53a37dc5153cb" candidate_uuid: "636c6e36ad9448eca091d35fe7cf51b9" candidate_term: 4 candidate_status { last_received { term: 3 index: 3 } } ignore_live_leader: true dest_uuid: "1d96fa543ee1474aa3ff4c4509e3bcc5"
I20260713 09:00:45.238374   641 raft_consensus.cc:3055] T 7dfb5d2fa4284c5786d53a37dc5153cb P 828bc2a72c814d73a552f2404c5b3afc [term 3 LEADER]: Stepping down as leader of term 3
I20260713 09:00:45.238556   715 raft_consensus.cc:3060] T 7dfb5d2fa4284c5786d53a37dc5153cb P 1d96fa543ee1474aa3ff4c4509e3bcc5 [term 3 FOLLOWER]: Advancing to term 4
I20260713 09:00:45.238692   641 raft_consensus.cc:740] T 7dfb5d2fa4284c5786d53a37dc5153cb P 828bc2a72c814d73a552f2404c5b3afc [term 3 LEADER]: Becoming Follower/Learner. State: Replica: 828bc2a72c814d73a552f2404c5b3afc, State: Running, Role: LEADER
I20260713 09:00:45.239501   641 consensus_queue.cc:260] T 7dfb5d2fa4284c5786d53a37dc5153cb P 828bc2a72c814d73a552f2404c5b3afc [NON_LEADER]: Queue going to NON_LEADER mode. State: All replicated index: 0, Majority replicated index: 3, Committed index: 3, Last appended: 3.3, Last appended by leader: 3, Current term: 3, Majority size: -1, State: 0, Mode: NON_LEADER, active raft config: opid_index: -1 OBSOLETE_local: false peers { permanent_uuid: "636c6e36ad9448eca091d35fe7cf51b9" member_type: VOTER last_known_addr { host: "127.0.107.193" port: 42281 } } peers { permanent_uuid: "828bc2a72c814d73a552f2404c5b3afc" member_type: VOTER last_known_addr { host: "127.0.107.194" port: 42195 } } peers { permanent_uuid: "1d96fa543ee1474aa3ff4c4509e3bcc5" member_type: VOTER last_known_addr { host: "127.0.107.195" port: 42653 } }
I20260713 09:00:45.240711   641 raft_consensus.cc:3060] T 7dfb5d2fa4284c5786d53a37dc5153cb P 828bc2a72c814d73a552f2404c5b3afc [term 3 FOLLOWER]: Advancing to term 4
I20260713 09:00:45.242733   896 raft_consensus.cc:993] T 26232c6533f04d3e9ba00d1255c9bd5a P 828bc2a72c814d73a552f2404c5b3afc: : Instructing follower 1d96fa543ee1474aa3ff4c4509e3bcc5 to start an election
I20260713 09:00:45.243108   881 raft_consensus.cc:1081] T 26232c6533f04d3e9ba00d1255c9bd5a P 828bc2a72c814d73a552f2404c5b3afc [term 2 LEADER]: Signalling peer 1d96fa543ee1474aa3ff4c4509e3bcc5 to start an election
I20260713 09:00:45.244390   714 tablet_service.cc:2044] Received Run Leader Election RPC: tablet_id: "26232c6533f04d3e9ba00d1255c9bd5a"
dest_uuid: "1d96fa543ee1474aa3ff4c4509e3bcc5"
 from {username='slave'} at 127.0.0.1:33124
I20260713 09:00:45.244549   715 raft_consensus.cc:2468] T 7dfb5d2fa4284c5786d53a37dc5153cb P 1d96fa543ee1474aa3ff4c4509e3bcc5 [term 4 FOLLOWER]: Leader election vote request: Granting yes vote for candidate 636c6e36ad9448eca091d35fe7cf51b9 in term 4.
I20260713 09:00:45.244769   714 raft_consensus.cc:493] T 26232c6533f04d3e9ba00d1255c9bd5a P 1d96fa543ee1474aa3ff4c4509e3bcc5 [term 2 FOLLOWER]: Starting forced leader election (received explicit request)
I20260713 09:00:45.245134   714 raft_consensus.cc:3060] T 26232c6533f04d3e9ba00d1255c9bd5a P 1d96fa543ee1474aa3ff4c4509e3bcc5 [term 2 FOLLOWER]: Advancing to term 3
I20260713 09:00:45.245708   530 leader_election.cc:304] T 7dfb5d2fa4284c5786d53a37dc5153cb P 636c6e36ad9448eca091d35fe7cf51b9 [CANDIDATE]: Term 4 election: Election decided. Result: candidate won. Election summary: received 2 responses out of 3 voters: 2 yes votes; 0 no votes. yes voters: 1d96fa543ee1474aa3ff4c4509e3bcc5, 636c6e36ad9448eca091d35fe7cf51b9; no voters: 
I20260713 09:00:45.246719   641 raft_consensus.cc:2468] T 7dfb5d2fa4284c5786d53a37dc5153cb P 828bc2a72c814d73a552f2404c5b3afc [term 4 FOLLOWER]: Leader election vote request: Granting yes vote for candidate 636c6e36ad9448eca091d35fe7cf51b9 in term 4.
I20260713 09:00:45.249209   897 raft_consensus.cc:2804] T 7dfb5d2fa4284c5786d53a37dc5153cb P 636c6e36ad9448eca091d35fe7cf51b9 [term 4 FOLLOWER]: Leader election won for term 4
I20260713 09:00:45.249609   714 raft_consensus.cc:515] T 26232c6533f04d3e9ba00d1255c9bd5a P 1d96fa543ee1474aa3ff4c4509e3bcc5 [term 3 FOLLOWER]: Starting forced leader election with config: opid_index: -1 OBSOLETE_local: false peers { permanent_uuid: "636c6e36ad9448eca091d35fe7cf51b9" member_type: VOTER last_known_addr { host: "127.0.107.193" port: 42281 } } peers { permanent_uuid: "828bc2a72c814d73a552f2404c5b3afc" member_type: VOTER last_known_addr { host: "127.0.107.194" port: 42195 } } peers { permanent_uuid: "1d96fa543ee1474aa3ff4c4509e3bcc5" member_type: VOTER last_known_addr { host: "127.0.107.195" port: 42653 } }
I20260713 09:00:45.250105   897 raft_consensus.cc:697] T 7dfb5d2fa4284c5786d53a37dc5153cb P 636c6e36ad9448eca091d35fe7cf51b9 [term 4 LEADER]: Becoming Leader. State: Replica: 636c6e36ad9448eca091d35fe7cf51b9, State: Running, Role: LEADER
I20260713 09:00:45.251294   714 leader_election.cc:290] T 26232c6533f04d3e9ba00d1255c9bd5a P 1d96fa543ee1474aa3ff4c4509e3bcc5 [CANDIDATE]: Term 3 election: Requested vote from peers 636c6e36ad9448eca091d35fe7cf51b9 (127.0.107.193:42281), 828bc2a72c814d73a552f2404c5b3afc (127.0.107.194:42195)
I20260713 09:00:45.251003   897 consensus_queue.cc:237] T 7dfb5d2fa4284c5786d53a37dc5153cb P 636c6e36ad9448eca091d35fe7cf51b9 [LEADER]: Queue going to LEADER mode. State: All replicated index: 0, Majority replicated index: 3, Committed index: 3, Last appended: 3.3, Last appended by leader: 3, Current term: 4, Majority size: 2, State: 0, Mode: LEADER, active raft config: opid_index: -1 OBSOLETE_local: false peers { permanent_uuid: "636c6e36ad9448eca091d35fe7cf51b9" member_type: VOTER last_known_addr { host: "127.0.107.193" port: 42281 } } peers { permanent_uuid: "828bc2a72c814d73a552f2404c5b3afc" member_type: VOTER last_known_addr { host: "127.0.107.194" port: 42195 } } peers { permanent_uuid: "1d96fa543ee1474aa3ff4c4509e3bcc5" member_type: VOTER last_known_addr { host: "127.0.107.195" port: 42653 } }
I20260713 09:00:45.251824   565 tablet_service.cc:1917] Received RequestConsensusVote() RPC: tablet_id: "26232c6533f04d3e9ba00d1255c9bd5a" candidate_uuid: "1d96fa543ee1474aa3ff4c4509e3bcc5" candidate_term: 3 candidate_status { last_received { term: 2 index: 2 } } ignore_live_leader: true dest_uuid: "636c6e36ad9448eca091d35fe7cf51b9"
I20260713 09:00:45.252127   641 tablet_service.cc:1917] Received RequestConsensusVote() RPC: tablet_id: "26232c6533f04d3e9ba00d1255c9bd5a" candidate_uuid: "1d96fa543ee1474aa3ff4c4509e3bcc5" candidate_term: 3 candidate_status { last_received { term: 2 index: 2 } } ignore_live_leader: true dest_uuid: "828bc2a72c814d73a552f2404c5b3afc"
I20260713 09:00:45.252353   565 raft_consensus.cc:3060] T 26232c6533f04d3e9ba00d1255c9bd5a P 636c6e36ad9448eca091d35fe7cf51b9 [term 2 FOLLOWER]: Advancing to term 3
I20260713 09:00:45.252619   641 raft_consensus.cc:3055] T 26232c6533f04d3e9ba00d1255c9bd5a P 828bc2a72c814d73a552f2404c5b3afc [term 2 LEADER]: Stepping down as leader of term 2
I20260713 09:00:45.252877   641 raft_consensus.cc:740] T 26232c6533f04d3e9ba00d1255c9bd5a P 828bc2a72c814d73a552f2404c5b3afc [term 2 LEADER]: Becoming Follower/Learner. State: Replica: 828bc2a72c814d73a552f2404c5b3afc, State: Running, Role: LEADER
I20260713 09:00:45.253496   641 consensus_queue.cc:260] T 26232c6533f04d3e9ba00d1255c9bd5a P 828bc2a72c814d73a552f2404c5b3afc [NON_LEADER]: Queue going to NON_LEADER mode. State: All replicated index: 0, Majority replicated index: 2, Committed index: 2, Last appended: 2.2, Last appended by leader: 2, Current term: 2, Majority size: -1, State: 0, Mode: NON_LEADER, active raft config: opid_index: -1 OBSOLETE_local: false peers { permanent_uuid: "636c6e36ad9448eca091d35fe7cf51b9" member_type: VOTER last_known_addr { host: "127.0.107.193" port: 42281 } } peers { permanent_uuid: "828bc2a72c814d73a552f2404c5b3afc" member_type: VOTER last_known_addr { host: "127.0.107.194" port: 42195 } } peers { permanent_uuid: "1d96fa543ee1474aa3ff4c4509e3bcc5" member_type: VOTER last_known_addr { host: "127.0.107.195" port: 42653 } }
I20260713 09:00:45.254415   641 raft_consensus.cc:3060] T 26232c6533f04d3e9ba00d1255c9bd5a P 828bc2a72c814d73a552f2404c5b3afc [term 2 FOLLOWER]: Advancing to term 3
I20260713 09:00:45.257277   565 raft_consensus.cc:2468] T 26232c6533f04d3e9ba00d1255c9bd5a P 636c6e36ad9448eca091d35fe7cf51b9 [term 3 FOLLOWER]: Leader election vote request: Granting yes vote for candidate 1d96fa543ee1474aa3ff4c4509e3bcc5 in term 3.
I20260713 09:00:45.258592   678 leader_election.cc:304] T 26232c6533f04d3e9ba00d1255c9bd5a P 1d96fa543ee1474aa3ff4c4509e3bcc5 [CANDIDATE]: Term 3 election: Election decided. Result: candidate won. Election summary: received 2 responses out of 3 voters: 2 yes votes; 0 no votes. yes voters: 1d96fa543ee1474aa3ff4c4509e3bcc5, 636c6e36ad9448eca091d35fe7cf51b9; no voters: 
I20260713 09:00:45.259572   855 raft_consensus.cc:2804] T 26232c6533f04d3e9ba00d1255c9bd5a P 1d96fa543ee1474aa3ff4c4509e3bcc5 [term 3 FOLLOWER]: Leader election won for term 3
I20260713 09:00:45.260895   855 raft_consensus.cc:697] T 26232c6533f04d3e9ba00d1255c9bd5a P 1d96fa543ee1474aa3ff4c4509e3bcc5 [term 3 LEADER]: Becoming Leader. State: Replica: 1d96fa543ee1474aa3ff4c4509e3bcc5, State: Running, Role: LEADER
I20260713 09:00:45.261123   641 raft_consensus.cc:2468] T 26232c6533f04d3e9ba00d1255c9bd5a P 828bc2a72c814d73a552f2404c5b3afc [term 3 FOLLOWER]: Leader election vote request: Granting yes vote for candidate 1d96fa543ee1474aa3ff4c4509e3bcc5 in term 3.
I20260713 09:00:45.261758   855 consensus_queue.cc:237] T 26232c6533f04d3e9ba00d1255c9bd5a P 1d96fa543ee1474aa3ff4c4509e3bcc5 [LEADER]: Queue going to LEADER mode. State: All replicated index: 0, Majority replicated index: 2, Committed index: 2, Last appended: 2.2, Last appended by leader: 2, Current term: 3, Majority size: 2, State: 0, Mode: LEADER, active raft config: opid_index: -1 OBSOLETE_local: false peers { permanent_uuid: "636c6e36ad9448eca091d35fe7cf51b9" member_type: VOTER last_known_addr { host: "127.0.107.193" port: 42281 } } peers { permanent_uuid: "828bc2a72c814d73a552f2404c5b3afc" member_type: VOTER last_known_addr { host: "127.0.107.194" port: 42195 } } peers { permanent_uuid: "1d96fa543ee1474aa3ff4c4509e3bcc5" member_type: VOTER last_known_addr { host: "127.0.107.195" port: 42653 } }
I20260713 09:00:45.263613   460 catalog_manager.cc:5697] T 7dfb5d2fa4284c5786d53a37dc5153cb P 636c6e36ad9448eca091d35fe7cf51b9 reported cstate change: term changed from 3 to 4, leader changed from 828bc2a72c814d73a552f2404c5b3afc (127.0.107.194) to 636c6e36ad9448eca091d35fe7cf51b9 (127.0.107.193). New cstate: current_term: 4 leader_uuid: "636c6e36ad9448eca091d35fe7cf51b9" committed_config { opid_index: -1 OBSOLETE_local: false peers { permanent_uuid: "636c6e36ad9448eca091d35fe7cf51b9" member_type: VOTER last_known_addr { host: "127.0.107.193" port: 42281 } health_report { overall_health: HEALTHY } } peers { permanent_uuid: "828bc2a72c814d73a552f2404c5b3afc" member_type: VOTER last_known_addr { host: "127.0.107.194" port: 42195 } health_report { overall_health: UNKNOWN } } peers { permanent_uuid: "1d96fa543ee1474aa3ff4c4509e3bcc5" member_type: VOTER last_known_addr { host: "127.0.107.195" port: 42653 } health_report { overall_health: UNKNOWN } } }
I20260713 09:00:45.269599   461 catalog_manager.cc:5697] T 26232c6533f04d3e9ba00d1255c9bd5a P 1d96fa543ee1474aa3ff4c4509e3bcc5 reported cstate change: term changed from 2 to 3, leader changed from 828bc2a72c814d73a552f2404c5b3afc (127.0.107.194) to 1d96fa543ee1474aa3ff4c4509e3bcc5 (127.0.107.195). New cstate: current_term: 3 leader_uuid: "1d96fa543ee1474aa3ff4c4509e3bcc5" committed_config { opid_index: -1 OBSOLETE_local: false peers { permanent_uuid: "636c6e36ad9448eca091d35fe7cf51b9" member_type: VOTER last_known_addr { host: "127.0.107.193" port: 42281 } health_report { overall_health: UNKNOWN } } peers { permanent_uuid: "828bc2a72c814d73a552f2404c5b3afc" member_type: VOTER last_known_addr { host: "127.0.107.194" port: 42195 } health_report { overall_health: UNKNOWN } } peers { permanent_uuid: "1d96fa543ee1474aa3ff4c4509e3bcc5" member_type: VOTER last_known_addr { host: "127.0.107.195" port: 42653 } health_report { overall_health: HEALTHY } } }
I20260713 09:00:45.286829   896 raft_consensus.cc:993] T e1e29f4b0bcf4ca5bfe60267886ebe4f P 828bc2a72c814d73a552f2404c5b3afc: : Instructing follower 636c6e36ad9448eca091d35fe7cf51b9 to start an election
I20260713 09:00:45.287153   881 raft_consensus.cc:1081] T e1e29f4b0bcf4ca5bfe60267886ebe4f P 828bc2a72c814d73a552f2404c5b3afc [term 2 LEADER]: Signalling peer 636c6e36ad9448eca091d35fe7cf51b9 to start an election
I20260713 09:00:45.288316   565 tablet_service.cc:2044] Received Run Leader Election RPC: tablet_id: "e1e29f4b0bcf4ca5bfe60267886ebe4f"
dest_uuid: "636c6e36ad9448eca091d35fe7cf51b9"
 from {username='slave'} at 127.0.0.1:51132
I20260713 09:00:45.288635   565 raft_consensus.cc:493] T e1e29f4b0bcf4ca5bfe60267886ebe4f P 636c6e36ad9448eca091d35fe7cf51b9 [term 2 FOLLOWER]: Starting forced leader election (received explicit request)
I20260713 09:00:45.288836   565 raft_consensus.cc:3060] T e1e29f4b0bcf4ca5bfe60267886ebe4f P 636c6e36ad9448eca091d35fe7cf51b9 [term 2 FOLLOWER]: Advancing to term 3
I20260713 09:00:45.292163   565 raft_consensus.cc:515] T e1e29f4b0bcf4ca5bfe60267886ebe4f P 636c6e36ad9448eca091d35fe7cf51b9 [term 3 FOLLOWER]: Starting forced leader election with config: opid_index: -1 OBSOLETE_local: false peers { permanent_uuid: "636c6e36ad9448eca091d35fe7cf51b9" member_type: VOTER last_known_addr { host: "127.0.107.193" port: 42281 } } peers { permanent_uuid: "828bc2a72c814d73a552f2404c5b3afc" member_type: VOTER last_known_addr { host: "127.0.107.194" port: 42195 } } peers { permanent_uuid: "1d96fa543ee1474aa3ff4c4509e3bcc5" member_type: VOTER last_known_addr { host: "127.0.107.195" port: 42653 } }
I20260713 09:00:45.293407   565 leader_election.cc:290] T e1e29f4b0bcf4ca5bfe60267886ebe4f P 636c6e36ad9448eca091d35fe7cf51b9 [CANDIDATE]: Term 3 election: Requested vote from peers 828bc2a72c814d73a552f2404c5b3afc (127.0.107.194:42195), 1d96fa543ee1474aa3ff4c4509e3bcc5 (127.0.107.195:42653)
I20260713 09:00:45.293897   641 tablet_service.cc:1917] Received RequestConsensusVote() RPC: tablet_id: "e1e29f4b0bcf4ca5bfe60267886ebe4f" candidate_uuid: "636c6e36ad9448eca091d35fe7cf51b9" candidate_term: 3 candidate_status { last_received { term: 2 index: 2 } } ignore_live_leader: true dest_uuid: "828bc2a72c814d73a552f2404c5b3afc"
I20260713 09:00:45.294143   714 tablet_service.cc:1917] Received RequestConsensusVote() RPC: tablet_id: "e1e29f4b0bcf4ca5bfe60267886ebe4f" candidate_uuid: "636c6e36ad9448eca091d35fe7cf51b9" candidate_term: 3 candidate_status { last_received { term: 2 index: 2 } } ignore_live_leader: true dest_uuid: "1d96fa543ee1474aa3ff4c4509e3bcc5"
I20260713 09:00:45.294339   641 raft_consensus.cc:3055] T e1e29f4b0bcf4ca5bfe60267886ebe4f P 828bc2a72c814d73a552f2404c5b3afc [term 2 LEADER]: Stepping down as leader of term 2
I20260713 09:00:45.294595   714 raft_consensus.cc:3060] T e1e29f4b0bcf4ca5bfe60267886ebe4f P 1d96fa543ee1474aa3ff4c4509e3bcc5 [term 2 FOLLOWER]: Advancing to term 3
I20260713 09:00:45.294615   641 raft_consensus.cc:740] T e1e29f4b0bcf4ca5bfe60267886ebe4f P 828bc2a72c814d73a552f2404c5b3afc [term 2 LEADER]: Becoming Follower/Learner. State: Replica: 828bc2a72c814d73a552f2404c5b3afc, State: Running, Role: LEADER
I20260713 09:00:45.295372   641 consensus_queue.cc:260] T e1e29f4b0bcf4ca5bfe60267886ebe4f P 828bc2a72c814d73a552f2404c5b3afc [NON_LEADER]: Queue going to NON_LEADER mode. State: All replicated index: 0, Majority replicated index: 2, Committed index: 2, Last appended: 2.2, Last appended by leader: 2, Current term: 2, Majority size: -1, State: 0, Mode: NON_LEADER, active raft config: opid_index: -1 OBSOLETE_local: false peers { permanent_uuid: "636c6e36ad9448eca091d35fe7cf51b9" member_type: VOTER last_known_addr { host: "127.0.107.193" port: 42281 } } peers { permanent_uuid: "828bc2a72c814d73a552f2404c5b3afc" member_type: VOTER last_known_addr { host: "127.0.107.194" port: 42195 } } peers { permanent_uuid: "1d96fa543ee1474aa3ff4c4509e3bcc5" member_type: VOTER last_known_addr { host: "127.0.107.195" port: 42653 } }
I20260713 09:00:45.296319   641 raft_consensus.cc:3060] T e1e29f4b0bcf4ca5bfe60267886ebe4f P 828bc2a72c814d73a552f2404c5b3afc [term 2 FOLLOWER]: Advancing to term 3
I20260713 09:00:45.299760   714 raft_consensus.cc:2468] T e1e29f4b0bcf4ca5bfe60267886ebe4f P 1d96fa543ee1474aa3ff4c4509e3bcc5 [term 3 FOLLOWER]: Leader election vote request: Granting yes vote for candidate 636c6e36ad9448eca091d35fe7cf51b9 in term 3.
I20260713 09:00:45.300573   530 leader_election.cc:304] T e1e29f4b0bcf4ca5bfe60267886ebe4f P 636c6e36ad9448eca091d35fe7cf51b9 [CANDIDATE]: Term 3 election: Election decided. Result: candidate won. Election summary: received 2 responses out of 3 voters: 2 yes votes; 0 no votes. yes voters: 1d96fa543ee1474aa3ff4c4509e3bcc5, 636c6e36ad9448eca091d35fe7cf51b9; no voters: 
I20260713 09:00:45.301075   641 raft_consensus.cc:2468] T e1e29f4b0bcf4ca5bfe60267886ebe4f P 828bc2a72c814d73a552f2404c5b3afc [term 3 FOLLOWER]: Leader election vote request: Granting yes vote for candidate 636c6e36ad9448eca091d35fe7cf51b9 in term 3.
I20260713 09:00:45.301141   897 raft_consensus.cc:2804] T e1e29f4b0bcf4ca5bfe60267886ebe4f P 636c6e36ad9448eca091d35fe7cf51b9 [term 3 FOLLOWER]: Leader election won for term 3
I20260713 09:00:45.301594   897 raft_consensus.cc:697] T e1e29f4b0bcf4ca5bfe60267886ebe4f P 636c6e36ad9448eca091d35fe7cf51b9 [term 3 LEADER]: Becoming Leader. State: Replica: 636c6e36ad9448eca091d35fe7cf51b9, State: Running, Role: LEADER
I20260713 09:00:45.302222   897 consensus_queue.cc:237] T e1e29f4b0bcf4ca5bfe60267886ebe4f P 636c6e36ad9448eca091d35fe7cf51b9 [LEADER]: Queue going to LEADER mode. State: All replicated index: 0, Majority replicated index: 2, Committed index: 2, Last appended: 2.2, Last appended by leader: 2, Current term: 3, Majority size: 2, State: 0, Mode: LEADER, active raft config: opid_index: -1 OBSOLETE_local: false peers { permanent_uuid: "636c6e36ad9448eca091d35fe7cf51b9" member_type: VOTER last_known_addr { host: "127.0.107.193" port: 42281 } } peers { permanent_uuid: "828bc2a72c814d73a552f2404c5b3afc" member_type: VOTER last_known_addr { host: "127.0.107.194" port: 42195 } } peers { permanent_uuid: "1d96fa543ee1474aa3ff4c4509e3bcc5" member_type: VOTER last_known_addr { host: "127.0.107.195" port: 42653 } }
I20260713 09:00:45.307808   461 catalog_manager.cc:5697] T e1e29f4b0bcf4ca5bfe60267886ebe4f P 636c6e36ad9448eca091d35fe7cf51b9 reported cstate change: term changed from 2 to 3, leader changed from 828bc2a72c814d73a552f2404c5b3afc (127.0.107.194) to 636c6e36ad9448eca091d35fe7cf51b9 (127.0.107.193). New cstate: current_term: 3 leader_uuid: "636c6e36ad9448eca091d35fe7cf51b9" committed_config { opid_index: -1 OBSOLETE_local: false peers { permanent_uuid: "636c6e36ad9448eca091d35fe7cf51b9" member_type: VOTER last_known_addr { host: "127.0.107.193" port: 42281 } health_report { overall_health: HEALTHY } } peers { permanent_uuid: "828bc2a72c814d73a552f2404c5b3afc" member_type: VOTER last_known_addr { host: "127.0.107.194" port: 42195 } health_report { overall_health: UNKNOWN } } peers { permanent_uuid: "1d96fa543ee1474aa3ff4c4509e3bcc5" member_type: VOTER last_known_addr { host: "127.0.107.195" port: 42653 } health_report { overall_health: UNKNOWN } } }
I20260713 09:00:45.607324   881 raft_consensus.cc:993] T 433c77d6d6344893b6690c4dc3a668c7 P 828bc2a72c814d73a552f2404c5b3afc: : Instructing follower 1d96fa543ee1474aa3ff4c4509e3bcc5 to start an election
I20260713 09:00:45.608664   881 raft_consensus.cc:1081] T 433c77d6d6344893b6690c4dc3a668c7 P 828bc2a72c814d73a552f2404c5b3afc [term 4 LEADER]: Signalling peer 1d96fa543ee1474aa3ff4c4509e3bcc5 to start an election
I20260713 09:00:45.609197   908 raft_consensus.cc:993] T 1c463c9a67bb4ec3a3e990b9af80b0a0 P 828bc2a72c814d73a552f2404c5b3afc: : Instructing follower 636c6e36ad9448eca091d35fe7cf51b9 to start an election
I20260713 09:00:45.609642   881 raft_consensus.cc:1081] T 1c463c9a67bb4ec3a3e990b9af80b0a0 P 828bc2a72c814d73a552f2404c5b3afc [term 3 LEADER]: Signalling peer 636c6e36ad9448eca091d35fe7cf51b9 to start an election
I20260713 09:00:45.610219   714 tablet_service.cc:2044] Received Run Leader Election RPC: tablet_id: "433c77d6d6344893b6690c4dc3a668c7"
dest_uuid: "1d96fa543ee1474aa3ff4c4509e3bcc5"
 from {username='slave'} at 127.0.0.1:33124
I20260713 09:00:45.610702   714 raft_consensus.cc:493] T 433c77d6d6344893b6690c4dc3a668c7 P 1d96fa543ee1474aa3ff4c4509e3bcc5 [term 4 FOLLOWER]: Starting forced leader election (received explicit request)
I20260713 09:00:45.611003   714 raft_consensus.cc:3060] T 433c77d6d6344893b6690c4dc3a668c7 P 1d96fa543ee1474aa3ff4c4509e3bcc5 [term 4 FOLLOWER]: Advancing to term 5
I20260713 09:00:45.611095   565 tablet_service.cc:2044] Received Run Leader Election RPC: tablet_id: "1c463c9a67bb4ec3a3e990b9af80b0a0"
dest_uuid: "636c6e36ad9448eca091d35fe7cf51b9"
 from {username='slave'} at 127.0.0.1:51132
I20260713 09:00:45.611547   565 raft_consensus.cc:493] T 1c463c9a67bb4ec3a3e990b9af80b0a0 P 636c6e36ad9448eca091d35fe7cf51b9 [term 3 FOLLOWER]: Starting forced leader election (received explicit request)
I20260713 09:00:45.611785   565 raft_consensus.cc:3060] T 1c463c9a67bb4ec3a3e990b9af80b0a0 P 636c6e36ad9448eca091d35fe7cf51b9 [term 3 FOLLOWER]: Advancing to term 4
I20260713 09:00:45.614903   714 raft_consensus.cc:515] T 433c77d6d6344893b6690c4dc3a668c7 P 1d96fa543ee1474aa3ff4c4509e3bcc5 [term 5 FOLLOWER]: Starting forced leader election with config: opid_index: -1 OBSOLETE_local: false peers { permanent_uuid: "828bc2a72c814d73a552f2404c5b3afc" member_type: VOTER last_known_addr { host: "127.0.107.194" port: 42195 } } peers { permanent_uuid: "1d96fa543ee1474aa3ff4c4509e3bcc5" member_type: VOTER last_known_addr { host: "127.0.107.195" port: 42653 } } peers { permanent_uuid: "636c6e36ad9448eca091d35fe7cf51b9" member_type: VOTER last_known_addr { host: "127.0.107.193" port: 42281 } }
I20260713 09:00:45.615166   565 raft_consensus.cc:515] T 1c463c9a67bb4ec3a3e990b9af80b0a0 P 636c6e36ad9448eca091d35fe7cf51b9 [term 4 FOLLOWER]: Starting forced leader election with config: opid_index: -1 OBSOLETE_local: false peers { permanent_uuid: "636c6e36ad9448eca091d35fe7cf51b9" member_type: VOTER last_known_addr { host: "127.0.107.193" port: 42281 } } peers { permanent_uuid: "828bc2a72c814d73a552f2404c5b3afc" member_type: VOTER last_known_addr { host: "127.0.107.194" port: 42195 } } peers { permanent_uuid: "1d96fa543ee1474aa3ff4c4509e3bcc5" member_type: VOTER last_known_addr { host: "127.0.107.195" port: 42653 } }
I20260713 09:00:45.616291   714 leader_election.cc:290] T 433c77d6d6344893b6690c4dc3a668c7 P 1d96fa543ee1474aa3ff4c4509e3bcc5 [CANDIDATE]: Term 5 election: Requested vote from peers 828bc2a72c814d73a552f2404c5b3afc (127.0.107.194:42195), 636c6e36ad9448eca091d35fe7cf51b9 (127.0.107.193:42281)
I20260713 09:00:45.616592   565 leader_election.cc:290] T 1c463c9a67bb4ec3a3e990b9af80b0a0 P 636c6e36ad9448eca091d35fe7cf51b9 [CANDIDATE]: Term 4 election: Requested vote from peers 828bc2a72c814d73a552f2404c5b3afc (127.0.107.194:42195), 1d96fa543ee1474aa3ff4c4509e3bcc5 (127.0.107.195:42653)
I20260713 09:00:45.616839   641 tablet_service.cc:1917] Received RequestConsensusVote() RPC: tablet_id: "433c77d6d6344893b6690c4dc3a668c7" candidate_uuid: "1d96fa543ee1474aa3ff4c4509e3bcc5" candidate_term: 5 candidate_status { last_received { term: 4 index: 4 } } ignore_live_leader: true dest_uuid: "828bc2a72c814d73a552f2404c5b3afc"
I20260713 09:00:45.617297   641 raft_consensus.cc:3055] T 433c77d6d6344893b6690c4dc3a668c7 P 828bc2a72c814d73a552f2404c5b3afc [term 4 LEADER]: Stepping down as leader of term 4
I20260713 09:00:45.617575   641 raft_consensus.cc:740] T 433c77d6d6344893b6690c4dc3a668c7 P 828bc2a72c814d73a552f2404c5b3afc [term 4 LEADER]: Becoming Follower/Learner. State: Replica: 828bc2a72c814d73a552f2404c5b3afc, State: Running, Role: LEADER
I20260713 09:00:45.617901   565 tablet_service.cc:1917] Received RequestConsensusVote() RPC: tablet_id: "433c77d6d6344893b6690c4dc3a668c7" candidate_uuid: "1d96fa543ee1474aa3ff4c4509e3bcc5" candidate_term: 5 candidate_status { last_received { term: 4 index: 4 } } ignore_live_leader: true dest_uuid: "636c6e36ad9448eca091d35fe7cf51b9"
I20260713 09:00:45.618034   639 tablet_service.cc:1917] Received RequestConsensusVote() RPC: tablet_id: "1c463c9a67bb4ec3a3e990b9af80b0a0" candidate_uuid: "636c6e36ad9448eca091d35fe7cf51b9" candidate_term: 4 candidate_status { last_received { term: 3 index: 3 } } ignore_live_leader: true dest_uuid: "828bc2a72c814d73a552f2404c5b3afc"
I20260713 09:00:45.618414   565 raft_consensus.cc:3060] T 433c77d6d6344893b6690c4dc3a668c7 P 636c6e36ad9448eca091d35fe7cf51b9 [term 4 FOLLOWER]: Advancing to term 5
I20260713 09:00:45.618273   641 consensus_queue.cc:260] T 433c77d6d6344893b6690c4dc3a668c7 P 828bc2a72c814d73a552f2404c5b3afc [NON_LEADER]: Queue going to NON_LEADER mode. State: All replicated index: 0, Majority replicated index: 4, Committed index: 4, Last appended: 4.4, Last appended by leader: 4, Current term: 4, Majority size: -1, State: 0, Mode: NON_LEADER, active raft config: opid_index: -1 OBSOLETE_local: false peers { permanent_uuid: "828bc2a72c814d73a552f2404c5b3afc" member_type: VOTER last_known_addr { host: "127.0.107.194" port: 42195 } } peers { permanent_uuid: "1d96fa543ee1474aa3ff4c4509e3bcc5" member_type: VOTER last_known_addr { host: "127.0.107.195" port: 42653 } } peers { permanent_uuid: "636c6e36ad9448eca091d35fe7cf51b9" member_type: VOTER last_known_addr { host: "127.0.107.193" port: 42281 } }
I20260713 09:00:45.618577   639 raft_consensus.cc:3055] T 1c463c9a67bb4ec3a3e990b9af80b0a0 P 828bc2a72c814d73a552f2404c5b3afc [term 3 LEADER]: Stepping down as leader of term 3
I20260713 09:00:45.618487   714 tablet_service.cc:1917] Received RequestConsensusVote() RPC: tablet_id: "1c463c9a67bb4ec3a3e990b9af80b0a0" candidate_uuid: "636c6e36ad9448eca091d35fe7cf51b9" candidate_term: 4 candidate_status { last_received { term: 3 index: 3 } } ignore_live_leader: true dest_uuid: "1d96fa543ee1474aa3ff4c4509e3bcc5"
I20260713 09:00:45.618999   639 raft_consensus.cc:740] T 1c463c9a67bb4ec3a3e990b9af80b0a0 P 828bc2a72c814d73a552f2404c5b3afc [term 3 LEADER]: Becoming Follower/Learner. State: Replica: 828bc2a72c814d73a552f2404c5b3afc, State: Running, Role: LEADER
I20260713 09:00:45.619343   641 raft_consensus.cc:3060] T 433c77d6d6344893b6690c4dc3a668c7 P 828bc2a72c814d73a552f2404c5b3afc [term 4 FOLLOWER]: Advancing to term 5
I20260713 09:00:45.619349   714 raft_consensus.cc:3060] T 1c463c9a67bb4ec3a3e990b9af80b0a0 P 1d96fa543ee1474aa3ff4c4509e3bcc5 [term 3 FOLLOWER]: Advancing to term 4
I20260713 09:00:45.619791   639 consensus_queue.cc:260] T 1c463c9a67bb4ec3a3e990b9af80b0a0 P 828bc2a72c814d73a552f2404c5b3afc [NON_LEADER]: Queue going to NON_LEADER mode. State: All replicated index: 0, Majority replicated index: 3, Committed index: 3, Last appended: 3.3, Last appended by leader: 3, Current term: 3, Majority size: -1, State: 0, Mode: NON_LEADER, active raft config: opid_index: -1 OBSOLETE_local: false peers { permanent_uuid: "636c6e36ad9448eca091d35fe7cf51b9" member_type: VOTER last_known_addr { host: "127.0.107.193" port: 42281 } } peers { permanent_uuid: "828bc2a72c814d73a552f2404c5b3afc" member_type: VOTER last_known_addr { host: "127.0.107.194" port: 42195 } } peers { permanent_uuid: "1d96fa543ee1474aa3ff4c4509e3bcc5" member_type: VOTER last_known_addr { host: "127.0.107.195" port: 42653 } }
I20260713 09:00:45.620986   639 raft_consensus.cc:3060] T 1c463c9a67bb4ec3a3e990b9af80b0a0 P 828bc2a72c814d73a552f2404c5b3afc [term 3 FOLLOWER]: Advancing to term 4
I20260713 09:00:45.623744   565 raft_consensus.cc:2468] T 433c77d6d6344893b6690c4dc3a668c7 P 636c6e36ad9448eca091d35fe7cf51b9 [term 5 FOLLOWER]: Leader election vote request: Granting yes vote for candidate 1d96fa543ee1474aa3ff4c4509e3bcc5 in term 5.
I20260713 09:00:45.624699   714 raft_consensus.cc:2468] T 1c463c9a67bb4ec3a3e990b9af80b0a0 P 1d96fa543ee1474aa3ff4c4509e3bcc5 [term 4 FOLLOWER]: Leader election vote request: Granting yes vote for candidate 636c6e36ad9448eca091d35fe7cf51b9 in term 4.
I20260713 09:00:45.624666   678 leader_election.cc:304] T 433c77d6d6344893b6690c4dc3a668c7 P 1d96fa543ee1474aa3ff4c4509e3bcc5 [CANDIDATE]: Term 5 election: Election decided. Result: candidate won. Election summary: received 2 responses out of 3 voters: 2 yes votes; 0 no votes. yes voters: 1d96fa543ee1474aa3ff4c4509e3bcc5, 636c6e36ad9448eca091d35fe7cf51b9; no voters: 
I20260713 09:00:45.625386   855 raft_consensus.cc:2804] T 433c77d6d6344893b6690c4dc3a668c7 P 1d96fa543ee1474aa3ff4c4509e3bcc5 [term 5 FOLLOWER]: Leader election won for term 5
I20260713 09:00:45.625633   530 leader_election.cc:304] T 1c463c9a67bb4ec3a3e990b9af80b0a0 P 636c6e36ad9448eca091d35fe7cf51b9 [CANDIDATE]: Term 4 election: Election decided. Result: candidate won. Election summary: received 2 responses out of 3 voters: 2 yes votes; 0 no votes. yes voters: 1d96fa543ee1474aa3ff4c4509e3bcc5, 636c6e36ad9448eca091d35fe7cf51b9; no voters: 
I20260713 09:00:45.625808   855 raft_consensus.cc:697] T 433c77d6d6344893b6690c4dc3a668c7 P 1d96fa543ee1474aa3ff4c4509e3bcc5 [term 5 LEADER]: Becoming Leader. State: Replica: 1d96fa543ee1474aa3ff4c4509e3bcc5, State: Running, Role: LEADER
I20260713 09:00:45.626825   897 raft_consensus.cc:2804] T 1c463c9a67bb4ec3a3e990b9af80b0a0 P 636c6e36ad9448eca091d35fe7cf51b9 [term 4 FOLLOWER]: Leader election won for term 4
I20260713 09:00:45.626586   855 consensus_queue.cc:237] T 433c77d6d6344893b6690c4dc3a668c7 P 1d96fa543ee1474aa3ff4c4509e3bcc5 [LEADER]: Queue going to LEADER mode. State: All replicated index: 0, Majority replicated index: 4, Committed index: 4, Last appended: 4.4, Last appended by leader: 4, Current term: 5, Majority size: 2, State: 0, Mode: LEADER, active raft config: opid_index: -1 OBSOLETE_local: false peers { permanent_uuid: "828bc2a72c814d73a552f2404c5b3afc" member_type: VOTER last_known_addr { host: "127.0.107.194" port: 42195 } } peers { permanent_uuid: "1d96fa543ee1474aa3ff4c4509e3bcc5" member_type: VOTER last_known_addr { host: "127.0.107.195" port: 42653 } } peers { permanent_uuid: "636c6e36ad9448eca091d35fe7cf51b9" member_type: VOTER last_known_addr { host: "127.0.107.193" port: 42281 } }
I20260713 09:00:45.626819   639 raft_consensus.cc:2468] T 1c463c9a67bb4ec3a3e990b9af80b0a0 P 828bc2a72c814d73a552f2404c5b3afc [term 4 FOLLOWER]: Leader election vote request: Granting yes vote for candidate 636c6e36ad9448eca091d35fe7cf51b9 in term 4.
I20260713 09:00:45.627348   897 raft_consensus.cc:697] T 1c463c9a67bb4ec3a3e990b9af80b0a0 P 636c6e36ad9448eca091d35fe7cf51b9 [term 4 LEADER]: Becoming Leader. State: Replica: 636c6e36ad9448eca091d35fe7cf51b9, State: Running, Role: LEADER
I20260713 09:00:45.628188   897 consensus_queue.cc:237] T 1c463c9a67bb4ec3a3e990b9af80b0a0 P 636c6e36ad9448eca091d35fe7cf51b9 [LEADER]: Queue going to LEADER mode. State: All replicated index: 0, Majority replicated index: 3, Committed index: 3, Last appended: 3.3, Last appended by leader: 3, Current term: 4, Majority size: 2, State: 0, Mode: LEADER, active raft config: opid_index: -1 OBSOLETE_local: false peers { permanent_uuid: "636c6e36ad9448eca091d35fe7cf51b9" member_type: VOTER last_known_addr { host: "127.0.107.193" port: 42281 } } peers { permanent_uuid: "828bc2a72c814d73a552f2404c5b3afc" member_type: VOTER last_known_addr { host: "127.0.107.194" port: 42195 } } peers { permanent_uuid: "1d96fa543ee1474aa3ff4c4509e3bcc5" member_type: VOTER last_known_addr { host: "127.0.107.195" port: 42653 } }
I20260713 09:00:45.625242   641 raft_consensus.cc:2468] T 433c77d6d6344893b6690c4dc3a668c7 P 828bc2a72c814d73a552f2404c5b3afc [term 5 FOLLOWER]: Leader election vote request: Granting yes vote for candidate 1d96fa543ee1474aa3ff4c4509e3bcc5 in term 5.
I20260713 09:00:45.633939   461 catalog_manager.cc:5697] T 433c77d6d6344893b6690c4dc3a668c7 P 1d96fa543ee1474aa3ff4c4509e3bcc5 reported cstate change: term changed from 4 to 5, leader changed from 828bc2a72c814d73a552f2404c5b3afc (127.0.107.194) to 1d96fa543ee1474aa3ff4c4509e3bcc5 (127.0.107.195). New cstate: current_term: 5 leader_uuid: "1d96fa543ee1474aa3ff4c4509e3bcc5" committed_config { opid_index: -1 OBSOLETE_local: false peers { permanent_uuid: "828bc2a72c814d73a552f2404c5b3afc" member_type: VOTER last_known_addr { host: "127.0.107.194" port: 42195 } health_report { overall_health: UNKNOWN } } peers { permanent_uuid: "1d96fa543ee1474aa3ff4c4509e3bcc5" member_type: VOTER last_known_addr { host: "127.0.107.195" port: 42653 } health_report { overall_health: HEALTHY } } peers { permanent_uuid: "636c6e36ad9448eca091d35fe7cf51b9" member_type: VOTER last_known_addr { host: "127.0.107.193" port: 42281 } health_report { overall_health: UNKNOWN } } }
I20260713 09:00:45.635812   460 catalog_manager.cc:5697] T 1c463c9a67bb4ec3a3e990b9af80b0a0 P 636c6e36ad9448eca091d35fe7cf51b9 reported cstate change: term changed from 3 to 4, leader changed from 828bc2a72c814d73a552f2404c5b3afc (127.0.107.194) to 636c6e36ad9448eca091d35fe7cf51b9 (127.0.107.193). New cstate: current_term: 4 leader_uuid: "636c6e36ad9448eca091d35fe7cf51b9" committed_config { opid_index: -1 OBSOLETE_local: false peers { permanent_uuid: "636c6e36ad9448eca091d35fe7cf51b9" member_type: VOTER last_known_addr { host: "127.0.107.193" port: 42281 } health_report { overall_health: HEALTHY } } peers { permanent_uuid: "828bc2a72c814d73a552f2404c5b3afc" member_type: VOTER last_known_addr { host: "127.0.107.194" port: 42195 } health_report { overall_health: UNKNOWN } } peers { permanent_uuid: "1d96fa543ee1474aa3ff4c4509e3bcc5" member_type: VOTER last_known_addr { host: "127.0.107.195" port: 42653 } health_report { overall_health: UNKNOWN } } }
I20260713 09:00:45.736073   641 raft_consensus.cc:1275] T 7dfb5d2fa4284c5786d53a37dc5153cb P 828bc2a72c814d73a552f2404c5b3afc [term 4 FOLLOWER]: Refusing update from remote peer 636c6e36ad9448eca091d35fe7cf51b9: Log matching property violated. Preceding OpId in replica: term: 3 index: 3. Preceding OpId from leader: term: 4 index: 4. (index mismatch)
I20260713 09:00:45.737150   897 consensus_queue.cc:1048] T 7dfb5d2fa4284c5786d53a37dc5153cb P 636c6e36ad9448eca091d35fe7cf51b9 [LEADER]: Connected to new peer: Peer: permanent_uuid: "828bc2a72c814d73a552f2404c5b3afc" member_type: VOTER last_known_addr { host: "127.0.107.194" port: 42195 }, Status: LMP_MISMATCH, Last received: 0.0, Next index: 4, Last known committed idx: 3, Time since last communication: 0.000s
I20260713 09:00:45.746434   714 raft_consensus.cc:1275] T 7dfb5d2fa4284c5786d53a37dc5153cb P 1d96fa543ee1474aa3ff4c4509e3bcc5 [term 4 FOLLOWER]: Refusing update from remote peer 636c6e36ad9448eca091d35fe7cf51b9: Log matching property violated. Preceding OpId in replica: term: 3 index: 3. Preceding OpId from leader: term: 4 index: 4. (index mismatch)
I20260713 09:00:45.749053   915 consensus_queue.cc:1048] T 7dfb5d2fa4284c5786d53a37dc5153cb P 636c6e36ad9448eca091d35fe7cf51b9 [LEADER]: Connected to new peer: Peer: permanent_uuid: "1d96fa543ee1474aa3ff4c4509e3bcc5" member_type: VOTER last_known_addr { host: "127.0.107.195" port: 42653 }, Status: LMP_MISMATCH, Last received: 0.0, Next index: 4, Last known committed idx: 3, Time since last communication: 0.001s
I20260713 09:00:45.790902   641 raft_consensus.cc:1275] T 26232c6533f04d3e9ba00d1255c9bd5a P 828bc2a72c814d73a552f2404c5b3afc [term 3 FOLLOWER]: Refusing update from remote peer 1d96fa543ee1474aa3ff4c4509e3bcc5: Log matching property violated. Preceding OpId in replica: term: 2 index: 2. Preceding OpId from leader: term: 3 index: 3. (index mismatch)
I20260713 09:00:45.791937   855 consensus_queue.cc:1048] T 26232c6533f04d3e9ba00d1255c9bd5a P 1d96fa543ee1474aa3ff4c4509e3bcc5 [LEADER]: Connected to new peer: Peer: permanent_uuid: "828bc2a72c814d73a552f2404c5b3afc" member_type: VOTER last_known_addr { host: "127.0.107.194" port: 42195 }, Status: LMP_MISMATCH, Last received: 0.0, Next index: 3, Last known committed idx: 2, Time since last communication: 0.000s
I20260713 09:00:45.799762   565 raft_consensus.cc:1275] T 26232c6533f04d3e9ba00d1255c9bd5a P 636c6e36ad9448eca091d35fe7cf51b9 [term 3 FOLLOWER]: Refusing update from remote peer 1d96fa543ee1474aa3ff4c4509e3bcc5: Log matching property violated. Preceding OpId in replica: term: 2 index: 2. Preceding OpId from leader: term: 3 index: 3. (index mismatch)
I20260713 09:00:45.801043   900 consensus_queue.cc:1048] T 26232c6533f04d3e9ba00d1255c9bd5a P 1d96fa543ee1474aa3ff4c4509e3bcc5 [LEADER]: Connected to new peer: Peer: permanent_uuid: "636c6e36ad9448eca091d35fe7cf51b9" member_type: VOTER last_known_addr { host: "127.0.107.193" port: 42281 }, Status: LMP_MISMATCH, Last received: 0.0, Next index: 3, Last known committed idx: 2, Time since last communication: 0.000s
I20260713 09:00:45.876778   714 raft_consensus.cc:1275] T e1e29f4b0bcf4ca5bfe60267886ebe4f P 1d96fa543ee1474aa3ff4c4509e3bcc5 [term 3 FOLLOWER]: Refusing update from remote peer 636c6e36ad9448eca091d35fe7cf51b9: Log matching property violated. Preceding OpId in replica: term: 2 index: 2. Preceding OpId from leader: term: 3 index: 3. (index mismatch)
I20260713 09:00:45.877737   915 consensus_queue.cc:1048] T e1e29f4b0bcf4ca5bfe60267886ebe4f P 636c6e36ad9448eca091d35fe7cf51b9 [LEADER]: Connected to new peer: Peer: permanent_uuid: "1d96fa543ee1474aa3ff4c4509e3bcc5" member_type: VOTER last_known_addr { host: "127.0.107.195" port: 42653 }, Status: LMP_MISMATCH, Last received: 0.0, Next index: 3, Last known committed idx: 2, Time since last communication: 0.000s
I20260713 09:00:45.886574   641 raft_consensus.cc:1275] T e1e29f4b0bcf4ca5bfe60267886ebe4f P 828bc2a72c814d73a552f2404c5b3afc [term 3 FOLLOWER]: Refusing update from remote peer 636c6e36ad9448eca091d35fe7cf51b9: Log matching property violated. Preceding OpId in replica: term: 2 index: 2. Preceding OpId from leader: term: 3 index: 3. (index mismatch)
I20260713 09:00:45.887720   897 consensus_queue.cc:1048] T e1e29f4b0bcf4ca5bfe60267886ebe4f P 636c6e36ad9448eca091d35fe7cf51b9 [LEADER]: Connected to new peer: Peer: permanent_uuid: "828bc2a72c814d73a552f2404c5b3afc" member_type: VOTER last_known_addr { host: "127.0.107.194" port: 42195 }, Status: LMP_MISMATCH, Last received: 0.0, Next index: 3, Last known committed idx: 2, Time since last communication: 0.000s
I20260713 09:00:46.089543   565 raft_consensus.cc:1275] T 433c77d6d6344893b6690c4dc3a668c7 P 636c6e36ad9448eca091d35fe7cf51b9 [term 5 FOLLOWER]: Refusing update from remote peer 1d96fa543ee1474aa3ff4c4509e3bcc5: Log matching property violated. Preceding OpId in replica: term: 4 index: 4. Preceding OpId from leader: term: 5 index: 5. (index mismatch)
I20260713 09:00:46.090554   900 consensus_queue.cc:1048] T 433c77d6d6344893b6690c4dc3a668c7 P 1d96fa543ee1474aa3ff4c4509e3bcc5 [LEADER]: Connected to new peer: Peer: permanent_uuid: "636c6e36ad9448eca091d35fe7cf51b9" member_type: VOTER last_known_addr { host: "127.0.107.193" port: 42281 }, Status: LMP_MISMATCH, Last received: 0.0, Next index: 5, Last known committed idx: 4, Time since last communication: 0.000s
I20260713 09:00:46.098217   641 raft_consensus.cc:1275] T 433c77d6d6344893b6690c4dc3a668c7 P 828bc2a72c814d73a552f2404c5b3afc [term 5 FOLLOWER]: Refusing update from remote peer 1d96fa543ee1474aa3ff4c4509e3bcc5: Log matching property violated. Preceding OpId in replica: term: 4 index: 4. Preceding OpId from leader: term: 5 index: 5. (index mismatch)
I20260713 09:00:46.100069   855 consensus_queue.cc:1048] T 433c77d6d6344893b6690c4dc3a668c7 P 1d96fa543ee1474aa3ff4c4509e3bcc5 [LEADER]: Connected to new peer: Peer: permanent_uuid: "828bc2a72c814d73a552f2404c5b3afc" member_type: VOTER last_known_addr { host: "127.0.107.194" port: 42195 }, Status: LMP_MISMATCH, Last received: 0.0, Next index: 5, Last known committed idx: 4, Time since last communication: 0.000s
I20260713 09:00:46.196015   431 auto_leader_rebalancer.cc:141] leader rebalance for table test-workload
