I20260713 09:00:35.995576   761 raft_consensus.cc:385] T 7830c08cfaa94ce8ab9008d466db8169 P 48061fa07ca0491bbb04a026ddda13a6 [term 0 FOLLOWER]: Consensus starting up: Expiring failure detector timer to make a prompt election more likely
I20260713 09:00:35.995940   761 raft_consensus.cc:740] T 7830c08cfaa94ce8ab9008d466db8169 P 48061fa07ca0491bbb04a026ddda13a6 [term 0 FOLLOWER]: Becoming Follower/Learner. State: Replica: 48061fa07ca0491bbb04a026ddda13a6, State: Initialized, Role: FOLLOWER
I20260713 09:00:35.996815   761 consensus_queue.cc:260] T 7830c08cfaa94ce8ab9008d466db8169 P 48061fa07ca0491bbb04a026ddda13a6 [NON_LEADER]: Queue going to NON_LEADER mode. State: All replicated index: 0, Majority replicated index: 0, Committed index: 0, Last appended: 0.0, Last appended by leader: 0, Current term: 0, Majority size: -1, State: 0, Mode: NON_LEADER, active raft config: opid_index: -1 OBSOLETE_local: false peers { permanent_uuid: "48061fa07ca0491bbb04a026ddda13a6" member_type: VOTER last_known_addr { host: "127.0.107.193" port: 46457 } } peers { permanent_uuid: "44e55597317c437ca9cb4a41a459b94d" member_type: VOTER last_known_addr { host: "127.0.107.194" port: 42857 } } peers { permanent_uuid: "79adb8766b184288a2fbd75bc3b6fc5d" member_type: VOTER last_known_addr { host: "127.0.107.195" port: 36971 } }
I20260713 09:00:36.000154   740 heartbeater.cc:499] Master 127.0.107.254:45235 was elected leader, sending a full tablet report...
I20260713 09:00:36.000550   758 tablet_bootstrap.cc:492] T 295eedb15b6941599d66bd6537241684 P 44e55597317c437ca9cb4a41a459b94d: No bootstrap required, opened a new log
I20260713 09:00:36.000918   761 ts_tablet_manager.cc:1434] T 7830c08cfaa94ce8ab9008d466db8169 P 48061fa07ca0491bbb04a026ddda13a6: Time spent starting tablet: real 0.009s	user 0.005s	sys 0.000s
I20260713 09:00:36.000952   758 ts_tablet_manager.cc:1403] T 295eedb15b6941599d66bd6537241684 P 44e55597317c437ca9cb4a41a459b94d: Time spent bootstrapping tablet: real 0.026s	user 0.014s	sys 0.008s
I20260713 09:00:36.001688   761 tablet_bootstrap.cc:492] T b2b45f11d32c49b2b67f705d0b28c570 P 48061fa07ca0491bbb04a026ddda13a6: Bootstrap starting.
I20260713 09:00:36.000211   591 heartbeater.cc:499] Master 127.0.107.254:45235 was elected leader, sending a full tablet report...
I20260713 09:00:36.004070   758 raft_consensus.cc:359] T 295eedb15b6941599d66bd6537241684 P 44e55597317c437ca9cb4a41a459b94d [term 0 FOLLOWER]: Replica starting. Triggering 0 pending ops. Active config: opid_index: -1 OBSOLETE_local: false peers { permanent_uuid: "48061fa07ca0491bbb04a026ddda13a6" member_type: VOTER last_known_addr { host: "127.0.107.193" port: 46457 } } peers { permanent_uuid: "44e55597317c437ca9cb4a41a459b94d" member_type: VOTER last_known_addr { host: "127.0.107.194" port: 42857 } } peers { permanent_uuid: "79adb8766b184288a2fbd75bc3b6fc5d" member_type: VOTER last_known_addr { host: "127.0.107.195" port: 36971 } }
I20260713 09:00:36.004686   758 raft_consensus.cc:385] T 295eedb15b6941599d66bd6537241684 P 44e55597317c437ca9cb4a41a459b94d [term 0 FOLLOWER]: Consensus starting up: Expiring failure detector timer to make a prompt election more likely
I20260713 09:00:36.004977   758 raft_consensus.cc:740] T 295eedb15b6941599d66bd6537241684 P 44e55597317c437ca9cb4a41a459b94d [term 0 FOLLOWER]: Becoming Follower/Learner. State: Replica: 44e55597317c437ca9cb4a41a459b94d, State: Initialized, Role: FOLLOWER
I20260713 09:00:36.005686   758 consensus_queue.cc:260] T 295eedb15b6941599d66bd6537241684 P 44e55597317c437ca9cb4a41a459b94d [NON_LEADER]: Queue going to NON_LEADER mode. State: All replicated index: 0, Majority replicated index: 0, Committed index: 0, Last appended: 0.0, Last appended by leader: 0, Current term: 0, Majority size: -1, State: 0, Mode: NON_LEADER, active raft config: opid_index: -1 OBSOLETE_local: false peers { permanent_uuid: "48061fa07ca0491bbb04a026ddda13a6" member_type: VOTER last_known_addr { host: "127.0.107.193" port: 46457 } } peers { permanent_uuid: "44e55597317c437ca9cb4a41a459b94d" member_type: VOTER last_known_addr { host: "127.0.107.194" port: 42857 } } peers { permanent_uuid: "79adb8766b184288a2fbd75bc3b6fc5d" member_type: VOTER last_known_addr { host: "127.0.107.195" port: 36971 } }
I20260713 09:00:36.007748   761 tablet_bootstrap.cc:654] T b2b45f11d32c49b2b67f705d0b28c570 P 48061fa07ca0491bbb04a026ddda13a6: Neither blocks nor log segments found. Creating new log.
I20260713 09:00:36.008785   758 ts_tablet_manager.cc:1434] T 295eedb15b6941599d66bd6537241684 P 44e55597317c437ca9cb4a41a459b94d: Time spent starting tablet: real 0.007s	user 0.006s	sys 0.000s
I20260713 09:00:36.009572   759 ts_tablet_manager.cc:1434] T 00b8ac906f95425f82d2b65ef913639a P 79adb8766b184288a2fbd75bc3b6fc5d: Time spent starting tablet: real 0.024s	user 0.004s	sys 0.004s
I20260713 09:00:36.009686   758 tablet_bootstrap.cc:492] T b2b45f11d32c49b2b67f705d0b28c570 P 44e55597317c437ca9cb4a41a459b94d: Bootstrap starting.
I20260713 09:00:36.010496   759 tablet_bootstrap.cc:492] T 19bf464ba67241b0a1fba9e79b0b3106 P 79adb8766b184288a2fbd75bc3b6fc5d: Bootstrap starting.
W20260713 09:00:36.018440   667 tablet.cc:2406] T 295eedb15b6941599d66bd6537241684 P 44e55597317c437ca9cb4a41a459b94d: Can't schedule compaction. Clean time has not been advanced past its initial value.
I20260713 09:00:36.021428   758 tablet_bootstrap.cc:654] T b2b45f11d32c49b2b67f705d0b28c570 P 44e55597317c437ca9cb4a41a459b94d: Neither blocks nor log segments found. Creating new log.
I20260713 09:00:36.025128   759 tablet_bootstrap.cc:654] T 19bf464ba67241b0a1fba9e79b0b3106 P 79adb8766b184288a2fbd75bc3b6fc5d: Neither blocks nor log segments found. Creating new log.
I20260713 09:00:36.030683   758 tablet_bootstrap.cc:492] T b2b45f11d32c49b2b67f705d0b28c570 P 44e55597317c437ca9cb4a41a459b94d: No bootstrap required, opened a new log
I20260713 09:00:36.031143   758 ts_tablet_manager.cc:1403] T b2b45f11d32c49b2b67f705d0b28c570 P 44e55597317c437ca9cb4a41a459b94d: Time spent bootstrapping tablet: real 0.022s	user 0.015s	sys 0.000s
I20260713 09:00:36.032464   761 tablet_bootstrap.cc:492] T b2b45f11d32c49b2b67f705d0b28c570 P 48061fa07ca0491bbb04a026ddda13a6: No bootstrap required, opened a new log
I20260713 09:00:36.032909   761 ts_tablet_manager.cc:1403] T b2b45f11d32c49b2b67f705d0b28c570 P 48061fa07ca0491bbb04a026ddda13a6: Time spent bootstrapping tablet: real 0.031s	user 0.016s	sys 0.008s
I20260713 09:00:36.033967   758 raft_consensus.cc:359] T b2b45f11d32c49b2b67f705d0b28c570 P 44e55597317c437ca9cb4a41a459b94d [term 0 FOLLOWER]: Replica starting. Triggering 0 pending ops. Active config: opid_index: -1 OBSOLETE_local: false peers { permanent_uuid: "48061fa07ca0491bbb04a026ddda13a6" member_type: VOTER last_known_addr { host: "127.0.107.193" port: 46457 } } peers { permanent_uuid: "44e55597317c437ca9cb4a41a459b94d" member_type: VOTER last_known_addr { host: "127.0.107.194" port: 42857 } } peers { permanent_uuid: "79adb8766b184288a2fbd75bc3b6fc5d" member_type: VOTER last_known_addr { host: "127.0.107.195" port: 36971 } }
I20260713 09:00:36.034663   758 raft_consensus.cc:385] T b2b45f11d32c49b2b67f705d0b28c570 P 44e55597317c437ca9cb4a41a459b94d [term 0 FOLLOWER]: Consensus starting up: Expiring failure detector timer to make a prompt election more likely
I20260713 09:00:36.034943   758 raft_consensus.cc:740] T b2b45f11d32c49b2b67f705d0b28c570 P 44e55597317c437ca9cb4a41a459b94d [term 0 FOLLOWER]: Becoming Follower/Learner. State: Replica: 44e55597317c437ca9cb4a41a459b94d, State: Initialized, Role: FOLLOWER
I20260713 09:00:36.035760   758 consensus_queue.cc:260] T b2b45f11d32c49b2b67f705d0b28c570 P 44e55597317c437ca9cb4a41a459b94d [NON_LEADER]: Queue going to NON_LEADER mode. State: All replicated index: 0, Majority replicated index: 0, Committed index: 0, Last appended: 0.0, Last appended by leader: 0, Current term: 0, Majority size: -1, State: 0, Mode: NON_LEADER, active raft config: opid_index: -1 OBSOLETE_local: false peers { permanent_uuid: "48061fa07ca0491bbb04a026ddda13a6" member_type: VOTER last_known_addr { host: "127.0.107.193" port: 46457 } } peers { permanent_uuid: "44e55597317c437ca9cb4a41a459b94d" member_type: VOTER last_known_addr { host: "127.0.107.194" port: 42857 } } peers { permanent_uuid: "79adb8766b184288a2fbd75bc3b6fc5d" member_type: VOTER last_known_addr { host: "127.0.107.195" port: 36971 } }
I20260713 09:00:36.036067   761 raft_consensus.cc:359] T b2b45f11d32c49b2b67f705d0b28c570 P 48061fa07ca0491bbb04a026ddda13a6 [term 0 FOLLOWER]: Replica starting. Triggering 0 pending ops. Active config: opid_index: -1 OBSOLETE_local: false peers { permanent_uuid: "48061fa07ca0491bbb04a026ddda13a6" member_type: VOTER last_known_addr { host: "127.0.107.193" port: 46457 } } peers { permanent_uuid: "44e55597317c437ca9cb4a41a459b94d" member_type: VOTER last_known_addr { host: "127.0.107.194" port: 42857 } } peers { permanent_uuid: "79adb8766b184288a2fbd75bc3b6fc5d" member_type: VOTER last_known_addr { host: "127.0.107.195" port: 36971 } }
I20260713 09:00:36.036680   761 raft_consensus.cc:385] T b2b45f11d32c49b2b67f705d0b28c570 P 48061fa07ca0491bbb04a026ddda13a6 [term 0 FOLLOWER]: Consensus starting up: Expiring failure detector timer to make a prompt election more likely
I20260713 09:00:36.036969   761 raft_consensus.cc:740] T b2b45f11d32c49b2b67f705d0b28c570 P 48061fa07ca0491bbb04a026ddda13a6 [term 0 FOLLOWER]: Becoming Follower/Learner. State: Replica: 48061fa07ca0491bbb04a026ddda13a6, State: Initialized, Role: FOLLOWER
I20260713 09:00:36.038060   758 ts_tablet_manager.cc:1434] T b2b45f11d32c49b2b67f705d0b28c570 P 44e55597317c437ca9cb4a41a459b94d: Time spent starting tablet: real 0.007s	user 0.005s	sys 0.000s
I20260713 09:00:36.039005   758 tablet_bootstrap.cc:492] T 00b8ac906f95425f82d2b65ef913639a P 44e55597317c437ca9cb4a41a459b94d: Bootstrap starting.
I20260713 09:00:36.039672   761 consensus_queue.cc:260] T b2b45f11d32c49b2b67f705d0b28c570 P 48061fa07ca0491bbb04a026ddda13a6 [NON_LEADER]: Queue going to NON_LEADER mode. State: All replicated index: 0, Majority replicated index: 0, Committed index: 0, Last appended: 0.0, Last appended by leader: 0, Current term: 0, Majority size: -1, State: 0, Mode: NON_LEADER, active raft config: opid_index: -1 OBSOLETE_local: false peers { permanent_uuid: "48061fa07ca0491bbb04a026ddda13a6" member_type: VOTER last_known_addr { host: "127.0.107.193" port: 46457 } } peers { permanent_uuid: "44e55597317c437ca9cb4a41a459b94d" member_type: VOTER last_known_addr { host: "127.0.107.194" port: 42857 } } peers { permanent_uuid: "79adb8766b184288a2fbd75bc3b6fc5d" member_type: VOTER last_known_addr { host: "127.0.107.195" port: 36971 } }
I20260713 09:00:36.041677   761 ts_tablet_manager.cc:1434] T b2b45f11d32c49b2b67f705d0b28c570 P 48061fa07ca0491bbb04a026ddda13a6: Time spent starting tablet: real 0.008s	user 0.003s	sys 0.003s
I20260713 09:00:36.042550   761 tablet_bootstrap.cc:492] T de35b3571ad44aa4aeed1c3638039cef P 48061fa07ca0491bbb04a026ddda13a6: Bootstrap starting.
I20260713 09:00:36.046133   758 tablet_bootstrap.cc:654] T 00b8ac906f95425f82d2b65ef913639a P 44e55597317c437ca9cb4a41a459b94d: Neither blocks nor log segments found. Creating new log.
I20260713 09:00:36.051110   759 tablet_bootstrap.cc:492] T 19bf464ba67241b0a1fba9e79b0b3106 P 79adb8766b184288a2fbd75bc3b6fc5d: No bootstrap required, opened a new log
I20260713 09:00:36.051857   759 ts_tablet_manager.cc:1403] T 19bf464ba67241b0a1fba9e79b0b3106 P 79adb8766b184288a2fbd75bc3b6fc5d: Time spent bootstrapping tablet: real 0.042s	user 0.010s	sys 0.008s
I20260713 09:00:36.053469   761 tablet_bootstrap.cc:654] T de35b3571ad44aa4aeed1c3638039cef P 48061fa07ca0491bbb04a026ddda13a6: Neither blocks nor log segments found. Creating new log.
I20260713 09:00:36.054605   759 raft_consensus.cc:359] T 19bf464ba67241b0a1fba9e79b0b3106 P 79adb8766b184288a2fbd75bc3b6fc5d [term 0 FOLLOWER]: Replica starting. Triggering 0 pending ops. Active config: opid_index: -1 OBSOLETE_local: false peers { permanent_uuid: "48061fa07ca0491bbb04a026ddda13a6" member_type: VOTER last_known_addr { host: "127.0.107.193" port: 46457 } } peers { permanent_uuid: "44e55597317c437ca9cb4a41a459b94d" member_type: VOTER last_known_addr { host: "127.0.107.194" port: 42857 } } peers { permanent_uuid: "79adb8766b184288a2fbd75bc3b6fc5d" member_type: VOTER last_known_addr { host: "127.0.107.195" port: 36971 } }
I20260713 09:00:36.055377   759 raft_consensus.cc:385] T 19bf464ba67241b0a1fba9e79b0b3106 P 79adb8766b184288a2fbd75bc3b6fc5d [term 0 FOLLOWER]: Consensus starting up: Expiring failure detector timer to make a prompt election more likely
I20260713 09:00:36.055645   759 raft_consensus.cc:740] T 19bf464ba67241b0a1fba9e79b0b3106 P 79adb8766b184288a2fbd75bc3b6fc5d [term 0 FOLLOWER]: Becoming Follower/Learner. State: Replica: 79adb8766b184288a2fbd75bc3b6fc5d, State: Initialized, Role: FOLLOWER
I20260713 09:00:36.056479   759 consensus_queue.cc:260] T 19bf464ba67241b0a1fba9e79b0b3106 P 79adb8766b184288a2fbd75bc3b6fc5d [NON_LEADER]: Queue going to NON_LEADER mode. State: All replicated index: 0, Majority replicated index: 0, Committed index: 0, Last appended: 0.0, Last appended by leader: 0, Current term: 0, Majority size: -1, State: 0, Mode: NON_LEADER, active raft config: opid_index: -1 OBSOLETE_local: false peers { permanent_uuid: "48061fa07ca0491bbb04a026ddda13a6" member_type: VOTER last_known_addr { host: "127.0.107.193" port: 46457 } } peers { permanent_uuid: "44e55597317c437ca9cb4a41a459b94d" member_type: VOTER last_known_addr { host: "127.0.107.194" port: 42857 } } peers { permanent_uuid: "79adb8766b184288a2fbd75bc3b6fc5d" member_type: VOTER last_known_addr { host: "127.0.107.195" port: 36971 } }
I20260713 09:00:36.059101   759 ts_tablet_manager.cc:1434] T 19bf464ba67241b0a1fba9e79b0b3106 P 79adb8766b184288a2fbd75bc3b6fc5d: Time spent starting tablet: real 0.007s	user 0.005s	sys 0.000s
I20260713 09:00:36.060097   759 tablet_bootstrap.cc:492] T b2b45f11d32c49b2b67f705d0b28c570 P 79adb8766b184288a2fbd75bc3b6fc5d: Bootstrap starting.
I20260713 09:00:36.069859   759 tablet_bootstrap.cc:654] T b2b45f11d32c49b2b67f705d0b28c570 P 79adb8766b184288a2fbd75bc3b6fc5d: Neither blocks nor log segments found. Creating new log.
I20260713 09:00:36.080700   761 tablet_bootstrap.cc:492] T de35b3571ad44aa4aeed1c3638039cef P 48061fa07ca0491bbb04a026ddda13a6: No bootstrap required, opened a new log
I20260713 09:00:36.081204   761 ts_tablet_manager.cc:1403] T de35b3571ad44aa4aeed1c3638039cef P 48061fa07ca0491bbb04a026ddda13a6: Time spent bootstrapping tablet: real 0.039s	user 0.004s	sys 0.012s
I20260713 09:00:36.085340   761 raft_consensus.cc:359] T de35b3571ad44aa4aeed1c3638039cef P 48061fa07ca0491bbb04a026ddda13a6 [term 0 FOLLOWER]: Replica starting. Triggering 0 pending ops. Active config: opid_index: -1 OBSOLETE_local: false peers { permanent_uuid: "48061fa07ca0491bbb04a026ddda13a6" member_type: VOTER last_known_addr { host: "127.0.107.193" port: 46457 } } peers { permanent_uuid: "44e55597317c437ca9cb4a41a459b94d" member_type: VOTER last_known_addr { host: "127.0.107.194" port: 42857 } } peers { permanent_uuid: "79adb8766b184288a2fbd75bc3b6fc5d" member_type: VOTER last_known_addr { host: "127.0.107.195" port: 36971 } }
I20260713 09:00:36.086078   761 raft_consensus.cc:385] T de35b3571ad44aa4aeed1c3638039cef P 48061fa07ca0491bbb04a026ddda13a6 [term 0 FOLLOWER]: Consensus starting up: Expiring failure detector timer to make a prompt election more likely
I20260713 09:00:36.086364   761 raft_consensus.cc:740] T de35b3571ad44aa4aeed1c3638039cef P 48061fa07ca0491bbb04a026ddda13a6 [term 0 FOLLOWER]: Becoming Follower/Learner. State: Replica: 48061fa07ca0491bbb04a026ddda13a6, State: Initialized, Role: FOLLOWER
I20260713 09:00:36.087060   759 tablet_bootstrap.cc:492] T b2b45f11d32c49b2b67f705d0b28c570 P 79adb8766b184288a2fbd75bc3b6fc5d: No bootstrap required, opened a new log
I20260713 09:00:36.087746   759 ts_tablet_manager.cc:1403] T b2b45f11d32c49b2b67f705d0b28c570 P 79adb8766b184288a2fbd75bc3b6fc5d: Time spent bootstrapping tablet: real 0.028s	user 0.011s	sys 0.007s
I20260713 09:00:36.087062   761 consensus_queue.cc:260] T de35b3571ad44aa4aeed1c3638039cef P 48061fa07ca0491bbb04a026ddda13a6 [NON_LEADER]: Queue going to NON_LEADER mode. State: All replicated index: 0, Majority replicated index: 0, Committed index: 0, Last appended: 0.0, Last appended by leader: 0, Current term: 0, Majority size: -1, State: 0, Mode: NON_LEADER, active raft config: opid_index: -1 OBSOLETE_local: false peers { permanent_uuid: "48061fa07ca0491bbb04a026ddda13a6" member_type: VOTER last_known_addr { host: "127.0.107.193" port: 46457 } } peers { permanent_uuid: "44e55597317c437ca9cb4a41a459b94d" member_type: VOTER last_known_addr { host: "127.0.107.194" port: 42857 } } peers { permanent_uuid: "79adb8766b184288a2fbd75bc3b6fc5d" member_type: VOTER last_known_addr { host: "127.0.107.195" port: 36971 } }
I20260713 09:00:36.089982   761 ts_tablet_manager.cc:1434] T de35b3571ad44aa4aeed1c3638039cef P 48061fa07ca0491bbb04a026ddda13a6: Time spent starting tablet: real 0.008s	user 0.007s	sys 0.001s
I20260713 09:00:36.091109   761 tablet_bootstrap.cc:492] T ec688e8908a144f1be6a92fdc9c068eb P 48061fa07ca0491bbb04a026ddda13a6: Bootstrap starting.
I20260713 09:00:36.097980   761 tablet_bootstrap.cc:654] T ec688e8908a144f1be6a92fdc9c068eb P 48061fa07ca0491bbb04a026ddda13a6: Neither blocks nor log segments found. Creating new log.
I20260713 09:00:36.102677   758 tablet_bootstrap.cc:492] T 00b8ac906f95425f82d2b65ef913639a P 44e55597317c437ca9cb4a41a459b94d: No bootstrap required, opened a new log
I20260713 09:00:36.102506   759 raft_consensus.cc:359] T b2b45f11d32c49b2b67f705d0b28c570 P 79adb8766b184288a2fbd75bc3b6fc5d [term 0 FOLLOWER]: Replica starting. Triggering 0 pending ops. Active config: opid_index: -1 OBSOLETE_local: false peers { permanent_uuid: "48061fa07ca0491bbb04a026ddda13a6" member_type: VOTER last_known_addr { host: "127.0.107.193" port: 46457 } } peers { permanent_uuid: "44e55597317c437ca9cb4a41a459b94d" member_type: VOTER last_known_addr { host: "127.0.107.194" port: 42857 } } peers { permanent_uuid: "79adb8766b184288a2fbd75bc3b6fc5d" member_type: VOTER last_known_addr { host: "127.0.107.195" port: 36971 } }
I20260713 09:00:36.103193   758 ts_tablet_manager.cc:1403] T 00b8ac906f95425f82d2b65ef913639a P 44e55597317c437ca9cb4a41a459b94d: Time spent bootstrapping tablet: real 0.064s	user 0.013s	sys 0.026s
I20260713 09:00:36.103415   759 raft_consensus.cc:385] T b2b45f11d32c49b2b67f705d0b28c570 P 79adb8766b184288a2fbd75bc3b6fc5d [term 0 FOLLOWER]: Consensus starting up: Expiring failure detector timer to make a prompt election more likely
I20260713 09:00:36.103824   759 raft_consensus.cc:740] T b2b45f11d32c49b2b67f705d0b28c570 P 79adb8766b184288a2fbd75bc3b6fc5d [term 0 FOLLOWER]: Becoming Follower/Learner. State: Replica: 79adb8766b184288a2fbd75bc3b6fc5d, State: Initialized, Role: FOLLOWER
I20260713 09:00:36.104561   759 consensus_queue.cc:260] T b2b45f11d32c49b2b67f705d0b28c570 P 79adb8766b184288a2fbd75bc3b6fc5d [NON_LEADER]: Queue going to NON_LEADER mode. State: All replicated index: 0, Majority replicated index: 0, Committed index: 0, Last appended: 0.0, Last appended by leader: 0, Current term: 0, Majority size: -1, State: 0, Mode: NON_LEADER, active raft config: opid_index: -1 OBSOLETE_local: false peers { permanent_uuid: "48061fa07ca0491bbb04a026ddda13a6" member_type: VOTER last_known_addr { host: "127.0.107.193" port: 46457 } } peers { permanent_uuid: "44e55597317c437ca9cb4a41a459b94d" member_type: VOTER last_known_addr { host: "127.0.107.194" port: 42857 } } peers { permanent_uuid: "79adb8766b184288a2fbd75bc3b6fc5d" member_type: VOTER last_known_addr { host: "127.0.107.195" port: 36971 } }
I20260713 09:00:36.106784   758 raft_consensus.cc:359] T 00b8ac906f95425f82d2b65ef913639a P 44e55597317c437ca9cb4a41a459b94d [term 0 FOLLOWER]: Replica starting. Triggering 0 pending ops. Active config: opid_index: -1 OBSOLETE_local: false peers { permanent_uuid: "44e55597317c437ca9cb4a41a459b94d" member_type: VOTER last_known_addr { host: "127.0.107.194" port: 42857 } } peers { permanent_uuid: "48061fa07ca0491bbb04a026ddda13a6" member_type: VOTER last_known_addr { host: "127.0.107.193" port: 46457 } } peers { permanent_uuid: "79adb8766b184288a2fbd75bc3b6fc5d" member_type: VOTER last_known_addr { host: "127.0.107.195" port: 36971 } }
I20260713 09:00:36.107508   758 raft_consensus.cc:385] T 00b8ac906f95425f82d2b65ef913639a P 44e55597317c437ca9cb4a41a459b94d [term 0 FOLLOWER]: Consensus starting up: Expiring failure detector timer to make a prompt election more likely
I20260713 09:00:36.108441   759 ts_tablet_manager.cc:1434] T b2b45f11d32c49b2b67f705d0b28c570 P 79adb8766b184288a2fbd75bc3b6fc5d: Time spent starting tablet: real 0.020s	user 0.004s	sys 0.002s
I20260713 09:00:36.109391   759 tablet_bootstrap.cc:492] T 07b4cb2f98fc4b3a9e73fc01388f665d P 79adb8766b184288a2fbd75bc3b6fc5d: Bootstrap starting.
I20260713 09:00:36.111812   758 raft_consensus.cc:740] T 00b8ac906f95425f82d2b65ef913639a P 44e55597317c437ca9cb4a41a459b94d [term 0 FOLLOWER]: Becoming Follower/Learner. State: Replica: 44e55597317c437ca9cb4a41a459b94d, State: Initialized, Role: FOLLOWER
I20260713 09:00:36.112635   758 consensus_queue.cc:260] T 00b8ac906f95425f82d2b65ef913639a P 44e55597317c437ca9cb4a41a459b94d [NON_LEADER]: Queue going to NON_LEADER mode. State: All replicated index: 0, Majority replicated index: 0, Committed index: 0, Last appended: 0.0, Last appended by leader: 0, Current term: 0, Majority size: -1, State: 0, Mode: NON_LEADER, active raft config: opid_index: -1 OBSOLETE_local: false peers { permanent_uuid: "44e55597317c437ca9cb4a41a459b94d" member_type: VOTER last_known_addr { host: "127.0.107.194" port: 42857 } } peers { permanent_uuid: "48061fa07ca0491bbb04a026ddda13a6" member_type: VOTER last_known_addr { host: "127.0.107.193" port: 46457 } } peers { permanent_uuid: "79adb8766b184288a2fbd75bc3b6fc5d" member_type: VOTER last_known_addr { host: "127.0.107.195" port: 36971 } }
I20260713 09:00:36.115080   758 ts_tablet_manager.cc:1434] T 00b8ac906f95425f82d2b65ef913639a P 44e55597317c437ca9cb4a41a459b94d: Time spent starting tablet: real 0.012s	user 0.006s	sys 0.000s
I20260713 09:00:36.115994   758 tablet_bootstrap.cc:492] T 19bf464ba67241b0a1fba9e79b0b3106 P 44e55597317c437ca9cb4a41a459b94d: Bootstrap starting.
I20260713 09:00:36.116645   763 raft_consensus.cc:493] T c69e88d6475a48bcb774b579f3015cfe P 44e55597317c437ca9cb4a41a459b94d [term 0 FOLLOWER]: Starting pre-election (no leader contacted us within the election timeout)
I20260713 09:00:36.117108   763 raft_consensus.cc:515] T c69e88d6475a48bcb774b579f3015cfe P 44e55597317c437ca9cb4a41a459b94d [term 0 FOLLOWER]: Starting pre-election with config: opid_index: -1 OBSOLETE_local: false peers { permanent_uuid: "48061fa07ca0491bbb04a026ddda13a6" member_type: VOTER last_known_addr { host: "127.0.107.193" port: 46457 } } peers { permanent_uuid: "44e55597317c437ca9cb4a41a459b94d" member_type: VOTER last_known_addr { host: "127.0.107.194" port: 42857 } } peers { permanent_uuid: "79adb8766b184288a2fbd75bc3b6fc5d" member_type: VOTER last_known_addr { host: "127.0.107.195" port: 36971 } }
I20260713 09:00:36.120101   763 leader_election.cc:290] T c69e88d6475a48bcb774b579f3015cfe P 44e55597317c437ca9cb4a41a459b94d [CANDIDATE]: Term 1 pre-election: Requested pre-vote from peers 48061fa07ca0491bbb04a026ddda13a6 (127.0.107.193:46457), 79adb8766b184288a2fbd75bc3b6fc5d (127.0.107.195:36971)
I20260713 09:00:36.135615   758 tablet_bootstrap.cc:654] T 19bf464ba67241b0a1fba9e79b0b3106 P 44e55597317c437ca9cb4a41a459b94d: Neither blocks nor log segments found. Creating new log.
I20260713 09:00:36.141870   761 tablet_bootstrap.cc:492] T ec688e8908a144f1be6a92fdc9c068eb P 48061fa07ca0491bbb04a026ddda13a6: No bootstrap required, opened a new log
I20260713 09:00:36.144172   761 ts_tablet_manager.cc:1403] T ec688e8908a144f1be6a92fdc9c068eb P 48061fa07ca0491bbb04a026ddda13a6: Time spent bootstrapping tablet: real 0.053s	user 0.013s	sys 0.032s
I20260713 09:00:36.154589   759 tablet_bootstrap.cc:654] T 07b4cb2f98fc4b3a9e73fc01388f665d P 79adb8766b184288a2fbd75bc3b6fc5d: Neither blocks nor log segments found. Creating new log.
I20260713 09:00:36.158763   566 tablet_service.cc:1917] Received RequestConsensusVote() RPC: tablet_id: "c69e88d6475a48bcb774b579f3015cfe" candidate_uuid: "44e55597317c437ca9cb4a41a459b94d" candidate_term: 1 candidate_status { last_received { term: 0 index: 0 } } ignore_live_leader: false dest_uuid: "48061fa07ca0491bbb04a026ddda13a6" is_pre_election: true
I20260713 09:00:36.159770   761 raft_consensus.cc:359] T ec688e8908a144f1be6a92fdc9c068eb P 48061fa07ca0491bbb04a026ddda13a6 [term 0 FOLLOWER]: Replica starting. Triggering 0 pending ops. Active config: opid_index: -1 OBSOLETE_local: false peers { permanent_uuid: "48061fa07ca0491bbb04a026ddda13a6" member_type: VOTER last_known_addr { host: "127.0.107.193" port: 46457 } } peers { permanent_uuid: "44e55597317c437ca9cb4a41a459b94d" member_type: VOTER last_known_addr { host: "127.0.107.194" port: 42857 } } peers { permanent_uuid: "79adb8766b184288a2fbd75bc3b6fc5d" member_type: VOTER last_known_addr { host: "127.0.107.195" port: 36971 } }
I20260713 09:00:36.161427   758 tablet_bootstrap.cc:492] T 19bf464ba67241b0a1fba9e79b0b3106 P 44e55597317c437ca9cb4a41a459b94d: No bootstrap required, opened a new log
W20260713 09:00:36.161289   605 leader_election.cc:343] T c69e88d6475a48bcb774b579f3015cfe P 44e55597317c437ca9cb4a41a459b94d [CANDIDATE]: Term 1 pre-election: Tablet error from VoteRequest() call to peer 48061fa07ca0491bbb04a026ddda13a6 (127.0.107.193:46457): Illegal state: must be running to vote when last-logged opid is not known
I20260713 09:00:36.161624   761 raft_consensus.cc:385] T ec688e8908a144f1be6a92fdc9c068eb P 48061fa07ca0491bbb04a026ddda13a6 [term 0 FOLLOWER]: Consensus starting up: Expiring failure detector timer to make a prompt election more likely
I20260713 09:00:36.162669   761 raft_consensus.cc:740] T ec688e8908a144f1be6a92fdc9c068eb P 48061fa07ca0491bbb04a026ddda13a6 [term 0 FOLLOWER]: Becoming Follower/Learner. State: Replica: 48061fa07ca0491bbb04a026ddda13a6, State: Initialized, Role: FOLLOWER
I20260713 09:00:36.162627   758 ts_tablet_manager.cc:1403] T 19bf464ba67241b0a1fba9e79b0b3106 P 44e55597317c437ca9cb4a41a459b94d: Time spent bootstrapping tablet: real 0.047s	user 0.016s	sys 0.008s
I20260713 09:00:36.163949   761 consensus_queue.cc:260] T ec688e8908a144f1be6a92fdc9c068eb P 48061fa07ca0491bbb04a026ddda13a6 [NON_LEADER]: Queue going to NON_LEADER mode. State: All replicated index: 0, Majority replicated index: 0, Committed index: 0, Last appended: 0.0, Last appended by leader: 0, Current term: 0, Majority size: -1, State: 0, Mode: NON_LEADER, active raft config: opid_index: -1 OBSOLETE_local: false peers { permanent_uuid: "48061fa07ca0491bbb04a026ddda13a6" member_type: VOTER last_known_addr { host: "127.0.107.193" port: 46457 } } peers { permanent_uuid: "44e55597317c437ca9cb4a41a459b94d" member_type: VOTER last_known_addr { host: "127.0.107.194" port: 42857 } } peers { permanent_uuid: "79adb8766b184288a2fbd75bc3b6fc5d" member_type: VOTER last_known_addr { host: "127.0.107.195" port: 36971 } }
I20260713 09:00:36.166334   758 raft_consensus.cc:359] T 19bf464ba67241b0a1fba9e79b0b3106 P 44e55597317c437ca9cb4a41a459b94d [term 0 FOLLOWER]: Replica starting. Triggering 0 pending ops. Active config: opid_index: -1 OBSOLETE_local: false peers { permanent_uuid: "48061fa07ca0491bbb04a026ddda13a6" member_type: VOTER last_known_addr { host: "127.0.107.193" port: 46457 } } peers { permanent_uuid: "44e55597317c437ca9cb4a41a459b94d" member_type: VOTER last_known_addr { host: "127.0.107.194" port: 42857 } } peers { permanent_uuid: "79adb8766b184288a2fbd75bc3b6fc5d" member_type: VOTER last_known_addr { host: "127.0.107.195" port: 36971 } }
I20260713 09:00:36.166769   715 tablet_service.cc:1917] Received RequestConsensusVote() RPC: tablet_id: "c69e88d6475a48bcb774b579f3015cfe" candidate_uuid: "44e55597317c437ca9cb4a41a459b94d" candidate_term: 1 candidate_status { last_received { term: 0 index: 0 } } ignore_live_leader: false dest_uuid: "79adb8766b184288a2fbd75bc3b6fc5d" is_pre_election: true
I20260713 09:00:36.167896   758 raft_consensus.cc:385] T 19bf464ba67241b0a1fba9e79b0b3106 P 44e55597317c437ca9cb4a41a459b94d [term 0 FOLLOWER]: Consensus starting up: Expiring failure detector timer to make a prompt election more likely
I20260713 09:00:36.168226   758 raft_consensus.cc:740] T 19bf464ba67241b0a1fba9e79b0b3106 P 44e55597317c437ca9cb4a41a459b94d [term 0 FOLLOWER]: Becoming Follower/Learner. State: Replica: 44e55597317c437ca9cb4a41a459b94d, State: Initialized, Role: FOLLOWER
I20260713 09:00:36.169077   758 consensus_queue.cc:260] T 19bf464ba67241b0a1fba9e79b0b3106 P 44e55597317c437ca9cb4a41a459b94d [NON_LEADER]: Queue going to NON_LEADER mode. State: All replicated index: 0, Majority replicated index: 0, Committed index: 0, Last appended: 0.0, Last appended by leader: 0, Current term: 0, Majority size: -1, State: 0, Mode: NON_LEADER, active raft config: opid_index: -1 OBSOLETE_local: false peers { permanent_uuid: "48061fa07ca0491bbb04a026ddda13a6" member_type: VOTER last_known_addr { host: "127.0.107.193" port: 46457 } } peers { permanent_uuid: "44e55597317c437ca9cb4a41a459b94d" member_type: VOTER last_known_addr { host: "127.0.107.194" port: 42857 } } peers { permanent_uuid: "79adb8766b184288a2fbd75bc3b6fc5d" member_type: VOTER last_known_addr { host: "127.0.107.195" port: 36971 } }
W20260713 09:00:36.169498   607 leader_election.cc:343] T c69e88d6475a48bcb774b579f3015cfe P 44e55597317c437ca9cb4a41a459b94d [CANDIDATE]: Term 1 pre-election: Tablet error from VoteRequest() call to peer 79adb8766b184288a2fbd75bc3b6fc5d (127.0.107.195:36971): Illegal state: must be running to vote when last-logged opid is not known
I20260713 09:00:36.169912   607 leader_election.cc:304] T c69e88d6475a48bcb774b579f3015cfe P 44e55597317c437ca9cb4a41a459b94d [CANDIDATE]: Term 1 pre-election: Election decided. Result: candidate lost. Election summary: received 3 responses out of 3 voters: 1 yes votes; 2 no votes. yes voters: 44e55597317c437ca9cb4a41a459b94d; no voters: 48061fa07ca0491bbb04a026ddda13a6, 79adb8766b184288a2fbd75bc3b6fc5d
I20260713 09:00:36.170631   763 raft_consensus.cc:2749] T c69e88d6475a48bcb774b579f3015cfe P 44e55597317c437ca9cb4a41a459b94d [term 0 FOLLOWER]: Leader pre-election lost for term 1. Reason: could not achieve majority
I20260713 09:00:36.171356   758 ts_tablet_manager.cc:1434] T 19bf464ba67241b0a1fba9e79b0b3106 P 44e55597317c437ca9cb4a41a459b94d: Time spent starting tablet: real 0.007s	user 0.002s	sys 0.004s
I20260713 09:00:36.172307   758 tablet_bootstrap.cc:492] T 7830c08cfaa94ce8ab9008d466db8169 P 44e55597317c437ca9cb4a41a459b94d: Bootstrap starting.
I20260713 09:00:36.173898   761 ts_tablet_manager.cc:1434] T ec688e8908a144f1be6a92fdc9c068eb P 48061fa07ca0491bbb04a026ddda13a6: Time spent starting tablet: real 0.028s	user 0.006s	sys 0.000s
I20260713 09:00:36.177472   761 tablet_bootstrap.cc:492] T 07b4cb2f98fc4b3a9e73fc01388f665d P 48061fa07ca0491bbb04a026ddda13a6: Bootstrap starting.
I20260713 09:00:36.181406   758 tablet_bootstrap.cc:654] T 7830c08cfaa94ce8ab9008d466db8169 P 44e55597317c437ca9cb4a41a459b94d: Neither blocks nor log segments found. Creating new log.
I20260713 09:00:36.183423   759 tablet_bootstrap.cc:492] T 07b4cb2f98fc4b3a9e73fc01388f665d P 79adb8766b184288a2fbd75bc3b6fc5d: No bootstrap required, opened a new log
I20260713 09:00:36.183928   759 ts_tablet_manager.cc:1403] T 07b4cb2f98fc4b3a9e73fc01388f665d P 79adb8766b184288a2fbd75bc3b6fc5d: Time spent bootstrapping tablet: real 0.075s	user 0.010s	sys 0.002s
I20260713 09:00:36.186429   759 raft_consensus.cc:359] T 07b4cb2f98fc4b3a9e73fc01388f665d P 79adb8766b184288a2fbd75bc3b6fc5d [term 0 FOLLOWER]: Replica starting. Triggering 0 pending ops. Active config: opid_index: -1 OBSOLETE_local: false peers { permanent_uuid: "48061fa07ca0491bbb04a026ddda13a6" member_type: VOTER last_known_addr { host: "127.0.107.193" port: 46457 } } peers { permanent_uuid: "44e55597317c437ca9cb4a41a459b94d" member_type: VOTER last_known_addr { host: "127.0.107.194" port: 42857 } } peers { permanent_uuid: "79adb8766b184288a2fbd75bc3b6fc5d" member_type: VOTER last_known_addr { host: "127.0.107.195" port: 36971 } }
I20260713 09:00:36.187077   759 raft_consensus.cc:385] T 07b4cb2f98fc4b3a9e73fc01388f665d P 79adb8766b184288a2fbd75bc3b6fc5d [term 0 FOLLOWER]: Consensus starting up: Expiring failure detector timer to make a prompt election more likely
I20260713 09:00:36.187371   759 raft_consensus.cc:740] T 07b4cb2f98fc4b3a9e73fc01388f665d P 79adb8766b184288a2fbd75bc3b6fc5d [term 0 FOLLOWER]: Becoming Follower/Learner. State: Replica: 79adb8766b184288a2fbd75bc3b6fc5d, State: Initialized, Role: FOLLOWER
I20260713 09:00:36.187597   758 tablet_bootstrap.cc:492] T 7830c08cfaa94ce8ab9008d466db8169 P 44e55597317c437ca9cb4a41a459b94d: No bootstrap required, opened a new log
I20260713 09:00:36.188136   758 ts_tablet_manager.cc:1403] T 7830c08cfaa94ce8ab9008d466db8169 P 44e55597317c437ca9cb4a41a459b94d: Time spent bootstrapping tablet: real 0.016s	user 0.008s	sys 0.004s
I20260713 09:00:36.188069   759 consensus_queue.cc:260] T 07b4cb2f98fc4b3a9e73fc01388f665d P 79adb8766b184288a2fbd75bc3b6fc5d [NON_LEADER]: Queue going to NON_LEADER mode. State: All replicated index: 0, Majority replicated index: 0, Committed index: 0, Last appended: 0.0, Last appended by leader: 0, Current term: 0, Majority size: -1, State: 0, Mode: NON_LEADER, active raft config: opid_index: -1 OBSOLETE_local: false peers { permanent_uuid: "48061fa07ca0491bbb04a026ddda13a6" member_type: VOTER last_known_addr { host: "127.0.107.193" port: 46457 } } peers { permanent_uuid: "44e55597317c437ca9cb4a41a459b94d" member_type: VOTER last_known_addr { host: "127.0.107.194" port: 42857 } } peers { permanent_uuid: "79adb8766b184288a2fbd75bc3b6fc5d" member_type: VOTER last_known_addr { host: "127.0.107.195" port: 36971 } }
I20260713 09:00:36.189648   761 tablet_bootstrap.cc:654] T 07b4cb2f98fc4b3a9e73fc01388f665d P 48061fa07ca0491bbb04a026ddda13a6: Neither blocks nor log segments found. Creating new log.
I20260713 09:00:36.190623   759 ts_tablet_manager.cc:1434] T 07b4cb2f98fc4b3a9e73fc01388f665d P 79adb8766b184288a2fbd75bc3b6fc5d: Time spent starting tablet: real 0.006s	user 0.003s	sys 0.003s
I20260713 09:00:36.191622   759 tablet_bootstrap.cc:492] T c69e88d6475a48bcb774b579f3015cfe P 79adb8766b184288a2fbd75bc3b6fc5d: Bootstrap starting.
I20260713 09:00:36.191876   758 raft_consensus.cc:359] T 7830c08cfaa94ce8ab9008d466db8169 P 44e55597317c437ca9cb4a41a459b94d [term 0 FOLLOWER]: Replica starting. Triggering 0 pending ops. Active config: opid_index: -1 OBSOLETE_local: false peers { permanent_uuid: "48061fa07ca0491bbb04a026ddda13a6" member_type: VOTER last_known_addr { host: "127.0.107.193" port: 46457 } } peers { permanent_uuid: "44e55597317c437ca9cb4a41a459b94d" member_type: VOTER last_known_addr { host: "127.0.107.194" port: 42857 } } peers { permanent_uuid: "79adb8766b184288a2fbd75bc3b6fc5d" member_type: VOTER last_known_addr { host: "127.0.107.195" port: 36971 } }
I20260713 09:00:36.192552   758 raft_consensus.cc:385] T 7830c08cfaa94ce8ab9008d466db8169 P 44e55597317c437ca9cb4a41a459b94d [term 0 FOLLOWER]: Consensus starting up: Expiring failure detector timer to make a prompt election more likely
I20260713 09:00:36.192833   758 raft_consensus.cc:740] T 7830c08cfaa94ce8ab9008d466db8169 P 44e55597317c437ca9cb4a41a459b94d [term 0 FOLLOWER]: Becoming Follower/Learner. State: Replica: 44e55597317c437ca9cb4a41a459b94d, State: Initialized, Role: FOLLOWER
I20260713 09:00:36.193524   758 consensus_queue.cc:260] T 7830c08cfaa94ce8ab9008d466db8169 P 44e55597317c437ca9cb4a41a459b94d [NON_LEADER]: Queue going to NON_LEADER mode. State: All replicated index: 0, Majority replicated index: 0, Committed index: 0, Last appended: 0.0, Last appended by leader: 0, Current term: 0, Majority size: -1, State: 0, Mode: NON_LEADER, active raft config: opid_index: -1 OBSOLETE_local: false peers { permanent_uuid: "48061fa07ca0491bbb04a026ddda13a6" member_type: VOTER last_known_addr { host: "127.0.107.193" port: 46457 } } peers { permanent_uuid: "44e55597317c437ca9cb4a41a459b94d" member_type: VOTER last_known_addr { host: "127.0.107.194" port: 42857 } } peers { permanent_uuid: "79adb8766b184288a2fbd75bc3b6fc5d" member_type: VOTER last_known_addr { host: "127.0.107.195" port: 36971 } }
I20260713 09:00:36.196694   758 ts_tablet_manager.cc:1434] T 7830c08cfaa94ce8ab9008d466db8169 P 44e55597317c437ca9cb4a41a459b94d: Time spent starting tablet: real 0.008s	user 0.002s	sys 0.004s
I20260713 09:00:36.197576   758 tablet_bootstrap.cc:492] T de35b3571ad44aa4aeed1c3638039cef P 44e55597317c437ca9cb4a41a459b94d: Bootstrap starting.
I20260713 09:00:36.199010   759 tablet_bootstrap.cc:654] T c69e88d6475a48bcb774b579f3015cfe P 79adb8766b184288a2fbd75bc3b6fc5d: Neither blocks nor log segments found. Creating new log.
I20260713 09:00:36.204134   758 tablet_bootstrap.cc:654] T de35b3571ad44aa4aeed1c3638039cef P 44e55597317c437ca9cb4a41a459b94d: Neither blocks nor log segments found. Creating new log.
I20260713 09:00:36.207970   759 tablet_bootstrap.cc:492] T c69e88d6475a48bcb774b579f3015cfe P 79adb8766b184288a2fbd75bc3b6fc5d: No bootstrap required, opened a new log
I20260713 09:00:36.208457   759 ts_tablet_manager.cc:1403] T c69e88d6475a48bcb774b579f3015cfe P 79adb8766b184288a2fbd75bc3b6fc5d: Time spent bootstrapping tablet: real 0.017s	user 0.009s	sys 0.005s
I20260713 09:00:36.210784   758 tablet_bootstrap.cc:492] T de35b3571ad44aa4aeed1c3638039cef P 44e55597317c437ca9cb4a41a459b94d: No bootstrap required, opened a new log
I20260713 09:00:36.211195   758 ts_tablet_manager.cc:1403] T de35b3571ad44aa4aeed1c3638039cef P 44e55597317c437ca9cb4a41a459b94d: Time spent bootstrapping tablet: real 0.014s	user 0.004s	sys 0.008s
I20260713 09:00:36.213032   761 tablet_bootstrap.cc:492] T 07b4cb2f98fc4b3a9e73fc01388f665d P 48061fa07ca0491bbb04a026ddda13a6: No bootstrap required, opened a new log
I20260713 09:00:36.213465   761 ts_tablet_manager.cc:1403] T 07b4cb2f98fc4b3a9e73fc01388f665d P 48061fa07ca0491bbb04a026ddda13a6: Time spent bootstrapping tablet: real 0.036s	user 0.013s	sys 0.005s
I20260713 09:00:36.213523   759 raft_consensus.cc:359] T c69e88d6475a48bcb774b579f3015cfe P 79adb8766b184288a2fbd75bc3b6fc5d [term 0 FOLLOWER]: Replica starting. Triggering 0 pending ops. Active config: opid_index: -1 OBSOLETE_local: false peers { permanent_uuid: "48061fa07ca0491bbb04a026ddda13a6" member_type: VOTER last_known_addr { host: "127.0.107.193" port: 46457 } } peers { permanent_uuid: "44e55597317c437ca9cb4a41a459b94d" member_type: VOTER last_known_addr { host: "127.0.107.194" port: 42857 } } peers { permanent_uuid: "79adb8766b184288a2fbd75bc3b6fc5d" member_type: VOTER last_known_addr { host: "127.0.107.195" port: 36971 } }
I20260713 09:00:36.214980   759 raft_consensus.cc:385] T c69e88d6475a48bcb774b579f3015cfe P 79adb8766b184288a2fbd75bc3b6fc5d [term 0 FOLLOWER]: Consensus starting up: Expiring failure detector timer to make a prompt election more likely
I20260713 09:00:36.215082   763 raft_consensus.cc:493] T 19bf464ba67241b0a1fba9e79b0b3106 P 44e55597317c437ca9cb4a41a459b94d [term 0 FOLLOWER]: Starting pre-election (no leader contacted us within the election timeout)
I20260713 09:00:36.215379   759 raft_consensus.cc:740] T c69e88d6475a48bcb774b579f3015cfe P 79adb8766b184288a2fbd75bc3b6fc5d [term 0 FOLLOWER]: Becoming Follower/Learner. State: Replica: 79adb8766b184288a2fbd75bc3b6fc5d, State: Initialized, Role: FOLLOWER
I20260713 09:00:36.215668   763 raft_consensus.cc:515] T 19bf464ba67241b0a1fba9e79b0b3106 P 44e55597317c437ca9cb4a41a459b94d [term 0 FOLLOWER]: Starting pre-election with config: opid_index: -1 OBSOLETE_local: false peers { permanent_uuid: "48061fa07ca0491bbb04a026ddda13a6" member_type: VOTER last_known_addr { host: "127.0.107.193" port: 46457 } } peers { permanent_uuid: "44e55597317c437ca9cb4a41a459b94d" member_type: VOTER last_known_addr { host: "127.0.107.194" port: 42857 } } peers { permanent_uuid: "79adb8766b184288a2fbd75bc3b6fc5d" member_type: VOTER last_known_addr { host: "127.0.107.195" port: 36971 } }
I20260713 09:00:36.216441   759 consensus_queue.cc:260] T c69e88d6475a48bcb774b579f3015cfe P 79adb8766b184288a2fbd75bc3b6fc5d [NON_LEADER]: Queue going to NON_LEADER mode. State: All replicated index: 0, Majority replicated index: 0, Committed index: 0, Last appended: 0.0, Last appended by leader: 0, Current term: 0, Majority size: -1, State: 0, Mode: NON_LEADER, active raft config: opid_index: -1 OBSOLETE_local: false peers { permanent_uuid: "48061fa07ca0491bbb04a026ddda13a6" member_type: VOTER last_known_addr { host: "127.0.107.193" port: 46457 } } peers { permanent_uuid: "44e55597317c437ca9cb4a41a459b94d" member_type: VOTER last_known_addr { host: "127.0.107.194" port: 42857 } } peers { permanent_uuid: "79adb8766b184288a2fbd75bc3b6fc5d" member_type: VOTER last_known_addr { host: "127.0.107.195" port: 36971 } }
I20260713 09:00:36.216734   761 raft_consensus.cc:359] T 07b4cb2f98fc4b3a9e73fc01388f665d P 48061fa07ca0491bbb04a026ddda13a6 [term 0 FOLLOWER]: Replica starting. Triggering 0 pending ops. Active config: opid_index: -1 OBSOLETE_local: false peers { permanent_uuid: "48061fa07ca0491bbb04a026ddda13a6" member_type: VOTER last_known_addr { host: "127.0.107.193" port: 46457 } } peers { permanent_uuid: "44e55597317c437ca9cb4a41a459b94d" member_type: VOTER last_known_addr { host: "127.0.107.194" port: 42857 } } peers { permanent_uuid: "79adb8766b184288a2fbd75bc3b6fc5d" member_type: VOTER last_known_addr { host: "127.0.107.195" port: 36971 } }
I20260713 09:00:36.217397   761 raft_consensus.cc:385] T 07b4cb2f98fc4b3a9e73fc01388f665d P 48061fa07ca0491bbb04a026ddda13a6 [term 0 FOLLOWER]: Consensus starting up: Expiring failure detector timer to make a prompt election more likely
I20260713 09:00:36.217657   763 leader_election.cc:290] T 19bf464ba67241b0a1fba9e79b0b3106 P 44e55597317c437ca9cb4a41a459b94d [CANDIDATE]: Term 1 pre-election: Requested pre-vote from peers 48061fa07ca0491bbb04a026ddda13a6 (127.0.107.193:46457), 79adb8766b184288a2fbd75bc3b6fc5d (127.0.107.195:36971)
I20260713 09:00:36.218113   758 raft_consensus.cc:359] T de35b3571ad44aa4aeed1c3638039cef P 44e55597317c437ca9cb4a41a459b94d [term 0 FOLLOWER]: Replica starting. Triggering 0 pending ops. Active config: opid_index: -1 OBSOLETE_local: false peers { permanent_uuid: "48061fa07ca0491bbb04a026ddda13a6" member_type: VOTER last_known_addr { host: "127.0.107.193" port: 46457 } } peers { permanent_uuid: "44e55597317c437ca9cb4a41a459b94d" member_type: VOTER last_known_addr { host: "127.0.107.194" port: 42857 } } peers { permanent_uuid: "79adb8766b184288a2fbd75bc3b6fc5d" member_type: VOTER last_known_addr { host: "127.0.107.195" port: 36971 } }
I20260713 09:00:36.218456   566 tablet_service.cc:1917] Received RequestConsensusVote() RPC: tablet_id: "19bf464ba67241b0a1fba9e79b0b3106" candidate_uuid: "44e55597317c437ca9cb4a41a459b94d" candidate_term: 1 candidate_status { last_received { term: 0 index: 0 } } ignore_live_leader: false dest_uuid: "48061fa07ca0491bbb04a026ddda13a6" is_pre_election: true
I20260713 09:00:36.218778   758 raft_consensus.cc:385] T de35b3571ad44aa4aeed1c3638039cef P 44e55597317c437ca9cb4a41a459b94d [term 0 FOLLOWER]: Consensus starting up: Expiring failure detector timer to make a prompt election more likely
I20260713 09:00:36.219066   758 raft_consensus.cc:740] T de35b3571ad44aa4aeed1c3638039cef P 44e55597317c437ca9cb4a41a459b94d [term 0 FOLLOWER]: Becoming Follower/Learner. State: Replica: 44e55597317c437ca9cb4a41a459b94d, State: Initialized, Role: FOLLOWER
I20260713 09:00:36.219986   715 tablet_service.cc:1917] Received RequestConsensusVote() RPC: tablet_id: "19bf464ba67241b0a1fba9e79b0b3106" candidate_uuid: "44e55597317c437ca9cb4a41a459b94d" candidate_term: 1 candidate_status { last_received { term: 0 index: 0 } } ignore_live_leader: false dest_uuid: "79adb8766b184288a2fbd75bc3b6fc5d" is_pre_election: true
I20260713 09:00:36.219767   758 consensus_queue.cc:260] T de35b3571ad44aa4aeed1c3638039cef P 44e55597317c437ca9cb4a41a459b94d [NON_LEADER]: Queue going to NON_LEADER mode. State: All replicated index: 0, Majority replicated index: 0, Committed index: 0, Last appended: 0.0, Last appended by leader: 0, Current term: 0, Majority size: -1, State: 0, Mode: NON_LEADER, active raft config: opid_index: -1 OBSOLETE_local: false peers { permanent_uuid: "48061fa07ca0491bbb04a026ddda13a6" member_type: VOTER last_known_addr { host: "127.0.107.193" port: 46457 } } peers { permanent_uuid: "44e55597317c437ca9cb4a41a459b94d" member_type: VOTER last_known_addr { host: "127.0.107.194" port: 42857 } } peers { permanent_uuid: "79adb8766b184288a2fbd75bc3b6fc5d" member_type: VOTER last_known_addr { host: "127.0.107.195" port: 36971 } }
I20260713 09:00:36.220599   715 raft_consensus.cc:2468] T 19bf464ba67241b0a1fba9e79b0b3106 P 79adb8766b184288a2fbd75bc3b6fc5d [term 0 FOLLOWER]: Leader pre-election vote request: Granting yes vote for candidate 44e55597317c437ca9cb4a41a459b94d in term 0.
I20260713 09:00:36.221127   759 ts_tablet_manager.cc:1434] T c69e88d6475a48bcb774b579f3015cfe P 79adb8766b184288a2fbd75bc3b6fc5d: Time spent starting tablet: real 0.012s	user 0.009s	sys 0.000s
W20260713 09:00:36.221768   605 leader_election.cc:343] T 19bf464ba67241b0a1fba9e79b0b3106 P 44e55597317c437ca9cb4a41a459b94d [CANDIDATE]: Term 1 pre-election: Tablet error from VoteRequest() call to peer 48061fa07ca0491bbb04a026ddda13a6 (127.0.107.193:46457): Illegal state: must be running to vote when last-logged opid is not known
I20260713 09:00:36.222157   759 tablet_bootstrap.cc:492] T de35b3571ad44aa4aeed1c3638039cef P 79adb8766b184288a2fbd75bc3b6fc5d: Bootstrap starting.
I20260713 09:00:36.222421   758 ts_tablet_manager.cc:1434] T de35b3571ad44aa4aeed1c3638039cef P 44e55597317c437ca9cb4a41a459b94d: Time spent starting tablet: real 0.011s	user 0.004s	sys 0.002s
I20260713 09:00:36.222836   607 leader_election.cc:304] T 19bf464ba67241b0a1fba9e79b0b3106 P 44e55597317c437ca9cb4a41a459b94d [CANDIDATE]: Term 1 pre-election: Election decided. Result: candidate won. Election summary: received 3 responses out of 3 voters: 2 yes votes; 1 no votes. yes voters: 44e55597317c437ca9cb4a41a459b94d, 79adb8766b184288a2fbd75bc3b6fc5d; no voters: 48061fa07ca0491bbb04a026ddda13a6
I20260713 09:00:36.223331   758 tablet_bootstrap.cc:492] T 07b4cb2f98fc4b3a9e73fc01388f665d P 44e55597317c437ca9cb4a41a459b94d: Bootstrap starting.
I20260713 09:00:36.223979   763 raft_consensus.cc:2804] T 19bf464ba67241b0a1fba9e79b0b3106 P 44e55597317c437ca9cb4a41a459b94d [term 0 FOLLOWER]: Leader pre-election won for term 1
I20260713 09:00:36.224313   763 raft_consensus.cc:493] T 19bf464ba67241b0a1fba9e79b0b3106 P 44e55597317c437ca9cb4a41a459b94d [term 0 FOLLOWER]: Starting leader election (no leader contacted us within the election timeout)
I20260713 09:00:36.224617   763 raft_consensus.cc:3060] T 19bf464ba67241b0a1fba9e79b0b3106 P 44e55597317c437ca9cb4a41a459b94d [term 0 FOLLOWER]: Advancing to term 1
I20260713 09:00:36.217674   761 raft_consensus.cc:740] T 07b4cb2f98fc4b3a9e73fc01388f665d P 48061fa07ca0491bbb04a026ddda13a6 [term 0 FOLLOWER]: Becoming Follower/Learner. State: Replica: 48061fa07ca0491bbb04a026ddda13a6, State: Initialized, Role: FOLLOWER
I20260713 09:00:36.231323   761 consensus_queue.cc:260] T 07b4cb2f98fc4b3a9e73fc01388f665d P 48061fa07ca0491bbb04a026ddda13a6 [NON_LEADER]: Queue going to NON_LEADER mode. State: All replicated index: 0, Majority replicated index: 0, Committed index: 0, Last appended: 0.0, Last appended by leader: 0, Current term: 0, Majority size: -1, State: 0, Mode: NON_LEADER, active raft config: opid_index: -1 OBSOLETE_local: false peers { permanent_uuid: "48061fa07ca0491bbb04a026ddda13a6" member_type: VOTER last_known_addr { host: "127.0.107.193" port: 46457 } } peers { permanent_uuid: "44e55597317c437ca9cb4a41a459b94d" member_type: VOTER last_known_addr { host: "127.0.107.194" port: 42857 } } peers { permanent_uuid: "79adb8766b184288a2fbd75bc3b6fc5d" member_type: VOTER last_known_addr { host: "127.0.107.195" port: 36971 } }
I20260713 09:00:36.232358   758 tablet_bootstrap.cc:654] T 07b4cb2f98fc4b3a9e73fc01388f665d P 44e55597317c437ca9cb4a41a459b94d: Neither blocks nor log segments found. Creating new log.
I20260713 09:00:36.235154   766 raft_consensus.cc:493] T b2b45f11d32c49b2b67f705d0b28c570 P 79adb8766b184288a2fbd75bc3b6fc5d [term 0 FOLLOWER]: Starting pre-election (no leader contacted us within the election timeout)
I20260713 09:00:36.235821   766 raft_consensus.cc:515] T b2b45f11d32c49b2b67f705d0b28c570 P 79adb8766b184288a2fbd75bc3b6fc5d [term 0 FOLLOWER]: Starting pre-election with config: opid_index: -1 OBSOLETE_local: false peers { permanent_uuid: "48061fa07ca0491bbb04a026ddda13a6" member_type: VOTER last_known_addr { host: "127.0.107.193" port: 46457 } } peers { permanent_uuid: "44e55597317c437ca9cb4a41a459b94d" member_type: VOTER last_known_addr { host: "127.0.107.194" port: 42857 } } peers { permanent_uuid: "79adb8766b184288a2fbd75bc3b6fc5d" member_type: VOTER last_known_addr { host: "127.0.107.195" port: 36971 } }
I20260713 09:00:36.238121   766 leader_election.cc:290] T b2b45f11d32c49b2b67f705d0b28c570 P 79adb8766b184288a2fbd75bc3b6fc5d [CANDIDATE]: Term 1 pre-election: Requested pre-vote from peers 48061fa07ca0491bbb04a026ddda13a6 (127.0.107.193:46457), 44e55597317c437ca9cb4a41a459b94d (127.0.107.194:42857)
I20260713 09:00:36.240329   761 ts_tablet_manager.cc:1434] T 07b4cb2f98fc4b3a9e73fc01388f665d P 48061fa07ca0491bbb04a026ddda13a6: Time spent starting tablet: real 0.026s	user 0.007s	sys 0.000s
