I20260713 09:01:06.402875  1432 catalog_manager.cc:5697] T 6f956ea5eb574d449736fa4047a4a534 P 57daadd05ddf4bb99ab6044604146e93 reported cstate change: config changed from index -1 to 2, NON_VOTER f20a1272df7749c3b9f3a97479c84a89 (127.0.107.196) added. New cstate: current_term: 1 leader_uuid: "531d991e549244cb8f323931b4b19fe6" committed_config { opid_index: 2 OBSOLETE_local: false peers { permanent_uuid: "57daadd05ddf4bb99ab6044604146e93" member_type: VOTER last_known_addr { host: "127.0.107.193" port: 34517 } attrs { replace: true } } peers { permanent_uuid: "531d991e549244cb8f323931b4b19fe6" member_type: VOTER last_known_addr { host: "127.0.107.194" port: 44475 } } peers { permanent_uuid: "acba72c4c2794970b4e5e0ed343052ad" member_type: VOTER last_known_addr { host: "127.0.107.195" port: 35555 } } peers { permanent_uuid: "f20a1272df7749c3b9f3a97479c84a89" member_type: NON_VOTER last_known_addr { host: "127.0.107.196" port: 34315 } attrs { promote: true } } }
I20260713 09:01:06.411391  1683 raft_consensus.cc:1275] T 0eda5c2bbab240a2bab10a08a592efeb P acba72c4c2794970b4e5e0ed343052ad [term 1 FOLLOWER]: Refusing update from remote peer 57daadd05ddf4bb99ab6044604146e93: Log matching property violated. Preceding OpId in replica: term: 1 index: 1. Preceding OpId from leader: term: 1 index: 2. (index mismatch)
I20260713 09:01:06.411790  1608 raft_consensus.cc:1275] T 0eda5c2bbab240a2bab10a08a592efeb P 531d991e549244cb8f323931b4b19fe6 [term 1 FOLLOWER]: Refusing update from remote peer 57daadd05ddf4bb99ab6044604146e93: Log matching property violated. Preceding OpId in replica: term: 1 index: 1. Preceding OpId from leader: term: 1 index: 2. (index mismatch)
I20260713 09:01:06.412815  2143 consensus_queue.cc:1048] T 0eda5c2bbab240a2bab10a08a592efeb P 57daadd05ddf4bb99ab6044604146e93 [LEADER]: Connected to new peer: Peer: permanent_uuid: "acba72c4c2794970b4e5e0ed343052ad" member_type: VOTER last_known_addr { host: "127.0.107.195" port: 35555 }, Status: LMP_MISMATCH, Last received: 0.0, Next index: 2, Last known committed idx: 1, Time since last communication: 0.000s
I20260713 09:01:06.413738  2134 consensus_queue.cc:1048] T 0eda5c2bbab240a2bab10a08a592efeb P 57daadd05ddf4bb99ab6044604146e93 [LEADER]: Connected to new peer: Peer: permanent_uuid: "531d991e549244cb8f323931b4b19fe6" member_type: VOTER last_known_addr { host: "127.0.107.194" port: 44475 } attrs { replace: true }, Status: LMP_MISMATCH, Last received: 0.0, Next index: 2, Last known committed idx: 1, Time since last communication: 0.000s
W20260713 09:01:06.415611  1500 consensus_peers.cc:597] T 0eda5c2bbab240a2bab10a08a592efeb P 57daadd05ddf4bb99ab6044604146e93 -> Peer f20a1272df7749c3b9f3a97479c84a89 (127.0.107.196:34315): Couldn't send request to peer f20a1272df7749c3b9f3a97479c84a89. Error code: TABLET_NOT_FOUND (6). Status: Not found: Tablet not found: 0eda5c2bbab240a2bab10a08a592efeb. This is attempt 1: this message will repeat every 5th retry.
I20260713 09:01:06.422109  2143 raft_consensus.cc:2955] T 0eda5c2bbab240a2bab10a08a592efeb P 57daadd05ddf4bb99ab6044604146e93 [term 1 LEADER]: Committing config change with OpId 1.2: config changed from index -1 to 2, NON_VOTER f20a1272df7749c3b9f3a97479c84a89 (127.0.107.196) added. New config: { opid_index: 2 OBSOLETE_local: false peers { permanent_uuid: "57daadd05ddf4bb99ab6044604146e93" member_type: VOTER last_known_addr { host: "127.0.107.193" port: 34517 } } peers { permanent_uuid: "531d991e549244cb8f323931b4b19fe6" member_type: VOTER last_known_addr { host: "127.0.107.194" port: 44475 } attrs { replace: true } } peers { permanent_uuid: "acba72c4c2794970b4e5e0ed343052ad" member_type: VOTER last_known_addr { host: "127.0.107.195" port: 35555 } } peers { permanent_uuid: "f20a1272df7749c3b9f3a97479c84a89" member_type: NON_VOTER last_known_addr { host: "127.0.107.196" port: 34315 } attrs { promote: true } } }
I20260713 09:01:06.424734  1608 raft_consensus.cc:2955] T 0eda5c2bbab240a2bab10a08a592efeb P 531d991e549244cb8f323931b4b19fe6 [term 1 FOLLOWER]: Committing config change with OpId 1.2: config changed from index -1 to 2, NON_VOTER f20a1272df7749c3b9f3a97479c84a89 (127.0.107.196) added. New config: { opid_index: 2 OBSOLETE_local: false peers { permanent_uuid: "57daadd05ddf4bb99ab6044604146e93" member_type: VOTER last_known_addr { host: "127.0.107.193" port: 34517 } } peers { permanent_uuid: "531d991e549244cb8f323931b4b19fe6" member_type: VOTER last_known_addr { host: "127.0.107.194" port: 44475 } attrs { replace: true } } peers { permanent_uuid: "acba72c4c2794970b4e5e0ed343052ad" member_type: VOTER last_known_addr { host: "127.0.107.195" port: 35555 } } peers { permanent_uuid: "f20a1272df7749c3b9f3a97479c84a89" member_type: NON_VOTER last_known_addr { host: "127.0.107.196" port: 34315 } attrs { promote: true } } }
I20260713 09:01:06.433310  1432 catalog_manager.cc:5697] T 0eda5c2bbab240a2bab10a08a592efeb P 57daadd05ddf4bb99ab6044604146e93 reported cstate change: config changed from index -1 to 2, NON_VOTER f20a1272df7749c3b9f3a97479c84a89 (127.0.107.196) added. New cstate: current_term: 1 leader_uuid: "57daadd05ddf4bb99ab6044604146e93" committed_config { opid_index: 2 OBSOLETE_local: false peers { permanent_uuid: "57daadd05ddf4bb99ab6044604146e93" member_type: VOTER last_known_addr { host: "127.0.107.193" port: 34517 } health_report { overall_health: HEALTHY } } peers { permanent_uuid: "531d991e549244cb8f323931b4b19fe6" member_type: VOTER last_known_addr { host: "127.0.107.194" port: 44475 } attrs { replace: true } health_report { overall_health: HEALTHY } } peers { permanent_uuid: "acba72c4c2794970b4e5e0ed343052ad" member_type: VOTER last_known_addr { host: "127.0.107.195" port: 35555 } health_report { overall_health: UNKNOWN } } peers { permanent_uuid: "f20a1272df7749c3b9f3a97479c84a89" member_type: NON_VOTER last_known_addr { host: "127.0.107.196" port: 34315 } attrs { promote: true } health_report { overall_health: UNKNOWN } } }
I20260713 09:01:06.433544  1606 consensus_queue.cc:237] T 2dff053157f445fa854c34a9c6e4086f P 531d991e549244cb8f323931b4b19fe6 [LEADER]: Queue going to LEADER mode. State: All replicated index: 0, Majority replicated index: 1, Committed index: 1, Last appended: 1.1, Last appended by leader: 0, Current term: 1, Majority size: 2, State: 0, Mode: LEADER, active raft config: opid_index: 2 OBSOLETE_local: false peers { permanent_uuid: "57daadd05ddf4bb99ab6044604146e93" member_type: VOTER last_known_addr { host: "127.0.107.193" port: 34517 } } peers { permanent_uuid: "531d991e549244cb8f323931b4b19fe6" member_type: VOTER last_known_addr { host: "127.0.107.194" port: 44475 } } peers { permanent_uuid: "acba72c4c2794970b4e5e0ed343052ad" member_type: VOTER last_known_addr { host: "127.0.107.195" port: 35555 } attrs { replace: true } } peers { permanent_uuid: "f20a1272df7749c3b9f3a97479c84a89" member_type: NON_VOTER last_known_addr { host: "127.0.107.196" port: 34315 } attrs { promote: true } }
I20260713 09:01:06.442137  1529 raft_consensus.cc:1275] T 2dff053157f445fa854c34a9c6e4086f P 57daadd05ddf4bb99ab6044604146e93 [term 1 FOLLOWER]: Refusing update from remote peer 531d991e549244cb8f323931b4b19fe6: Log matching property violated. Preceding OpId in replica: term: 1 index: 1. Preceding OpId from leader: term: 1 index: 2. (index mismatch)
I20260713 09:01:06.443338  1683 raft_consensus.cc:1275] T 2dff053157f445fa854c34a9c6e4086f P acba72c4c2794970b4e5e0ed343052ad [term 1 FOLLOWER]: Refusing update from remote peer 531d991e549244cb8f323931b4b19fe6: Log matching property violated. Preceding OpId in replica: term: 1 index: 1. Preceding OpId from leader: term: 1 index: 2. (index mismatch)
W20260713 09:01:06.443985  1575 consensus_peers.cc:597] T 2dff053157f445fa854c34a9c6e4086f P 531d991e549244cb8f323931b4b19fe6 -> Peer f20a1272df7749c3b9f3a97479c84a89 (127.0.107.196:34315): Couldn't send request to peer f20a1272df7749c3b9f3a97479c84a89. Error code: TABLET_NOT_FOUND (6). Status: Not found: Tablet not found: 2dff053157f445fa854c34a9c6e4086f. This is attempt 1: this message will repeat every 5th retry.
I20260713 09:01:06.444779  2131 consensus_queue.cc:1048] T 2dff053157f445fa854c34a9c6e4086f P 531d991e549244cb8f323931b4b19fe6 [LEADER]: Connected to new peer: Peer: permanent_uuid: "57daadd05ddf4bb99ab6044604146e93" member_type: VOTER last_known_addr { host: "127.0.107.193" port: 34517 }, Status: LMP_MISMATCH, Last received: 0.0, Next index: 2, Last known committed idx: 1, Time since last communication: 0.000s
I20260713 09:01:06.445840  1683 raft_consensus.cc:2955] T 0eda5c2bbab240a2bab10a08a592efeb P acba72c4c2794970b4e5e0ed343052ad [term 1 FOLLOWER]: Committing config change with OpId 1.2: config changed from index -1 to 2, NON_VOTER f20a1272df7749c3b9f3a97479c84a89 (127.0.107.196) added. New config: { opid_index: 2 OBSOLETE_local: false peers { permanent_uuid: "57daadd05ddf4bb99ab6044604146e93" member_type: VOTER last_known_addr { host: "127.0.107.193" port: 34517 } } peers { permanent_uuid: "531d991e549244cb8f323931b4b19fe6" member_type: VOTER last_known_addr { host: "127.0.107.194" port: 44475 } attrs { replace: true } } peers { permanent_uuid: "acba72c4c2794970b4e5e0ed343052ad" member_type: VOTER last_known_addr { host: "127.0.107.195" port: 35555 } } peers { permanent_uuid: "f20a1272df7749c3b9f3a97479c84a89" member_type: NON_VOTER last_known_addr { host: "127.0.107.196" port: 34315 } attrs { promote: true } } }
I20260713 09:01:06.447665  2089 consensus_queue.cc:1048] T 2dff053157f445fa854c34a9c6e4086f P 531d991e549244cb8f323931b4b19fe6 [LEADER]: Connected to new peer: Peer: permanent_uuid: "acba72c4c2794970b4e5e0ed343052ad" member_type: VOTER last_known_addr { host: "127.0.107.195" port: 35555 } attrs { replace: true }, Status: LMP_MISMATCH, Last received: 0.0, Next index: 2, Last known committed idx: 1, Time since last communication: 0.000s
I20260713 09:01:06.465346  2129 raft_consensus.cc:2955] T 2dff053157f445fa854c34a9c6e4086f P 531d991e549244cb8f323931b4b19fe6 [term 1 LEADER]: Committing config change with OpId 1.2: config changed from index -1 to 2, NON_VOTER f20a1272df7749c3b9f3a97479c84a89 (127.0.107.196) added. New config: { opid_index: 2 OBSOLETE_local: false peers { permanent_uuid: "57daadd05ddf4bb99ab6044604146e93" member_type: VOTER last_known_addr { host: "127.0.107.193" port: 34517 } } peers { permanent_uuid: "531d991e549244cb8f323931b4b19fe6" member_type: VOTER last_known_addr { host: "127.0.107.194" port: 44475 } } peers { permanent_uuid: "acba72c4c2794970b4e5e0ed343052ad" member_type: VOTER last_known_addr { host: "127.0.107.195" port: 35555 } attrs { replace: true } } peers { permanent_uuid: "f20a1272df7749c3b9f3a97479c84a89" member_type: NON_VOTER last_known_addr { host: "127.0.107.196" port: 34315 } attrs { promote: true } } }
I20260713 09:01:06.466984  1529 raft_consensus.cc:2955] T 2dff053157f445fa854c34a9c6e4086f P 57daadd05ddf4bb99ab6044604146e93 [term 1 FOLLOWER]: Committing config change with OpId 1.2: config changed from index -1 to 2, NON_VOTER f20a1272df7749c3b9f3a97479c84a89 (127.0.107.196) added. New config: { opid_index: 2 OBSOLETE_local: false peers { permanent_uuid: "57daadd05ddf4bb99ab6044604146e93" member_type: VOTER last_known_addr { host: "127.0.107.193" port: 34517 } } peers { permanent_uuid: "531d991e549244cb8f323931b4b19fe6" member_type: VOTER last_known_addr { host: "127.0.107.194" port: 44475 } } peers { permanent_uuid: "acba72c4c2794970b4e5e0ed343052ad" member_type: VOTER last_known_addr { host: "127.0.107.195" port: 35555 } attrs { replace: true } } peers { permanent_uuid: "f20a1272df7749c3b9f3a97479c84a89" member_type: NON_VOTER last_known_addr { host: "127.0.107.196" port: 34315 } attrs { promote: true } } }
I20260713 09:01:06.467543  1679 raft_consensus.cc:2955] T 2dff053157f445fa854c34a9c6e4086f P acba72c4c2794970b4e5e0ed343052ad [term 1 FOLLOWER]: Committing config change with OpId 1.2: config changed from index -1 to 2, NON_VOTER f20a1272df7749c3b9f3a97479c84a89 (127.0.107.196) added. New config: { opid_index: 2 OBSOLETE_local: false peers { permanent_uuid: "57daadd05ddf4bb99ab6044604146e93" member_type: VOTER last_known_addr { host: "127.0.107.193" port: 34517 } } peers { permanent_uuid: "531d991e549244cb8f323931b4b19fe6" member_type: VOTER last_known_addr { host: "127.0.107.194" port: 44475 } } peers { permanent_uuid: "acba72c4c2794970b4e5e0ed343052ad" member_type: VOTER last_known_addr { host: "127.0.107.195" port: 35555 } attrs { replace: true } } peers { permanent_uuid: "f20a1272df7749c3b9f3a97479c84a89" member_type: NON_VOTER last_known_addr { host: "127.0.107.196" port: 34315 } attrs { promote: true } } }
I20260713 09:01:06.479360  1432 catalog_manager.cc:5697] T 2dff053157f445fa854c34a9c6e4086f P acba72c4c2794970b4e5e0ed343052ad reported cstate change: config changed from index -1 to 2, NON_VOTER f20a1272df7749c3b9f3a97479c84a89 (127.0.107.196) added. New cstate: current_term: 1 leader_uuid: "531d991e549244cb8f323931b4b19fe6" committed_config { opid_index: 2 OBSOLETE_local: false peers { permanent_uuid: "57daadd05ddf4bb99ab6044604146e93" member_type: VOTER last_known_addr { host: "127.0.107.193" port: 34517 } } peers { permanent_uuid: "531d991e549244cb8f323931b4b19fe6" member_type: VOTER last_known_addr { host: "127.0.107.194" port: 44475 } } peers { permanent_uuid: "acba72c4c2794970b4e5e0ed343052ad" member_type: VOTER last_known_addr { host: "127.0.107.195" port: 35555 } attrs { replace: true } } peers { permanent_uuid: "f20a1272df7749c3b9f3a97479c84a89" member_type: NON_VOTER last_known_addr { host: "127.0.107.196" port: 34315 } attrs { promote: true } } }
I20260713 09:01:06.827117  2150 ts_tablet_manager.cc:933] T 302fb764a0204abab9929138f14e4d50 P f20a1272df7749c3b9f3a97479c84a89: Initiating tablet copy from peer 531d991e549244cb8f323931b4b19fe6 (127.0.107.194:44475)
I20260713 09:01:06.828970  2150 tablet_copy_client.cc:323] T 302fb764a0204abab9929138f14e4d50 P f20a1272df7749c3b9f3a97479c84a89: tablet copy: Beginning tablet copy session from remote peer at address 127.0.107.194:44475
I20260713 09:01:06.830399  1619 tablet_copy_service.cc:140] P 531d991e549244cb8f323931b4b19fe6: Received BeginTabletCopySession request for tablet 302fb764a0204abab9929138f14e4d50 from peer f20a1272df7749c3b9f3a97479c84a89 ({username='slave'} at 127.0.0.1:54860)
I20260713 09:01:06.830909  1619 tablet_copy_service.cc:161] P 531d991e549244cb8f323931b4b19fe6: Beginning new tablet copy session on tablet 302fb764a0204abab9929138f14e4d50 from peer f20a1272df7749c3b9f3a97479c84a89 at {username='slave'} at 127.0.0.1:54860: session id = f20a1272df7749c3b9f3a97479c84a89-302fb764a0204abab9929138f14e4d50
I20260713 09:01:06.837963  1619 tablet_copy_source_session.cc:215] T 302fb764a0204abab9929138f14e4d50 P 531d991e549244cb8f323931b4b19fe6: Tablet Copy: opened 0 blocks and 1 log segments
I20260713 09:01:06.840770  2150 data_dirs.cc:400] Could only allocate 1 dirs of requested 3 for tablet 302fb764a0204abab9929138f14e4d50. 1 dirs total, 0 dirs full, 0 dirs failed
I20260713 09:01:06.852164  2150 tablet_copy_client.cc:806] T 302fb764a0204abab9929138f14e4d50 P f20a1272df7749c3b9f3a97479c84a89: tablet copy: Starting download of 0 data blocks...
I20260713 09:01:06.852923  2150 tablet_copy_client.cc:670] T 302fb764a0204abab9929138f14e4d50 P f20a1272df7749c3b9f3a97479c84a89: tablet copy: Starting download of 1 WAL segments...
I20260713 09:01:06.856343  2150 tablet_copy_client.cc:538] T 302fb764a0204abab9929138f14e4d50 P f20a1272df7749c3b9f3a97479c84a89: tablet copy: Tablet Copy complete. Replacing tablet superblock.
I20260713 09:01:06.862294  2150 tablet_bootstrap.cc:492] T 302fb764a0204abab9929138f14e4d50 P f20a1272df7749c3b9f3a97479c84a89: Bootstrap starting.
I20260713 09:01:06.878191  2150 tablet_bootstrap.cc:492] T 302fb764a0204abab9929138f14e4d50 P f20a1272df7749c3b9f3a97479c84a89: Bootstrap replayed 1/1 log segments. Stats: ops{read=2 overwritten=0 applied=2 ignored=0} inserts{seen=0 ignored=0} mutations{seen=0 ignored=0} orphaned_commits=0. Pending: 0 replicates
I20260713 09:01:06.878808  2150 tablet_bootstrap.cc:492] T 302fb764a0204abab9929138f14e4d50 P f20a1272df7749c3b9f3a97479c84a89: Bootstrap complete.
I20260713 09:01:06.879405  2150 ts_tablet_manager.cc:1403] T 302fb764a0204abab9929138f14e4d50 P f20a1272df7749c3b9f3a97479c84a89: Time spent bootstrapping tablet: real 0.017s	user 0.019s	sys 0.000s
I20260713 09:01:06.881651  2150 raft_consensus.cc:359] T 302fb764a0204abab9929138f14e4d50 P f20a1272df7749c3b9f3a97479c84a89 [term 1 LEARNER]: Replica starting. Triggering 0 pending ops. Active config: opid_index: 2 OBSOLETE_local: false peers { permanent_uuid: "57daadd05ddf4bb99ab6044604146e93" member_type: VOTER last_known_addr { host: "127.0.107.193" port: 34517 } attrs { replace: true } } peers { permanent_uuid: "531d991e549244cb8f323931b4b19fe6" member_type: VOTER last_known_addr { host: "127.0.107.194" port: 44475 } } peers { permanent_uuid: "acba72c4c2794970b4e5e0ed343052ad" member_type: VOTER last_known_addr { host: "127.0.107.195" port: 35555 } } peers { permanent_uuid: "f20a1272df7749c3b9f3a97479c84a89" member_type: NON_VOTER last_known_addr { host: "127.0.107.196" port: 34315 } attrs { promote: true } }
I20260713 09:01:06.882225  2150 raft_consensus.cc:740] T 302fb764a0204abab9929138f14e4d50 P f20a1272df7749c3b9f3a97479c84a89 [term 1 LEARNER]: Becoming Follower/Learner. State: Replica: f20a1272df7749c3b9f3a97479c84a89, State: Initialized, Role: LEARNER
I20260713 09:01:06.882685  2150 consensus_queue.cc:260] T 302fb764a0204abab9929138f14e4d50 P f20a1272df7749c3b9f3a97479c84a89 [NON_LEADER]: Queue going to NON_LEADER mode. State: All replicated index: 0, Majority replicated index: 0, Committed index: 2, Last appended: 1.2, Last appended by leader: 2, Current term: 0, Majority size: -1, State: 0, Mode: NON_LEADER, active raft config: opid_index: 2 OBSOLETE_local: false peers { permanent_uuid: "57daadd05ddf4bb99ab6044604146e93" member_type: VOTER last_known_addr { host: "127.0.107.193" port: 34517 } attrs { replace: true } } peers { permanent_uuid: "531d991e549244cb8f323931b4b19fe6" member_type: VOTER last_known_addr { host: "127.0.107.194" port: 44475 } } peers { permanent_uuid: "acba72c4c2794970b4e5e0ed343052ad" member_type: VOTER last_known_addr { host: "127.0.107.195" port: 35555 } } peers { permanent_uuid: "f20a1272df7749c3b9f3a97479c84a89" member_type: NON_VOTER last_known_addr { host: "127.0.107.196" port: 34315 } attrs { promote: true } }
I20260713 09:01:06.885322  2150 ts_tablet_manager.cc:1434] T 302fb764a0204abab9929138f14e4d50 P f20a1272df7749c3b9f3a97479c84a89: Time spent starting tablet: real 0.006s	user 0.005s	sys 0.000s
I20260713 09:01:06.887006  1619 tablet_copy_service.cc:342] P 531d991e549244cb8f323931b4b19fe6: Request end of tablet copy session f20a1272df7749c3b9f3a97479c84a89-302fb764a0204abab9929138f14e4d50 received from {username='slave'} at 127.0.0.1:54860
I20260713 09:01:06.887426  1619 tablet_copy_service.cc:434] P 531d991e549244cb8f323931b4b19fe6: ending tablet copy session f20a1272df7749c3b9f3a97479c84a89-302fb764a0204abab9929138f14e4d50 on tablet 302fb764a0204abab9929138f14e4d50 with peer f20a1272df7749c3b9f3a97479c84a89
I20260713 09:01:06.890898  2150 ts_tablet_manager.cc:933] T 0eda5c2bbab240a2bab10a08a592efeb P f20a1272df7749c3b9f3a97479c84a89: Initiating tablet copy from peer 57daadd05ddf4bb99ab6044604146e93 (127.0.107.193:34517)
I20260713 09:01:06.892448  2150 tablet_copy_client.cc:323] T 0eda5c2bbab240a2bab10a08a592efeb P f20a1272df7749c3b9f3a97479c84a89: tablet copy: Beginning tablet copy session from remote peer at address 127.0.107.193:34517
I20260713 09:01:06.893875  1545 tablet_copy_service.cc:140] P 57daadd05ddf4bb99ab6044604146e93: Received BeginTabletCopySession request for tablet 0eda5c2bbab240a2bab10a08a592efeb from peer f20a1272df7749c3b9f3a97479c84a89 ({username='slave'} at 127.0.0.1:42580)
I20260713 09:01:06.894366  1545 tablet_copy_service.cc:161] P 57daadd05ddf4bb99ab6044604146e93: Beginning new tablet copy session on tablet 0eda5c2bbab240a2bab10a08a592efeb from peer f20a1272df7749c3b9f3a97479c84a89 at {username='slave'} at 127.0.0.1:42580: session id = f20a1272df7749c3b9f3a97479c84a89-0eda5c2bbab240a2bab10a08a592efeb
I20260713 09:01:06.901428  1545 tablet_copy_source_session.cc:215] T 0eda5c2bbab240a2bab10a08a592efeb P 57daadd05ddf4bb99ab6044604146e93: Tablet Copy: opened 0 blocks and 1 log segments
I20260713 09:01:06.904404  2150 data_dirs.cc:400] Could only allocate 1 dirs of requested 3 for tablet 0eda5c2bbab240a2bab10a08a592efeb. 1 dirs total, 0 dirs full, 0 dirs failed
I20260713 09:01:06.918927  2150 tablet_copy_client.cc:806] T 0eda5c2bbab240a2bab10a08a592efeb P f20a1272df7749c3b9f3a97479c84a89: tablet copy: Starting download of 0 data blocks...
I20260713 09:01:06.919548  2150 tablet_copy_client.cc:670] T 0eda5c2bbab240a2bab10a08a592efeb P f20a1272df7749c3b9f3a97479c84a89: tablet copy: Starting download of 1 WAL segments...
I20260713 09:01:06.922767  2150 tablet_copy_client.cc:538] T 0eda5c2bbab240a2bab10a08a592efeb P f20a1272df7749c3b9f3a97479c84a89: tablet copy: Tablet Copy complete. Replacing tablet superblock.
I20260713 09:01:06.931488  2150 tablet_bootstrap.cc:492] T 0eda5c2bbab240a2bab10a08a592efeb P f20a1272df7749c3b9f3a97479c84a89: Bootstrap starting.
I20260713 09:01:06.950075  2150 tablet_bootstrap.cc:492] T 0eda5c2bbab240a2bab10a08a592efeb P f20a1272df7749c3b9f3a97479c84a89: Bootstrap replayed 1/1 log segments. Stats: ops{read=2 overwritten=0 applied=2 ignored=0} inserts{seen=0 ignored=0} mutations{seen=0 ignored=0} orphaned_commits=0. Pending: 0 replicates
I20260713 09:01:06.950884  2150 tablet_bootstrap.cc:492] T 0eda5c2bbab240a2bab10a08a592efeb P f20a1272df7749c3b9f3a97479c84a89: Bootstrap complete.
I20260713 09:01:06.951531  2150 ts_tablet_manager.cc:1403] T 0eda5c2bbab240a2bab10a08a592efeb P f20a1272df7749c3b9f3a97479c84a89: Time spent bootstrapping tablet: real 0.020s	user 0.024s	sys 0.000s
I20260713 09:01:06.954160  2150 raft_consensus.cc:359] T 0eda5c2bbab240a2bab10a08a592efeb P f20a1272df7749c3b9f3a97479c84a89 [term 1 LEARNER]: Replica starting. Triggering 0 pending ops. Active config: opid_index: 2 OBSOLETE_local: false peers { permanent_uuid: "57daadd05ddf4bb99ab6044604146e93" member_type: VOTER last_known_addr { host: "127.0.107.193" port: 34517 } } peers { permanent_uuid: "531d991e549244cb8f323931b4b19fe6" member_type: VOTER last_known_addr { host: "127.0.107.194" port: 44475 } attrs { replace: true } } peers { permanent_uuid: "acba72c4c2794970b4e5e0ed343052ad" member_type: VOTER last_known_addr { host: "127.0.107.195" port: 35555 } } peers { permanent_uuid: "f20a1272df7749c3b9f3a97479c84a89" member_type: NON_VOTER last_known_addr { host: "127.0.107.196" port: 34315 } attrs { promote: true } }
I20260713 09:01:06.954954  2150 raft_consensus.cc:740] T 0eda5c2bbab240a2bab10a08a592efeb P f20a1272df7749c3b9f3a97479c84a89 [term 1 LEARNER]: Becoming Follower/Learner. State: Replica: f20a1272df7749c3b9f3a97479c84a89, State: Initialized, Role: LEARNER
I20260713 09:01:06.955561  2150 consensus_queue.cc:260] T 0eda5c2bbab240a2bab10a08a592efeb P f20a1272df7749c3b9f3a97479c84a89 [NON_LEADER]: Queue going to NON_LEADER mode. State: All replicated index: 0, Majority replicated index: 0, Committed index: 2, Last appended: 1.2, Last appended by leader: 2, Current term: 0, Majority size: -1, State: 0, Mode: NON_LEADER, active raft config: opid_index: 2 OBSOLETE_local: false peers { permanent_uuid: "57daadd05ddf4bb99ab6044604146e93" member_type: VOTER last_known_addr { host: "127.0.107.193" port: 34517 } } peers { permanent_uuid: "531d991e549244cb8f323931b4b19fe6" member_type: VOTER last_known_addr { host: "127.0.107.194" port: 44475 } attrs { replace: true } } peers { permanent_uuid: "acba72c4c2794970b4e5e0ed343052ad" member_type: VOTER last_known_addr { host: "127.0.107.195" port: 35555 } } peers { permanent_uuid: "f20a1272df7749c3b9f3a97479c84a89" member_type: NON_VOTER last_known_addr { host: "127.0.107.196" port: 34315 } attrs { promote: true } }
I20260713 09:01:06.957890  2150 ts_tablet_manager.cc:1434] T 0eda5c2bbab240a2bab10a08a592efeb P f20a1272df7749c3b9f3a97479c84a89: Time spent starting tablet: real 0.006s	user 0.005s	sys 0.000s
I20260713 09:01:06.959558  1545 tablet_copy_service.cc:342] P 57daadd05ddf4bb99ab6044604146e93: Request end of tablet copy session f20a1272df7749c3b9f3a97479c84a89-0eda5c2bbab240a2bab10a08a592efeb received from {username='slave'} at 127.0.0.1:42580
I20260713 09:01:06.959874  1545 tablet_copy_service.cc:434] P 57daadd05ddf4bb99ab6044604146e93: ending tablet copy session f20a1272df7749c3b9f3a97479c84a89-0eda5c2bbab240a2bab10a08a592efeb on tablet 0eda5c2bbab240a2bab10a08a592efeb with peer f20a1272df7749c3b9f3a97479c84a89
I20260713 09:01:06.997295  2150 ts_tablet_manager.cc:933] T 6f956ea5eb574d449736fa4047a4a534 P f20a1272df7749c3b9f3a97479c84a89: Initiating tablet copy from peer 531d991e549244cb8f323931b4b19fe6 (127.0.107.194:44475)
I20260713 09:01:06.998548  2150 tablet_copy_client.cc:323] T 6f956ea5eb574d449736fa4047a4a534 P f20a1272df7749c3b9f3a97479c84a89: tablet copy: Beginning tablet copy session from remote peer at address 127.0.107.194:44475
I20260713 09:01:06.999778  1619 tablet_copy_service.cc:140] P 531d991e549244cb8f323931b4b19fe6: Received BeginTabletCopySession request for tablet 6f956ea5eb574d449736fa4047a4a534 from peer f20a1272df7749c3b9f3a97479c84a89 ({username='slave'} at 127.0.0.1:54860)
I20260713 09:01:07.000214  1619 tablet_copy_service.cc:161] P 531d991e549244cb8f323931b4b19fe6: Beginning new tablet copy session on tablet 6f956ea5eb574d449736fa4047a4a534 from peer f20a1272df7749c3b9f3a97479c84a89 at {username='slave'} at 127.0.0.1:54860: session id = f20a1272df7749c3b9f3a97479c84a89-6f956ea5eb574d449736fa4047a4a534
I20260713 09:01:07.004727  1619 tablet_copy_source_session.cc:215] T 6f956ea5eb574d449736fa4047a4a534 P 531d991e549244cb8f323931b4b19fe6: Tablet Copy: opened 0 blocks and 1 log segments
I20260713 09:01:07.006935  2150 data_dirs.cc:400] Could only allocate 1 dirs of requested 3 for tablet 6f956ea5eb574d449736fa4047a4a534. 1 dirs total, 0 dirs full, 0 dirs failed
I20260713 09:01:07.016728  2150 tablet_copy_client.cc:806] T 6f956ea5eb574d449736fa4047a4a534 P f20a1272df7749c3b9f3a97479c84a89: tablet copy: Starting download of 0 data blocks...
I20260713 09:01:07.017160  2150 tablet_copy_client.cc:670] T 6f956ea5eb574d449736fa4047a4a534 P f20a1272df7749c3b9f3a97479c84a89: tablet copy: Starting download of 1 WAL segments...
I20260713 09:01:07.020186  2150 tablet_copy_client.cc:538] T 6f956ea5eb574d449736fa4047a4a534 P f20a1272df7749c3b9f3a97479c84a89: tablet copy: Tablet Copy complete. Replacing tablet superblock.
I20260713 09:01:07.025516  2150 tablet_bootstrap.cc:492] T 6f956ea5eb574d449736fa4047a4a534 P f20a1272df7749c3b9f3a97479c84a89: Bootstrap starting.
I20260713 09:01:07.037019  2150 tablet_bootstrap.cc:492] T 6f956ea5eb574d449736fa4047a4a534 P f20a1272df7749c3b9f3a97479c84a89: Bootstrap replayed 1/1 log segments. Stats: ops{read=2 overwritten=0 applied=2 ignored=0} inserts{seen=0 ignored=0} mutations{seen=0 ignored=0} orphaned_commits=0. Pending: 0 replicates
I20260713 09:01:07.037569  2150 tablet_bootstrap.cc:492] T 6f956ea5eb574d449736fa4047a4a534 P f20a1272df7749c3b9f3a97479c84a89: Bootstrap complete.
I20260713 09:01:07.037981  2150 ts_tablet_manager.cc:1403] T 6f956ea5eb574d449736fa4047a4a534 P f20a1272df7749c3b9f3a97479c84a89: Time spent bootstrapping tablet: real 0.013s	user 0.006s	sys 0.006s
I20260713 09:01:07.039678  2150 raft_consensus.cc:359] T 6f956ea5eb574d449736fa4047a4a534 P f20a1272df7749c3b9f3a97479c84a89 [term 1 LEARNER]: Replica starting. Triggering 0 pending ops. Active config: opid_index: 2 OBSOLETE_local: false peers { permanent_uuid: "57daadd05ddf4bb99ab6044604146e93" member_type: VOTER last_known_addr { host: "127.0.107.193" port: 34517 } attrs { replace: true } } peers { permanent_uuid: "531d991e549244cb8f323931b4b19fe6" member_type: VOTER last_known_addr { host: "127.0.107.194" port: 44475 } } peers { permanent_uuid: "acba72c4c2794970b4e5e0ed343052ad" member_type: VOTER last_known_addr { host: "127.0.107.195" port: 35555 } } peers { permanent_uuid: "f20a1272df7749c3b9f3a97479c84a89" member_type: NON_VOTER last_known_addr { host: "127.0.107.196" port: 34315 } attrs { promote: true } }
I20260713 09:01:07.040162  2150 raft_consensus.cc:740] T 6f956ea5eb574d449736fa4047a4a534 P f20a1272df7749c3b9f3a97479c84a89 [term 1 LEARNER]: Becoming Follower/Learner. State: Replica: f20a1272df7749c3b9f3a97479c84a89, State: Initialized, Role: LEARNER
I20260713 09:01:07.040571  2150 consensus_queue.cc:260] T 6f956ea5eb574d449736fa4047a4a534 P f20a1272df7749c3b9f3a97479c84a89 [NON_LEADER]: Queue going to NON_LEADER mode. State: All replicated index: 0, Majority replicated index: 0, Committed index: 2, Last appended: 1.2, Last appended by leader: 2, Current term: 0, Majority size: -1, State: 0, Mode: NON_LEADER, active raft config: opid_index: 2 OBSOLETE_local: false peers { permanent_uuid: "57daadd05ddf4bb99ab6044604146e93" member_type: VOTER last_known_addr { host: "127.0.107.193" port: 34517 } attrs { replace: true } } peers { permanent_uuid: "531d991e549244cb8f323931b4b19fe6" member_type: VOTER last_known_addr { host: "127.0.107.194" port: 44475 } } peers { permanent_uuid: "acba72c4c2794970b4e5e0ed343052ad" member_type: VOTER last_known_addr { host: "127.0.107.195" port: 35555 } } peers { permanent_uuid: "f20a1272df7749c3b9f3a97479c84a89" member_type: NON_VOTER last_known_addr { host: "127.0.107.196" port: 34315 } attrs { promote: true } }
I20260713 09:01:07.042105  2150 ts_tablet_manager.cc:1434] T 6f956ea5eb574d449736fa4047a4a534 P f20a1272df7749c3b9f3a97479c84a89: Time spent starting tablet: real 0.004s	user 0.004s	sys 0.002s
I20260713 09:01:07.043824  1619 tablet_copy_service.cc:342] P 531d991e549244cb8f323931b4b19fe6: Request end of tablet copy session f20a1272df7749c3b9f3a97479c84a89-6f956ea5eb574d449736fa4047a4a534 received from {username='slave'} at 127.0.0.1:54860
I20260713 09:01:07.044227  1619 tablet_copy_service.cc:434] P 531d991e549244cb8f323931b4b19fe6: ending tablet copy session f20a1272df7749c3b9f3a97479c84a89-6f956ea5eb574d449736fa4047a4a534 on tablet 6f956ea5eb574d449736fa4047a4a534 with peer f20a1272df7749c3b9f3a97479c84a89
I20260713 09:01:07.048563  2150 ts_tablet_manager.cc:933] T 2dff053157f445fa854c34a9c6e4086f P f20a1272df7749c3b9f3a97479c84a89: Initiating tablet copy from peer 531d991e549244cb8f323931b4b19fe6 (127.0.107.194:44475)
I20260713 09:01:07.050117  2150 tablet_copy_client.cc:323] T 2dff053157f445fa854c34a9c6e4086f P f20a1272df7749c3b9f3a97479c84a89: tablet copy: Beginning tablet copy session from remote peer at address 127.0.107.194:44475
I20260713 09:01:07.051225  1619 tablet_copy_service.cc:140] P 531d991e549244cb8f323931b4b19fe6: Received BeginTabletCopySession request for tablet 2dff053157f445fa854c34a9c6e4086f from peer f20a1272df7749c3b9f3a97479c84a89 ({username='slave'} at 127.0.0.1:54860)
I20260713 09:01:07.051643  1619 tablet_copy_service.cc:161] P 531d991e549244cb8f323931b4b19fe6: Beginning new tablet copy session on tablet 2dff053157f445fa854c34a9c6e4086f from peer f20a1272df7749c3b9f3a97479c84a89 at {username='slave'} at 127.0.0.1:54860: session id = f20a1272df7749c3b9f3a97479c84a89-2dff053157f445fa854c34a9c6e4086f
I20260713 09:01:07.057127  1619 tablet_copy_source_session.cc:215] T 2dff053157f445fa854c34a9c6e4086f P 531d991e549244cb8f323931b4b19fe6: Tablet Copy: opened 0 blocks and 1 log segments
I20260713 09:01:07.059290  2150 data_dirs.cc:400] Could only allocate 1 dirs of requested 3 for tablet 2dff053157f445fa854c34a9c6e4086f. 1 dirs total, 0 dirs full, 0 dirs failed
I20260713 09:01:07.068322  2150 tablet_copy_client.cc:806] T 2dff053157f445fa854c34a9c6e4086f P f20a1272df7749c3b9f3a97479c84a89: tablet copy: Starting download of 0 data blocks...
I20260713 09:01:07.068776  2150 tablet_copy_client.cc:670] T 2dff053157f445fa854c34a9c6e4086f P f20a1272df7749c3b9f3a97479c84a89: tablet copy: Starting download of 1 WAL segments...
I20260713 09:01:07.072690  2150 tablet_copy_client.cc:538] T 2dff053157f445fa854c34a9c6e4086f P f20a1272df7749c3b9f3a97479c84a89: tablet copy: Tablet Copy complete. Replacing tablet superblock.
I20260713 09:01:07.078630  2150 tablet_bootstrap.cc:492] T 2dff053157f445fa854c34a9c6e4086f P f20a1272df7749c3b9f3a97479c84a89: Bootstrap starting.
I20260713 09:01:07.090858  2150 tablet_bootstrap.cc:492] T 2dff053157f445fa854c34a9c6e4086f P f20a1272df7749c3b9f3a97479c84a89: Bootstrap replayed 1/1 log segments. Stats: ops{read=2 overwritten=0 applied=2 ignored=0} inserts{seen=0 ignored=0} mutations{seen=0 ignored=0} orphaned_commits=0. Pending: 0 replicates
I20260713 09:01:07.091452  2150 tablet_bootstrap.cc:492] T 2dff053157f445fa854c34a9c6e4086f P f20a1272df7749c3b9f3a97479c84a89: Bootstrap complete.
I20260713 09:01:07.091887  2150 ts_tablet_manager.cc:1403] T 2dff053157f445fa854c34a9c6e4086f P f20a1272df7749c3b9f3a97479c84a89: Time spent bootstrapping tablet: real 0.013s	user 0.011s	sys 0.004s
I20260713 09:01:07.093555  2150 raft_consensus.cc:359] T 2dff053157f445fa854c34a9c6e4086f P f20a1272df7749c3b9f3a97479c84a89 [term 1 LEARNER]: Replica starting. Triggering 0 pending ops. Active config: opid_index: 2 OBSOLETE_local: false peers { permanent_uuid: "57daadd05ddf4bb99ab6044604146e93" member_type: VOTER last_known_addr { host: "127.0.107.193" port: 34517 } } peers { permanent_uuid: "531d991e549244cb8f323931b4b19fe6" member_type: VOTER last_known_addr { host: "127.0.107.194" port: 44475 } } peers { permanent_uuid: "acba72c4c2794970b4e5e0ed343052ad" member_type: VOTER last_known_addr { host: "127.0.107.195" port: 35555 } attrs { replace: true } } peers { permanent_uuid: "f20a1272df7749c3b9f3a97479c84a89" member_type: NON_VOTER last_known_addr { host: "127.0.107.196" port: 34315 } attrs { promote: true } }
I20260713 09:01:07.094048  2150 raft_consensus.cc:740] T 2dff053157f445fa854c34a9c6e4086f P f20a1272df7749c3b9f3a97479c84a89 [term 1 LEARNER]: Becoming Follower/Learner. State: Replica: f20a1272df7749c3b9f3a97479c84a89, State: Initialized, Role: LEARNER
I20260713 09:01:07.094440  2150 consensus_queue.cc:260] T 2dff053157f445fa854c34a9c6e4086f P f20a1272df7749c3b9f3a97479c84a89 [NON_LEADER]: Queue going to NON_LEADER mode. State: All replicated index: 0, Majority replicated index: 0, Committed index: 2, Last appended: 1.2, Last appended by leader: 2, Current term: 0, Majority size: -1, State: 0, Mode: NON_LEADER, active raft config: opid_index: 2 OBSOLETE_local: false peers { permanent_uuid: "57daadd05ddf4bb99ab6044604146e93" member_type: VOTER last_known_addr { host: "127.0.107.193" port: 34517 } } peers { permanent_uuid: "531d991e549244cb8f323931b4b19fe6" member_type: VOTER last_known_addr { host: "127.0.107.194" port: 44475 } } peers { permanent_uuid: "acba72c4c2794970b4e5e0ed343052ad" member_type: VOTER last_known_addr { host: "127.0.107.195" port: 35555 } attrs { replace: true } } peers { permanent_uuid: "f20a1272df7749c3b9f3a97479c84a89" member_type: NON_VOTER last_known_addr { host: "127.0.107.196" port: 34315 } attrs { promote: true } }
I20260713 09:01:07.096037  2150 ts_tablet_manager.cc:1434] T 2dff053157f445fa854c34a9c6e4086f P f20a1272df7749c3b9f3a97479c84a89: Time spent starting tablet: real 0.004s	user 0.000s	sys 0.004s
I20260713 09:01:07.097801  1619 tablet_copy_service.cc:342] P 531d991e549244cb8f323931b4b19fe6: Request end of tablet copy session f20a1272df7749c3b9f3a97479c84a89-2dff053157f445fa854c34a9c6e4086f received from {username='slave'} at 127.0.0.1:54860
I20260713 09:01:07.098192  1619 tablet_copy_service.cc:434] P 531d991e549244cb8f323931b4b19fe6: ending tablet copy session f20a1272df7749c3b9f3a97479c84a89-2dff053157f445fa854c34a9c6e4086f on tablet 2dff053157f445fa854c34a9c6e4086f with peer f20a1272df7749c3b9f3a97479c84a89
I20260713 09:01:07.230159  1962 raft_consensus.cc:1217] T 302fb764a0204abab9929138f14e4d50 P f20a1272df7749c3b9f3a97479c84a89 [term 1 LEARNER]: Deduplicated request from leader. Original: 1.1->[1.2-1.2]   Dedup: 1.2->[]
I20260713 09:01:07.405320  1962 raft_consensus.cc:1217] T 6f956ea5eb574d449736fa4047a4a534 P f20a1272df7749c3b9f3a97479c84a89 [term 1 LEARNER]: Deduplicated request from leader. Original: 1.1->[1.2-1.2]   Dedup: 1.2->[]
I20260713 09:01:07.507493  1962 raft_consensus.cc:1217] T 0eda5c2bbab240a2bab10a08a592efeb P f20a1272df7749c3b9f3a97479c84a89 [term 1 LEARNER]: Deduplicated request from leader. Original: 1.1->[1.2-1.2]   Dedup: 1.2->[]
I20260713 09:01:07.621538  1962 raft_consensus.cc:1217] T 2dff053157f445fa854c34a9c6e4086f P f20a1272df7749c3b9f3a97479c84a89 [term 1 LEARNER]: Deduplicated request from leader. Original: 1.1->[1.2-1.2]   Dedup: 1.2->[]
I20260713 09:01:07.795687  2129 raft_consensus.cc:1064] T 302fb764a0204abab9929138f14e4d50 P 531d991e549244cb8f323931b4b19fe6: attempting to promote NON_VOTER f20a1272df7749c3b9f3a97479c84a89 to VOTER
I20260713 09:01:07.797446  2129 consensus_queue.cc:237] T 302fb764a0204abab9929138f14e4d50 P 531d991e549244cb8f323931b4b19fe6 [LEADER]: Queue going to LEADER mode. State: All replicated index: 0, Majority replicated index: 2, Committed index: 2, Last appended: 1.2, Last appended by leader: 0, Current term: 1, Majority size: 3, State: 0, Mode: LEADER, active raft config: opid_index: 3 OBSOLETE_local: false peers { permanent_uuid: "57daadd05ddf4bb99ab6044604146e93" member_type: VOTER last_known_addr { host: "127.0.107.193" port: 34517 } attrs { replace: true } } peers { permanent_uuid: "531d991e549244cb8f323931b4b19fe6" member_type: VOTER last_known_addr { host: "127.0.107.194" port: 44475 } } peers { permanent_uuid: "acba72c4c2794970b4e5e0ed343052ad" member_type: VOTER last_known_addr { host: "127.0.107.195" port: 35555 } } peers { permanent_uuid: "f20a1272df7749c3b9f3a97479c84a89" member_type: VOTER last_known_addr { host: "127.0.107.196" port: 34315 } attrs { promote: false } }
I20260713 09:01:07.804471  1679 raft_consensus.cc:1275] T 302fb764a0204abab9929138f14e4d50 P acba72c4c2794970b4e5e0ed343052ad [term 1 FOLLOWER]: Refusing update from remote peer 531d991e549244cb8f323931b4b19fe6: Log matching property violated. Preceding OpId in replica: term: 1 index: 2. Preceding OpId from leader: term: 1 index: 3. (index mismatch)
I20260713 09:01:07.804512  1962 raft_consensus.cc:1275] T 302fb764a0204abab9929138f14e4d50 P f20a1272df7749c3b9f3a97479c84a89 [term 1 LEARNER]: Refusing update from remote peer 531d991e549244cb8f323931b4b19fe6: Log matching property violated. Preceding OpId in replica: term: 1 index: 2. Preceding OpId from leader: term: 1 index: 3. (index mismatch)
I20260713 09:01:07.806095  2131 consensus_queue.cc:1048] T 302fb764a0204abab9929138f14e4d50 P 531d991e549244cb8f323931b4b19fe6 [LEADER]: Connected to new peer: Peer: permanent_uuid: "acba72c4c2794970b4e5e0ed343052ad" member_type: VOTER last_known_addr { host: "127.0.107.195" port: 35555 }, Status: LMP_MISMATCH, Last received: 0.0, Next index: 3, Last known committed idx: 2, Time since last communication: 0.000s
I20260713 09:01:07.807843  2131 consensus_queue.cc:1048] T 302fb764a0204abab9929138f14e4d50 P 531d991e549244cb8f323931b4b19fe6 [LEADER]: Connected to new peer: Peer: permanent_uuid: "f20a1272df7749c3b9f3a97479c84a89" member_type: VOTER last_known_addr { host: "127.0.107.196" port: 34315 } attrs { promote: false }, Status: LMP_MISMATCH, Last received: 0.0, Next index: 3, Last known committed idx: 2, Time since last communication: 0.000s
I20260713 09:01:07.813951  1532 raft_consensus.cc:1275] T 302fb764a0204abab9929138f14e4d50 P 57daadd05ddf4bb99ab6044604146e93 [term 1 FOLLOWER]: Refusing update from remote peer 531d991e549244cb8f323931b4b19fe6: Log matching property violated. Preceding OpId in replica: term: 1 index: 2. Preceding OpId from leader: term: 1 index: 3. (index mismatch)
I20260713 09:01:07.815502  2131 consensus_queue.cc:1048] T 302fb764a0204abab9929138f14e4d50 P 531d991e549244cb8f323931b4b19fe6 [LEADER]: Connected to new peer: Peer: permanent_uuid: "57daadd05ddf4bb99ab6044604146e93" member_type: VOTER last_known_addr { host: "127.0.107.193" port: 34517 } attrs { replace: true }, Status: LMP_MISMATCH, Last received: 0.0, Next index: 3, Last known committed idx: 2, Time since last communication: 0.000s
I20260713 09:01:07.816751  2129 raft_consensus.cc:2955] T 302fb764a0204abab9929138f14e4d50 P 531d991e549244cb8f323931b4b19fe6 [term 1 LEADER]: Committing config change with OpId 1.3: config changed from index 2 to 3, f20a1272df7749c3b9f3a97479c84a89 (127.0.107.196) changed from NON_VOTER to VOTER. New config: { opid_index: 3 OBSOLETE_local: false peers { permanent_uuid: "57daadd05ddf4bb99ab6044604146e93" member_type: VOTER last_known_addr { host: "127.0.107.193" port: 34517 } attrs { replace: true } } peers { permanent_uuid: "531d991e549244cb8f323931b4b19fe6" member_type: VOTER last_known_addr { host: "127.0.107.194" port: 44475 } } peers { permanent_uuid: "acba72c4c2794970b4e5e0ed343052ad" member_type: VOTER last_known_addr { host: "127.0.107.195" port: 35555 } } peers { permanent_uuid: "f20a1272df7749c3b9f3a97479c84a89" member_type: VOTER last_known_addr { host: "127.0.107.196" port: 34315 } attrs { promote: false } } }
I20260713 09:01:07.818442  1962 raft_consensus.cc:2955] T 302fb764a0204abab9929138f14e4d50 P f20a1272df7749c3b9f3a97479c84a89 [term 1 FOLLOWER]: Committing config change with OpId 1.3: config changed from index 2 to 3, f20a1272df7749c3b9f3a97479c84a89 (127.0.107.196) changed from NON_VOTER to VOTER. New config: { opid_index: 3 OBSOLETE_local: false peers { permanent_uuid: "57daadd05ddf4bb99ab6044604146e93" member_type: VOTER last_known_addr { host: "127.0.107.193" port: 34517 } attrs { replace: true } } peers { permanent_uuid: "531d991e549244cb8f323931b4b19fe6" member_type: VOTER last_known_addr { host: "127.0.107.194" port: 44475 } } peers { permanent_uuid: "acba72c4c2794970b4e5e0ed343052ad" member_type: VOTER last_known_addr { host: "127.0.107.195" port: 35555 } } peers { permanent_uuid: "f20a1272df7749c3b9f3a97479c84a89" member_type: VOTER last_known_addr { host: "127.0.107.196" port: 34315 } attrs { promote: false } } }
I20260713 09:01:07.829159  1683 raft_consensus.cc:2955] T 302fb764a0204abab9929138f14e4d50 P acba72c4c2794970b4e5e0ed343052ad [term 1 FOLLOWER]: Committing config change with OpId 1.3: config changed from index 2 to 3, f20a1272df7749c3b9f3a97479c84a89 (127.0.107.196) changed from NON_VOTER to VOTER. New config: { opid_index: 3 OBSOLETE_local: false peers { permanent_uuid: "57daadd05ddf4bb99ab6044604146e93" member_type: VOTER last_known_addr { host: "127.0.107.193" port: 34517 } attrs { replace: true } } peers { permanent_uuid: "531d991e549244cb8f323931b4b19fe6" member_type: VOTER last_known_addr { host: "127.0.107.194" port: 44475 } } peers { permanent_uuid: "acba72c4c2794970b4e5e0ed343052ad" member_type: VOTER last_known_addr { host: "127.0.107.195" port: 35555 } } peers { permanent_uuid: "f20a1272df7749c3b9f3a97479c84a89" member_type: VOTER last_known_addr { host: "127.0.107.196" port: 34315 } attrs { promote: false } } }
I20260713 09:01:07.833660  1432 catalog_manager.cc:5697] T 302fb764a0204abab9929138f14e4d50 P f20a1272df7749c3b9f3a97479c84a89 reported cstate change: config changed from index 2 to 3, f20a1272df7749c3b9f3a97479c84a89 (127.0.107.196) changed from NON_VOTER to VOTER. New cstate: current_term: 1 leader_uuid: "531d991e549244cb8f323931b4b19fe6" committed_config { opid_index: 3 OBSOLETE_local: false peers { permanent_uuid: "57daadd05ddf4bb99ab6044604146e93" member_type: VOTER last_known_addr { host: "127.0.107.193" port: 34517 } attrs { replace: true } } peers { permanent_uuid: "531d991e549244cb8f323931b4b19fe6" member_type: VOTER last_known_addr { host: "127.0.107.194" port: 44475 } } peers { permanent_uuid: "acba72c4c2794970b4e5e0ed343052ad" member_type: VOTER last_known_addr { host: "127.0.107.195" port: 35555 } } peers { permanent_uuid: "f20a1272df7749c3b9f3a97479c84a89" member_type: VOTER last_known_addr { host: "127.0.107.196" port: 34315 } attrs { promote: false } } }
I20260713 09:01:07.836988  1532 raft_consensus.cc:2955] T 302fb764a0204abab9929138f14e4d50 P 57daadd05ddf4bb99ab6044604146e93 [term 1 FOLLOWER]: Committing config change with OpId 1.3: config changed from index 2 to 3, f20a1272df7749c3b9f3a97479c84a89 (127.0.107.196) changed from NON_VOTER to VOTER. New config: { opid_index: 3 OBSOLETE_local: false peers { permanent_uuid: "57daadd05ddf4bb99ab6044604146e93" member_type: VOTER last_known_addr { host: "127.0.107.193" port: 34517 } attrs { replace: true } } peers { permanent_uuid: "531d991e549244cb8f323931b4b19fe6" member_type: VOTER last_known_addr { host: "127.0.107.194" port: 44475 } } peers { permanent_uuid: "acba72c4c2794970b4e5e0ed343052ad" member_type: VOTER last_known_addr { host: "127.0.107.195" port: 35555 } } peers { permanent_uuid: "f20a1272df7749c3b9f3a97479c84a89" member_type: VOTER last_known_addr { host: "127.0.107.196" port: 34315 } attrs { promote: false } } }
I20260713 09:01:07.859851  1606 consensus_queue.cc:237] T 302fb764a0204abab9929138f14e4d50 P 531d991e549244cb8f323931b4b19fe6 [LEADER]: Queue going to LEADER mode. State: All replicated index: 0, Majority replicated index: 3, Committed index: 3, Last appended: 1.3, Last appended by leader: 0, Current term: 1, Majority size: 2, State: 0, Mode: LEADER, active raft config: opid_index: 4 OBSOLETE_local: false peers { permanent_uuid: "531d991e549244cb8f323931b4b19fe6" member_type: VOTER last_known_addr { host: "127.0.107.194" port: 44475 } } peers { permanent_uuid: "acba72c4c2794970b4e5e0ed343052ad" member_type: VOTER last_known_addr { host: "127.0.107.195" port: 35555 } } peers { permanent_uuid: "f20a1272df7749c3b9f3a97479c84a89" member_type: VOTER last_known_addr { host: "127.0.107.196" port: 34315 } attrs { promote: false } }
I20260713 09:01:07.863916  1962 raft_consensus.cc:1275] T 302fb764a0204abab9929138f14e4d50 P f20a1272df7749c3b9f3a97479c84a89 [term 1 FOLLOWER]: Refusing update from remote peer 531d991e549244cb8f323931b4b19fe6: Log matching property violated. Preceding OpId in replica: term: 1 index: 3. Preceding OpId from leader: term: 1 index: 4. (index mismatch)
I20260713 09:01:07.865075  2129 consensus_queue.cc:1048] T 302fb764a0204abab9929138f14e4d50 P 531d991e549244cb8f323931b4b19fe6 [LEADER]: Connected to new peer: Peer: permanent_uuid: "f20a1272df7749c3b9f3a97479c84a89" member_type: VOTER last_known_addr { host: "127.0.107.196" port: 34315 } attrs { promote: false }, Status: LMP_MISMATCH, Last received: 0.0, Next index: 4, Last known committed idx: 3, Time since last communication: 0.000s
I20260713 09:01:07.865517  1683 raft_consensus.cc:1275] T 302fb764a0204abab9929138f14e4d50 P acba72c4c2794970b4e5e0ed343052ad [term 1 FOLLOWER]: Refusing update from remote peer 531d991e549244cb8f323931b4b19fe6: Log matching property violated. Preceding OpId in replica: term: 1 index: 3. Preceding OpId from leader: term: 1 index: 4. (index mismatch)
I20260713 09:01:07.866663  2129 consensus_queue.cc:1048] T 302fb764a0204abab9929138f14e4d50 P 531d991e549244cb8f323931b4b19fe6 [LEADER]: Connected to new peer: Peer: permanent_uuid: "acba72c4c2794970b4e5e0ed343052ad" member_type: VOTER last_known_addr { host: "127.0.107.195" port: 35555 }, Status: LMP_MISMATCH, Last received: 0.0, Next index: 4, Last known committed idx: 3, Time since last communication: 0.000s
I20260713 09:01:07.870975  2161 raft_consensus.cc:2955] T 302fb764a0204abab9929138f14e4d50 P 531d991e549244cb8f323931b4b19fe6 [term 1 LEADER]: Committing config change with OpId 1.4: config changed from index 3 to 4, VOTER 57daadd05ddf4bb99ab6044604146e93 (127.0.107.193) evicted. New config: { opid_index: 4 OBSOLETE_local: false peers { permanent_uuid: "531d991e549244cb8f323931b4b19fe6" member_type: VOTER last_known_addr { host: "127.0.107.194" port: 44475 } } peers { permanent_uuid: "acba72c4c2794970b4e5e0ed343052ad" member_type: VOTER last_known_addr { host: "127.0.107.195" port: 35555 } } peers { permanent_uuid: "f20a1272df7749c3b9f3a97479c84a89" member_type: VOTER last_known_addr { host: "127.0.107.196" port: 34315 } attrs { promote: false } } }
I20260713 09:01:07.875831  1962 raft_consensus.cc:2955] T 302fb764a0204abab9929138f14e4d50 P f20a1272df7749c3b9f3a97479c84a89 [term 1 FOLLOWER]: Committing config change with OpId 1.4: config changed from index 3 to 4, VOTER 57daadd05ddf4bb99ab6044604146e93 (127.0.107.193) evicted. New config: { opid_index: 4 OBSOLETE_local: false peers { permanent_uuid: "531d991e549244cb8f323931b4b19fe6" member_type: VOTER last_known_addr { host: "127.0.107.194" port: 44475 } } peers { permanent_uuid: "acba72c4c2794970b4e5e0ed343052ad" member_type: VOTER last_known_addr { host: "127.0.107.195" port: 35555 } } peers { permanent_uuid: "f20a1272df7749c3b9f3a97479c84a89" member_type: VOTER last_known_addr { host: "127.0.107.196" port: 34315 } attrs { promote: false } } }
I20260713 09:01:07.875909  1679 raft_consensus.cc:2955] T 302fb764a0204abab9929138f14e4d50 P acba72c4c2794970b4e5e0ed343052ad [term 1 FOLLOWER]: Committing config change with OpId 1.4: config changed from index 3 to 4, VOTER 57daadd05ddf4bb99ab6044604146e93 (127.0.107.193) evicted. New config: { opid_index: 4 OBSOLETE_local: false peers { permanent_uuid: "531d991e549244cb8f323931b4b19fe6" member_type: VOTER last_known_addr { host: "127.0.107.194" port: 44475 } } peers { permanent_uuid: "acba72c4c2794970b4e5e0ed343052ad" member_type: VOTER last_known_addr { host: "127.0.107.195" port: 35555 } } peers { permanent_uuid: "f20a1272df7749c3b9f3a97479c84a89" member_type: VOTER last_known_addr { host: "127.0.107.196" port: 34315 } attrs { promote: false } } }
I20260713 09:01:07.882084  1418 catalog_manager.cc:5210] ChangeConfig:REMOVE_PEER RPC for tablet 302fb764a0204abab9929138f14e4d50 with cas_config_opid_index 3: ChangeConfig:REMOVE_PEER succeeded (attempt 1)
