I20260713 09:00:58.139011  1731 leader_election.cc:290] T fe5e3ef5bd424c6989353ac496b0ada2 P 57daadd05ddf4bb99ab6044604146e93 [CANDIDATE]: Term 1 pre-election: Requested pre-vote from peers 531d991e549244cb8f323931b4b19fe6 (127.0.107.194:44475), acba72c4c2794970b4e5e0ed343052ad (127.0.107.195:35555)
I20260713 09:00:58.139344  1725 consensus_queue.cc:260] T da83a6f003544dcc81335db1c2b84e2d P 531d991e549244cb8f323931b4b19fe6 [NON_LEADER]: Queue going to NON_LEADER mode. State: All replicated index: 0, Majority replicated index: 0, Committed index: 0, Last appended: 0.0, Last appended by leader: 0, Current term: 0, Majority size: -1, State: 0, Mode: NON_LEADER, active raft config: opid_index: -1 OBSOLETE_local: false peers { permanent_uuid: "57daadd05ddf4bb99ab6044604146e93" member_type: VOTER last_known_addr { host: "127.0.107.193" port: 34517 } } peers { permanent_uuid: "531d991e549244cb8f323931b4b19fe6" member_type: VOTER last_known_addr { host: "127.0.107.194" port: 44475 } } peers { permanent_uuid: "acba72c4c2794970b4e5e0ed343052ad" member_type: VOTER last_known_addr { host: "127.0.107.195" port: 35555 } }
I20260713 09:00:58.140470  1609 tablet_service.cc:1917] Received RequestConsensusVote() RPC: tablet_id: "fe5e3ef5bd424c6989353ac496b0ada2" candidate_uuid: "57daadd05ddf4bb99ab6044604146e93" candidate_term: 1 candidate_status { last_received { term: 0 index: 0 } } ignore_live_leader: false dest_uuid: "531d991e549244cb8f323931b4b19fe6" is_pre_election: true
I20260713 09:00:58.141497  1610 tablet_service.cc:1917] Received RequestConsensusVote() RPC: tablet_id: "da83a6f003544dcc81335db1c2b84e2d" candidate_uuid: "57daadd05ddf4bb99ab6044604146e93" candidate_term: 1 candidate_status { last_received { term: 0 index: 0 } } ignore_live_leader: false dest_uuid: "531d991e549244cb8f323931b4b19fe6" is_pre_election: true
I20260713 09:00:58.142007  1609 raft_consensus.cc:2393] T fe5e3ef5bd424c6989353ac496b0ada2 P 531d991e549244cb8f323931b4b19fe6 [term 1 FOLLOWER]: Leader pre-election vote request: Denying vote to candidate 57daadd05ddf4bb99ab6044604146e93 in current term 1: Already voted for candidate acba72c4c2794970b4e5e0ed343052ad in this term.
I20260713 09:00:58.140705  1808 raft_consensus.cc:2804] T aec5e496d4e64731991b51c919828190 P 531d991e549244cb8f323931b4b19fe6 [term 0 FOLLOWER]: Leader pre-election won for term 1
I20260713 09:00:58.142541  1610 raft_consensus.cc:2468] T da83a6f003544dcc81335db1c2b84e2d P 531d991e549244cb8f323931b4b19fe6 [term 0 FOLLOWER]: Leader pre-election vote request: Granting yes vote for candidate 57daadd05ddf4bb99ab6044604146e93 in term 0.
I20260713 09:00:58.142693  1808 raft_consensus.cc:493] T aec5e496d4e64731991b51c919828190 P 531d991e549244cb8f323931b4b19fe6 [term 0 FOLLOWER]: Starting leader election (no leader contacted us within the election timeout)
I20260713 09:00:58.142976  1725 ts_tablet_manager.cc:1434] T da83a6f003544dcc81335db1c2b84e2d P 531d991e549244cb8f323931b4b19fe6: Time spent starting tablet: real 0.015s	user 0.004s	sys 0.000s
I20260713 09:00:58.140817  1815 leader_election.cc:290] T da83a6f003544dcc81335db1c2b84e2d P 57daadd05ddf4bb99ab6044604146e93 [CANDIDATE]: Term 1 pre-election: Requested pre-vote from peers 531d991e549244cb8f323931b4b19fe6 (127.0.107.194:44475), acba72c4c2794970b4e5e0ed343052ad (127.0.107.195:35555)
I20260713 09:00:58.143059  1808 raft_consensus.cc:3060] T aec5e496d4e64731991b51c919828190 P 531d991e549244cb8f323931b4b19fe6 [term 0 FOLLOWER]: Advancing to term 1
I20260713 09:00:58.143851  1725 tablet_bootstrap.cc:492] T 1741a284ea3c4bd9b9578ce8dea9eb98 P 531d991e549244cb8f323931b4b19fe6: Bootstrap starting.
I20260713 09:00:58.144934  1682 tablet_service.cc:1917] Received RequestConsensusVote() RPC: tablet_id: "fe5e3ef5bd424c6989353ac496b0ada2" candidate_uuid: "57daadd05ddf4bb99ab6044604146e93" candidate_term: 1 candidate_status { last_received { term: 0 index: 0 } } ignore_live_leader: false dest_uuid: "acba72c4c2794970b4e5e0ed343052ad" is_pre_election: true
I20260713 09:00:58.145465  1757 raft_consensus.cc:493] T 037a817fc96e4a4c9a68d9e2d3aa1a54 P acba72c4c2794970b4e5e0ed343052ad [term 0 FOLLOWER]: Starting pre-election (no leader contacted us within the election timeout)
I20260713 09:00:58.143666  1684 tablet_service.cc:1917] Received RequestConsensusVote() RPC: tablet_id: "da83a6f003544dcc81335db1c2b84e2d" candidate_uuid: "57daadd05ddf4bb99ab6044604146e93" candidate_term: 1 candidate_status { last_received { term: 0 index: 0 } } ignore_live_leader: false dest_uuid: "acba72c4c2794970b4e5e0ed343052ad" is_pre_election: true
I20260713 09:00:58.145920  1757 raft_consensus.cc:515] T 037a817fc96e4a4c9a68d9e2d3aa1a54 P acba72c4c2794970b4e5e0ed343052ad [term 0 FOLLOWER]: Starting pre-election with config: opid_index: -1 OBSOLETE_local: false peers { permanent_uuid: "57daadd05ddf4bb99ab6044604146e93" member_type: VOTER last_known_addr { host: "127.0.107.193" port: 34517 } } peers { permanent_uuid: "531d991e549244cb8f323931b4b19fe6" member_type: VOTER last_known_addr { host: "127.0.107.194" port: 44475 } } peers { permanent_uuid: "acba72c4c2794970b4e5e0ed343052ad" member_type: VOTER last_known_addr { host: "127.0.107.195" port: 35555 } }
I20260713 09:00:58.146633  1499 leader_election.cc:304] T da83a6f003544dcc81335db1c2b84e2d P 57daadd05ddf4bb99ab6044604146e93 [CANDIDATE]: Term 1 pre-election: Election decided. Result: candidate won. Election summary: received 2 responses out of 3 voters: 2 yes votes; 0 no votes. yes voters: 531d991e549244cb8f323931b4b19fe6, 57daadd05ddf4bb99ab6044604146e93; no voters: 
I20260713 09:00:58.147504  1815 raft_consensus.cc:2804] T da83a6f003544dcc81335db1c2b84e2d P 57daadd05ddf4bb99ab6044604146e93 [term 0 FOLLOWER]: Leader pre-election won for term 1
I20260713 09:00:58.147934  1815 raft_consensus.cc:493] T da83a6f003544dcc81335db1c2b84e2d P 57daadd05ddf4bb99ab6044604146e93 [term 0 FOLLOWER]: Starting leader election (no leader contacted us within the election timeout)
I20260713 09:00:58.148254  1815 raft_consensus.cc:3060] T da83a6f003544dcc81335db1c2b84e2d P 57daadd05ddf4bb99ab6044604146e93 [term 0 FOLLOWER]: Advancing to term 1
I20260713 09:00:58.148187  1757 leader_election.cc:290] T 037a817fc96e4a4c9a68d9e2d3aa1a54 P acba72c4c2794970b4e5e0ed343052ad [CANDIDATE]: Term 1 pre-election: Requested pre-vote from peers 57daadd05ddf4bb99ab6044604146e93 (127.0.107.193:34517), 531d991e549244cb8f323931b4b19fe6 (127.0.107.194:44475)
I20260713 09:00:58.149084  1726 ts_tablet_manager.cc:1434] T 06341cde30984e758174e5e51980209c P acba72c4c2794970b4e5e0ed343052ad: Time spent starting tablet: real 0.020s	user 0.006s	sys 0.000s
I20260713 09:00:58.150527  1726 tablet_bootstrap.cc:492] T da83a6f003544dcc81335db1c2b84e2d P acba72c4c2794970b4e5e0ed343052ad: Bootstrap starting.
I20260713 09:00:58.151433  1500 leader_election.cc:304] T fe5e3ef5bd424c6989353ac496b0ada2 P 57daadd05ddf4bb99ab6044604146e93 [CANDIDATE]: Term 1 pre-election: Election decided. Result: candidate lost. Election summary: received 3 responses out of 3 voters: 1 yes votes; 2 no votes. yes voters: 57daadd05ddf4bb99ab6044604146e93; no voters: 531d991e549244cb8f323931b4b19fe6, acba72c4c2794970b4e5e0ed343052ad
I20260713 09:00:58.151885  1610 tablet_service.cc:1917] Received RequestConsensusVote() RPC: tablet_id: "037a817fc96e4a4c9a68d9e2d3aa1a54" candidate_uuid: "acba72c4c2794970b4e5e0ed343052ad" candidate_term: 1 candidate_status { last_received { term: 0 index: 0 } } ignore_live_leader: false dest_uuid: "531d991e549244cb8f323931b4b19fe6" is_pre_election: true
W20260713 09:00:58.154801  1500 leader_election.cc:343] T da83a6f003544dcc81335db1c2b84e2d P 57daadd05ddf4bb99ab6044604146e93 [CANDIDATE]: Term 1 pre-election: Tablet error from VoteRequest() call to peer acba72c4c2794970b4e5e0ed343052ad (127.0.107.195:35555): Illegal state: must be running to vote when last-logged opid is not known
I20260713 09:00:58.155476  1531 tablet_service.cc:1917] Received RequestConsensusVote() RPC: tablet_id: "037a817fc96e4a4c9a68d9e2d3aa1a54" candidate_uuid: "acba72c4c2794970b4e5e0ed343052ad" candidate_term: 1 candidate_status { last_received { term: 0 index: 0 } } ignore_live_leader: false dest_uuid: "57daadd05ddf4bb99ab6044604146e93" is_pre_election: true
W20260713 09:00:58.155709  1648 leader_election.cc:343] T 037a817fc96e4a4c9a68d9e2d3aa1a54 P acba72c4c2794970b4e5e0ed343052ad [CANDIDATE]: Term 1 pre-election: Tablet error from VoteRequest() call to peer 531d991e549244cb8f323931b4b19fe6 (127.0.107.194:44475): Illegal state: must be running to vote when last-logged opid is not known
I20260713 09:00:58.160230  1725 tablet_bootstrap.cc:654] T 1741a284ea3c4bd9b9578ce8dea9eb98 P 531d991e549244cb8f323931b4b19fe6: Neither blocks nor log segments found. Creating new log.
W20260713 09:00:58.160251  1650 leader_election.cc:343] T 037a817fc96e4a4c9a68d9e2d3aa1a54 P acba72c4c2794970b4e5e0ed343052ad [CANDIDATE]: Term 1 pre-election: Tablet error from VoteRequest() call to peer 57daadd05ddf4bb99ab6044604146e93 (127.0.107.193:34517): Illegal state: must be running to vote when last-logged opid is not known
I20260713 09:00:58.161329  1650 leader_election.cc:304] T 037a817fc96e4a4c9a68d9e2d3aa1a54 P acba72c4c2794970b4e5e0ed343052ad [CANDIDATE]: Term 1 pre-election: Election decided. Result: candidate lost. Election summary: received 3 responses out of 3 voters: 1 yes votes; 2 no votes. yes voters: acba72c4c2794970b4e5e0ed343052ad; no voters: 531d991e549244cb8f323931b4b19fe6, 57daadd05ddf4bb99ab6044604146e93
I20260713 09:00:58.152733  1731 raft_consensus.cc:3060] T fe5e3ef5bd424c6989353ac496b0ada2 P 57daadd05ddf4bb99ab6044604146e93 [term 0 FOLLOWER]: Advancing to term 1
I20260713 09:00:58.162576  1726 tablet_bootstrap.cc:654] T da83a6f003544dcc81335db1c2b84e2d P acba72c4c2794970b4e5e0ed343052ad: Neither blocks nor log segments found. Creating new log.
I20260713 09:00:58.156945  1724 tablet_bootstrap.cc:654] T 037a817fc96e4a4c9a68d9e2d3aa1a54 P 57daadd05ddf4bb99ab6044604146e93: Neither blocks nor log segments found. Creating new log.
I20260713 09:00:58.164094  1757 raft_consensus.cc:2749] T 037a817fc96e4a4c9a68d9e2d3aa1a54 P acba72c4c2794970b4e5e0ed343052ad [term 0 FOLLOWER]: Leader pre-election lost for term 1. Reason: could not achieve majority
I20260713 09:00:58.170697  1726 tablet_bootstrap.cc:492] T da83a6f003544dcc81335db1c2b84e2d P acba72c4c2794970b4e5e0ed343052ad: No bootstrap required, opened a new log
I20260713 09:00:58.170856  1725 tablet_bootstrap.cc:492] T 1741a284ea3c4bd9b9578ce8dea9eb98 P 531d991e549244cb8f323931b4b19fe6: No bootstrap required, opened a new log
I20260713 09:00:58.171128  1726 ts_tablet_manager.cc:1403] T da83a6f003544dcc81335db1c2b84e2d P acba72c4c2794970b4e5e0ed343052ad: Time spent bootstrapping tablet: real 0.021s	user 0.010s	sys 0.000s
I20260713 09:00:58.171231  1725 ts_tablet_manager.cc:1403] T 1741a284ea3c4bd9b9578ce8dea9eb98 P 531d991e549244cb8f323931b4b19fe6: Time spent bootstrapping tablet: real 0.028s	user 0.006s	sys 0.006s
I20260713 09:00:58.173655  1726 raft_consensus.cc:359] T da83a6f003544dcc81335db1c2b84e2d P acba72c4c2794970b4e5e0ed343052ad [term 0 FOLLOWER]: Replica starting. Triggering 0 pending ops. Active config: opid_index: -1 OBSOLETE_local: false peers { permanent_uuid: "57daadd05ddf4bb99ab6044604146e93" member_type: VOTER last_known_addr { host: "127.0.107.193" port: 34517 } } peers { permanent_uuid: "531d991e549244cb8f323931b4b19fe6" member_type: VOTER last_known_addr { host: "127.0.107.194" port: 44475 } } peers { permanent_uuid: "acba72c4c2794970b4e5e0ed343052ad" member_type: VOTER last_known_addr { host: "127.0.107.195" port: 35555 } }
I20260713 09:00:58.173990  1725 raft_consensus.cc:359] T 1741a284ea3c4bd9b9578ce8dea9eb98 P 531d991e549244cb8f323931b4b19fe6 [term 0 FOLLOWER]: Replica starting. Triggering 0 pending ops. Active config: opid_index: -1 OBSOLETE_local: false peers { permanent_uuid: "57daadd05ddf4bb99ab6044604146e93" member_type: VOTER last_known_addr { host: "127.0.107.193" port: 34517 } } peers { permanent_uuid: "531d991e549244cb8f323931b4b19fe6" member_type: VOTER last_known_addr { host: "127.0.107.194" port: 44475 } } peers { permanent_uuid: "acba72c4c2794970b4e5e0ed343052ad" member_type: VOTER last_known_addr { host: "127.0.107.195" port: 35555 } }
I20260713 09:00:58.174316  1726 raft_consensus.cc:385] T da83a6f003544dcc81335db1c2b84e2d P acba72c4c2794970b4e5e0ed343052ad [term 0 FOLLOWER]: Consensus starting up: Expiring failure detector timer to make a prompt election more likely
I20260713 09:00:58.174599  1725 raft_consensus.cc:385] T 1741a284ea3c4bd9b9578ce8dea9eb98 P 531d991e549244cb8f323931b4b19fe6 [term 0 FOLLOWER]: Consensus starting up: Expiring failure detector timer to make a prompt election more likely
I20260713 09:00:58.174661  1726 raft_consensus.cc:740] T da83a6f003544dcc81335db1c2b84e2d P acba72c4c2794970b4e5e0ed343052ad [term 0 FOLLOWER]: Becoming Follower/Learner. State: Replica: acba72c4c2794970b4e5e0ed343052ad, State: Initialized, Role: FOLLOWER
I20260713 09:00:58.174903  1725 raft_consensus.cc:740] T 1741a284ea3c4bd9b9578ce8dea9eb98 P 531d991e549244cb8f323931b4b19fe6 [term 0 FOLLOWER]: Becoming Follower/Learner. State: Replica: 531d991e549244cb8f323931b4b19fe6, State: Initialized, Role: FOLLOWER
I20260713 09:00:58.175388  1726 consensus_queue.cc:260] T da83a6f003544dcc81335db1c2b84e2d P acba72c4c2794970b4e5e0ed343052ad [NON_LEADER]: Queue going to NON_LEADER mode. State: All replicated index: 0, Majority replicated index: 0, Committed index: 0, Last appended: 0.0, Last appended by leader: 0, Current term: 0, Majority size: -1, State: 0, Mode: NON_LEADER, active raft config: opid_index: -1 OBSOLETE_local: false peers { permanent_uuid: "57daadd05ddf4bb99ab6044604146e93" member_type: VOTER last_known_addr { host: "127.0.107.193" port: 34517 } } peers { permanent_uuid: "531d991e549244cb8f323931b4b19fe6" member_type: VOTER last_known_addr { host: "127.0.107.194" port: 44475 } } peers { permanent_uuid: "acba72c4c2794970b4e5e0ed343052ad" member_type: VOTER last_known_addr { host: "127.0.107.195" port: 35555 } }
I20260713 09:00:58.175566  1725 consensus_queue.cc:260] T 1741a284ea3c4bd9b9578ce8dea9eb98 P 531d991e549244cb8f323931b4b19fe6 [NON_LEADER]: Queue going to NON_LEADER mode. State: All replicated index: 0, Majority replicated index: 0, Committed index: 0, Last appended: 0.0, Last appended by leader: 0, Current term: 0, Majority size: -1, State: 0, Mode: NON_LEADER, active raft config: opid_index: -1 OBSOLETE_local: false peers { permanent_uuid: "57daadd05ddf4bb99ab6044604146e93" member_type: VOTER last_known_addr { host: "127.0.107.193" port: 34517 } } peers { permanent_uuid: "531d991e549244cb8f323931b4b19fe6" member_type: VOTER last_known_addr { host: "127.0.107.194" port: 44475 } } peers { permanent_uuid: "acba72c4c2794970b4e5e0ed343052ad" member_type: VOTER last_known_addr { host: "127.0.107.195" port: 35555 } }
I20260713 09:00:58.177336  1726 ts_tablet_manager.cc:1434] T da83a6f003544dcc81335db1c2b84e2d P acba72c4c2794970b4e5e0ed343052ad: Time spent starting tablet: real 0.006s	user 0.005s	sys 0.000s
I20260713 09:00:58.177515  1725 ts_tablet_manager.cc:1434] T 1741a284ea3c4bd9b9578ce8dea9eb98 P 531d991e549244cb8f323931b4b19fe6: Time spent starting tablet: real 0.006s	user 0.005s	sys 0.000s
I20260713 09:00:58.178221  1725 tablet_bootstrap.cc:492] T 037a817fc96e4a4c9a68d9e2d3aa1a54 P 531d991e549244cb8f323931b4b19fe6: Bootstrap starting.
W20260713 09:00:58.178306  1481 auto_rebalancer.cc:288] Could not retrieve cluster info: Service unavailable: Tablet not running
I20260713 09:00:58.178738  1726 tablet_bootstrap.cc:492] T 1741a284ea3c4bd9b9578ce8dea9eb98 P acba72c4c2794970b4e5e0ed343052ad: Bootstrap starting.
I20260713 09:00:58.180753  1816 raft_consensus.cc:493] T f3136ec2f28f4831bf9d746715084dbb P 57daadd05ddf4bb99ab6044604146e93 [term 0 FOLLOWER]: Starting pre-election (no leader contacted us within the election timeout)
I20260713 09:00:58.181222  1816 raft_consensus.cc:515] T f3136ec2f28f4831bf9d746715084dbb P 57daadd05ddf4bb99ab6044604146e93 [term 0 FOLLOWER]: Starting pre-election with config: opid_index: -1 OBSOLETE_local: false peers { permanent_uuid: "57daadd05ddf4bb99ab6044604146e93" member_type: VOTER last_known_addr { host: "127.0.107.193" port: 34517 } } peers { permanent_uuid: "531d991e549244cb8f323931b4b19fe6" member_type: VOTER last_known_addr { host: "127.0.107.194" port: 44475 } } peers { permanent_uuid: "acba72c4c2794970b4e5e0ed343052ad" member_type: VOTER last_known_addr { host: "127.0.107.195" port: 35555 } }
I20260713 09:00:58.183326  1816 leader_election.cc:290] T f3136ec2f28f4831bf9d746715084dbb P 57daadd05ddf4bb99ab6044604146e93 [CANDIDATE]: Term 1 pre-election: Requested pre-vote from peers 531d991e549244cb8f323931b4b19fe6 (127.0.107.194:44475), acba72c4c2794970b4e5e0ed343052ad (127.0.107.195:35555)
I20260713 09:00:58.184382  1724 tablet_bootstrap.cc:492] T 037a817fc96e4a4c9a68d9e2d3aa1a54 P 57daadd05ddf4bb99ab6044604146e93: No bootstrap required, opened a new log
I20260713 09:00:58.184823  1724 ts_tablet_manager.cc:1403] T 037a817fc96e4a4c9a68d9e2d3aa1a54 P 57daadd05ddf4bb99ab6044604146e93: Time spent bootstrapping tablet: real 0.049s	user 0.008s	sys 0.012s
I20260713 09:00:58.184839  1725 tablet_bootstrap.cc:654] T 037a817fc96e4a4c9a68d9e2d3aa1a54 P 531d991e549244cb8f323931b4b19fe6: Neither blocks nor log segments found. Creating new log.
I20260713 09:00:58.185621  1610 tablet_service.cc:1917] Received RequestConsensusVote() RPC: tablet_id: "f3136ec2f28f4831bf9d746715084dbb" candidate_uuid: "57daadd05ddf4bb99ab6044604146e93" candidate_term: 1 candidate_status { last_received { term: 0 index: 0 } } ignore_live_leader: false dest_uuid: "531d991e549244cb8f323931b4b19fe6" is_pre_election: true
I20260713 09:00:58.185786  1684 tablet_service.cc:1917] Received RequestConsensusVote() RPC: tablet_id: "f3136ec2f28f4831bf9d746715084dbb" candidate_uuid: "57daadd05ddf4bb99ab6044604146e93" candidate_term: 1 candidate_status { last_received { term: 0 index: 0 } } ignore_live_leader: false dest_uuid: "acba72c4c2794970b4e5e0ed343052ad" is_pre_election: true
I20260713 09:00:58.186264  1610 raft_consensus.cc:2468] T f3136ec2f28f4831bf9d746715084dbb P 531d991e549244cb8f323931b4b19fe6 [term 0 FOLLOWER]: Leader pre-election vote request: Granting yes vote for candidate 57daadd05ddf4bb99ab6044604146e93 in term 0.
I20260713 09:00:58.186381  1684 raft_consensus.cc:2468] T f3136ec2f28f4831bf9d746715084dbb P acba72c4c2794970b4e5e0ed343052ad [term 0 FOLLOWER]: Leader pre-election vote request: Granting yes vote for candidate 57daadd05ddf4bb99ab6044604146e93 in term 0.
I20260713 09:00:58.187292  1499 leader_election.cc:304] T f3136ec2f28f4831bf9d746715084dbb P 57daadd05ddf4bb99ab6044604146e93 [CANDIDATE]: Term 1 pre-election: Election decided. Result: candidate won. Election summary: received 2 responses out of 3 voters: 2 yes votes; 0 no votes. yes voters: 531d991e549244cb8f323931b4b19fe6, 57daadd05ddf4bb99ab6044604146e93; no voters: 
I20260713 09:00:58.187393  1724 raft_consensus.cc:359] T 037a817fc96e4a4c9a68d9e2d3aa1a54 P 57daadd05ddf4bb99ab6044604146e93 [term 0 FOLLOWER]: Replica starting. Triggering 0 pending ops. Active config: opid_index: -1 OBSOLETE_local: false peers { permanent_uuid: "57daadd05ddf4bb99ab6044604146e93" member_type: VOTER last_known_addr { host: "127.0.107.193" port: 34517 } } peers { permanent_uuid: "531d991e549244cb8f323931b4b19fe6" member_type: VOTER last_known_addr { host: "127.0.107.194" port: 44475 } } peers { permanent_uuid: "acba72c4c2794970b4e5e0ed343052ad" member_type: VOTER last_known_addr { host: "127.0.107.195" port: 35555 } }
I20260713 09:00:58.187991  1816 raft_consensus.cc:2804] T f3136ec2f28f4831bf9d746715084dbb P 57daadd05ddf4bb99ab6044604146e93 [term 0 FOLLOWER]: Leader pre-election won for term 1
I20260713 09:00:58.188024  1724 raft_consensus.cc:385] T 037a817fc96e4a4c9a68d9e2d3aa1a54 P 57daadd05ddf4bb99ab6044604146e93 [term 0 FOLLOWER]: Consensus starting up: Expiring failure detector timer to make a prompt election more likely
I20260713 09:00:58.188787  1724 raft_consensus.cc:740] T 037a817fc96e4a4c9a68d9e2d3aa1a54 P 57daadd05ddf4bb99ab6044604146e93 [term 0 FOLLOWER]: Becoming Follower/Learner. State: Replica: 57daadd05ddf4bb99ab6044604146e93, State: Initialized, Role: FOLLOWER
I20260713 09:00:58.189374  1724 consensus_queue.cc:260] T 037a817fc96e4a4c9a68d9e2d3aa1a54 P 57daadd05ddf4bb99ab6044604146e93 [NON_LEADER]: Queue going to NON_LEADER mode. State: All replicated index: 0, Majority replicated index: 0, Committed index: 0, Last appended: 0.0, Last appended by leader: 0, Current term: 0, Majority size: -1, State: 0, Mode: NON_LEADER, active raft config: opid_index: -1 OBSOLETE_local: false peers { permanent_uuid: "57daadd05ddf4bb99ab6044604146e93" member_type: VOTER last_known_addr { host: "127.0.107.193" port: 34517 } } peers { permanent_uuid: "531d991e549244cb8f323931b4b19fe6" member_type: VOTER last_known_addr { host: "127.0.107.194" port: 44475 } } peers { permanent_uuid: "acba72c4c2794970b4e5e0ed343052ad" member_type: VOTER last_known_addr { host: "127.0.107.195" port: 35555 } }
I20260713 09:00:58.188418  1816 raft_consensus.cc:493] T f3136ec2f28f4831bf9d746715084dbb P 57daadd05ddf4bb99ab6044604146e93 [term 0 FOLLOWER]: Starting leader election (no leader contacted us within the election timeout)
I20260713 09:00:58.190912  1816 raft_consensus.cc:3060] T f3136ec2f28f4831bf9d746715084dbb P 57daadd05ddf4bb99ab6044604146e93 [term 0 FOLLOWER]: Advancing to term 1
I20260713 09:00:58.195209  1725 tablet_bootstrap.cc:492] T 037a817fc96e4a4c9a68d9e2d3aa1a54 P 531d991e549244cb8f323931b4b19fe6: No bootstrap required, opened a new log
I20260713 09:00:58.195645  1725 ts_tablet_manager.cc:1403] T 037a817fc96e4a4c9a68d9e2d3aa1a54 P 531d991e549244cb8f323931b4b19fe6: Time spent bootstrapping tablet: real 0.018s	user 0.006s	sys 0.004s
I20260713 09:00:58.196388  1724 ts_tablet_manager.cc:1434] T 037a817fc96e4a4c9a68d9e2d3aa1a54 P 57daadd05ddf4bb99ab6044604146e93: Time spent starting tablet: real 0.011s	user 0.006s	sys 0.003s
I20260713 09:00:58.197248  1724 tablet_bootstrap.cc:492] T 0eda5c2bbab240a2bab10a08a592efeb P 57daadd05ddf4bb99ab6044604146e93: Bootstrap starting.
I20260713 09:00:58.197377  1725 raft_consensus.cc:359] T 037a817fc96e4a4c9a68d9e2d3aa1a54 P 531d991e549244cb8f323931b4b19fe6 [term 0 FOLLOWER]: Replica starting. Triggering 0 pending ops. Active config: opid_index: -1 OBSOLETE_local: false peers { permanent_uuid: "57daadd05ddf4bb99ab6044604146e93" member_type: VOTER last_known_addr { host: "127.0.107.193" port: 34517 } } peers { permanent_uuid: "531d991e549244cb8f323931b4b19fe6" member_type: VOTER last_known_addr { host: "127.0.107.194" port: 44475 } } peers { permanent_uuid: "acba72c4c2794970b4e5e0ed343052ad" member_type: VOTER last_known_addr { host: "127.0.107.195" port: 35555 } }
I20260713 09:00:58.197824  1725 raft_consensus.cc:385] T 037a817fc96e4a4c9a68d9e2d3aa1a54 P 531d991e549244cb8f323931b4b19fe6 [term 0 FOLLOWER]: Consensus starting up: Expiring failure detector timer to make a prompt election more likely
I20260713 09:00:58.198017  1725 raft_consensus.cc:740] T 037a817fc96e4a4c9a68d9e2d3aa1a54 P 531d991e549244cb8f323931b4b19fe6 [term 0 FOLLOWER]: Becoming Follower/Learner. State: Replica: 531d991e549244cb8f323931b4b19fe6, State: Initialized, Role: FOLLOWER
I20260713 09:00:58.198416  1725 consensus_queue.cc:260] T 037a817fc96e4a4c9a68d9e2d3aa1a54 P 531d991e549244cb8f323931b4b19fe6 [NON_LEADER]: Queue going to NON_LEADER mode. State: All replicated index: 0, Majority replicated index: 0, Committed index: 0, Last appended: 0.0, Last appended by leader: 0, Current term: 0, Majority size: -1, State: 0, Mode: NON_LEADER, active raft config: opid_index: -1 OBSOLETE_local: false peers { permanent_uuid: "57daadd05ddf4bb99ab6044604146e93" member_type: VOTER last_known_addr { host: "127.0.107.193" port: 34517 } } peers { permanent_uuid: "531d991e549244cb8f323931b4b19fe6" member_type: VOTER last_known_addr { host: "127.0.107.194" port: 44475 } } peers { permanent_uuid: "acba72c4c2794970b4e5e0ed343052ad" member_type: VOTER last_known_addr { host: "127.0.107.195" port: 35555 } }
I20260713 09:00:58.199510  1725 ts_tablet_manager.cc:1434] T 037a817fc96e4a4c9a68d9e2d3aa1a54 P 531d991e549244cb8f323931b4b19fe6: Time spent starting tablet: real 0.004s	user 0.002s	sys 0.002s
I20260713 09:00:58.200474  1725 tablet_bootstrap.cc:492] T 21f7b3101bf3486cb6f58f9b9577c5f3 P 531d991e549244cb8f323931b4b19fe6: Bootstrap starting.
I20260713 09:00:58.201545  1726 tablet_bootstrap.cc:654] T 1741a284ea3c4bd9b9578ce8dea9eb98 P acba72c4c2794970b4e5e0ed343052ad: Neither blocks nor log segments found. Creating new log.
I20260713 09:00:58.202028  1683 raft_consensus.cc:2468] T 6add99a40bac492b93f37fce23a77d24 P acba72c4c2794970b4e5e0ed343052ad [term 1 FOLLOWER]: Leader election vote request: Granting yes vote for candidate 57daadd05ddf4bb99ab6044604146e93 in term 1.
I20260713 09:00:58.202186  1680 raft_consensus.cc:2468] T 2dff053157f445fa854c34a9c6e4086f P acba72c4c2794970b4e5e0ed343052ad [term 1 FOLLOWER]: Leader election vote request: Granting yes vote for candidate 531d991e549244cb8f323931b4b19fe6 in term 1.
I20260713 09:00:58.202874  1533 raft_consensus.cc:2468] T affb5f6601554bc0ae436a6a70926e0e P 57daadd05ddf4bb99ab6044604146e93 [term 1 FOLLOWER]: Leader election vote request: Granting yes vote for candidate acba72c4c2794970b4e5e0ed343052ad in term 1.
I20260713 09:00:58.205308  1724 tablet_bootstrap.cc:654] T 0eda5c2bbab240a2bab10a08a592efeb P 57daadd05ddf4bb99ab6044604146e93: Neither blocks nor log segments found. Creating new log.
I20260713 09:00:58.206730  1725 tablet_bootstrap.cc:654] T 21f7b3101bf3486cb6f58f9b9577c5f3 P 531d991e549244cb8f323931b4b19fe6: Neither blocks nor log segments found. Creating new log.
I20260713 09:00:58.207720  1575 leader_election.cc:304] T 2dff053157f445fa854c34a9c6e4086f P 531d991e549244cb8f323931b4b19fe6 [CANDIDATE]: Term 1 election: Election decided. Result: candidate won. Election summary: received 2 responses out of 3 voters: 2 yes votes; 0 no votes. yes voters: 531d991e549244cb8f323931b4b19fe6, acba72c4c2794970b4e5e0ed343052ad; no voters: 
I20260713 09:00:58.208498  1813 raft_consensus.cc:2804] T 2dff053157f445fa854c34a9c6e4086f P 531d991e549244cb8f323931b4b19fe6 [term 1 FOLLOWER]: Leader election won for term 1
I20260713 09:00:58.208932  1813 raft_consensus.cc:697] T 2dff053157f445fa854c34a9c6e4086f P 531d991e549244cb8f323931b4b19fe6 [term 1 LEADER]: Becoming Leader. State: Replica: 531d991e549244cb8f323931b4b19fe6, State: Running, Role: LEADER
I20260713 09:00:58.210206  1813 consensus_queue.cc:237] T 2dff053157f445fa854c34a9c6e4086f P 531d991e549244cb8f323931b4b19fe6 [LEADER]: Queue going to LEADER mode. State: All replicated index: 0, Majority replicated index: 0, Committed index: 0, Last appended: 0.0, Last appended by leader: 0, Current term: 1, Majority size: 2, State: 0, Mode: LEADER, active raft config: opid_index: -1 OBSOLETE_local: false peers { permanent_uuid: "57daadd05ddf4bb99ab6044604146e93" member_type: VOTER last_known_addr { host: "127.0.107.193" port: 34517 } } peers { permanent_uuid: "531d991e549244cb8f323931b4b19fe6" member_type: VOTER last_known_addr { host: "127.0.107.194" port: 44475 } } peers { permanent_uuid: "acba72c4c2794970b4e5e0ed343052ad" member_type: VOTER last_known_addr { host: "127.0.107.195" port: 35555 } }
I20260713 09:00:58.215962  1650 leader_election.cc:304] T affb5f6601554bc0ae436a6a70926e0e P acba72c4c2794970b4e5e0ed343052ad [CANDIDATE]: Term 1 election: Election decided. Result: candidate won. Election summary: received 2 responses out of 3 voters: 2 yes votes; 0 no votes. yes voters: 57daadd05ddf4bb99ab6044604146e93, acba72c4c2794970b4e5e0ed343052ad; no voters: 
I20260713 09:00:58.217356  1757 raft_consensus.cc:2804] T affb5f6601554bc0ae436a6a70926e0e P acba72c4c2794970b4e5e0ed343052ad [term 1 FOLLOWER]: Leader election won for term 1
I20260713 09:00:58.217828  1811 consensus_queue.cc:1048] T f84855fd544b4542a2e70f8131598e38 P 531d991e549244cb8f323931b4b19fe6 [LEADER]: Connected to new peer: Peer: permanent_uuid: "57daadd05ddf4bb99ab6044604146e93" member_type: VOTER last_known_addr { host: "127.0.107.193" port: 34517 }, Status: LMP_MISMATCH, Last received: 0.0, Next index: 1, Last known committed idx: 0, Time since last communication: 0.000s
I20260713 09:00:58.221146  1811 consensus_queue.cc:1048] T 23d840208cf240b594fdef27c45358f7 P 531d991e549244cb8f323931b4b19fe6 [LEADER]: Connected to new peer: Peer: permanent_uuid: "57daadd05ddf4bb99ab6044604146e93" member_type: VOTER last_known_addr { host: "127.0.107.193" port: 34517 }, Status: LMP_MISMATCH, Last received: 0.0, Next index: 1, Last known committed idx: 0, Time since last communication: 0.000s
I20260713 09:00:58.239632  1821 raft_consensus.cc:493] T 06341cde30984e758174e5e51980209c P 57daadd05ddf4bb99ab6044604146e93 [term 0 FOLLOWER]: Starting pre-election (no leader contacted us within the election timeout)
I20260713 09:00:58.240202  1821 raft_consensus.cc:515] T 06341cde30984e758174e5e51980209c P 57daadd05ddf4bb99ab6044604146e93 [term 0 FOLLOWER]: Starting pre-election with config: opid_index: -1 OBSOLETE_local: false peers { permanent_uuid: "57daadd05ddf4bb99ab6044604146e93" member_type: VOTER last_known_addr { host: "127.0.107.193" port: 34517 } } peers { permanent_uuid: "531d991e549244cb8f323931b4b19fe6" member_type: VOTER last_known_addr { host: "127.0.107.194" port: 44475 } } peers { permanent_uuid: "acba72c4c2794970b4e5e0ed343052ad" member_type: VOTER last_known_addr { host: "127.0.107.195" port: 35555 } }
I20260713 09:00:58.242317  1821 leader_election.cc:290] T 06341cde30984e758174e5e51980209c P 57daadd05ddf4bb99ab6044604146e93 [CANDIDATE]: Term 1 pre-election: Requested pre-vote from peers 531d991e549244cb8f323931b4b19fe6 (127.0.107.194:44475), acba72c4c2794970b4e5e0ed343052ad (127.0.107.195:35555)
I20260713 09:00:58.243402  1680 tablet_service.cc:1917] Received RequestConsensusVote() RPC: tablet_id: "06341cde30984e758174e5e51980209c" candidate_uuid: "57daadd05ddf4bb99ab6044604146e93" candidate_term: 1 candidate_status { last_received { term: 0 index: 0 } } ignore_live_leader: false dest_uuid: "acba72c4c2794970b4e5e0ed343052ad" is_pre_election: true
I20260713 09:00:58.244021  1680 raft_consensus.cc:2468] T 06341cde30984e758174e5e51980209c P acba72c4c2794970b4e5e0ed343052ad [term 0 FOLLOWER]: Leader pre-election vote request: Granting yes vote for candidate 57daadd05ddf4bb99ab6044604146e93 in term 0.
I20260713 09:00:58.245208  1500 leader_election.cc:304] T 06341cde30984e758174e5e51980209c P 57daadd05ddf4bb99ab6044604146e93 [CANDIDATE]: Term 1 pre-election: Election decided. Result: candidate won. Election summary: received 2 responses out of 3 voters: 2 yes votes; 0 no votes. yes voters: 57daadd05ddf4bb99ab6044604146e93, acba72c4c2794970b4e5e0ed343052ad; no voters: 
I20260713 09:00:58.245997  1821 raft_consensus.cc:2804] T 06341cde30984e758174e5e51980209c P 57daadd05ddf4bb99ab6044604146e93 [term 0 FOLLOWER]: Leader pre-election won for term 1
I20260713 09:00:58.246358  1821 raft_consensus.cc:493] T 06341cde30984e758174e5e51980209c P 57daadd05ddf4bb99ab6044604146e93 [term 0 FOLLOWER]: Starting leader election (no leader contacted us within the election timeout)
I20260713 09:00:58.246759  1821 raft_consensus.cc:3060] T 06341cde30984e758174e5e51980209c P 57daadd05ddf4bb99ab6044604146e93 [term 0 FOLLOWER]: Advancing to term 1
I20260713 09:00:58.250099  1811 consensus_queue.cc:1048] T 23d840208cf240b594fdef27c45358f7 P 531d991e549244cb8f323931b4b19fe6 [LEADER]: Connected to new peer: Peer: permanent_uuid: "acba72c4c2794970b4e5e0ed343052ad" member_type: VOTER last_known_addr { host: "127.0.107.195" port: 35555 }, Status: LMP_MISMATCH, Last received: 0.0, Next index: 1, Last known committed idx: 0, Time since last communication: 0.000s
I20260713 09:00:58.252476  1750 raft_consensus.cc:515] T affb5f6601554bc0ae436a6a70926e0e P 531d991e549244cb8f323931b4b19fe6 [term 1 FOLLOWER]: Starting leader election with config: opid_index: -1 OBSOLETE_local: false peers { permanent_uuid: "57daadd05ddf4bb99ab6044604146e93" member_type: VOTER last_known_addr { host: "127.0.107.193" port: 34517 } } peers { permanent_uuid: "531d991e549244cb8f323931b4b19fe6" member_type: VOTER last_known_addr { host: "127.0.107.194" port: 44475 } } peers { permanent_uuid: "acba72c4c2794970b4e5e0ed343052ad" member_type: VOTER last_known_addr { host: "127.0.107.195" port: 35555 } }
I20260713 09:00:58.256213  1827 raft_consensus.cc:493] T 6f956ea5eb574d449736fa4047a4a534 P acba72c4c2794970b4e5e0ed343052ad [term 0 FOLLOWER]: Starting pre-election (no leader contacted us within the election timeout)
I20260713 09:00:58.256639  1827 raft_consensus.cc:515] T 6f956ea5eb574d449736fa4047a4a534 P acba72c4c2794970b4e5e0ed343052ad [term 0 FOLLOWER]: Starting pre-election with config: opid_index: -1 OBSOLETE_local: false peers { permanent_uuid: "57daadd05ddf4bb99ab6044604146e93" member_type: VOTER last_known_addr { host: "127.0.107.193" port: 34517 } } peers { permanent_uuid: "531d991e549244cb8f323931b4b19fe6" member_type: VOTER last_known_addr { host: "127.0.107.194" port: 44475 } } peers { permanent_uuid: "acba72c4c2794970b4e5e0ed343052ad" member_type: VOTER last_known_addr { host: "127.0.107.195" port: 35555 } }
I20260713 09:00:58.257503  1608 raft_consensus.cc:2393] T affb5f6601554bc0ae436a6a70926e0e P 531d991e549244cb8f323931b4b19fe6 [term 1 FOLLOWER]: Leader election vote request: Denying vote to candidate acba72c4c2794970b4e5e0ed343052ad in current term 1: Already voted for candidate 531d991e549244cb8f323931b4b19fe6 in this term.
I20260713 09:00:58.260664  1757 raft_consensus.cc:697] T affb5f6601554bc0ae436a6a70926e0e P acba72c4c2794970b4e5e0ed343052ad [term 1 LEADER]: Becoming Leader. State: Replica: acba72c4c2794970b4e5e0ed343052ad, State: Running, Role: LEADER
I20260713 09:00:58.261346  1608 tablet_service.cc:1917] Received RequestConsensusVote() RPC: tablet_id: "06341cde30984e758174e5e51980209c" candidate_uuid: "57daadd05ddf4bb99ab6044604146e93" candidate_term: 1 candidate_status { last_received { term: 0 index: 0 } } ignore_live_leader: false dest_uuid: "531d991e549244cb8f323931b4b19fe6" is_pre_election: true
I20260713 09:00:58.261579  1757 consensus_queue.cc:237] T affb5f6601554bc0ae436a6a70926e0e P acba72c4c2794970b4e5e0ed343052ad [LEADER]: Queue going to LEADER mode. State: All replicated index: 0, Majority replicated index: 0, Committed index: 0, Last appended: 0.0, Last appended by leader: 0, Current term: 1, Majority size: 2, State: 0, Mode: LEADER, active raft config: opid_index: -1 OBSOLETE_local: false peers { permanent_uuid: "57daadd05ddf4bb99ab6044604146e93" member_type: VOTER last_known_addr { host: "127.0.107.193" port: 34517 } } peers { permanent_uuid: "531d991e549244cb8f323931b4b19fe6" member_type: VOTER last_known_addr { host: "127.0.107.194" port: 44475 } } peers { permanent_uuid: "acba72c4c2794970b4e5e0ed343052ad" member_type: VOTER last_known_addr { host: "127.0.107.195" port: 35555 } }
I20260713 09:00:58.263679  1683 tablet_service.cc:1917] Received RequestConsensusVote() RPC: tablet_id: "affb5f6601554bc0ae436a6a70926e0e" candidate_uuid: "531d991e549244cb8f323931b4b19fe6" candidate_term: 1 candidate_status { last_received { term: 0 index: 0 } } ignore_live_leader: false dest_uuid: "acba72c4c2794970b4e5e0ed343052ad"
I20260713 09:00:58.264436  1534 tablet_service.cc:1917] Received RequestConsensusVote() RPC: tablet_id: "6f956ea5eb574d449736fa4047a4a534" candidate_uuid: "acba72c4c2794970b4e5e0ed343052ad" candidate_term: 1 candidate_status { last_received { term: 0 index: 0 } } ignore_live_leader: false dest_uuid: "57daadd05ddf4bb99ab6044604146e93" is_pre_election: true
I20260713 09:00:58.264755  1535 tablet_service.cc:1917] Received RequestConsensusVote() RPC: tablet_id: "affb5f6601554bc0ae436a6a70926e0e" candidate_uuid: "531d991e549244cb8f323931b4b19fe6" candidate_term: 1 candidate_status { last_received { term: 0 index: 0 } } ignore_live_leader: false dest_uuid: "57daadd05ddf4bb99ab6044604146e93"
I20260713 09:00:58.265005  1534 raft_consensus.cc:2468] T 6f956ea5eb574d449736fa4047a4a534 P 57daadd05ddf4bb99ab6044604146e93 [term 0 FOLLOWER]: Leader pre-election vote request: Granting yes vote for candidate acba72c4c2794970b4e5e0ed343052ad in term 0.
I20260713 09:00:58.265409  1535 raft_consensus.cc:2393] T affb5f6601554bc0ae436a6a70926e0e P 57daadd05ddf4bb99ab6044604146e93 [term 1 FOLLOWER]: Leader election vote request: Denying vote to candidate 531d991e549244cb8f323931b4b19fe6 in current term 1: Already voted for candidate acba72c4c2794970b4e5e0ed343052ad in this term.
I20260713 09:00:58.254608  1750 leader_election.cc:290] T affb5f6601554bc0ae436a6a70926e0e P 531d991e549244cb8f323931b4b19fe6 [CANDIDATE]: Term 1 election: Requested vote from peers 57daadd05ddf4bb99ab6044604146e93 (127.0.107.193:34517), acba72c4c2794970b4e5e0ed343052ad (127.0.107.195:35555)
I20260713 09:00:58.268687  1650 leader_election.cc:304] T 6f956ea5eb574d449736fa4047a4a534 P acba72c4c2794970b4e5e0ed343052ad [CANDIDATE]: Term 1 pre-election: Election decided. Result: candidate won. Election summary: received 2 responses out of 3 voters: 2 yes votes; 0 no votes. yes voters: 57daadd05ddf4bb99ab6044604146e93, acba72c4c2794970b4e5e0ed343052ad; no voters: 
I20260713 09:00:58.283377  1576 leader_election.cc:304] T affb5f6601554bc0ae436a6a70926e0e P 531d991e549244cb8f323931b4b19fe6 [CANDIDATE]: Term 1 election: Election decided. Result: candidate lost. Election summary: received 3 responses out of 3 voters: 1 yes votes; 2 no votes. yes voters: 531d991e549244cb8f323931b4b19fe6; no voters: 57daadd05ddf4bb99ab6044604146e93, acba72c4c2794970b4e5e0ed343052ad
W20260713 09:00:58.290759  1499 leader_election.cc:343] T 06341cde30984e758174e5e51980209c P 57daadd05ddf4bb99ab6044604146e93 [CANDIDATE]: Term 1 pre-election: Tablet error from VoteRequest() call to peer 531d991e549244cb8f323931b4b19fe6 (127.0.107.194:44475): Illegal state: must be running to vote when last-logged opid is not known
I20260713 09:00:58.271989  1750 consensus_queue.cc:1048] T f84855fd544b4542a2e70f8131598e38 P 531d991e549244cb8f323931b4b19fe6 [LEADER]: Connected to new peer: Peer: permanent_uuid: "acba72c4c2794970b4e5e0ed343052ad" member_type: VOTER last_known_addr { host: "127.0.107.195" port: 35555 }, Status: LMP_MISMATCH, Last received: 0.0, Next index: 1, Last known committed idx: 0, Time since last communication: 0.018s
I20260713 09:00:58.293073  1750 raft_consensus.cc:2749] T affb5f6601554bc0ae436a6a70926e0e P 531d991e549244cb8f323931b4b19fe6 [term 1 FOLLOWER]: Leader election lost for term 1. Reason: could not achieve majority
I20260713 09:00:58.297813  1765 raft_consensus.cc:515] T 3fa5d9d8b048405d84c21861d432c102 P 57daadd05ddf4bb99ab6044604146e93 [term 1 FOLLOWER]: Starting leader election with config: opid_index: -1 OBSOLETE_local: false peers { permanent_uuid: "57daadd05ddf4bb99ab6044604146e93" member_type: VOTER last_known_addr { host: "127.0.107.193" port: 34517 } } peers { permanent_uuid: "531d991e549244cb8f323931b4b19fe6" member_type: VOTER last_known_addr { host: "127.0.107.194" port: 44475 } } peers { permanent_uuid: "acba72c4c2794970b4e5e0ed343052ad" member_type: VOTER last_known_addr { host: "127.0.107.195" port: 35555 } }
I20260713 09:00:58.299712  1765 leader_election.cc:290] T 3fa5d9d8b048405d84c21861d432c102 P 57daadd05ddf4bb99ab6044604146e93 [CANDIDATE]: Term 1 election: Requested vote from peers 531d991e549244cb8f323931b4b19fe6 (127.0.107.194:44475), acba72c4c2794970b4e5e0ed343052ad (127.0.107.195:35555)
I20260713 09:00:58.301746  1736 raft_consensus.cc:515] T f0631564b85249f3bc1947b08a1ab885 P 531d991e549244cb8f323931b4b19fe6 [term 1 FOLLOWER]: Starting leader election with config: opid_index: -1 OBSOLETE_local: false peers { permanent_uuid: "57daadd05ddf4bb99ab6044604146e93" member_type: VOTER last_known_addr { host: "127.0.107.193" port: 34517 } } peers { permanent_uuid: "531d991e549244cb8f323931b4b19fe6" member_type: VOTER last_known_addr { host: "127.0.107.194" port: 44475 } } peers { permanent_uuid: "acba72c4c2794970b4e5e0ed343052ad" member_type: VOTER last_known_addr { host: "127.0.107.195" port: 35555 } }
I20260713 09:00:58.311395  1827 leader_election.cc:290] T 6f956ea5eb574d449736fa4047a4a534 P acba72c4c2794970b4e5e0ed343052ad [CANDIDATE]: Term 1 pre-election: Requested pre-vote from peers 57daadd05ddf4bb99ab6044604146e93 (127.0.107.193:34517), 531d991e549244cb8f323931b4b19fe6 (127.0.107.194:44475)
I20260713 09:00:58.305058  1679 raft_consensus.cc:2468] T 302fb764a0204abab9929138f14e4d50 P acba72c4c2794970b4e5e0ed343052ad [term 1 FOLLOWER]: Leader election vote request: Granting yes vote for candidate 531d991e549244cb8f323931b4b19fe6 in term 1.
I20260713 09:00:58.329587  1531 tablet_service.cc:1917] Received RequestConsensusVote() RPC: tablet_id: "f0631564b85249f3bc1947b08a1ab885" candidate_uuid: "531d991e549244cb8f323931b4b19fe6" candidate_term: 1 candidate_status { last_received { term: 0 index: 0 } } ignore_live_leader: false dest_uuid: "57daadd05ddf4bb99ab6044604146e93"
I20260713 09:00:58.331228  1736 leader_election.cc:290] T f0631564b85249f3bc1947b08a1ab885 P 531d991e549244cb8f323931b4b19fe6 [CANDIDATE]: Term 1 election: Requested vote from peers 57daadd05ddf4bb99ab6044604146e93 (127.0.107.193:34517), acba72c4c2794970b4e5e0ed343052ad (127.0.107.195:35555)
I20260713 09:00:58.330212  1531 raft_consensus.cc:3060] T f0631564b85249f3bc1947b08a1ab885 P 57daadd05ddf4bb99ab6044604146e93 [term 0 FOLLOWER]: Advancing to term 1
I20260713 09:00:58.334461  1835 raft_consensus.cc:493] T 21f7b3101bf3486cb6f58f9b9577c5f3 P acba72c4c2794970b4e5e0ed343052ad [term 0 FOLLOWER]: Starting pre-election (no leader contacted us within the election timeout)
I20260713 09:00:58.335477  1608 tablet_service.cc:1917] Received RequestConsensusVote() RPC: tablet_id: "6f956ea5eb574d449736fa4047a4a534" candidate_uuid: "acba72c4c2794970b4e5e0ed343052ad" candidate_term: 1 candidate_status { last_received { term: 0 index: 0 } } ignore_live_leader: false dest_uuid: "531d991e549244cb8f323931b4b19fe6" is_pre_election: true
I20260713 09:00:58.339334  1832 raft_consensus.cc:2804] T 6f956ea5eb574d449736fa4047a4a534 P acba72c4c2794970b4e5e0ed343052ad [term 0 FOLLOWER]: Leader pre-election won for term 1
I20260713 09:00:58.340291  1679 tablet_service.cc:1917] Received RequestConsensusVote() RPC: tablet_id: "3fa5d9d8b048405d84c21861d432c102" candidate_uuid: "57daadd05ddf4bb99ab6044604146e93" candidate_term: 1 candidate_status { last_received { term: 0 index: 0 } } ignore_live_leader: false dest_uuid: "acba72c4c2794970b4e5e0ed343052ad"
I20260713 09:00:58.342099  1575 leader_election.cc:304] T 302fb764a0204abab9929138f14e4d50 P 531d991e549244cb8f323931b4b19fe6 [CANDIDATE]: Term 1 election: Election decided. Result: candidate won. Election summary: received 2 responses out of 3 voters: 2 yes votes; 0 no votes. yes voters: 531d991e549244cb8f323931b4b19fe6, acba72c4c2794970b4e5e0ed343052ad; no voters: 
I20260713 09:00:58.354990  1610 tablet_service.cc:1917] Received RequestConsensusVote() RPC: tablet_id: "3fa5d9d8b048405d84c21861d432c102" candidate_uuid: "57daadd05ddf4bb99ab6044604146e93" candidate_term: 1 candidate_status { last_received { term: 0 index: 0 } } ignore_live_leader: false dest_uuid: "531d991e549244cb8f323931b4b19fe6"
I20260713 09:00:58.354496  1679 raft_consensus.cc:3060] T 3fa5d9d8b048405d84c21861d432c102 P acba72c4c2794970b4e5e0ed343052ad [term 0 FOLLOWER]: Advancing to term 1
I20260713 09:00:58.390913  1684 tablet_service.cc:1917] Received RequestConsensusVote() RPC: tablet_id: "f0631564b85249f3bc1947b08a1ab885" candidate_uuid: "531d991e549244cb8f323931b4b19fe6" candidate_term: 1 candidate_status { last_received { term: 0 index: 0 } } ignore_live_leader: false dest_uuid: "acba72c4c2794970b4e5e0ed343052ad"
I20260713 09:00:58.391492  1684 raft_consensus.cc:3060] T f0631564b85249f3bc1947b08a1ab885 P acba72c4c2794970b4e5e0ed343052ad [term 0 FOLLOWER]: Advancing to term 1
I20260713 09:00:58.391667  1765 raft_consensus.cc:493] T 037a817fc96e4a4c9a68d9e2d3aa1a54 P 57daadd05ddf4bb99ab6044604146e93 [term 0 FOLLOWER]: Starting pre-election (no leader contacted us within the election timeout)
I20260713 09:00:58.392135  1765 raft_consensus.cc:515] T 037a817fc96e4a4c9a68d9e2d3aa1a54 P 57daadd05ddf4bb99ab6044604146e93 [term 0 FOLLOWER]: Starting pre-election with config: opid_index: -1 OBSOLETE_local: false peers { permanent_uuid: "57daadd05ddf4bb99ab6044604146e93" member_type: VOTER last_known_addr { host: "127.0.107.193" port: 34517 } } peers { permanent_uuid: "531d991e549244cb8f323931b4b19fe6" member_type: VOTER last_known_addr { host: "127.0.107.194" port: 44475 } } peers { permanent_uuid: "acba72c4c2794970b4e5e0ed343052ad" member_type: VOTER last_known_addr { host: "127.0.107.195" port: 35555 } }
I20260713 09:00:58.394174  1765 leader_election.cc:290] T 037a817fc96e4a4c9a68d9e2d3aa1a54 P 57daadd05ddf4bb99ab6044604146e93 [CANDIDATE]: Term 1 pre-election: Requested pre-vote from peers 531d991e549244cb8f323931b4b19fe6 (127.0.107.194:44475), acba72c4c2794970b4e5e0ed343052ad (127.0.107.195:35555)
I20260713 09:00:58.364003  1750 raft_consensus.cc:2804] T 302fb764a0204abab9929138f14e4d50 P 531d991e549244cb8f323931b4b19fe6 [term 1 FOLLOWER]: Leader election won for term 1
I20260713 09:00:58.395931  1726 tablet_bootstrap.cc:492] T 1741a284ea3c4bd9b9578ce8dea9eb98 P acba72c4c2794970b4e5e0ed343052ad: No bootstrap required, opened a new log
I20260713 09:00:58.399014  1726 ts_tablet_manager.cc:1403] T 1741a284ea3c4bd9b9578ce8dea9eb98 P acba72c4c2794970b4e5e0ed343052ad: Time spent bootstrapping tablet: real 0.220s	user 0.015s	sys 0.000s
I20260713 09:00:58.398896  1750 raft_consensus.cc:697] T 302fb764a0204abab9929138f14e4d50 P 531d991e549244cb8f323931b4b19fe6 [term 1 LEADER]: Becoming Leader. State: Replica: 531d991e549244cb8f323931b4b19fe6, State: Running, Role: LEADER
I20260713 09:00:58.354873  1832 raft_consensus.cc:493] T 6f956ea5eb574d449736fa4047a4a534 P acba72c4c2794970b4e5e0ed343052ad [term 0 FOLLOWER]: Starting leader election (no leader contacted us within the election timeout)
I20260713 09:00:58.355341  1835 raft_consensus.cc:515] T 21f7b3101bf3486cb6f58f9b9577c5f3 P acba72c4c2794970b4e5e0ed343052ad [term 0 FOLLOWER]: Starting pre-election with config: opid_index: -1 OBSOLETE_local: false peers { permanent_uuid: "57daadd05ddf4bb99ab6044604146e93" member_type: VOTER last_known_addr { host: "127.0.107.193" port: 34517 } } peers { permanent_uuid: "531d991e549244cb8f323931b4b19fe6" member_type: VOTER last_known_addr { host: "127.0.107.194" port: 44475 } } peers { permanent_uuid: "acba72c4c2794970b4e5e0ed343052ad" member_type: VOTER last_known_addr { host: "127.0.107.195" port: 35555 } }
W20260713 09:00:58.385234  1499 leader_election.cc:343] T 3fa5d9d8b048405d84c21861d432c102 P 57daadd05ddf4bb99ab6044604146e93 [CANDIDATE]: Term 1 election: Tablet error from VoteRequest() call to peer 531d991e549244cb8f323931b4b19fe6 (127.0.107.194:44475): Illegal state: must be running to vote when last-logged opid is not known
I20260713 09:00:58.398020  1678 tablet_service.cc:1917] Received RequestConsensusVote() RPC: tablet_id: "037a817fc96e4a4c9a68d9e2d3aa1a54" candidate_uuid: "57daadd05ddf4bb99ab6044604146e93" candidate_term: 1 candidate_status { last_received { term: 0 index: 0 } } ignore_live_leader: false dest_uuid: "acba72c4c2794970b4e5e0ed343052ad" is_pre_election: true
I20260713 09:00:58.414705  1431 catalog_manager.cc:5697] T affb5f6601554bc0ae436a6a70926e0e P acba72c4c2794970b4e5e0ed343052ad reported cstate change: term changed from 0 to 1, leader changed from <none> to acba72c4c2794970b4e5e0ed343052ad (127.0.107.195). New cstate: current_term: 1 leader_uuid: "acba72c4c2794970b4e5e0ed343052ad" committed_config { opid_index: -1 OBSOLETE_local: false peers { permanent_uuid: "57daadd05ddf4bb99ab6044604146e93" member_type: VOTER last_known_addr { host: "127.0.107.193" port: 34517 } health_report { overall_health: UNKNOWN } } peers { permanent_uuid: "531d991e549244cb8f323931b4b19fe6" member_type: VOTER last_known_addr { host: "127.0.107.194" port: 44475 } health_report { overall_health: UNKNOWN } } peers { permanent_uuid: "acba72c4c2794970b4e5e0ed343052ad" member_type: VOTER last_known_addr { host: "127.0.107.195" port: 35555 } health_report { overall_health: HEALTHY } } }
I20260713 09:00:58.399986  1532 raft_consensus.cc:2468] T 2dff053157f445fa854c34a9c6e4086f P 57daadd05ddf4bb99ab6044604146e93 [term 1 FOLLOWER]: Leader election vote request: Granting yes vote for candidate 531d991e549244cb8f323931b4b19fe6 in term 1.
I20260713 09:00:58.410018  1832 raft_consensus.cc:3060] T 6f956ea5eb574d449736fa4047a4a534 P acba72c4c2794970b4e5e0ed343052ad [term 0 FOLLOWER]: Advancing to term 1
I20260713 09:00:58.400023  1751 raft_consensus.cc:515] T 6f956ea5eb574d449736fa4047a4a534 P 531d991e549244cb8f323931b4b19fe6 [term 1 FOLLOWER]: Starting leader election with config: opid_index: -1 OBSOLETE_local: false peers { permanent_uuid: "57daadd05ddf4bb99ab6044604146e93" member_type: VOTER last_known_addr { host: "127.0.107.193" port: 34517 } } peers { permanent_uuid: "531d991e549244cb8f323931b4b19fe6" member_type: VOTER last_known_addr { host: "127.0.107.194" port: 44475 } } peers { permanent_uuid: "acba72c4c2794970b4e5e0ed343052ad" member_type: VOTER last_known_addr { host: "127.0.107.195" port: 35555 } }
I20260713 09:00:58.409121  1530 raft_consensus.cc:2468] T 302fb764a0204abab9929138f14e4d50 P 57daadd05ddf4bb99ab6044604146e93 [term 1 FOLLOWER]: Leader election vote request: Granting yes vote for candidate 531d991e549244cb8f323931b4b19fe6 in term 1.
W20260713 09:00:58.413206  1499 outbound_call.cc:321] RPC callback for RPC call kudu.consensus.ConsensusService.RequestConsensusVote -> {remote=127.0.107.194:44475, user_credentials={real_user=slave}} blocked reactor thread for 47967.7us
