I20260713 09:00:48.543048  1084 raft_consensus.cc:493] T f9598a7ff3824f20b9b6c0ce388c3b1f P 25373deb1452421982b0df7320bb4a40 [term 3 FOLLOWER]: Starting forced leader election (received explicit request)
I20260713 09:00:48.543346  1084 raft_consensus.cc:3060] T f9598a7ff3824f20b9b6c0ce388c3b1f P 25373deb1452421982b0df7320bb4a40 [term 3 FOLLOWER]: Advancing to term 4
I20260713 09:00:48.594008  1232 raft_consensus.cc:2468] T bbd148bb673f4c779d695ad1be0c7a52 P c8025e4646ee4319b7615526b6a26df2 [term 3 FOLLOWER]: Leader election vote request: Granting yes vote for candidate 25373deb1452421982b0df7320bb4a40 in term 3.
I20260713 09:00:48.594035  1084 raft_consensus.cc:515] T f9598a7ff3824f20b9b6c0ce388c3b1f P 25373deb1452421982b0df7320bb4a40 [term 4 FOLLOWER]: Starting forced leader election with config: opid_index: -1 OBSOLETE_local: false peers { permanent_uuid: "25373deb1452421982b0df7320bb4a40" member_type: VOTER last_known_addr { host: "127.0.107.193" port: 42313 } } peers { permanent_uuid: "92d1f1f50b244e1f8ada435954be0645" member_type: VOTER last_known_addr { host: "127.0.107.194" port: 43641 } } peers { permanent_uuid: "c8025e4646ee4319b7615526b6a26df2" member_type: VOTER last_known_addr { host: "127.0.107.195" port: 45965 } }
I20260713 09:00:48.594008  1158 raft_consensus.cc:2468] T bbd148bb673f4c779d695ad1be0c7a52 P 92d1f1f50b244e1f8ada435954be0645 [term 3 FOLLOWER]: Leader election vote request: Granting yes vote for candidate 25373deb1452421982b0df7320bb4a40 in term 3.
I20260713 09:00:48.596004  1084 leader_election.cc:290] T f9598a7ff3824f20b9b6c0ce388c3b1f P 25373deb1452421982b0df7320bb4a40 [CANDIDATE]: Term 4 election: Requested vote from peers 92d1f1f50b244e1f8ada435954be0645 (127.0.107.194:43641), c8025e4646ee4319b7615526b6a26df2 (127.0.107.195:45965)
I20260713 09:00:48.595947  1048 leader_election.cc:304] T bbd148bb673f4c779d695ad1be0c7a52 P 25373deb1452421982b0df7320bb4a40 [CANDIDATE]: Term 3 election: Election decided. Result: candidate won. Election summary: received 2 responses out of 3 voters: 2 yes votes; 0 no votes. yes voters: 25373deb1452421982b0df7320bb4a40, c8025e4646ee4319b7615526b6a26df2; no voters: 
I20260713 09:00:48.597302  1386 raft_consensus.cc:2804] T bbd148bb673f4c779d695ad1be0c7a52 P 25373deb1452421982b0df7320bb4a40 [term 3 FOLLOWER]: Leader election won for term 3
I20260713 09:00:48.597745  1386 raft_consensus.cc:697] T bbd148bb673f4c779d695ad1be0c7a52 P 25373deb1452421982b0df7320bb4a40 [term 3 LEADER]: Becoming Leader. State: Replica: 25373deb1452421982b0df7320bb4a40, State: Running, Role: LEADER
I20260713 09:00:48.597747  1158 tablet_service.cc:1917] Received RequestConsensusVote() RPC: tablet_id: "f9598a7ff3824f20b9b6c0ce388c3b1f" candidate_uuid: "25373deb1452421982b0df7320bb4a40" candidate_term: 4 candidate_status { last_received { term: 3 index: 3 } } ignore_live_leader: true dest_uuid: "92d1f1f50b244e1f8ada435954be0645"
I20260713 09:00:48.597980  1232 tablet_service.cc:1917] Received RequestConsensusVote() RPC: tablet_id: "f9598a7ff3824f20b9b6c0ce388c3b1f" candidate_uuid: "25373deb1452421982b0df7320bb4a40" candidate_term: 4 candidate_status { last_received { term: 3 index: 3 } } ignore_live_leader: true dest_uuid: "c8025e4646ee4319b7615526b6a26df2"
I20260713 09:00:48.598771  1158 raft_consensus.cc:3060] T f9598a7ff3824f20b9b6c0ce388c3b1f P 92d1f1f50b244e1f8ada435954be0645 [term 3 FOLLOWER]: Advancing to term 4
I20260713 09:00:48.598807  1232 raft_consensus.cc:3055] T f9598a7ff3824f20b9b6c0ce388c3b1f P c8025e4646ee4319b7615526b6a26df2 [term 3 LEADER]: Stepping down as leader of term 3
I20260713 09:00:48.598817  1386 consensus_queue.cc:237] T bbd148bb673f4c779d695ad1be0c7a52 P 25373deb1452421982b0df7320bb4a40 [LEADER]: Queue going to LEADER mode. State: All replicated index: 0, Majority replicated index: 2, Committed index: 2, Last appended: 2.2, Last appended by leader: 2, Current term: 3, Majority size: 2, State: 0, Mode: LEADER, active raft config: opid_index: -1 OBSOLETE_local: false peers { permanent_uuid: "25373deb1452421982b0df7320bb4a40" member_type: VOTER last_known_addr { host: "127.0.107.193" port: 42313 } } peers { permanent_uuid: "92d1f1f50b244e1f8ada435954be0645" member_type: VOTER last_known_addr { host: "127.0.107.194" port: 43641 } } peers { permanent_uuid: "c8025e4646ee4319b7615526b6a26df2" member_type: VOTER last_known_addr { host: "127.0.107.195" port: 45965 } }
I20260713 09:00:48.599329  1232 raft_consensus.cc:740] T f9598a7ff3824f20b9b6c0ce388c3b1f P c8025e4646ee4319b7615526b6a26df2 [term 3 LEADER]: Becoming Follower/Learner. State: Replica: c8025e4646ee4319b7615526b6a26df2, State: Running, Role: LEADER
I20260713 09:00:48.600320  1232 consensus_queue.cc:260] T f9598a7ff3824f20b9b6c0ce388c3b1f P c8025e4646ee4319b7615526b6a26df2 [NON_LEADER]: Queue going to NON_LEADER mode. State: All replicated index: 0, Majority replicated index: 3, Committed index: 3, Last appended: 3.3, Last appended by leader: 3, Current term: 3, Majority size: -1, State: 0, Mode: NON_LEADER, active raft config: opid_index: -1 OBSOLETE_local: false peers { permanent_uuid: "25373deb1452421982b0df7320bb4a40" member_type: VOTER last_known_addr { host: "127.0.107.193" port: 42313 } } peers { permanent_uuid: "92d1f1f50b244e1f8ada435954be0645" member_type: VOTER last_known_addr { host: "127.0.107.194" port: 43641 } } peers { permanent_uuid: "c8025e4646ee4319b7615526b6a26df2" member_type: VOTER last_known_addr { host: "127.0.107.195" port: 45965 } }
I20260713 09:00:48.601989  1232 raft_consensus.cc:3060] T f9598a7ff3824f20b9b6c0ce388c3b1f P c8025e4646ee4319b7615526b6a26df2 [term 3 FOLLOWER]: Advancing to term 4
I20260713 09:00:48.604120  1158 raft_consensus.cc:2468] T f9598a7ff3824f20b9b6c0ce388c3b1f P 92d1f1f50b244e1f8ada435954be0645 [term 4 FOLLOWER]: Leader election vote request: Granting yes vote for candidate 25373deb1452421982b0df7320bb4a40 in term 4.
I20260713 09:00:48.605058  1048 leader_election.cc:304] T f9598a7ff3824f20b9b6c0ce388c3b1f P 25373deb1452421982b0df7320bb4a40 [CANDIDATE]: Term 4 election: Election decided. Result: candidate won. Election summary: received 2 responses out of 3 voters: 2 yes votes; 0 no votes. yes voters: 25373deb1452421982b0df7320bb4a40, 92d1f1f50b244e1f8ada435954be0645; no voters: 
I20260713 09:00:48.605603  1386 raft_consensus.cc:2804] T f9598a7ff3824f20b9b6c0ce388c3b1f P 25373deb1452421982b0df7320bb4a40 [term 4 FOLLOWER]: Leader election won for term 4
I20260713 09:00:48.606051  1386 raft_consensus.cc:697] T f9598a7ff3824f20b9b6c0ce388c3b1f P 25373deb1452421982b0df7320bb4a40 [term 4 LEADER]: Becoming Leader. State: Replica: 25373deb1452421982b0df7320bb4a40, State: Running, Role: LEADER
I20260713 09:00:48.606933  1386 consensus_queue.cc:237] T f9598a7ff3824f20b9b6c0ce388c3b1f P 25373deb1452421982b0df7320bb4a40 [LEADER]: Queue going to LEADER mode. State: All replicated index: 0, Majority replicated index: 3, Committed index: 3, Last appended: 3.3, Last appended by leader: 3, Current term: 4, Majority size: 2, State: 0, Mode: LEADER, active raft config: opid_index: -1 OBSOLETE_local: false peers { permanent_uuid: "25373deb1452421982b0df7320bb4a40" member_type: VOTER last_known_addr { host: "127.0.107.193" port: 42313 } } peers { permanent_uuid: "92d1f1f50b244e1f8ada435954be0645" member_type: VOTER last_known_addr { host: "127.0.107.194" port: 43641 } } peers { permanent_uuid: "c8025e4646ee4319b7615526b6a26df2" member_type: VOTER last_known_addr { host: "127.0.107.195" port: 45965 } }
I20260713 09:00:48.608956  1232 raft_consensus.cc:2468] T f9598a7ff3824f20b9b6c0ce388c3b1f P c8025e4646ee4319b7615526b6a26df2 [term 4 FOLLOWER]: Leader election vote request: Granting yes vote for candidate 25373deb1452421982b0df7320bb4a40 in term 4.
I20260713 09:00:48.608676   982 catalog_manager.cc:5697] T bbd148bb673f4c779d695ad1be0c7a52 P 25373deb1452421982b0df7320bb4a40 reported cstate change: term changed from 2 to 3, leader changed from 92d1f1f50b244e1f8ada435954be0645 (127.0.107.194) to 25373deb1452421982b0df7320bb4a40 (127.0.107.193). New cstate: current_term: 3 leader_uuid: "25373deb1452421982b0df7320bb4a40" committed_config { opid_index: -1 OBSOLETE_local: false peers { permanent_uuid: "25373deb1452421982b0df7320bb4a40" member_type: VOTER last_known_addr { host: "127.0.107.193" port: 42313 } health_report { overall_health: HEALTHY } } peers { permanent_uuid: "92d1f1f50b244e1f8ada435954be0645" member_type: VOTER last_known_addr { host: "127.0.107.194" port: 43641 } health_report { overall_health: UNKNOWN } } peers { permanent_uuid: "c8025e4646ee4319b7615526b6a26df2" member_type: VOTER last_known_addr { host: "127.0.107.195" port: 45965 } health_report { overall_health: UNKNOWN } } }
I20260713 09:00:48.623778   982 catalog_manager.cc:5697] T f9598a7ff3824f20b9b6c0ce388c3b1f P 25373deb1452421982b0df7320bb4a40 reported cstate change: term changed from 3 to 4, leader changed from c8025e4646ee4319b7615526b6a26df2 (127.0.107.195) to 25373deb1452421982b0df7320bb4a40 (127.0.107.193). New cstate: current_term: 4 leader_uuid: "25373deb1452421982b0df7320bb4a40" committed_config { opid_index: -1 OBSOLETE_local: false peers { permanent_uuid: "25373deb1452421982b0df7320bb4a40" member_type: VOTER last_known_addr { host: "127.0.107.193" port: 42313 } health_report { overall_health: HEALTHY } } peers { permanent_uuid: "92d1f1f50b244e1f8ada435954be0645" member_type: VOTER last_known_addr { host: "127.0.107.194" port: 43641 } health_report { overall_health: UNKNOWN } } peers { permanent_uuid: "c8025e4646ee4319b7615526b6a26df2" member_type: VOTER last_known_addr { host: "127.0.107.195" port: 45965 } health_report { overall_health: UNKNOWN } } }
I20260713 09:00:48.637593  1377 raft_consensus.cc:993] T 1710532cacc647efaa00110cd86f0e05 P c8025e4646ee4319b7615526b6a26df2: : Instructing follower 25373deb1452421982b0df7320bb4a40 to start an election
I20260713 09:00:48.637986  1379 raft_consensus.cc:1081] T 1710532cacc647efaa00110cd86f0e05 P c8025e4646ee4319b7615526b6a26df2 [term 3 LEADER]: Signalling peer 25373deb1452421982b0df7320bb4a40 to start an election
I20260713 09:00:48.639397  1084 tablet_service.cc:2044] Received Run Leader Election RPC: tablet_id: "1710532cacc647efaa00110cd86f0e05"
dest_uuid: "25373deb1452421982b0df7320bb4a40"
 from {username='slave'} at 127.0.0.1:37684
I20260713 09:00:48.639780  1084 raft_consensus.cc:493] T 1710532cacc647efaa00110cd86f0e05 P 25373deb1452421982b0df7320bb4a40 [term 3 FOLLOWER]: Starting forced leader election (received explicit request)
I20260713 09:00:48.640029  1084 raft_consensus.cc:3060] T 1710532cacc647efaa00110cd86f0e05 P 25373deb1452421982b0df7320bb4a40 [term 3 FOLLOWER]: Advancing to term 4
I20260713 09:00:48.643805  1084 raft_consensus.cc:515] T 1710532cacc647efaa00110cd86f0e05 P 25373deb1452421982b0df7320bb4a40 [term 4 FOLLOWER]: Starting forced leader election with config: opid_index: -1 OBSOLETE_local: false peers { permanent_uuid: "25373deb1452421982b0df7320bb4a40" member_type: VOTER last_known_addr { host: "127.0.107.193" port: 42313 } } peers { permanent_uuid: "92d1f1f50b244e1f8ada435954be0645" member_type: VOTER last_known_addr { host: "127.0.107.194" port: 43641 } } peers { permanent_uuid: "c8025e4646ee4319b7615526b6a26df2" member_type: VOTER last_known_addr { host: "127.0.107.195" port: 45965 } }
I20260713 09:00:48.645071  1084 leader_election.cc:290] T 1710532cacc647efaa00110cd86f0e05 P 25373deb1452421982b0df7320bb4a40 [CANDIDATE]: Term 4 election: Requested vote from peers 92d1f1f50b244e1f8ada435954be0645 (127.0.107.194:43641), c8025e4646ee4319b7615526b6a26df2 (127.0.107.195:45965)
I20260713 09:00:48.646333  1158 tablet_service.cc:1917] Received RequestConsensusVote() RPC: tablet_id: "1710532cacc647efaa00110cd86f0e05" candidate_uuid: "25373deb1452421982b0df7320bb4a40" candidate_term: 4 candidate_status { last_received { term: 3 index: 3 } } ignore_live_leader: true dest_uuid: "92d1f1f50b244e1f8ada435954be0645"
I20260713 09:00:48.646632  1232 tablet_service.cc:1917] Received RequestConsensusVote() RPC: tablet_id: "1710532cacc647efaa00110cd86f0e05" candidate_uuid: "25373deb1452421982b0df7320bb4a40" candidate_term: 4 candidate_status { last_received { term: 3 index: 3 } } ignore_live_leader: true dest_uuid: "c8025e4646ee4319b7615526b6a26df2"
I20260713 09:00:48.646811  1158 raft_consensus.cc:3060] T 1710532cacc647efaa00110cd86f0e05 P 92d1f1f50b244e1f8ada435954be0645 [term 3 FOLLOWER]: Advancing to term 4
I20260713 09:00:48.647115  1232 raft_consensus.cc:3055] T 1710532cacc647efaa00110cd86f0e05 P c8025e4646ee4319b7615526b6a26df2 [term 3 LEADER]: Stepping down as leader of term 3
I20260713 09:00:48.647361  1232 raft_consensus.cc:740] T 1710532cacc647efaa00110cd86f0e05 P c8025e4646ee4319b7615526b6a26df2 [term 3 LEADER]: Becoming Follower/Learner. State: Replica: c8025e4646ee4319b7615526b6a26df2, State: Running, Role: LEADER
I20260713 09:00:48.647936  1232 consensus_queue.cc:260] T 1710532cacc647efaa00110cd86f0e05 P c8025e4646ee4319b7615526b6a26df2 [NON_LEADER]: Queue going to NON_LEADER mode. State: All replicated index: 0, Majority replicated index: 3, Committed index: 3, Last appended: 3.3, Last appended by leader: 3, Current term: 3, Majority size: -1, State: 0, Mode: NON_LEADER, active raft config: opid_index: -1 OBSOLETE_local: false peers { permanent_uuid: "25373deb1452421982b0df7320bb4a40" member_type: VOTER last_known_addr { host: "127.0.107.193" port: 42313 } } peers { permanent_uuid: "92d1f1f50b244e1f8ada435954be0645" member_type: VOTER last_known_addr { host: "127.0.107.194" port: 43641 } } peers { permanent_uuid: "c8025e4646ee4319b7615526b6a26df2" member_type: VOTER last_known_addr { host: "127.0.107.195" port: 45965 } }
I20260713 09:00:48.648819  1232 raft_consensus.cc:3060] T 1710532cacc647efaa00110cd86f0e05 P c8025e4646ee4319b7615526b6a26df2 [term 3 FOLLOWER]: Advancing to term 4
I20260713 09:00:48.650594  1158 raft_consensus.cc:2468] T 1710532cacc647efaa00110cd86f0e05 P 92d1f1f50b244e1f8ada435954be0645 [term 4 FOLLOWER]: Leader election vote request: Granting yes vote for candidate 25373deb1452421982b0df7320bb4a40 in term 4.
I20260713 09:00:48.651420  1048 leader_election.cc:304] T 1710532cacc647efaa00110cd86f0e05 P 25373deb1452421982b0df7320bb4a40 [CANDIDATE]: Term 4 election: Election decided. Result: candidate won. Election summary: received 2 responses out of 3 voters: 2 yes votes; 0 no votes. yes voters: 25373deb1452421982b0df7320bb4a40, 92d1f1f50b244e1f8ada435954be0645; no voters: 
I20260713 09:00:48.651958  1386 raft_consensus.cc:2804] T 1710532cacc647efaa00110cd86f0e05 P 25373deb1452421982b0df7320bb4a40 [term 4 FOLLOWER]: Leader election won for term 4
I20260713 09:00:48.652395  1386 raft_consensus.cc:697] T 1710532cacc647efaa00110cd86f0e05 P 25373deb1452421982b0df7320bb4a40 [term 4 LEADER]: Becoming Leader. State: Replica: 25373deb1452421982b0df7320bb4a40, State: Running, Role: LEADER
I20260713 09:00:48.653481  1232 raft_consensus.cc:2468] T 1710532cacc647efaa00110cd86f0e05 P c8025e4646ee4319b7615526b6a26df2 [term 4 FOLLOWER]: Leader election vote request: Granting yes vote for candidate 25373deb1452421982b0df7320bb4a40 in term 4.
I20260713 09:00:48.653198  1386 consensus_queue.cc:237] T 1710532cacc647efaa00110cd86f0e05 P 25373deb1452421982b0df7320bb4a40 [LEADER]: Queue going to LEADER mode. State: All replicated index: 0, Majority replicated index: 3, Committed index: 3, Last appended: 3.3, Last appended by leader: 3, Current term: 4, Majority size: 2, State: 0, Mode: LEADER, active raft config: opid_index: -1 OBSOLETE_local: false peers { permanent_uuid: "25373deb1452421982b0df7320bb4a40" member_type: VOTER last_known_addr { host: "127.0.107.193" port: 42313 } } peers { permanent_uuid: "92d1f1f50b244e1f8ada435954be0645" member_type: VOTER last_known_addr { host: "127.0.107.194" port: 43641 } } peers { permanent_uuid: "c8025e4646ee4319b7615526b6a26df2" member_type: VOTER last_known_addr { host: "127.0.107.195" port: 45965 } }
I20260713 09:00:48.658958   982 catalog_manager.cc:5697] T 1710532cacc647efaa00110cd86f0e05 P 25373deb1452421982b0df7320bb4a40 reported cstate change: term changed from 3 to 4, leader changed from c8025e4646ee4319b7615526b6a26df2 (127.0.107.195) to 25373deb1452421982b0df7320bb4a40 (127.0.107.193). New cstate: current_term: 4 leader_uuid: "25373deb1452421982b0df7320bb4a40" committed_config { opid_index: -1 OBSOLETE_local: false peers { permanent_uuid: "25373deb1452421982b0df7320bb4a40" member_type: VOTER last_known_addr { host: "127.0.107.193" port: 42313 } health_report { overall_health: HEALTHY } } peers { permanent_uuid: "92d1f1f50b244e1f8ada435954be0645" member_type: VOTER last_known_addr { host: "127.0.107.194" port: 43641 } health_report { overall_health: UNKNOWN } } peers { permanent_uuid: "c8025e4646ee4319b7615526b6a26df2" member_type: VOTER last_known_addr { host: "127.0.107.195" port: 45965 } health_report { overall_health: UNKNOWN } } }
I20260713 09:00:48.780938  1388 raft_consensus.cc:993] T 448b5cd3e51d4129831a6493b629917e P 92d1f1f50b244e1f8ada435954be0645: : Instructing follower 25373deb1452421982b0df7320bb4a40 to start an election
I20260713 09:00:48.781333  1366 raft_consensus.cc:1081] T 448b5cd3e51d4129831a6493b629917e P 92d1f1f50b244e1f8ada435954be0645 [term 2 LEADER]: Signalling peer 25373deb1452421982b0df7320bb4a40 to start an election
I20260713 09:00:48.782648  1084 tablet_service.cc:2044] Received Run Leader Election RPC: tablet_id: "448b5cd3e51d4129831a6493b629917e"
dest_uuid: "25373deb1452421982b0df7320bb4a40"
 from {username='slave'} at 127.0.0.1:37696
I20260713 09:00:48.783038  1084 raft_consensus.cc:493] T 448b5cd3e51d4129831a6493b629917e P 25373deb1452421982b0df7320bb4a40 [term 2 FOLLOWER]: Starting forced leader election (received explicit request)
I20260713 09:00:48.783274  1084 raft_consensus.cc:3060] T 448b5cd3e51d4129831a6493b629917e P 25373deb1452421982b0df7320bb4a40 [term 2 FOLLOWER]: Advancing to term 3
I20260713 09:00:48.787335  1084 raft_consensus.cc:515] T 448b5cd3e51d4129831a6493b629917e P 25373deb1452421982b0df7320bb4a40 [term 3 FOLLOWER]: Starting forced leader election with config: opid_index: -1 OBSOLETE_local: false peers { permanent_uuid: "25373deb1452421982b0df7320bb4a40" member_type: VOTER last_known_addr { host: "127.0.107.193" port: 42313 } } peers { permanent_uuid: "92d1f1f50b244e1f8ada435954be0645" member_type: VOTER last_known_addr { host: "127.0.107.194" port: 43641 } } peers { permanent_uuid: "c8025e4646ee4319b7615526b6a26df2" member_type: VOTER last_known_addr { host: "127.0.107.195" port: 45965 } }
I20260713 09:00:48.788671  1084 leader_election.cc:290] T 448b5cd3e51d4129831a6493b629917e P 25373deb1452421982b0df7320bb4a40 [CANDIDATE]: Term 3 election: Requested vote from peers 92d1f1f50b244e1f8ada435954be0645 (127.0.107.194:43641), c8025e4646ee4319b7615526b6a26df2 (127.0.107.195:45965)
I20260713 09:00:48.789592  1232 tablet_service.cc:1917] Received RequestConsensusVote() RPC: tablet_id: "448b5cd3e51d4129831a6493b629917e" candidate_uuid: "25373deb1452421982b0df7320bb4a40" candidate_term: 3 candidate_status { last_received { term: 2 index: 2 } } ignore_live_leader: true dest_uuid: "c8025e4646ee4319b7615526b6a26df2"
I20260713 09:00:48.789404  1158 tablet_service.cc:1917] Received RequestConsensusVote() RPC: tablet_id: "448b5cd3e51d4129831a6493b629917e" candidate_uuid: "25373deb1452421982b0df7320bb4a40" candidate_term: 3 candidate_status { last_received { term: 2 index: 2 } } ignore_live_leader: true dest_uuid: "92d1f1f50b244e1f8ada435954be0645"
I20260713 09:00:48.790074  1232 raft_consensus.cc:3060] T 448b5cd3e51d4129831a6493b629917e P c8025e4646ee4319b7615526b6a26df2 [term 2 FOLLOWER]: Advancing to term 3
I20260713 09:00:48.790140  1158 raft_consensus.cc:3055] T 448b5cd3e51d4129831a6493b629917e P 92d1f1f50b244e1f8ada435954be0645 [term 2 LEADER]: Stepping down as leader of term 2
I20260713 09:00:48.790510  1158 raft_consensus.cc:740] T 448b5cd3e51d4129831a6493b629917e P 92d1f1f50b244e1f8ada435954be0645 [term 2 LEADER]: Becoming Follower/Learner. State: Replica: 92d1f1f50b244e1f8ada435954be0645, State: Running, Role: LEADER
I20260713 09:00:48.791273  1158 consensus_queue.cc:260] T 448b5cd3e51d4129831a6493b629917e P 92d1f1f50b244e1f8ada435954be0645 [NON_LEADER]: Queue going to NON_LEADER mode. State: All replicated index: 0, Majority replicated index: 2, Committed index: 2, Last appended: 2.2, Last appended by leader: 2, Current term: 2, Majority size: -1, State: 0, Mode: NON_LEADER, active raft config: opid_index: -1 OBSOLETE_local: false peers { permanent_uuid: "25373deb1452421982b0df7320bb4a40" member_type: VOTER last_known_addr { host: "127.0.107.193" port: 42313 } } peers { permanent_uuid: "92d1f1f50b244e1f8ada435954be0645" member_type: VOTER last_known_addr { host: "127.0.107.194" port: 43641 } } peers { permanent_uuid: "c8025e4646ee4319b7615526b6a26df2" member_type: VOTER last_known_addr { host: "127.0.107.195" port: 45965 } }
I20260713 09:00:48.792344  1158 raft_consensus.cc:3060] T 448b5cd3e51d4129831a6493b629917e P 92d1f1f50b244e1f8ada435954be0645 [term 2 FOLLOWER]: Advancing to term 3
I20260713 09:00:48.795688  1232 raft_consensus.cc:2468] T 448b5cd3e51d4129831a6493b629917e P c8025e4646ee4319b7615526b6a26df2 [term 3 FOLLOWER]: Leader election vote request: Granting yes vote for candidate 25373deb1452421982b0df7320bb4a40 in term 3.
I20260713 09:00:48.796517  1158 raft_consensus.cc:2468] T 448b5cd3e51d4129831a6493b629917e P 92d1f1f50b244e1f8ada435954be0645 [term 3 FOLLOWER]: Leader election vote request: Granting yes vote for candidate 25373deb1452421982b0df7320bb4a40 in term 3.
I20260713 09:00:48.796559  1048 leader_election.cc:304] T 448b5cd3e51d4129831a6493b629917e P 25373deb1452421982b0df7320bb4a40 [CANDIDATE]: Term 3 election: Election decided. Result: candidate won. Election summary: received 2 responses out of 3 voters: 2 yes votes; 0 no votes. yes voters: 25373deb1452421982b0df7320bb4a40, c8025e4646ee4319b7615526b6a26df2; no voters: 
I20260713 09:00:48.797295  1386 raft_consensus.cc:2804] T 448b5cd3e51d4129831a6493b629917e P 25373deb1452421982b0df7320bb4a40 [term 3 FOLLOWER]: Leader election won for term 3
I20260713 09:00:48.797700  1386 raft_consensus.cc:697] T 448b5cd3e51d4129831a6493b629917e P 25373deb1452421982b0df7320bb4a40 [term 3 LEADER]: Becoming Leader. State: Replica: 25373deb1452421982b0df7320bb4a40, State: Running, Role: LEADER
I20260713 09:00:48.798277  1386 consensus_queue.cc:237] T 448b5cd3e51d4129831a6493b629917e P 25373deb1452421982b0df7320bb4a40 [LEADER]: Queue going to LEADER mode. State: All replicated index: 0, Majority replicated index: 2, Committed index: 2, Last appended: 2.2, Last appended by leader: 2, Current term: 3, Majority size: 2, State: 0, Mode: LEADER, active raft config: opid_index: -1 OBSOLETE_local: false peers { permanent_uuid: "25373deb1452421982b0df7320bb4a40" member_type: VOTER last_known_addr { host: "127.0.107.193" port: 42313 } } peers { permanent_uuid: "92d1f1f50b244e1f8ada435954be0645" member_type: VOTER last_known_addr { host: "127.0.107.194" port: 43641 } } peers { permanent_uuid: "c8025e4646ee4319b7615526b6a26df2" member_type: VOTER last_known_addr { host: "127.0.107.195" port: 45965 } }
I20260713 09:00:48.804183   982 catalog_manager.cc:5697] T 448b5cd3e51d4129831a6493b629917e P 25373deb1452421982b0df7320bb4a40 reported cstate change: term changed from 2 to 3, leader changed from 92d1f1f50b244e1f8ada435954be0645 (127.0.107.194) to 25373deb1452421982b0df7320bb4a40 (127.0.107.193). New cstate: current_term: 3 leader_uuid: "25373deb1452421982b0df7320bb4a40" committed_config { opid_index: -1 OBSOLETE_local: false peers { permanent_uuid: "25373deb1452421982b0df7320bb4a40" member_type: VOTER last_known_addr { host: "127.0.107.193" port: 42313 } health_report { overall_health: HEALTHY } } peers { permanent_uuid: "92d1f1f50b244e1f8ada435954be0645" member_type: VOTER last_known_addr { host: "127.0.107.194" port: 43641 } health_report { overall_health: UNKNOWN } } peers { permanent_uuid: "c8025e4646ee4319b7615526b6a26df2" member_type: VOTER last_known_addr { host: "127.0.107.195" port: 45965 } health_report { overall_health: UNKNOWN } } }
I20260713 09:00:48.918056  1388 raft_consensus.cc:993] T 4e30500b58bf4091991839ca8eb687a6 P 92d1f1f50b244e1f8ada435954be0645: : Instructing follower 25373deb1452421982b0df7320bb4a40 to start an election
I20260713 09:00:48.918470  1366 raft_consensus.cc:1081] T 4e30500b58bf4091991839ca8eb687a6 P 92d1f1f50b244e1f8ada435954be0645 [term 2 LEADER]: Signalling peer 25373deb1452421982b0df7320bb4a40 to start an election
I20260713 09:00:48.919718  1084 tablet_service.cc:2044] Received Run Leader Election RPC: tablet_id: "4e30500b58bf4091991839ca8eb687a6"
dest_uuid: "25373deb1452421982b0df7320bb4a40"
 from {username='slave'} at 127.0.0.1:37696
I20260713 09:00:48.920130  1084 raft_consensus.cc:493] T 4e30500b58bf4091991839ca8eb687a6 P 25373deb1452421982b0df7320bb4a40 [term 2 FOLLOWER]: Starting forced leader election (received explicit request)
I20260713 09:00:48.920363  1084 raft_consensus.cc:3060] T 4e30500b58bf4091991839ca8eb687a6 P 25373deb1452421982b0df7320bb4a40 [term 2 FOLLOWER]: Advancing to term 3
I20260713 09:00:48.924130  1084 raft_consensus.cc:515] T 4e30500b58bf4091991839ca8eb687a6 P 25373deb1452421982b0df7320bb4a40 [term 3 FOLLOWER]: Starting forced leader election with config: opid_index: -1 OBSOLETE_local: false peers { permanent_uuid: "25373deb1452421982b0df7320bb4a40" member_type: VOTER last_known_addr { host: "127.0.107.193" port: 42313 } } peers { permanent_uuid: "92d1f1f50b244e1f8ada435954be0645" member_type: VOTER last_known_addr { host: "127.0.107.194" port: 43641 } } peers { permanent_uuid: "c8025e4646ee4319b7615526b6a26df2" member_type: VOTER last_known_addr { host: "127.0.107.195" port: 45965 } }
I20260713 09:00:48.925551  1084 leader_election.cc:290] T 4e30500b58bf4091991839ca8eb687a6 P 25373deb1452421982b0df7320bb4a40 [CANDIDATE]: Term 3 election: Requested vote from peers 92d1f1f50b244e1f8ada435954be0645 (127.0.107.194:43641), c8025e4646ee4319b7615526b6a26df2 (127.0.107.195:45965)
I20260713 09:00:48.926009  1158 tablet_service.cc:1917] Received RequestConsensusVote() RPC: tablet_id: "4e30500b58bf4091991839ca8eb687a6" candidate_uuid: "25373deb1452421982b0df7320bb4a40" candidate_term: 3 candidate_status { last_received { term: 2 index: 2 } } ignore_live_leader: true dest_uuid: "92d1f1f50b244e1f8ada435954be0645"
I20260713 09:00:48.926400  1232 tablet_service.cc:1917] Received RequestConsensusVote() RPC: tablet_id: "4e30500b58bf4091991839ca8eb687a6" candidate_uuid: "25373deb1452421982b0df7320bb4a40" candidate_term: 3 candidate_status { last_received { term: 2 index: 2 } } ignore_live_leader: true dest_uuid: "c8025e4646ee4319b7615526b6a26df2"
I20260713 09:00:48.926581  1158 raft_consensus.cc:3055] T 4e30500b58bf4091991839ca8eb687a6 P 92d1f1f50b244e1f8ada435954be0645 [term 2 LEADER]: Stepping down as leader of term 2
I20260713 09:00:48.926903  1232 raft_consensus.cc:3060] T 4e30500b58bf4091991839ca8eb687a6 P c8025e4646ee4319b7615526b6a26df2 [term 2 FOLLOWER]: Advancing to term 3
I20260713 09:00:48.926887  1158 raft_consensus.cc:740] T 4e30500b58bf4091991839ca8eb687a6 P 92d1f1f50b244e1f8ada435954be0645 [term 2 LEADER]: Becoming Follower/Learner. State: Replica: 92d1f1f50b244e1f8ada435954be0645, State: Running, Role: LEADER
I20260713 09:00:48.927825  1158 consensus_queue.cc:260] T 4e30500b58bf4091991839ca8eb687a6 P 92d1f1f50b244e1f8ada435954be0645 [NON_LEADER]: Queue going to NON_LEADER mode. State: All replicated index: 0, Majority replicated index: 2, Committed index: 2, Last appended: 2.2, Last appended by leader: 2, Current term: 2, Majority size: -1, State: 0, Mode: NON_LEADER, active raft config: opid_index: -1 OBSOLETE_local: false peers { permanent_uuid: "25373deb1452421982b0df7320bb4a40" member_type: VOTER last_known_addr { host: "127.0.107.193" port: 42313 } } peers { permanent_uuid: "92d1f1f50b244e1f8ada435954be0645" member_type: VOTER last_known_addr { host: "127.0.107.194" port: 43641 } } peers { permanent_uuid: "c8025e4646ee4319b7615526b6a26df2" member_type: VOTER last_known_addr { host: "127.0.107.195" port: 45965 } }
I20260713 09:00:48.928946  1158 raft_consensus.cc:3060] T 4e30500b58bf4091991839ca8eb687a6 P 92d1f1f50b244e1f8ada435954be0645 [term 2 FOLLOWER]: Advancing to term 3
I20260713 09:00:48.932672  1232 raft_consensus.cc:2468] T 4e30500b58bf4091991839ca8eb687a6 P c8025e4646ee4319b7615526b6a26df2 [term 3 FOLLOWER]: Leader election vote request: Granting yes vote for candidate 25373deb1452421982b0df7320bb4a40 in term 3.
I20260713 09:00:48.933569  1048 leader_election.cc:304] T 4e30500b58bf4091991839ca8eb687a6 P 25373deb1452421982b0df7320bb4a40 [CANDIDATE]: Term 3 election: Election decided. Result: candidate won. Election summary: received 2 responses out of 3 voters: 2 yes votes; 0 no votes. yes voters: 25373deb1452421982b0df7320bb4a40, c8025e4646ee4319b7615526b6a26df2; no voters: 
I20260713 09:00:48.934334  1367 raft_consensus.cc:2804] T 4e30500b58bf4091991839ca8eb687a6 P 25373deb1452421982b0df7320bb4a40 [term 3 FOLLOWER]: Leader election won for term 3
I20260713 09:00:48.934513  1158 raft_consensus.cc:2468] T 4e30500b58bf4091991839ca8eb687a6 P 92d1f1f50b244e1f8ada435954be0645 [term 3 FOLLOWER]: Leader election vote request: Granting yes vote for candidate 25373deb1452421982b0df7320bb4a40 in term 3.
I20260713 09:00:48.934711  1367 raft_consensus.cc:697] T 4e30500b58bf4091991839ca8eb687a6 P 25373deb1452421982b0df7320bb4a40 [term 3 LEADER]: Becoming Leader. State: Replica: 25373deb1452421982b0df7320bb4a40, State: Running, Role: LEADER
I20260713 09:00:48.935460  1367 consensus_queue.cc:237] T 4e30500b58bf4091991839ca8eb687a6 P 25373deb1452421982b0df7320bb4a40 [LEADER]: Queue going to LEADER mode. State: All replicated index: 0, Majority replicated index: 2, Committed index: 2, Last appended: 2.2, Last appended by leader: 2, Current term: 3, Majority size: 2, State: 0, Mode: LEADER, active raft config: opid_index: -1 OBSOLETE_local: false peers { permanent_uuid: "25373deb1452421982b0df7320bb4a40" member_type: VOTER last_known_addr { host: "127.0.107.193" port: 42313 } } peers { permanent_uuid: "92d1f1f50b244e1f8ada435954be0645" member_type: VOTER last_known_addr { host: "127.0.107.194" port: 43641 } } peers { permanent_uuid: "c8025e4646ee4319b7615526b6a26df2" member_type: VOTER last_known_addr { host: "127.0.107.195" port: 45965 } }
I20260713 09:00:48.941213   982 catalog_manager.cc:5697] T 4e30500b58bf4091991839ca8eb687a6 P 25373deb1452421982b0df7320bb4a40 reported cstate change: term changed from 2 to 3, leader changed from 92d1f1f50b244e1f8ada435954be0645 (127.0.107.194) to 25373deb1452421982b0df7320bb4a40 (127.0.107.193). New cstate: current_term: 3 leader_uuid: "25373deb1452421982b0df7320bb4a40" committed_config { opid_index: -1 OBSOLETE_local: false peers { permanent_uuid: "25373deb1452421982b0df7320bb4a40" member_type: VOTER last_known_addr { host: "127.0.107.193" port: 42313 } health_report { overall_health: HEALTHY } } peers { permanent_uuid: "92d1f1f50b244e1f8ada435954be0645" member_type: VOTER last_known_addr { host: "127.0.107.194" port: 43641 } health_report { overall_health: UNKNOWN } } peers { permanent_uuid: "c8025e4646ee4319b7615526b6a26df2" member_type: VOTER last_known_addr { host: "127.0.107.195" port: 45965 } health_report { overall_health: UNKNOWN } } }
I20260713 09:00:49.014699  1158 raft_consensus.cc:1275] T bbd148bb673f4c779d695ad1be0c7a52 P 92d1f1f50b244e1f8ada435954be0645 [term 3 FOLLOWER]: Refusing update from remote peer 25373deb1452421982b0df7320bb4a40: Log matching property violated. Preceding OpId in replica: term: 2 index: 2. Preceding OpId from leader: term: 3 index: 3. (index mismatch)
I20260713 09:00:49.015728  1367 consensus_queue.cc:1048] T bbd148bb673f4c779d695ad1be0c7a52 P 25373deb1452421982b0df7320bb4a40 [LEADER]: Connected to new peer: Peer: permanent_uuid: "92d1f1f50b244e1f8ada435954be0645" member_type: VOTER last_known_addr { host: "127.0.107.194" port: 43641 }, Status: LMP_MISMATCH, Last received: 0.0, Next index: 3, Last known committed idx: 2, Time since last communication: 0.000s
I20260713 09:00:49.020208  1156 raft_consensus.cc:1275] T f9598a7ff3824f20b9b6c0ce388c3b1f P 92d1f1f50b244e1f8ada435954be0645 [term 4 FOLLOWER]: Refusing update from remote peer 25373deb1452421982b0df7320bb4a40: Log matching property violated. Preceding OpId in replica: term: 3 index: 3. Preceding OpId from leader: term: 4 index: 4. (index mismatch)
I20260713 09:00:49.021608  1386 consensus_queue.cc:1048] T f9598a7ff3824f20b9b6c0ce388c3b1f P 25373deb1452421982b0df7320bb4a40 [LEADER]: Connected to new peer: Peer: permanent_uuid: "92d1f1f50b244e1f8ada435954be0645" member_type: VOTER last_known_addr { host: "127.0.107.194" port: 43641 }, Status: LMP_MISMATCH, Last received: 0.0, Next index: 4, Last known committed idx: 3, Time since last communication: 0.000s
I20260713 09:00:49.026618  1232 raft_consensus.cc:1275] T bbd148bb673f4c779d695ad1be0c7a52 P c8025e4646ee4319b7615526b6a26df2 [term 3 FOLLOWER]: Refusing update from remote peer 25373deb1452421982b0df7320bb4a40: Log matching property violated. Preceding OpId in replica: term: 2 index: 2. Preceding OpId from leader: term: 3 index: 3. (index mismatch)
I20260713 09:00:49.028136  1400 consensus_queue.cc:1048] T bbd148bb673f4c779d695ad1be0c7a52 P 25373deb1452421982b0df7320bb4a40 [LEADER]: Connected to new peer: Peer: permanent_uuid: "c8025e4646ee4319b7615526b6a26df2" member_type: VOTER last_known_addr { host: "127.0.107.195" port: 45965 }, Status: LMP_MISMATCH, Last received: 0.0, Next index: 3, Last known committed idx: 2, Time since last communication: 0.001s
I20260713 09:00:49.038452  1233 raft_consensus.cc:1275] T f9598a7ff3824f20b9b6c0ce388c3b1f P c8025e4646ee4319b7615526b6a26df2 [term 4 FOLLOWER]: Refusing update from remote peer 25373deb1452421982b0df7320bb4a40: Log matching property violated. Preceding OpId in replica: term: 3 index: 3. Preceding OpId from leader: term: 4 index: 4. (index mismatch)
I20260713 09:00:49.041733  1400 consensus_queue.cc:1048] T f9598a7ff3824f20b9b6c0ce388c3b1f P 25373deb1452421982b0df7320bb4a40 [LEADER]: Connected to new peer: Peer: permanent_uuid: "c8025e4646ee4319b7615526b6a26df2" member_type: VOTER last_known_addr { host: "127.0.107.195" port: 45965 }, Status: LMP_MISMATCH, Last received: 0.0, Next index: 4, Last known committed idx: 3, Time since last communication: 0.000s
I20260713 09:00:49.198175  1232 raft_consensus.cc:1275] T 1710532cacc647efaa00110cd86f0e05 P c8025e4646ee4319b7615526b6a26df2 [term 4 FOLLOWER]: Refusing update from remote peer 25373deb1452421982b0df7320bb4a40: Log matching property violated. Preceding OpId in replica: term: 3 index: 3. Preceding OpId from leader: term: 4 index: 4. (index mismatch)
I20260713 09:00:49.199244  1400 consensus_queue.cc:1048] T 1710532cacc647efaa00110cd86f0e05 P 25373deb1452421982b0df7320bb4a40 [LEADER]: Connected to new peer: Peer: permanent_uuid: "c8025e4646ee4319b7615526b6a26df2" member_type: VOTER last_known_addr { host: "127.0.107.195" port: 45965 }, Status: LMP_MISMATCH, Last received: 0.0, Next index: 4, Last known committed idx: 3, Time since last communication: 0.000s
I20260713 09:00:49.207082  1158 raft_consensus.cc:1275] T 1710532cacc647efaa00110cd86f0e05 P 92d1f1f50b244e1f8ada435954be0645 [term 4 FOLLOWER]: Refusing update from remote peer 25373deb1452421982b0df7320bb4a40: Log matching property violated. Preceding OpId in replica: term: 3 index: 3. Preceding OpId from leader: term: 4 index: 4. (index mismatch)
I20260713 09:00:49.208482  1400 consensus_queue.cc:1048] T 1710532cacc647efaa00110cd86f0e05 P 25373deb1452421982b0df7320bb4a40 [LEADER]: Connected to new peer: Peer: permanent_uuid: "92d1f1f50b244e1f8ada435954be0645" member_type: VOTER last_known_addr { host: "127.0.107.194" port: 43641 }, Status: LMP_MISMATCH, Last received: 0.0, Next index: 4, Last known committed idx: 3, Time since last communication: 0.000s
I20260713 09:00:49.230100  1232 raft_consensus.cc:1275] T 448b5cd3e51d4129831a6493b629917e P c8025e4646ee4319b7615526b6a26df2 [term 3 FOLLOWER]: Refusing update from remote peer 25373deb1452421982b0df7320bb4a40: Log matching property violated. Preceding OpId in replica: term: 2 index: 2. Preceding OpId from leader: term: 3 index: 3. (index mismatch)
I20260713 09:00:49.231034  1400 consensus_queue.cc:1048] T 448b5cd3e51d4129831a6493b629917e P 25373deb1452421982b0df7320bb4a40 [LEADER]: Connected to new peer: Peer: permanent_uuid: "c8025e4646ee4319b7615526b6a26df2" member_type: VOTER last_known_addr { host: "127.0.107.195" port: 45965 }, Status: LMP_MISMATCH, Last received: 0.0, Next index: 3, Last known committed idx: 2, Time since last communication: 0.000s
I20260713 09:00:49.238186  1158 raft_consensus.cc:1275] T 448b5cd3e51d4129831a6493b629917e P 92d1f1f50b244e1f8ada435954be0645 [term 3 FOLLOWER]: Refusing update from remote peer 25373deb1452421982b0df7320bb4a40: Log matching property violated. Preceding OpId in replica: term: 2 index: 2. Preceding OpId from leader: term: 3 index: 3. (index mismatch)
I20260713 09:00:49.239602  1386 consensus_queue.cc:1048] T 448b5cd3e51d4129831a6493b629917e P 25373deb1452421982b0df7320bb4a40 [LEADER]: Connected to new peer: Peer: permanent_uuid: "92d1f1f50b244e1f8ada435954be0645" member_type: VOTER last_known_addr { host: "127.0.107.194" port: 43641 }, Status: LMP_MISMATCH, Last received: 0.0, Next index: 3, Last known committed idx: 2, Time since last communication: 0.000s
I20260713 09:00:49.322178  1232 raft_consensus.cc:1275] T 4e30500b58bf4091991839ca8eb687a6 P c8025e4646ee4319b7615526b6a26df2 [term 3 FOLLOWER]: Refusing update from remote peer 25373deb1452421982b0df7320bb4a40: Log matching property violated. Preceding OpId in replica: term: 2 index: 2. Preceding OpId from leader: term: 3 index: 3. (index mismatch)
I20260713 09:00:49.323165  1386 consensus_queue.cc:1048] T 4e30500b58bf4091991839ca8eb687a6 P 25373deb1452421982b0df7320bb4a40 [LEADER]: Connected to new peer: Peer: permanent_uuid: "c8025e4646ee4319b7615526b6a26df2" member_type: VOTER last_known_addr { host: "127.0.107.195" port: 45965 }, Status: LMP_MISMATCH, Last received: 0.0, Next index: 3, Last known committed idx: 2, Time since last communication: 0.000s
I20260713 09:00:49.330861  1158 raft_consensus.cc:1275] T 4e30500b58bf4091991839ca8eb687a6 P 92d1f1f50b244e1f8ada435954be0645 [term 3 FOLLOWER]: Refusing update from remote peer 25373deb1452421982b0df7320bb4a40: Log matching property violated. Preceding OpId in replica: term: 2 index: 2. Preceding OpId from leader: term: 3 index: 3. (index mismatch)
I20260713 09:00:49.332417  1367 consensus_queue.cc:1048] T 4e30500b58bf4091991839ca8eb687a6 P 25373deb1452421982b0df7320bb4a40 [LEADER]: Connected to new peer: Peer: permanent_uuid: "92d1f1f50b244e1f8ada435954be0645" member_type: VOTER last_known_addr { host: "127.0.107.194" port: 43641 }, Status: LMP_MISMATCH, Last received: 0.0, Next index: 3, Last known committed idx: 2, Time since last communication: 0.000s
I20260713 09:00:51.482424   431 auto_leader_rebalancer.cc:141] leader rebalance for table test-workload
I20260713 09:00:51.489346  1084 tablet_service.cc:2072] Received LeaderStepDown RPC: tablet_id: "1710532cacc647efaa00110cd86f0e05"
dest_uuid: "25373deb1452421982b0df7320bb4a40"
mode: GRACEFUL
new_leader_uuid: "92d1f1f50b244e1f8ada435954be0645"
 from {username='slave'} at 127.0.0.1:37708
I20260713 09:00:51.489759  1084 raft_consensus.cc:606] T 1710532cacc647efaa00110cd86f0e05 P 25373deb1452421982b0df7320bb4a40 [term 4 LEADER]: Received request to transfer leadership to TS 92d1f1f50b244e1f8ada435954be0645
I20260713 09:00:51.491904  1084 tablet_service.cc:2072] Received LeaderStepDown RPC: tablet_id: "34f669e258e043c8b606dfca5d098362"
dest_uuid: "25373deb1452421982b0df7320bb4a40"
mode: GRACEFUL
new_leader_uuid: "c8025e4646ee4319b7615526b6a26df2"
 from {username='slave'} at 127.0.0.1:37708
I20260713 09:00:51.492271  1084 raft_consensus.cc:606] T 34f669e258e043c8b606dfca5d098362 P 25373deb1452421982b0df7320bb4a40 [term 2 LEADER]: Received request to transfer leadership to TS c8025e4646ee4319b7615526b6a26df2
I20260713 09:00:51.494037  1084 tablet_service.cc:2072] Received LeaderStepDown RPC: tablet_id: "448b5cd3e51d4129831a6493b629917e"
dest_uuid: "25373deb1452421982b0df7320bb4a40"
mode: GRACEFUL
new_leader_uuid: "c8025e4646ee4319b7615526b6a26df2"
 from {username='slave'} at 127.0.0.1:37708
I20260713 09:00:51.494408  1084 raft_consensus.cc:606] T 448b5cd3e51d4129831a6493b629917e P 25373deb1452421982b0df7320bb4a40 [term 3 LEADER]: Received request to transfer leadership to TS c8025e4646ee4319b7615526b6a26df2
I20260713 09:00:51.496058  1084 tablet_service.cc:2072] Received LeaderStepDown RPC: tablet_id: "f9598a7ff3824f20b9b6c0ce388c3b1f"
dest_uuid: "25373deb1452421982b0df7320bb4a40"
mode: GRACEFUL
new_leader_uuid: "92d1f1f50b244e1f8ada435954be0645"
 from {username='slave'} at 127.0.0.1:37708
I20260713 09:00:51.496407  1084 raft_consensus.cc:606] T f9598a7ff3824f20b9b6c0ce388c3b1f P 25373deb1452421982b0df7320bb4a40 [term 4 LEADER]: Received request to transfer leadership to TS 92d1f1f50b244e1f8ada435954be0645
I20260713 09:00:51.497210   431 auto_leader_rebalancer.cc:479] table: test-workload, leader rebalance finish, leader transfer count: 4
I20260713 09:00:51.497565   431 auto_leader_rebalancer.cc:554] All tables' leader rebalancing finished this round
I20260713 09:00:51.503676  1400 raft_consensus.cc:993] T f9598a7ff3824f20b9b6c0ce388c3b1f P 25373deb1452421982b0df7320bb4a40: : Instructing follower 92d1f1f50b244e1f8ada435954be0645 to start an election
I20260713 09:00:51.504033  1411 raft_consensus.cc:1081] T f9598a7ff3824f20b9b6c0ce388c3b1f P 25373deb1452421982b0df7320bb4a40 [term 4 LEADER]: Signalling peer 92d1f1f50b244e1f8ada435954be0645 to start an election
I20260713 09:00:51.505244  1156 tablet_service.cc:2044] Received Run Leader Election RPC: tablet_id: "f9598a7ff3824f20b9b6c0ce388c3b1f"
dest_uuid: "92d1f1f50b244e1f8ada435954be0645"
 from {username='slave'} at 127.0.0.1:33088
I20260713 09:00:51.505622  1156 raft_consensus.cc:493] T f9598a7ff3824f20b9b6c0ce388c3b1f P 92d1f1f50b244e1f8ada435954be0645 [term 4 FOLLOWER]: Starting forced leader election (received explicit request)
I20260713 09:00:51.505869  1156 raft_consensus.cc:3060] T f9598a7ff3824f20b9b6c0ce388c3b1f P 92d1f1f50b244e1f8ada435954be0645 [term 4 FOLLOWER]: Advancing to term 5
I20260713 09:00:51.510231  1156 raft_consensus.cc:515] T f9598a7ff3824f20b9b6c0ce388c3b1f P 92d1f1f50b244e1f8ada435954be0645 [term 5 FOLLOWER]: Starting forced leader election with config: opid_index: -1 OBSOLETE_local: false peers { permanent_uuid: "25373deb1452421982b0df7320bb4a40" member_type: VOTER last_known_addr { host: "127.0.107.193" port: 42313 } } peers { permanent_uuid: "92d1f1f50b244e1f8ada435954be0645" member_type: VOTER last_known_addr { host: "127.0.107.194" port: 43641 } } peers { permanent_uuid: "c8025e4646ee4319b7615526b6a26df2" member_type: VOTER last_known_addr { host: "127.0.107.195" port: 45965 } }
I20260713 09:00:51.511682  1156 leader_election.cc:290] T f9598a7ff3824f20b9b6c0ce388c3b1f P 92d1f1f50b244e1f8ada435954be0645 [CANDIDATE]: Term 5 election: Requested vote from peers 25373deb1452421982b0df7320bb4a40 (127.0.107.193:42313), c8025e4646ee4319b7615526b6a26df2 (127.0.107.195:45965)
I20260713 09:00:51.512274  1084 tablet_service.cc:1917] Received RequestConsensusVote() RPC: tablet_id: "f9598a7ff3824f20b9b6c0ce388c3b1f" candidate_uuid: "92d1f1f50b244e1f8ada435954be0645" candidate_term: 5 candidate_status { last_received { term: 4 index: 4 } } ignore_live_leader: true dest_uuid: "25373deb1452421982b0df7320bb4a40"
I20260713 09:00:51.512574  1233 tablet_service.cc:1917] Received RequestConsensusVote() RPC: tablet_id: "f9598a7ff3824f20b9b6c0ce388c3b1f" candidate_uuid: "92d1f1f50b244e1f8ada435954be0645" candidate_term: 5 candidate_status { last_received { term: 4 index: 4 } } ignore_live_leader: true dest_uuid: "c8025e4646ee4319b7615526b6a26df2"
I20260713 09:00:51.512696  1084 raft_consensus.cc:3055] T f9598a7ff3824f20b9b6c0ce388c3b1f P 25373deb1452421982b0df7320bb4a40 [term 4 LEADER]: Stepping down as leader of term 4
I20260713 09:00:51.512995  1084 raft_consensus.cc:740] T f9598a7ff3824f20b9b6c0ce388c3b1f P 25373deb1452421982b0df7320bb4a40 [term 4 LEADER]: Becoming Follower/Learner. State: Replica: 25373deb1452421982b0df7320bb4a40, State: Running, Role: LEADER
I20260713 09:00:51.513046  1233 raft_consensus.cc:3060] T f9598a7ff3824f20b9b6c0ce388c3b1f P c8025e4646ee4319b7615526b6a26df2 [term 4 FOLLOWER]: Advancing to term 5
I20260713 09:00:51.513542  1084 consensus_queue.cc:260] T f9598a7ff3824f20b9b6c0ce388c3b1f P 25373deb1452421982b0df7320bb4a40 [NON_LEADER]: Queue going to NON_LEADER mode. State: All replicated index: 0, Majority replicated index: 4, Committed index: 4, Last appended: 4.4, Last appended by leader: 4, Current term: 4, Majority size: -1, State: 0, Mode: NON_LEADER, active raft config: opid_index: -1 OBSOLETE_local: false peers { permanent_uuid: "25373deb1452421982b0df7320bb4a40" member_type: VOTER last_known_addr { host: "127.0.107.193" port: 42313 } } peers { permanent_uuid: "92d1f1f50b244e1f8ada435954be0645" member_type: VOTER last_known_addr { host: "127.0.107.194" port: 43641 } } peers { permanent_uuid: "c8025e4646ee4319b7615526b6a26df2" member_type: VOTER last_known_addr { host: "127.0.107.195" port: 45965 } }
I20260713 09:00:51.514281  1084 raft_consensus.cc:3060] T f9598a7ff3824f20b9b6c0ce388c3b1f P 25373deb1452421982b0df7320bb4a40 [term 4 FOLLOWER]: Advancing to term 5
I20260713 09:00:51.517238  1233 raft_consensus.cc:2468] T f9598a7ff3824f20b9b6c0ce388c3b1f P c8025e4646ee4319b7615526b6a26df2 [term 5 FOLLOWER]: Leader election vote request: Granting yes vote for candidate 92d1f1f50b244e1f8ada435954be0645 in term 5.
I20260713 09:00:51.517823  1084 raft_consensus.cc:2468] T f9598a7ff3824f20b9b6c0ce388c3b1f P 25373deb1452421982b0df7320bb4a40 [term 5 FOLLOWER]: Leader election vote request: Granting yes vote for candidate 92d1f1f50b244e1f8ada435954be0645 in term 5.
I20260713 09:00:51.518224  1123 leader_election.cc:304] T f9598a7ff3824f20b9b6c0ce388c3b1f P 92d1f1f50b244e1f8ada435954be0645 [CANDIDATE]: Term 5 election: Election decided. Result: candidate won. Election summary: received 2 responses out of 3 voters: 2 yes votes; 0 no votes. yes voters: 92d1f1f50b244e1f8ada435954be0645, c8025e4646ee4319b7615526b6a26df2; no voters: 
I20260713 09:00:51.518916  1366 raft_consensus.cc:2804] T f9598a7ff3824f20b9b6c0ce388c3b1f P 92d1f1f50b244e1f8ada435954be0645 [term 5 FOLLOWER]: Leader election won for term 5
I20260713 09:00:51.519726  1366 raft_consensus.cc:697] T f9598a7ff3824f20b9b6c0ce388c3b1f P 92d1f1f50b244e1f8ada435954be0645 [term 5 LEADER]: Becoming Leader. State: Replica: 92d1f1f50b244e1f8ada435954be0645, State: Running, Role: LEADER
I20260713 09:00:51.520980  1366 consensus_queue.cc:237] T f9598a7ff3824f20b9b6c0ce388c3b1f P 92d1f1f50b244e1f8ada435954be0645 [LEADER]: Queue going to LEADER mode. State: All replicated index: 0, Majority replicated index: 4, Committed index: 4, Last appended: 4.4, Last appended by leader: 4, Current term: 5, Majority size: 2, State: 0, Mode: LEADER, active raft config: opid_index: -1 OBSOLETE_local: false peers { permanent_uuid: "25373deb1452421982b0df7320bb4a40" member_type: VOTER last_known_addr { host: "127.0.107.193" port: 42313 } } peers { permanent_uuid: "92d1f1f50b244e1f8ada435954be0645" member_type: VOTER last_known_addr { host: "127.0.107.194" port: 43641 } } peers { permanent_uuid: "c8025e4646ee4319b7615526b6a26df2" member_type: VOTER last_known_addr { host: "127.0.107.195" port: 45965 } }
I20260713 09:00:51.527196   982 catalog_manager.cc:5697] T f9598a7ff3824f20b9b6c0ce388c3b1f P 92d1f1f50b244e1f8ada435954be0645 reported cstate change: term changed from 4 to 5, leader changed from 25373deb1452421982b0df7320bb4a40 (127.0.107.193) to 92d1f1f50b244e1f8ada435954be0645 (127.0.107.194). New cstate: current_term: 5 leader_uuid: "92d1f1f50b244e1f8ada435954be0645" committed_config { opid_index: -1 OBSOLETE_local: false peers { permanent_uuid: "25373deb1452421982b0df7320bb4a40" member_type: VOTER last_known_addr { host: "127.0.107.193" port: 42313 } health_report { overall_health: UNKNOWN } } peers { permanent_uuid: "92d1f1f50b244e1f8ada435954be0645" member_type: VOTER last_known_addr { host: "127.0.107.194" port: 43641 } health_report { overall_health: HEALTHY } } peers { permanent_uuid: "c8025e4646ee4319b7615526b6a26df2" member_type: VOTER last_known_addr { host: "127.0.107.195" port: 45965 } health_report { overall_health: UNKNOWN } } }
I20260713 09:00:51.571888  1400 raft_consensus.cc:993] T 34f669e258e043c8b606dfca5d098362 P 25373deb1452421982b0df7320bb4a40: : Instructing follower c8025e4646ee4319b7615526b6a26df2 to start an election
I20260713 09:00:51.572292  1411 raft_consensus.cc:1081] T 34f669e258e043c8b606dfca5d098362 P 25373deb1452421982b0df7320bb4a40 [term 2 LEADER]: Signalling peer c8025e4646ee4319b7615526b6a26df2 to start an election
I20260713 09:00:51.573505  1233 tablet_service.cc:2044] Received Run Leader Election RPC: tablet_id: "34f669e258e043c8b606dfca5d098362"
dest_uuid: "c8025e4646ee4319b7615526b6a26df2"
 from {username='slave'} at 127.0.0.1:43860
I20260713 09:00:51.573876  1233 raft_consensus.cc:493] T 34f669e258e043c8b606dfca5d098362 P c8025e4646ee4319b7615526b6a26df2 [term 2 FOLLOWER]: Starting forced leader election (received explicit request)
I20260713 09:00:51.574107  1233 raft_consensus.cc:3060] T 34f669e258e043c8b606dfca5d098362 P c8025e4646ee4319b7615526b6a26df2 [term 2 FOLLOWER]: Advancing to term 3
