I20260713 09:01:07.514181  2260 ts_tablet_manager.cc:933] T 27d4ce380900470ca766aeda88947950 P 337cc6ae2bc04fcb8da3cf8483b3c92b: Initiating tablet copy from peer a4f0ab35f88b4076b1601a1c6a7a7942 (127.0.107.195:45257)
I20260713 09:01:07.516304  2258 tablet_copy_client.cc:323] T 6bc45097ae68480896b5b10ec8f36d71 P 337cc6ae2bc04fcb8da3cf8483b3c92b: tablet copy: Beginning tablet copy session from remote peer at address 127.0.107.195:45257
I20260713 09:01:07.517913  1724 tablet_copy_service.cc:140] P a4f0ab35f88b4076b1601a1c6a7a7942: Received BeginTabletCopySession request for tablet 6bc45097ae68480896b5b10ec8f36d71 from peer 337cc6ae2bc04fcb8da3cf8483b3c92b ({username='slave'} at 127.0.0.1:58466)
I20260713 09:01:07.518402  1724 tablet_copy_service.cc:161] P a4f0ab35f88b4076b1601a1c6a7a7942: Beginning new tablet copy session on tablet 6bc45097ae68480896b5b10ec8f36d71 from peer 337cc6ae2bc04fcb8da3cf8483b3c92b at {username='slave'} at 127.0.0.1:58466: session id = 337cc6ae2bc04fcb8da3cf8483b3c92b-6bc45097ae68480896b5b10ec8f36d71
I20260713 09:01:07.519572  1650 tablet_copy_source_session.cc:215] T 3e76bea2530748a6b1ef68ca49d3ced9 P 3e2915b7aa2d442b9bb6354a57a2adda: Tablet Copy: opened 0 blocks and 1 log segments
I20260713 09:01:07.521868  2260 tablet_copy_client.cc:323] T 27d4ce380900470ca766aeda88947950 P 337cc6ae2bc04fcb8da3cf8483b3c92b: tablet copy: Beginning tablet copy session from remote peer at address 127.0.107.195:45257
I20260713 09:01:07.512063  2262 tablet_copy_client.cc:323] T 847ed4f158254673aae46fc399a01e79 P 337cc6ae2bc04fcb8da3cf8483b3c92b: tablet copy: Beginning tablet copy session from remote peer at address 127.0.107.195:45257
I20260713 09:01:07.523597  1723 tablet_copy_service.cc:140] P a4f0ab35f88b4076b1601a1c6a7a7942: Received BeginTabletCopySession request for tablet 27d4ce380900470ca766aeda88947950 from peer 337cc6ae2bc04fcb8da3cf8483b3c92b ({username='slave'} at 127.0.0.1:58466)
I20260713 09:01:07.524078  1723 tablet_copy_service.cc:161] P a4f0ab35f88b4076b1601a1c6a7a7942: Beginning new tablet copy session on tablet 27d4ce380900470ca766aeda88947950 from peer 337cc6ae2bc04fcb8da3cf8483b3c92b at {username='slave'} at 127.0.0.1:58466: session id = 337cc6ae2bc04fcb8da3cf8483b3c92b-27d4ce380900470ca766aeda88947950
I20260713 09:01:07.524868  1724 tablet_copy_source_session.cc:215] T 6bc45097ae68480896b5b10ec8f36d71 P a4f0ab35f88b4076b1601a1c6a7a7942: Tablet Copy: opened 0 blocks and 1 log segments
I20260713 09:01:07.527721  1722 tablet_copy_service.cc:140] P a4f0ab35f88b4076b1601a1c6a7a7942: Received BeginTabletCopySession request for tablet 847ed4f158254673aae46fc399a01e79 from peer 337cc6ae2bc04fcb8da3cf8483b3c92b ({username='slave'} at 127.0.0.1:58466)
I20260713 09:01:07.528505  1722 tablet_copy_service.cc:161] P a4f0ab35f88b4076b1601a1c6a7a7942: Beginning new tablet copy session on tablet 847ed4f158254673aae46fc399a01e79 from peer 337cc6ae2bc04fcb8da3cf8483b3c92b at {username='slave'} at 127.0.0.1:58466: session id = 337cc6ae2bc04fcb8da3cf8483b3c92b-847ed4f158254673aae46fc399a01e79
I20260713 09:01:07.528769  2258 data_dirs.cc:400] Could only allocate 1 dirs of requested 3 for tablet 6bc45097ae68480896b5b10ec8f36d71. 1 dirs total, 0 dirs full, 0 dirs failed
I20260713 09:01:07.531999  2261 data_dirs.cc:400] Could only allocate 1 dirs of requested 3 for tablet 3e76bea2530748a6b1ef68ca49d3ced9. 1 dirs total, 0 dirs full, 0 dirs failed
I20260713 09:01:07.535576  1722 tablet_copy_source_session.cc:215] T 847ed4f158254673aae46fc399a01e79 P a4f0ab35f88b4076b1601a1c6a7a7942: Tablet Copy: opened 0 blocks and 1 log segments
I20260713 09:01:07.538760  2262 data_dirs.cc:400] Could only allocate 1 dirs of requested 3 for tablet 847ed4f158254673aae46fc399a01e79. 1 dirs total, 0 dirs full, 0 dirs failed
I20260713 09:01:07.533905  1723 tablet_copy_source_session.cc:215] T 27d4ce380900470ca766aeda88947950 P a4f0ab35f88b4076b1601a1c6a7a7942: Tablet Copy: opened 0 blocks and 1 log segments
I20260713 09:01:07.549185  2258 tablet_copy_client.cc:806] T 6bc45097ae68480896b5b10ec8f36d71 P 337cc6ae2bc04fcb8da3cf8483b3c92b: tablet copy: Starting download of 0 data blocks...
I20260713 09:01:07.549808  2258 tablet_copy_client.cc:670] T 6bc45097ae68480896b5b10ec8f36d71 P 337cc6ae2bc04fcb8da3cf8483b3c92b: tablet copy: Starting download of 1 WAL segments...
I20260713 09:01:07.553422  2258 tablet_copy_client.cc:538] T 6bc45097ae68480896b5b10ec8f36d71 P 337cc6ae2bc04fcb8da3cf8483b3c92b: tablet copy: Tablet Copy complete. Replacing tablet superblock.
I20260713 09:01:07.554903  2260 data_dirs.cc:400] Could only allocate 1 dirs of requested 3 for tablet 27d4ce380900470ca766aeda88947950. 1 dirs total, 0 dirs full, 0 dirs failed
I20260713 09:01:07.561224  2258 tablet_bootstrap.cc:492] T 6bc45097ae68480896b5b10ec8f36d71 P 337cc6ae2bc04fcb8da3cf8483b3c92b: Bootstrap starting.
I20260713 09:01:07.564749  2261 tablet_copy_client.cc:806] T 3e76bea2530748a6b1ef68ca49d3ced9 P 337cc6ae2bc04fcb8da3cf8483b3c92b: tablet copy: Starting download of 0 data blocks...
I20260713 09:01:07.565208  2262 tablet_copy_client.cc:806] T 847ed4f158254673aae46fc399a01e79 P 337cc6ae2bc04fcb8da3cf8483b3c92b: tablet copy: Starting download of 0 data blocks...
I20260713 09:01:07.565745  2262 tablet_copy_client.cc:670] T 847ed4f158254673aae46fc399a01e79 P 337cc6ae2bc04fcb8da3cf8483b3c92b: tablet copy: Starting download of 1 WAL segments...
I20260713 09:01:07.565243  2261 tablet_copy_client.cc:670] T 3e76bea2530748a6b1ef68ca49d3ced9 P 337cc6ae2bc04fcb8da3cf8483b3c92b: tablet copy: Starting download of 1 WAL segments...
I20260713 09:01:07.570521  2261 tablet_copy_client.cc:538] T 3e76bea2530748a6b1ef68ca49d3ced9 P 337cc6ae2bc04fcb8da3cf8483b3c92b: tablet copy: Tablet Copy complete. Replacing tablet superblock.
I20260713 09:01:07.573947  2262 tablet_copy_client.cc:538] T 847ed4f158254673aae46fc399a01e79 P 337cc6ae2bc04fcb8da3cf8483b3c92b: tablet copy: Tablet Copy complete. Replacing tablet superblock.
I20260713 09:01:07.583824  2262 tablet_bootstrap.cc:492] T 847ed4f158254673aae46fc399a01e79 P 337cc6ae2bc04fcb8da3cf8483b3c92b: Bootstrap starting.
I20260713 09:01:07.587872  2261 tablet_bootstrap.cc:492] T 3e76bea2530748a6b1ef68ca49d3ced9 P 337cc6ae2bc04fcb8da3cf8483b3c92b: Bootstrap starting.
I20260713 09:01:07.587304  2260 tablet_copy_client.cc:806] T 27d4ce380900470ca766aeda88947950 P 337cc6ae2bc04fcb8da3cf8483b3c92b: tablet copy: Starting download of 0 data blocks...
I20260713 09:01:07.588747  2260 tablet_copy_client.cc:670] T 27d4ce380900470ca766aeda88947950 P 337cc6ae2bc04fcb8da3cf8483b3c92b: tablet copy: Starting download of 1 WAL segments...
I20260713 09:01:07.593480  2260 tablet_copy_client.cc:538] T 27d4ce380900470ca766aeda88947950 P 337cc6ae2bc04fcb8da3cf8483b3c92b: tablet copy: Tablet Copy complete. Replacing tablet superblock.
I20260713 09:01:07.593927  2258 tablet_bootstrap.cc:492] T 6bc45097ae68480896b5b10ec8f36d71 P 337cc6ae2bc04fcb8da3cf8483b3c92b: Bootstrap replayed 1/1 log segments. Stats: ops{read=2 overwritten=0 applied=2 ignored=0} inserts{seen=0 ignored=0} mutations{seen=0 ignored=0} orphaned_commits=0. Pending: 0 replicates
I20260713 09:01:07.605468  2258 tablet_bootstrap.cc:492] T 6bc45097ae68480896b5b10ec8f36d71 P 337cc6ae2bc04fcb8da3cf8483b3c92b: Bootstrap complete.
I20260713 09:01:07.606184  2258 ts_tablet_manager.cc:1403] T 6bc45097ae68480896b5b10ec8f36d71 P 337cc6ae2bc04fcb8da3cf8483b3c92b: Time spent bootstrapping tablet: real 0.045s	user 0.019s	sys 0.006s
I20260713 09:01:07.607954  2260 tablet_bootstrap.cc:492] T 27d4ce380900470ca766aeda88947950 P 337cc6ae2bc04fcb8da3cf8483b3c92b: Bootstrap starting.
I20260713 09:01:07.616668  2258 raft_consensus.cc:359] T 6bc45097ae68480896b5b10ec8f36d71 P 337cc6ae2bc04fcb8da3cf8483b3c92b [term 2 LEARNER]: Replica starting. Triggering 0 pending ops. Active config: opid_index: 2 OBSOLETE_local: false peers { permanent_uuid: "0167f495abb840c1a1bb399e5c78eb7f" member_type: VOTER last_known_addr { host: "127.0.107.193" port: 45477 } } peers { permanent_uuid: "3e2915b7aa2d442b9bb6354a57a2adda" member_type: VOTER last_known_addr { host: "127.0.107.194" port: 38563 } attrs { replace: true } } peers { permanent_uuid: "a4f0ab35f88b4076b1601a1c6a7a7942" member_type: VOTER last_known_addr { host: "127.0.107.195" port: 45257 } } peers { permanent_uuid: "337cc6ae2bc04fcb8da3cf8483b3c92b" member_type: NON_VOTER last_known_addr { host: "127.0.107.196" port: 39197 } attrs { promote: true } }
I20260713 09:01:07.617503  2258 raft_consensus.cc:740] T 6bc45097ae68480896b5b10ec8f36d71 P 337cc6ae2bc04fcb8da3cf8483b3c92b [term 2 LEARNER]: Becoming Follower/Learner. State: Replica: 337cc6ae2bc04fcb8da3cf8483b3c92b, State: Initialized, Role: LEARNER
I20260713 09:01:07.618124  2258 consensus_queue.cc:260] T 6bc45097ae68480896b5b10ec8f36d71 P 337cc6ae2bc04fcb8da3cf8483b3c92b [NON_LEADER]: Queue going to NON_LEADER mode. State: All replicated index: 0, Majority replicated index: 0, Committed index: 2, Last appended: 2.2, Last appended by leader: 2, Current term: 0, Majority size: -1, State: 0, Mode: NON_LEADER, active raft config: opid_index: 2 OBSOLETE_local: false peers { permanent_uuid: "0167f495abb840c1a1bb399e5c78eb7f" member_type: VOTER last_known_addr { host: "127.0.107.193" port: 45477 } } peers { permanent_uuid: "3e2915b7aa2d442b9bb6354a57a2adda" member_type: VOTER last_known_addr { host: "127.0.107.194" port: 38563 } attrs { replace: true } } peers { permanent_uuid: "a4f0ab35f88b4076b1601a1c6a7a7942" member_type: VOTER last_known_addr { host: "127.0.107.195" port: 45257 } } peers { permanent_uuid: "337cc6ae2bc04fcb8da3cf8483b3c92b" member_type: NON_VOTER last_known_addr { host: "127.0.107.196" port: 39197 } attrs { promote: true } }
I20260713 09:01:07.634116  2262 tablet_bootstrap.cc:492] T 847ed4f158254673aae46fc399a01e79 P 337cc6ae2bc04fcb8da3cf8483b3c92b: Bootstrap replayed 1/1 log segments. Stats: ops{read=2 overwritten=0 applied=2 ignored=0} inserts{seen=0 ignored=0} mutations{seen=0 ignored=0} orphaned_commits=0. Pending: 0 replicates
I20260713 09:01:07.639506  2262 tablet_bootstrap.cc:492] T 847ed4f158254673aae46fc399a01e79 P 337cc6ae2bc04fcb8da3cf8483b3c92b: Bootstrap complete.
I20260713 09:01:07.644464  2262 ts_tablet_manager.cc:1403] T 847ed4f158254673aae46fc399a01e79 P 337cc6ae2bc04fcb8da3cf8483b3c92b: Time spent bootstrapping tablet: real 0.061s	user 0.020s	sys 0.004s
I20260713 09:01:07.647336  2262 raft_consensus.cc:359] T 847ed4f158254673aae46fc399a01e79 P 337cc6ae2bc04fcb8da3cf8483b3c92b [term 1 LEARNER]: Replica starting. Triggering 0 pending ops. Active config: opid_index: 2 OBSOLETE_local: false peers { permanent_uuid: "0167f495abb840c1a1bb399e5c78eb7f" member_type: VOTER last_known_addr { host: "127.0.107.193" port: 45477 } attrs { replace: true } } peers { permanent_uuid: "3e2915b7aa2d442b9bb6354a57a2adda" member_type: VOTER last_known_addr { host: "127.0.107.194" port: 38563 } } peers { permanent_uuid: "a4f0ab35f88b4076b1601a1c6a7a7942" member_type: VOTER last_known_addr { host: "127.0.107.195" port: 45257 } } peers { permanent_uuid: "337cc6ae2bc04fcb8da3cf8483b3c92b" member_type: NON_VOTER last_known_addr { host: "127.0.107.196" port: 39197 } attrs { promote: true } }
I20260713 09:01:07.648164  2262 raft_consensus.cc:740] T 847ed4f158254673aae46fc399a01e79 P 337cc6ae2bc04fcb8da3cf8483b3c92b [term 1 LEARNER]: Becoming Follower/Learner. State: Replica: 337cc6ae2bc04fcb8da3cf8483b3c92b, State: Initialized, Role: LEARNER
I20260713 09:01:07.648790  2262 consensus_queue.cc:260] T 847ed4f158254673aae46fc399a01e79 P 337cc6ae2bc04fcb8da3cf8483b3c92b [NON_LEADER]: Queue going to NON_LEADER mode. State: All replicated index: 0, Majority replicated index: 0, Committed index: 2, Last appended: 1.2, Last appended by leader: 2, Current term: 0, Majority size: -1, State: 0, Mode: NON_LEADER, active raft config: opid_index: 2 OBSOLETE_local: false peers { permanent_uuid: "0167f495abb840c1a1bb399e5c78eb7f" member_type: VOTER last_known_addr { host: "127.0.107.193" port: 45477 } attrs { replace: true } } peers { permanent_uuid: "3e2915b7aa2d442b9bb6354a57a2adda" member_type: VOTER last_known_addr { host: "127.0.107.194" port: 38563 } } peers { permanent_uuid: "a4f0ab35f88b4076b1601a1c6a7a7942" member_type: VOTER last_known_addr { host: "127.0.107.195" port: 45257 } } peers { permanent_uuid: "337cc6ae2bc04fcb8da3cf8483b3c92b" member_type: NON_VOTER last_known_addr { host: "127.0.107.196" port: 39197 } attrs { promote: true } }
I20260713 09:01:07.643811  2260 tablet_bootstrap.cc:492] T 27d4ce380900470ca766aeda88947950 P 337cc6ae2bc04fcb8da3cf8483b3c92b: Bootstrap replayed 1/1 log segments. Stats: ops{read=2 overwritten=0 applied=2 ignored=0} inserts{seen=0 ignored=0} mutations{seen=0 ignored=0} orphaned_commits=0. Pending: 0 replicates
I20260713 09:01:07.650413  2260 tablet_bootstrap.cc:492] T 27d4ce380900470ca766aeda88947950 P 337cc6ae2bc04fcb8da3cf8483b3c92b: Bootstrap complete.
I20260713 09:01:07.650859  2261 tablet_bootstrap.cc:492] T 3e76bea2530748a6b1ef68ca49d3ced9 P 337cc6ae2bc04fcb8da3cf8483b3c92b: Bootstrap replayed 1/1 log segments. Stats: ops{read=2 overwritten=0 applied=2 ignored=0} inserts{seen=0 ignored=0} mutations{seen=0 ignored=0} orphaned_commits=0. Pending: 0 replicates
I20260713 09:01:07.651065  2260 ts_tablet_manager.cc:1403] T 27d4ce380900470ca766aeda88947950 P 337cc6ae2bc04fcb8da3cf8483b3c92b: Time spent bootstrapping tablet: real 0.043s	user 0.018s	sys 0.005s
I20260713 09:01:07.651741  2261 tablet_bootstrap.cc:492] T 3e76bea2530748a6b1ef68ca49d3ced9 P 337cc6ae2bc04fcb8da3cf8483b3c92b: Bootstrap complete.
I20260713 09:01:07.652504  2261 ts_tablet_manager.cc:1403] T 3e76bea2530748a6b1ef68ca49d3ced9 P 337cc6ae2bc04fcb8da3cf8483b3c92b: Time spent bootstrapping tablet: real 0.065s	user 0.021s	sys 0.005s
I20260713 09:01:07.655335  2262 ts_tablet_manager.cc:1434] T 847ed4f158254673aae46fc399a01e79 P 337cc6ae2bc04fcb8da3cf8483b3c92b: Time spent starting tablet: real 0.011s	user 0.005s	sys 0.001s
I20260713 09:01:07.655126  2261 raft_consensus.cc:359] T 3e76bea2530748a6b1ef68ca49d3ced9 P 337cc6ae2bc04fcb8da3cf8483b3c92b [term 1 LEARNER]: Replica starting. Triggering 0 pending ops. Active config: opid_index: 2 OBSOLETE_local: false peers { permanent_uuid: "a4f0ab35f88b4076b1601a1c6a7a7942" member_type: VOTER last_known_addr { host: "127.0.107.195" port: 45257 } attrs { replace: true } } peers { permanent_uuid: "3e2915b7aa2d442b9bb6354a57a2adda" member_type: VOTER last_known_addr { host: "127.0.107.194" port: 38563 } } peers { permanent_uuid: "0167f495abb840c1a1bb399e5c78eb7f" member_type: VOTER last_known_addr { host: "127.0.107.193" port: 45477 } } peers { permanent_uuid: "337cc6ae2bc04fcb8da3cf8483b3c92b" member_type: NON_VOTER last_known_addr { host: "127.0.107.196" port: 39197 } attrs { promote: true } }
I20260713 09:01:07.656881  1723 tablet_copy_service.cc:342] P a4f0ab35f88b4076b1601a1c6a7a7942: Request end of tablet copy session 337cc6ae2bc04fcb8da3cf8483b3c92b-847ed4f158254673aae46fc399a01e79 received from {username='slave'} at 127.0.0.1:58466
I20260713 09:01:07.658210  2260 raft_consensus.cc:359] T 27d4ce380900470ca766aeda88947950 P 337cc6ae2bc04fcb8da3cf8483b3c92b [term 1 LEARNER]: Replica starting. Triggering 0 pending ops. Active config: opid_index: 2 OBSOLETE_local: false peers { permanent_uuid: "0167f495abb840c1a1bb399e5c78eb7f" member_type: VOTER last_known_addr { host: "127.0.107.193" port: 45477 } attrs { replace: true } } peers { permanent_uuid: "3e2915b7aa2d442b9bb6354a57a2adda" member_type: VOTER last_known_addr { host: "127.0.107.194" port: 38563 } } peers { permanent_uuid: "a4f0ab35f88b4076b1601a1c6a7a7942" member_type: VOTER last_known_addr { host: "127.0.107.195" port: 45257 } } peers { permanent_uuid: "337cc6ae2bc04fcb8da3cf8483b3c92b" member_type: NON_VOTER last_known_addr { host: "127.0.107.196" port: 39197 } attrs { promote: true } }
I20260713 09:01:07.661322  1723 tablet_copy_service.cc:434] P a4f0ab35f88b4076b1601a1c6a7a7942: ending tablet copy session 337cc6ae2bc04fcb8da3cf8483b3c92b-847ed4f158254673aae46fc399a01e79 on tablet 847ed4f158254673aae46fc399a01e79 with peer 337cc6ae2bc04fcb8da3cf8483b3c92b
I20260713 09:01:07.661469  2260 raft_consensus.cc:740] T 27d4ce380900470ca766aeda88947950 P 337cc6ae2bc04fcb8da3cf8483b3c92b [term 1 LEARNER]: Becoming Follower/Learner. State: Replica: 337cc6ae2bc04fcb8da3cf8483b3c92b, State: Initialized, Role: LEARNER
I20260713 09:01:07.660930  2258 ts_tablet_manager.cc:1434] T 6bc45097ae68480896b5b10ec8f36d71 P 337cc6ae2bc04fcb8da3cf8483b3c92b: Time spent starting tablet: real 0.054s	user 0.012s	sys 0.004s
I20260713 09:01:07.662122  2260 consensus_queue.cc:260] T 27d4ce380900470ca766aeda88947950 P 337cc6ae2bc04fcb8da3cf8483b3c92b [NON_LEADER]: Queue going to NON_LEADER mode. State: All replicated index: 0, Majority replicated index: 0, Committed index: 2, Last appended: 1.2, Last appended by leader: 2, Current term: 0, Majority size: -1, State: 0, Mode: NON_LEADER, active raft config: opid_index: 2 OBSOLETE_local: false peers { permanent_uuid: "0167f495abb840c1a1bb399e5c78eb7f" member_type: VOTER last_known_addr { host: "127.0.107.193" port: 45477 } attrs { replace: true } } peers { permanent_uuid: "3e2915b7aa2d442b9bb6354a57a2adda" member_type: VOTER last_known_addr { host: "127.0.107.194" port: 38563 } } peers { permanent_uuid: "a4f0ab35f88b4076b1601a1c6a7a7942" member_type: VOTER last_known_addr { host: "127.0.107.195" port: 45257 } } peers { permanent_uuid: "337cc6ae2bc04fcb8da3cf8483b3c92b" member_type: NON_VOTER last_known_addr { host: "127.0.107.196" port: 39197 } attrs { promote: true } }
I20260713 09:01:07.664243  1723 tablet_copy_service.cc:342] P a4f0ab35f88b4076b1601a1c6a7a7942: Request end of tablet copy session 337cc6ae2bc04fcb8da3cf8483b3c92b-6bc45097ae68480896b5b10ec8f36d71 received from {username='slave'} at 127.0.0.1:58466
I20260713 09:01:07.664619  1723 tablet_copy_service.cc:434] P a4f0ab35f88b4076b1601a1c6a7a7942: ending tablet copy session 337cc6ae2bc04fcb8da3cf8483b3c92b-6bc45097ae68480896b5b10ec8f36d71 on tablet 6bc45097ae68480896b5b10ec8f36d71 with peer 337cc6ae2bc04fcb8da3cf8483b3c92b
I20260713 09:01:07.665628  2260 ts_tablet_manager.cc:1434] T 27d4ce380900470ca766aeda88947950 P 337cc6ae2bc04fcb8da3cf8483b3c92b: Time spent starting tablet: real 0.014s	user 0.003s	sys 0.003s
I20260713 09:01:07.666831  2261 raft_consensus.cc:740] T 3e76bea2530748a6b1ef68ca49d3ced9 P 337cc6ae2bc04fcb8da3cf8483b3c92b [term 1 LEARNER]: Becoming Follower/Learner. State: Replica: 337cc6ae2bc04fcb8da3cf8483b3c92b, State: Initialized, Role: LEARNER
I20260713 09:01:07.667248  1723 tablet_copy_service.cc:342] P a4f0ab35f88b4076b1601a1c6a7a7942: Request end of tablet copy session 337cc6ae2bc04fcb8da3cf8483b3c92b-27d4ce380900470ca766aeda88947950 received from {username='slave'} at 127.0.0.1:58466
I20260713 09:01:07.667622  1723 tablet_copy_service.cc:434] P a4f0ab35f88b4076b1601a1c6a7a7942: ending tablet copy session 337cc6ae2bc04fcb8da3cf8483b3c92b-27d4ce380900470ca766aeda88947950 on tablet 27d4ce380900470ca766aeda88947950 with peer 337cc6ae2bc04fcb8da3cf8483b3c92b
I20260713 09:01:07.667603  2261 consensus_queue.cc:260] T 3e76bea2530748a6b1ef68ca49d3ced9 P 337cc6ae2bc04fcb8da3cf8483b3c92b [NON_LEADER]: Queue going to NON_LEADER mode. State: All replicated index: 0, Majority replicated index: 0, Committed index: 2, Last appended: 1.2, Last appended by leader: 2, Current term: 0, Majority size: -1, State: 0, Mode: NON_LEADER, active raft config: opid_index: 2 OBSOLETE_local: false peers { permanent_uuid: "a4f0ab35f88b4076b1601a1c6a7a7942" member_type: VOTER last_known_addr { host: "127.0.107.195" port: 45257 } attrs { replace: true } } peers { permanent_uuid: "3e2915b7aa2d442b9bb6354a57a2adda" member_type: VOTER last_known_addr { host: "127.0.107.194" port: 38563 } } peers { permanent_uuid: "0167f495abb840c1a1bb399e5c78eb7f" member_type: VOTER last_known_addr { host: "127.0.107.193" port: 45477 } } peers { permanent_uuid: "337cc6ae2bc04fcb8da3cf8483b3c92b" member_type: NON_VOTER last_known_addr { host: "127.0.107.196" port: 39197 } attrs { promote: true } }
I20260713 09:01:07.671264  2261 ts_tablet_manager.cc:1434] T 3e76bea2530748a6b1ef68ca49d3ced9 P 337cc6ae2bc04fcb8da3cf8483b3c92b: Time spent starting tablet: real 0.018s	user 0.005s	sys 0.000s
I20260713 09:01:07.673069  1650 tablet_copy_service.cc:342] P 3e2915b7aa2d442b9bb6354a57a2adda: Request end of tablet copy session 337cc6ae2bc04fcb8da3cf8483b3c92b-3e76bea2530748a6b1ef68ca49d3ced9 received from {username='slave'} at 127.0.0.1:37058
I20260713 09:01:07.673516  1650 tablet_copy_service.cc:434] P 3e2915b7aa2d442b9bb6354a57a2adda: ending tablet copy session 337cc6ae2bc04fcb8da3cf8483b3c92b-3e76bea2530748a6b1ef68ca49d3ced9 on tablet 3e76bea2530748a6b1ef68ca49d3ced9 with peer 337cc6ae2bc04fcb8da3cf8483b3c92b
I20260713 09:01:07.859643  1984 raft_consensus.cc:1217] T 6bc45097ae68480896b5b10ec8f36d71 P 337cc6ae2bc04fcb8da3cf8483b3c92b [term 2 LEARNER]: Deduplicated request from leader. Original: 2.1->[2.2-2.2]   Dedup: 2.2->[]
I20260713 09:01:07.884552  1984 raft_consensus.cc:1217] T 3e76bea2530748a6b1ef68ca49d3ced9 P 337cc6ae2bc04fcb8da3cf8483b3c92b [term 1 LEARNER]: Deduplicated request from leader. Original: 1.1->[1.2-1.2]   Dedup: 1.2->[]
I20260713 09:01:07.969267  1984 raft_consensus.cc:1217] T 27d4ce380900470ca766aeda88947950 P 337cc6ae2bc04fcb8da3cf8483b3c92b [term 1 LEARNER]: Deduplicated request from leader. Original: 1.1->[1.2-1.2]   Dedup: 1.2->[]
I20260713 09:01:07.980588  1985 raft_consensus.cc:1217] T 847ed4f158254673aae46fc399a01e79 P 337cc6ae2bc04fcb8da3cf8483b3c92b [term 1 LEARNER]: Deduplicated request from leader. Original: 1.1->[1.2-1.2]   Dedup: 1.2->[]
I20260713 09:01:08.297909  2217 raft_consensus.cc:1064] T 6bc45097ae68480896b5b10ec8f36d71 P a4f0ab35f88b4076b1601a1c6a7a7942: attempting to promote NON_VOTER 337cc6ae2bc04fcb8da3cf8483b3c92b to VOTER
I20260713 09:01:08.300310  2217 consensus_queue.cc:237] T 6bc45097ae68480896b5b10ec8f36d71 P a4f0ab35f88b4076b1601a1c6a7a7942 [LEADER]: Queue going to LEADER mode. State: All replicated index: 0, Majority replicated index: 2, Committed index: 2, Last appended: 2.2, Last appended by leader: 0, Current term: 2, Majority size: 3, State: 0, Mode: LEADER, active raft config: opid_index: 3 OBSOLETE_local: false peers { permanent_uuid: "0167f495abb840c1a1bb399e5c78eb7f" member_type: VOTER last_known_addr { host: "127.0.107.193" port: 45477 } } peers { permanent_uuid: "3e2915b7aa2d442b9bb6354a57a2adda" member_type: VOTER last_known_addr { host: "127.0.107.194" port: 38563 } attrs { replace: true } } peers { permanent_uuid: "a4f0ab35f88b4076b1601a1c6a7a7942" member_type: VOTER last_known_addr { host: "127.0.107.195" port: 45257 } } peers { permanent_uuid: "337cc6ae2bc04fcb8da3cf8483b3c92b" member_type: VOTER last_known_addr { host: "127.0.107.196" port: 39197 } attrs { promote: false } }
I20260713 09:01:08.306046  1985 raft_consensus.cc:1275] T 6bc45097ae68480896b5b10ec8f36d71 P 337cc6ae2bc04fcb8da3cf8483b3c92b [term 2 LEARNER]: Refusing update from remote peer a4f0ab35f88b4076b1601a1c6a7a7942: Log matching property violated. Preceding OpId in replica: term: 2 index: 2. Preceding OpId from leader: term: 2 index: 3. (index mismatch)
I20260713 09:01:08.307246  2217 consensus_queue.cc:1048] T 6bc45097ae68480896b5b10ec8f36d71 P a4f0ab35f88b4076b1601a1c6a7a7942 [LEADER]: Connected to new peer: Peer: permanent_uuid: "337cc6ae2bc04fcb8da3cf8483b3c92b" member_type: VOTER last_known_addr { host: "127.0.107.196" port: 39197 } attrs { promote: false }, Status: LMP_MISMATCH, Last received: 0.0, Next index: 3, Last known committed idx: 2, Time since last communication: 0.000s
I20260713 09:01:08.308988  1557 raft_consensus.cc:1275] T 6bc45097ae68480896b5b10ec8f36d71 P 0167f495abb840c1a1bb399e5c78eb7f [term 2 FOLLOWER]: Refusing update from remote peer a4f0ab35f88b4076b1601a1c6a7a7942: Log matching property violated. Preceding OpId in replica: term: 2 index: 2. Preceding OpId from leader: term: 2 index: 3. (index mismatch)
I20260713 09:01:08.309036  1636 raft_consensus.cc:1275] T 6bc45097ae68480896b5b10ec8f36d71 P 3e2915b7aa2d442b9bb6354a57a2adda [term 2 FOLLOWER]: Refusing update from remote peer a4f0ab35f88b4076b1601a1c6a7a7942: Log matching property violated. Preceding OpId in replica: term: 2 index: 2. Preceding OpId from leader: term: 2 index: 3. (index mismatch)
I20260713 09:01:08.310528  2217 consensus_queue.cc:1048] T 6bc45097ae68480896b5b10ec8f36d71 P a4f0ab35f88b4076b1601a1c6a7a7942 [LEADER]: Connected to new peer: Peer: permanent_uuid: "3e2915b7aa2d442b9bb6354a57a2adda" member_type: VOTER last_known_addr { host: "127.0.107.194" port: 38563 } attrs { replace: true }, Status: LMP_MISMATCH, Last received: 0.0, Next index: 3, Last known committed idx: 2, Time since last communication: 0.000s
I20260713 09:01:08.311354  2253 consensus_queue.cc:1048] T 6bc45097ae68480896b5b10ec8f36d71 P a4f0ab35f88b4076b1601a1c6a7a7942 [LEADER]: Connected to new peer: Peer: permanent_uuid: "0167f495abb840c1a1bb399e5c78eb7f" member_type: VOTER last_known_addr { host: "127.0.107.193" port: 45477 }, Status: LMP_MISMATCH, Last received: 0.0, Next index: 3, Last known committed idx: 2, Time since last communication: 0.000s
I20260713 09:01:08.318639  2253 raft_consensus.cc:2955] T 6bc45097ae68480896b5b10ec8f36d71 P a4f0ab35f88b4076b1601a1c6a7a7942 [term 2 LEADER]: Committing config change with OpId 2.3: config changed from index 2 to 3, 337cc6ae2bc04fcb8da3cf8483b3c92b (127.0.107.196) changed from NON_VOTER to VOTER. New config: { opid_index: 3 OBSOLETE_local: false peers { permanent_uuid: "0167f495abb840c1a1bb399e5c78eb7f" member_type: VOTER last_known_addr { host: "127.0.107.193" port: 45477 } } peers { permanent_uuid: "3e2915b7aa2d442b9bb6354a57a2adda" member_type: VOTER last_known_addr { host: "127.0.107.194" port: 38563 } attrs { replace: true } } peers { permanent_uuid: "a4f0ab35f88b4076b1601a1c6a7a7942" member_type: VOTER last_known_addr { host: "127.0.107.195" port: 45257 } } peers { permanent_uuid: "337cc6ae2bc04fcb8da3cf8483b3c92b" member_type: VOTER last_known_addr { host: "127.0.107.196" port: 39197 } attrs { promote: false } } }
I20260713 09:01:08.320452  1636 raft_consensus.cc:2955] T 6bc45097ae68480896b5b10ec8f36d71 P 3e2915b7aa2d442b9bb6354a57a2adda [term 2 FOLLOWER]: Committing config change with OpId 2.3: config changed from index 2 to 3, 337cc6ae2bc04fcb8da3cf8483b3c92b (127.0.107.196) changed from NON_VOTER to VOTER. New config: { opid_index: 3 OBSOLETE_local: false peers { permanent_uuid: "0167f495abb840c1a1bb399e5c78eb7f" member_type: VOTER last_known_addr { host: "127.0.107.193" port: 45477 } } peers { permanent_uuid: "3e2915b7aa2d442b9bb6354a57a2adda" member_type: VOTER last_known_addr { host: "127.0.107.194" port: 38563 } attrs { replace: true } } peers { permanent_uuid: "a4f0ab35f88b4076b1601a1c6a7a7942" member_type: VOTER last_known_addr { host: "127.0.107.195" port: 45257 } } peers { permanent_uuid: "337cc6ae2bc04fcb8da3cf8483b3c92b" member_type: VOTER last_known_addr { host: "127.0.107.196" port: 39197 } attrs { promote: false } } }
I20260713 09:01:08.326850  1984 raft_consensus.cc:2955] T 6bc45097ae68480896b5b10ec8f36d71 P 337cc6ae2bc04fcb8da3cf8483b3c92b [term 2 FOLLOWER]: Committing config change with OpId 2.3: config changed from index 2 to 3, 337cc6ae2bc04fcb8da3cf8483b3c92b (127.0.107.196) changed from NON_VOTER to VOTER. New config: { opid_index: 3 OBSOLETE_local: false peers { permanent_uuid: "0167f495abb840c1a1bb399e5c78eb7f" member_type: VOTER last_known_addr { host: "127.0.107.193" port: 45477 } } peers { permanent_uuid: "3e2915b7aa2d442b9bb6354a57a2adda" member_type: VOTER last_known_addr { host: "127.0.107.194" port: 38563 } attrs { replace: true } } peers { permanent_uuid: "a4f0ab35f88b4076b1601a1c6a7a7942" member_type: VOTER last_known_addr { host: "127.0.107.195" port: 45257 } } peers { permanent_uuid: "337cc6ae2bc04fcb8da3cf8483b3c92b" member_type: VOTER last_known_addr { host: "127.0.107.196" port: 39197 } attrs { promote: false } } }
I20260713 09:01:08.328426  1557 raft_consensus.cc:2955] T 6bc45097ae68480896b5b10ec8f36d71 P 0167f495abb840c1a1bb399e5c78eb7f [term 2 FOLLOWER]: Committing config change with OpId 2.3: config changed from index 2 to 3, 337cc6ae2bc04fcb8da3cf8483b3c92b (127.0.107.196) changed from NON_VOTER to VOTER. New config: { opid_index: 3 OBSOLETE_local: false peers { permanent_uuid: "0167f495abb840c1a1bb399e5c78eb7f" member_type: VOTER last_known_addr { host: "127.0.107.193" port: 45477 } } peers { permanent_uuid: "3e2915b7aa2d442b9bb6354a57a2adda" member_type: VOTER last_known_addr { host: "127.0.107.194" port: 38563 } attrs { replace: true } } peers { permanent_uuid: "a4f0ab35f88b4076b1601a1c6a7a7942" member_type: VOTER last_known_addr { host: "127.0.107.195" port: 45257 } } peers { permanent_uuid: "337cc6ae2bc04fcb8da3cf8483b3c92b" member_type: VOTER last_known_addr { host: "127.0.107.196" port: 39197 } attrs { promote: false } } }
I20260713 09:01:08.332388  1460 catalog_manager.cc:5697] T 6bc45097ae68480896b5b10ec8f36d71 P a4f0ab35f88b4076b1601a1c6a7a7942 reported cstate change: config changed from index 2 to 3, 337cc6ae2bc04fcb8da3cf8483b3c92b (127.0.107.196) changed from NON_VOTER to VOTER. New cstate: current_term: 2 leader_uuid: "a4f0ab35f88b4076b1601a1c6a7a7942" committed_config { opid_index: 3 OBSOLETE_local: false peers { permanent_uuid: "0167f495abb840c1a1bb399e5c78eb7f" member_type: VOTER last_known_addr { host: "127.0.107.193" port: 45477 } health_report { overall_health: HEALTHY } } peers { permanent_uuid: "3e2915b7aa2d442b9bb6354a57a2adda" member_type: VOTER last_known_addr { host: "127.0.107.194" port: 38563 } attrs { replace: true } health_report { overall_health: HEALTHY } } peers { permanent_uuid: "a4f0ab35f88b4076b1601a1c6a7a7942" member_type: VOTER last_known_addr { host: "127.0.107.195" port: 45257 } health_report { overall_health: HEALTHY } } peers { permanent_uuid: "337cc6ae2bc04fcb8da3cf8483b3c92b" member_type: VOTER last_known_addr { host: "127.0.107.196" port: 39197 } attrs { promote: false } health_report { overall_health: HEALTHY } } }
I20260713 09:01:08.350206  1712 consensus_queue.cc:237] T 6bc45097ae68480896b5b10ec8f36d71 P a4f0ab35f88b4076b1601a1c6a7a7942 [LEADER]: Queue going to LEADER mode. State: All replicated index: 0, Majority replicated index: 3, Committed index: 3, Last appended: 2.3, Last appended by leader: 0, Current term: 2, Majority size: 2, State: 0, Mode: LEADER, active raft config: opid_index: 4 OBSOLETE_local: false peers { permanent_uuid: "0167f495abb840c1a1bb399e5c78eb7f" member_type: VOTER last_known_addr { host: "127.0.107.193" port: 45477 } } peers { permanent_uuid: "a4f0ab35f88b4076b1601a1c6a7a7942" member_type: VOTER last_known_addr { host: "127.0.107.195" port: 45257 } } peers { permanent_uuid: "337cc6ae2bc04fcb8da3cf8483b3c92b" member_type: VOTER last_known_addr { host: "127.0.107.196" port: 39197 } attrs { promote: false } }
I20260713 09:01:08.361568  1985 raft_consensus.cc:1275] T 6bc45097ae68480896b5b10ec8f36d71 P 337cc6ae2bc04fcb8da3cf8483b3c92b [term 2 FOLLOWER]: Refusing update from remote peer a4f0ab35f88b4076b1601a1c6a7a7942: Log matching property violated. Preceding OpId in replica: term: 2 index: 3. Preceding OpId from leader: term: 2 index: 4. (index mismatch)
I20260713 09:01:08.361683  1557 raft_consensus.cc:1275] T 6bc45097ae68480896b5b10ec8f36d71 P 0167f495abb840c1a1bb399e5c78eb7f [term 2 FOLLOWER]: Refusing update from remote peer a4f0ab35f88b4076b1601a1c6a7a7942: Log matching property violated. Preceding OpId in replica: term: 2 index: 3. Preceding OpId from leader: term: 2 index: 4. (index mismatch)
I20260713 09:01:08.362902  2253 consensus_queue.cc:1048] T 6bc45097ae68480896b5b10ec8f36d71 P a4f0ab35f88b4076b1601a1c6a7a7942 [LEADER]: Connected to new peer: Peer: permanent_uuid: "337cc6ae2bc04fcb8da3cf8483b3c92b" member_type: VOTER last_known_addr { host: "127.0.107.196" port: 39197 } attrs { promote: false }, Status: LMP_MISMATCH, Last received: 0.0, Next index: 4, Last known committed idx: 3, Time since last communication: 0.000s
I20260713 09:01:08.363848  2217 consensus_queue.cc:1048] T 6bc45097ae68480896b5b10ec8f36d71 P a4f0ab35f88b4076b1601a1c6a7a7942 [LEADER]: Connected to new peer: Peer: permanent_uuid: "0167f495abb840c1a1bb399e5c78eb7f" member_type: VOTER last_known_addr { host: "127.0.107.193" port: 45477 }, Status: LMP_MISMATCH, Last received: 0.0, Next index: 4, Last known committed idx: 3, Time since last communication: 0.000s
W20260713 09:01:08.366732  1586 debug-util.cc:398] Leaking SignalData structure 0x7b08000cdfa0 after lost signal to thread 434
W20260713 09:01:08.367705  1586 debug-util.cc:398] Leaking SignalData structure 0x7b08001bcb00 after lost signal to thread 1497
W20260713 09:01:08.368734  1586 debug-util.cc:398] Leaking SignalData structure 0x7b080028ef40 after lost signal to thread 1589
W20260713 09:01:08.369689  1586 debug-util.cc:398] Leaking SignalData structure 0x7b0800059aa0 after lost signal to thread 1664
I20260713 09:01:08.369830  2254 raft_consensus.cc:2955] T 6bc45097ae68480896b5b10ec8f36d71 P a4f0ab35f88b4076b1601a1c6a7a7942 [term 2 LEADER]: Committing config change with OpId 2.4: config changed from index 3 to 4, VOTER 3e2915b7aa2d442b9bb6354a57a2adda (127.0.107.194) evicted. New config: { opid_index: 4 OBSOLETE_local: false peers { permanent_uuid: "0167f495abb840c1a1bb399e5c78eb7f" member_type: VOTER last_known_addr { host: "127.0.107.193" port: 45477 } } peers { permanent_uuid: "a4f0ab35f88b4076b1601a1c6a7a7942" member_type: VOTER last_known_addr { host: "127.0.107.195" port: 45257 } } peers { permanent_uuid: "337cc6ae2bc04fcb8da3cf8483b3c92b" member_type: VOTER last_known_addr { host: "127.0.107.196" port: 39197 } attrs { promote: false } } }
W20260713 09:01:08.373461  1586 debug-util.cc:398] Leaking SignalData structure 0x7b0800160780 after lost signal to thread 1738
W20260713 09:01:08.376336  1586 debug-util.cc:398] Leaking SignalData structure 0x7b080028f1c0 after lost signal to thread 2009
I20260713 09:01:08.383574  1557 raft_consensus.cc:2955] T 6bc45097ae68480896b5b10ec8f36d71 P 0167f495abb840c1a1bb399e5c78eb7f [term 2 FOLLOWER]: Committing config change with OpId 2.4: config changed from index 3 to 4, VOTER 3e2915b7aa2d442b9bb6354a57a2adda (127.0.107.194) evicted. New config: { opid_index: 4 OBSOLETE_local: false peers { permanent_uuid: "0167f495abb840c1a1bb399e5c78eb7f" member_type: VOTER last_known_addr { host: "127.0.107.193" port: 45477 } } peers { permanent_uuid: "a4f0ab35f88b4076b1601a1c6a7a7942" member_type: VOTER last_known_addr { host: "127.0.107.195" port: 45257 } } peers { permanent_uuid: "337cc6ae2bc04fcb8da3cf8483b3c92b" member_type: VOTER last_known_addr { host: "127.0.107.196" port: 39197 } attrs { promote: false } } }
I20260713 09:01:08.395444  1448 catalog_manager.cc:5210] ChangeConfig:REMOVE_PEER RPC for tablet 6bc45097ae68480896b5b10ec8f36d71 with cas_config_opid_index 3: ChangeConfig:REMOVE_PEER succeeded (attempt 1)
I20260713 09:01:08.395792  1462 catalog_manager.cc:5697] T 6bc45097ae68480896b5b10ec8f36d71 P 0167f495abb840c1a1bb399e5c78eb7f reported cstate change: config changed from index 3 to 4, VOTER 3e2915b7aa2d442b9bb6354a57a2adda (127.0.107.194) evicted. New cstate: current_term: 2 leader_uuid: "a4f0ab35f88b4076b1601a1c6a7a7942" committed_config { opid_index: 4 OBSOLETE_local: false peers { permanent_uuid: "0167f495abb840c1a1bb399e5c78eb7f" member_type: VOTER last_known_addr { host: "127.0.107.193" port: 45477 } } peers { permanent_uuid: "a4f0ab35f88b4076b1601a1c6a7a7942" member_type: VOTER last_known_addr { host: "127.0.107.195" port: 45257 } } peers { permanent_uuid: "337cc6ae2bc04fcb8da3cf8483b3c92b" member_type: VOTER last_known_addr { host: "127.0.107.196" port: 39197 } attrs { promote: false } } }
I20260713 09:01:08.401330  1985 raft_consensus.cc:2955] T 6bc45097ae68480896b5b10ec8f36d71 P 337cc6ae2bc04fcb8da3cf8483b3c92b [term 2 FOLLOWER]: Committing config change with OpId 2.4: config changed from index 3 to 4, VOTER 3e2915b7aa2d442b9bb6354a57a2adda (127.0.107.194) evicted. New config: { opid_index: 4 OBSOLETE_local: false peers { permanent_uuid: "0167f495abb840c1a1bb399e5c78eb7f" member_type: VOTER last_known_addr { host: "127.0.107.193" port: 45477 } } peers { permanent_uuid: "a4f0ab35f88b4076b1601a1c6a7a7942" member_type: VOTER last_known_addr { host: "127.0.107.195" port: 45257 } } peers { permanent_uuid: "337cc6ae2bc04fcb8da3cf8483b3c92b" member_type: VOTER last_known_addr { host: "127.0.107.196" port: 39197 } attrs { promote: false } } }
I20260713 09:01:08.411631  1630 tablet_service.cc:1558] Processing DeleteTablet for tablet 6bc45097ae68480896b5b10ec8f36d71 with delete_type TABLET_DATA_TOMBSTONED (TS 3e2915b7aa2d442b9bb6354a57a2adda not found in new config with opid_index 4) from {username='slave'} at 127.0.0.1:37034
I20260713 09:01:08.419518  2281 tablet_replica.cc:333] T 6bc45097ae68480896b5b10ec8f36d71 P 3e2915b7aa2d442b9bb6354a57a2adda: stopping tablet replica
I20260713 09:01:08.420450  2281 raft_consensus.cc:2243] T 6bc45097ae68480896b5b10ec8f36d71 P 3e2915b7aa2d442b9bb6354a57a2adda [term 2 FOLLOWER]: Raft consensus shutting down.
I20260713 09:01:08.421193  2281 raft_consensus.cc:2272] T 6bc45097ae68480896b5b10ec8f36d71 P 3e2915b7aa2d442b9bb6354a57a2adda [term 2 FOLLOWER]: Raft consensus is shut down!
I20260713 09:01:08.429508  2281 ts_tablet_manager.cc:1916] T 6bc45097ae68480896b5b10ec8f36d71 P 3e2915b7aa2d442b9bb6354a57a2adda: Deleting tablet data with delete state TABLET_DATA_TOMBSTONED
I20260713 09:01:08.443849  2281 ts_tablet_manager.cc:1929] T 6bc45097ae68480896b5b10ec8f36d71 P 3e2915b7aa2d442b9bb6354a57a2adda: tablet deleted with delete type TABLET_DATA_TOMBSTONED: last-logged OpId 2.3
I20260713 09:01:08.444193  2281 log.cc:1199] T 6bc45097ae68480896b5b10ec8f36d71 P 3e2915b7aa2d442b9bb6354a57a2adda: Deleting WAL directory at /tmp/dist-test-taskOxykiB/test-tmp/auto_leader_rebalancer-test.0.LeaderRebalancerTest.AddTserver.1783933228123656-431-0/minicluster-data/ts-1-root/wals/6bc45097ae68480896b5b10ec8f36d71
I20260713 09:01:08.466202  1450 catalog_manager.cc:5028] TS 3e2915b7aa2d442b9bb6354a57a2adda (127.0.107.194:38563): tablet 6bc45097ae68480896b5b10ec8f36d71 (table test-workload [id=56a5a5d5a2c741e8875e0fb120ef1267]) successfully deleted
I20260713 09:01:08.501315  2217 raft_consensus.cc:1064] T 27d4ce380900470ca766aeda88947950 P a4f0ab35f88b4076b1601a1c6a7a7942: attempting to promote NON_VOTER 337cc6ae2bc04fcb8da3cf8483b3c92b to VOTER
I20260713 09:01:08.508132  2217 consensus_queue.cc:237] T 27d4ce380900470ca766aeda88947950 P a4f0ab35f88b4076b1601a1c6a7a7942 [LEADER]: Queue going to LEADER mode. State: All replicated index: 0, Majority replicated index: 2, Committed index: 2, Last appended: 1.2, Last appended by leader: 0, Current term: 1, Majority size: 3, State: 0, Mode: LEADER, active raft config: opid_index: 3 OBSOLETE_local: false peers { permanent_uuid: "0167f495abb840c1a1bb399e5c78eb7f" member_type: VOTER last_known_addr { host: "127.0.107.193" port: 45477 } attrs { replace: true } } peers { permanent_uuid: "3e2915b7aa2d442b9bb6354a57a2adda" member_type: VOTER last_known_addr { host: "127.0.107.194" port: 38563 } } peers { permanent_uuid: "a4f0ab35f88b4076b1601a1c6a7a7942" member_type: VOTER last_known_addr { host: "127.0.107.195" port: 45257 } } peers { permanent_uuid: "337cc6ae2bc04fcb8da3cf8483b3c92b" member_type: VOTER last_known_addr { host: "127.0.107.196" port: 39197 } attrs { promote: false } }
I20260713 09:01:08.523674  2252 raft_consensus.cc:1064] T 3e76bea2530748a6b1ef68ca49d3ced9 P 3e2915b7aa2d442b9bb6354a57a2adda: attempting to promote NON_VOTER 337cc6ae2bc04fcb8da3cf8483b3c92b to VOTER
I20260713 09:01:08.526367  1984 raft_consensus.cc:1275] T 27d4ce380900470ca766aeda88947950 P 337cc6ae2bc04fcb8da3cf8483b3c92b [term 1 LEARNER]: Refusing update from remote peer a4f0ab35f88b4076b1601a1c6a7a7942: Log matching property violated. Preceding OpId in replica: term: 1 index: 2. Preceding OpId from leader: term: 1 index: 3. (index mismatch)
I20260713 09:01:08.529925  1636 raft_consensus.cc:1275] T 27d4ce380900470ca766aeda88947950 P 3e2915b7aa2d442b9bb6354a57a2adda [term 1 FOLLOWER]: Refusing update from remote peer a4f0ab35f88b4076b1601a1c6a7a7942: Log matching property violated. Preceding OpId in replica: term: 1 index: 2. Preceding OpId from leader: term: 1 index: 3. (index mismatch)
I20260713 09:01:08.531706  1560 raft_consensus.cc:1275] T 27d4ce380900470ca766aeda88947950 P 0167f495abb840c1a1bb399e5c78eb7f [term 1 FOLLOWER]: Refusing update from remote peer a4f0ab35f88b4076b1601a1c6a7a7942: Log matching property violated. Preceding OpId in replica: term: 1 index: 2. Preceding OpId from leader: term: 1 index: 3. (index mismatch)
I20260713 09:01:08.532042  2280 consensus_queue.cc:1048] T 27d4ce380900470ca766aeda88947950 P a4f0ab35f88b4076b1601a1c6a7a7942 [LEADER]: Connected to new peer: Peer: permanent_uuid: "337cc6ae2bc04fcb8da3cf8483b3c92b" member_type: VOTER last_known_addr { host: "127.0.107.196" port: 39197 } attrs { promote: false }, Status: LMP_MISMATCH, Last received: 0.0, Next index: 3, Last known committed idx: 2, Time since last communication: 0.001s
I20260713 09:01:08.533332  2253 consensus_queue.cc:1048] T 27d4ce380900470ca766aeda88947950 P a4f0ab35f88b4076b1601a1c6a7a7942 [LEADER]: Connected to new peer: Peer: permanent_uuid: "0167f495abb840c1a1bb399e5c78eb7f" member_type: VOTER last_known_addr { host: "127.0.107.193" port: 45477 } attrs { replace: true }, Status: LMP_MISMATCH, Last received: 0.0, Next index: 3, Last known committed idx: 2, Time since last communication: 0.000s
I20260713 09:01:08.538424  2279 raft_consensus.cc:1064] T 847ed4f158254673aae46fc399a01e79 P a4f0ab35f88b4076b1601a1c6a7a7942: attempting to promote NON_VOTER 337cc6ae2bc04fcb8da3cf8483b3c92b to VOTER
I20260713 09:01:08.542552  2279 consensus_queue.cc:237] T 847ed4f158254673aae46fc399a01e79 P a4f0ab35f88b4076b1601a1c6a7a7942 [LEADER]: Queue going to LEADER mode. State: All replicated index: 0, Majority replicated index: 2, Committed index: 2, Last appended: 1.2, Last appended by leader: 0, Current term: 1, Majority size: 3, State: 0, Mode: LEADER, active raft config: opid_index: 3 OBSOLETE_local: false peers { permanent_uuid: "0167f495abb840c1a1bb399e5c78eb7f" member_type: VOTER last_known_addr { host: "127.0.107.193" port: 45477 } attrs { replace: true } } peers { permanent_uuid: "3e2915b7aa2d442b9bb6354a57a2adda" member_type: VOTER last_known_addr { host: "127.0.107.194" port: 38563 } } peers { permanent_uuid: "a4f0ab35f88b4076b1601a1c6a7a7942" member_type: VOTER last_known_addr { host: "127.0.107.195" port: 45257 } } peers { permanent_uuid: "337cc6ae2bc04fcb8da3cf8483b3c92b" member_type: VOTER last_known_addr { host: "127.0.107.196" port: 39197 } attrs { promote: false } }
I20260713 09:01:08.544631  2254 consensus_queue.cc:1048] T 27d4ce380900470ca766aeda88947950 P a4f0ab35f88b4076b1601a1c6a7a7942 [LEADER]: Connected to new peer: Peer: permanent_uuid: "3e2915b7aa2d442b9bb6354a57a2adda" member_type: VOTER last_known_addr { host: "127.0.107.194" port: 38563 }, Status: LMP_MISMATCH, Last received: 0.0, Next index: 3, Last known committed idx: 2, Time since last communication: 0.001s
I20260713 09:01:08.551426  2252 consensus_queue.cc:237] T 3e76bea2530748a6b1ef68ca49d3ced9 P 3e2915b7aa2d442b9bb6354a57a2adda [LEADER]: Queue going to LEADER mode. State: All replicated index: 0, Majority replicated index: 2, Committed index: 2, Last appended: 1.2, Last appended by leader: 0, Current term: 1, Majority size: 3, State: 0, Mode: LEADER, active raft config: opid_index: 3 OBSOLETE_local: false peers { permanent_uuid: "a4f0ab35f88b4076b1601a1c6a7a7942" member_type: VOTER last_known_addr { host: "127.0.107.195" port: 45257 } attrs { replace: true } } peers { permanent_uuid: "3e2915b7aa2d442b9bb6354a57a2adda" member_type: VOTER last_known_addr { host: "127.0.107.194" port: 38563 } } peers { permanent_uuid: "0167f495abb840c1a1bb399e5c78eb7f" member_type: VOTER last_known_addr { host: "127.0.107.193" port: 45477 } } peers { permanent_uuid: "337cc6ae2bc04fcb8da3cf8483b3c92b" member_type: VOTER last_known_addr { host: "127.0.107.196" port: 39197 } attrs { promote: false } }
I20260713 09:01:08.564137  1984 raft_consensus.cc:1275] T 3e76bea2530748a6b1ef68ca49d3ced9 P 337cc6ae2bc04fcb8da3cf8483b3c92b [term 1 LEARNER]: Refusing update from remote peer 3e2915b7aa2d442b9bb6354a57a2adda: Log matching property violated. Preceding OpId in replica: term: 1 index: 2. Preceding OpId from leader: term: 1 index: 3. (index mismatch)
I20260713 09:01:08.565956  2283 consensus_queue.cc:1048] T 3e76bea2530748a6b1ef68ca49d3ced9 P 3e2915b7aa2d442b9bb6354a57a2adda [LEADER]: Connected to new peer: Peer: permanent_uuid: "337cc6ae2bc04fcb8da3cf8483b3c92b" member_type: VOTER last_known_addr { host: "127.0.107.196" port: 39197 } attrs { promote: false }, Status: LMP_MISMATCH, Last received: 0.0, Next index: 3, Last known committed idx: 2, Time since last communication: 0.001s
I20260713 09:01:08.585331  1557 raft_consensus.cc:1275] T 3e76bea2530748a6b1ef68ca49d3ced9 P 0167f495abb840c1a1bb399e5c78eb7f [term 1 FOLLOWER]: Refusing update from remote peer 3e2915b7aa2d442b9bb6354a57a2adda: Log matching property violated. Preceding OpId in replica: term: 1 index: 2. Preceding OpId from leader: term: 1 index: 3. (index mismatch)
I20260713 09:01:08.586827  2283 consensus_queue.cc:1048] T 3e76bea2530748a6b1ef68ca49d3ced9 P 3e2915b7aa2d442b9bb6354a57a2adda [LEADER]: Connected to new peer: Peer: permanent_uuid: "0167f495abb840c1a1bb399e5c78eb7f" member_type: VOTER last_known_addr { host: "127.0.107.193" port: 45477 }, Status: LMP_MISMATCH, Last received: 0.0, Next index: 3, Last known committed idx: 2, Time since last communication: 0.000s
I20260713 09:01:08.596822  1712 raft_consensus.cc:1275] T 3e76bea2530748a6b1ef68ca49d3ced9 P a4f0ab35f88b4076b1601a1c6a7a7942 [term 1 FOLLOWER]: Refusing update from remote peer 3e2915b7aa2d442b9bb6354a57a2adda: Log matching property violated. Preceding OpId in replica: term: 1 index: 2. Preceding OpId from leader: term: 1 index: 3. (index mismatch)
I20260713 09:01:08.619246  2252 consensus_queue.cc:1048] T 3e76bea2530748a6b1ef68ca49d3ced9 P 3e2915b7aa2d442b9bb6354a57a2adda [LEADER]: Connected to new peer: Peer: permanent_uuid: "a4f0ab35f88b4076b1601a1c6a7a7942" member_type: VOTER last_known_addr { host: "127.0.107.195" port: 45257 } attrs { replace: true }, Status: LMP_MISMATCH, Last received: 0.0, Next index: 3, Last known committed idx: 2, Time since last communication: 0.000s
I20260713 09:01:08.623208  2254 raft_consensus.cc:2955] T 27d4ce380900470ca766aeda88947950 P a4f0ab35f88b4076b1601a1c6a7a7942 [term 1 LEADER]: Committing config change with OpId 1.3: config changed from index 2 to 3, 337cc6ae2bc04fcb8da3cf8483b3c92b (127.0.107.196) changed from NON_VOTER to VOTER. New config: { opid_index: 3 OBSOLETE_local: false peers { permanent_uuid: "0167f495abb840c1a1bb399e5c78eb7f" member_type: VOTER last_known_addr { host: "127.0.107.193" port: 45477 } attrs { replace: true } } peers { permanent_uuid: "3e2915b7aa2d442b9bb6354a57a2adda" member_type: VOTER last_known_addr { host: "127.0.107.194" port: 38563 } } peers { permanent_uuid: "a4f0ab35f88b4076b1601a1c6a7a7942" member_type: VOTER last_known_addr { host: "127.0.107.195" port: 45257 } } peers { permanent_uuid: "337cc6ae2bc04fcb8da3cf8483b3c92b" member_type: VOTER last_known_addr { host: "127.0.107.196" port: 39197 } attrs { promote: false } } }
I20260713 09:01:08.629323  1640 raft_consensus.cc:2955] T 27d4ce380900470ca766aeda88947950 P 3e2915b7aa2d442b9bb6354a57a2adda [term 1 FOLLOWER]: Committing config change with OpId 1.3: config changed from index 2 to 3, 337cc6ae2bc04fcb8da3cf8483b3c92b (127.0.107.196) changed from NON_VOTER to VOTER. New config: { opid_index: 3 OBSOLETE_local: false peers { permanent_uuid: "0167f495abb840c1a1bb399e5c78eb7f" member_type: VOTER last_known_addr { host: "127.0.107.193" port: 45477 } attrs { replace: true } } peers { permanent_uuid: "3e2915b7aa2d442b9bb6354a57a2adda" member_type: VOTER last_known_addr { host: "127.0.107.194" port: 38563 } } peers { permanent_uuid: "a4f0ab35f88b4076b1601a1c6a7a7942" member_type: VOTER last_known_addr { host: "127.0.107.195" port: 45257 } } peers { permanent_uuid: "337cc6ae2bc04fcb8da3cf8483b3c92b" member_type: VOTER last_known_addr { host: "127.0.107.196" port: 39197 } attrs { promote: false } } }
I20260713 09:01:08.638365  1564 raft_consensus.cc:2955] T 27d4ce380900470ca766aeda88947950 P 0167f495abb840c1a1bb399e5c78eb7f [term 1 FOLLOWER]: Committing config change with OpId 1.3: config changed from index 2 to 3, 337cc6ae2bc04fcb8da3cf8483b3c92b (127.0.107.196) changed from NON_VOTER to VOTER. New config: { opid_index: 3 OBSOLETE_local: false peers { permanent_uuid: "0167f495abb840c1a1bb399e5c78eb7f" member_type: VOTER last_known_addr { host: "127.0.107.193" port: 45477 } attrs { replace: true } } peers { permanent_uuid: "3e2915b7aa2d442b9bb6354a57a2adda" member_type: VOTER last_known_addr { host: "127.0.107.194" port: 38563 } } peers { permanent_uuid: "a4f0ab35f88b4076b1601a1c6a7a7942" member_type: VOTER last_known_addr { host: "127.0.107.195" port: 45257 } } peers { permanent_uuid: "337cc6ae2bc04fcb8da3cf8483b3c92b" member_type: VOTER last_known_addr { host: "127.0.107.196" port: 39197 } attrs { promote: false } } }
