I20260713 08:57:48.504848 29662 ts_tablet_manager.cc:1434] T 1d374cdc6ece4ee1ac50057e11670ad3 P 3a553231e9134e3498693aa758425b91: Time spent starting tablet: real 0.007s	user 0.008s	sys 0.000s
I20260713 08:57:48.505355 29663 tablet_bootstrap.cc:492] T e5cce3832c63420b9d24fc3e6fa776bd P 035281a560554f299dfdd230f503d415: No bootstrap required, opened a new log
I20260713 08:57:48.505837 29662 tablet_bootstrap.cc:492] T e5cce3832c63420b9d24fc3e6fa776bd P 3a553231e9134e3498693aa758425b91: Bootstrap starting.
I20260713 08:57:48.505882 29663 ts_tablet_manager.cc:1403] T e5cce3832c63420b9d24fc3e6fa776bd P 035281a560554f299dfdd230f503d415: Time spent bootstrapping tablet: real 0.097s	user 0.015s	sys 0.003s
I20260713 08:57:48.512400 29668 raft_consensus.cc:493] T 74e62d1100d8448082d272367d0920ed P 035281a560554f299dfdd230f503d415 [term 0 FOLLOWER]: Starting pre-election (no leader contacted us within the election timeout)
I20260713 08:57:48.512699 29662 tablet_bootstrap.cc:654] T e5cce3832c63420b9d24fc3e6fa776bd P 3a553231e9134e3498693aa758425b91: Neither blocks nor log segments found. Creating new log.
I20260713 08:57:48.512908 29668 raft_consensus.cc:515] T 74e62d1100d8448082d272367d0920ed P 035281a560554f299dfdd230f503d415 [term 0 FOLLOWER]: Starting pre-election with config: opid_index: -1 OBSOLETE_local: false peers { permanent_uuid: "3a553231e9134e3498693aa758425b91" member_type: VOTER last_known_addr { host: "127.27.174.1" port: 33889 } } peers { permanent_uuid: "035281a560554f299dfdd230f503d415" member_type: VOTER last_known_addr { host: "127.27.174.2" port: 44903 } } peers { permanent_uuid: "60b3bdb50f3f40b6b236cfb4774a333f" member_type: VOTER last_known_addr { host: "127.27.174.3" port: 38465 } }
I20260713 08:57:48.517114 29661 raft_consensus.cc:359] T 0cb8439839de4265acfe33ae063ac40e P 60b3bdb50f3f40b6b236cfb4774a333f [term 0 FOLLOWER]: Replica starting. Triggering 0 pending ops. Active config: opid_index: -1 OBSOLETE_local: false peers { permanent_uuid: "3a553231e9134e3498693aa758425b91" member_type: VOTER last_known_addr { host: "127.27.174.1" port: 33889 } } peers { permanent_uuid: "035281a560554f299dfdd230f503d415" member_type: VOTER last_known_addr { host: "127.27.174.2" port: 44903 } } peers { permanent_uuid: "60b3bdb50f3f40b6b236cfb4774a333f" member_type: VOTER last_known_addr { host: "127.27.174.3" port: 38465 } }
I20260713 08:57:48.517737 29661 raft_consensus.cc:385] T 0cb8439839de4265acfe33ae063ac40e P 60b3bdb50f3f40b6b236cfb4774a333f [term 0 FOLLOWER]: Consensus starting up: Expiring failure detector timer to make a prompt election more likely
I20260713 08:57:48.518013 29661 raft_consensus.cc:740] T 0cb8439839de4265acfe33ae063ac40e P 60b3bdb50f3f40b6b236cfb4774a333f [term 0 FOLLOWER]: Becoming Follower/Learner. State: Replica: 60b3bdb50f3f40b6b236cfb4774a333f, State: Initialized, Role: FOLLOWER
I20260713 08:57:48.520342 29667 raft_consensus.cc:493] T 1d374cdc6ece4ee1ac50057e11670ad3 P 60b3bdb50f3f40b6b236cfb4774a333f [term 0 FOLLOWER]: Starting pre-election (no leader contacted us within the election timeout)
I20260713 08:57:48.520804 29667 raft_consensus.cc:515] T 1d374cdc6ece4ee1ac50057e11670ad3 P 60b3bdb50f3f40b6b236cfb4774a333f [term 0 FOLLOWER]: Starting pre-election with config: opid_index: -1 OBSOLETE_local: false peers { permanent_uuid: "3a553231e9134e3498693aa758425b91" member_type: VOTER last_known_addr { host: "127.27.174.1" port: 33889 } } peers { permanent_uuid: "035281a560554f299dfdd230f503d415" member_type: VOTER last_known_addr { host: "127.27.174.2" port: 44903 } } peers { permanent_uuid: "60b3bdb50f3f40b6b236cfb4774a333f" member_type: VOTER last_known_addr { host: "127.27.174.3" port: 38465 } }
I20260713 08:57:48.522838 29667 leader_election.cc:290] T 1d374cdc6ece4ee1ac50057e11670ad3 P 60b3bdb50f3f40b6b236cfb4774a333f [CANDIDATE]: Term 1 pre-election: Requested pre-vote from peers 3a553231e9134e3498693aa758425b91 (127.27.174.1:33889), 035281a560554f299dfdd230f503d415 (127.27.174.2:44903)
I20260713 08:57:48.520072 29663 raft_consensus.cc:359] T e5cce3832c63420b9d24fc3e6fa776bd P 035281a560554f299dfdd230f503d415 [term 0 FOLLOWER]: Replica starting. Triggering 0 pending ops. Active config: opid_index: -1 OBSOLETE_local: false peers { permanent_uuid: "3a553231e9134e3498693aa758425b91" member_type: VOTER last_known_addr { host: "127.27.174.1" port: 33889 } } peers { permanent_uuid: "035281a560554f299dfdd230f503d415" member_type: VOTER last_known_addr { host: "127.27.174.2" port: 44903 } } peers { permanent_uuid: "60b3bdb50f3f40b6b236cfb4774a333f" member_type: VOTER last_known_addr { host: "127.27.174.3" port: 38465 } }
I20260713 08:57:48.527601 29663 raft_consensus.cc:385] T e5cce3832c63420b9d24fc3e6fa776bd P 035281a560554f299dfdd230f503d415 [term 0 FOLLOWER]: Consensus starting up: Expiring failure detector timer to make a prompt election more likely
I20260713 08:57:48.527979 29663 raft_consensus.cc:740] T e5cce3832c63420b9d24fc3e6fa776bd P 035281a560554f299dfdd230f503d415 [term 0 FOLLOWER]: Becoming Follower/Learner. State: Replica: 035281a560554f299dfdd230f503d415, State: Initialized, Role: FOLLOWER
I20260713 08:57:48.528756 29663 consensus_queue.cc:260] T e5cce3832c63420b9d24fc3e6fa776bd P 035281a560554f299dfdd230f503d415 [NON_LEADER]: Queue going to NON_LEADER mode. State: All replicated index: 0, Majority replicated index: 0, Committed index: 0, Last appended: 0.0, Last appended by leader: 0, Current term: 0, Majority size: -1, State: 0, Mode: NON_LEADER, active raft config: opid_index: -1 OBSOLETE_local: false peers { permanent_uuid: "3a553231e9134e3498693aa758425b91" member_type: VOTER last_known_addr { host: "127.27.174.1" port: 33889 } } peers { permanent_uuid: "035281a560554f299dfdd230f503d415" member_type: VOTER last_known_addr { host: "127.27.174.2" port: 44903 } } peers { permanent_uuid: "60b3bdb50f3f40b6b236cfb4774a333f" member_type: VOTER last_known_addr { host: "127.27.174.3" port: 38465 } }
I20260713 08:57:48.530454 29668 leader_election.cc:290] T 74e62d1100d8448082d272367d0920ed P 035281a560554f299dfdd230f503d415 [CANDIDATE]: Term 1 pre-election: Requested pre-vote from peers 3a553231e9134e3498693aa758425b91 (127.27.174.1:33889), 60b3bdb50f3f40b6b236cfb4774a333f (127.27.174.3:38465)
I20260713 08:57:48.530406 29661 consensus_queue.cc:260] T 0cb8439839de4265acfe33ae063ac40e P 60b3bdb50f3f40b6b236cfb4774a333f [NON_LEADER]: Queue going to NON_LEADER mode. State: All replicated index: 0, Majority replicated index: 0, Committed index: 0, Last appended: 0.0, Last appended by leader: 0, Current term: 0, Majority size: -1, State: 0, Mode: NON_LEADER, active raft config: opid_index: -1 OBSOLETE_local: false peers { permanent_uuid: "3a553231e9134e3498693aa758425b91" member_type: VOTER last_known_addr { host: "127.27.174.1" port: 33889 } } peers { permanent_uuid: "035281a560554f299dfdd230f503d415" member_type: VOTER last_known_addr { host: "127.27.174.2" port: 44903 } } peers { permanent_uuid: "60b3bdb50f3f40b6b236cfb4774a333f" member_type: VOTER last_known_addr { host: "127.27.174.3" port: 38465 } }
I20260713 08:57:48.532872 29661 ts_tablet_manager.cc:1434] T 0cb8439839de4265acfe33ae063ac40e P 60b3bdb50f3f40b6b236cfb4774a333f: Time spent starting tablet: real 0.031s	user 0.007s	sys 0.001s
I20260713 08:57:48.534091 29661 tablet_bootstrap.cc:492] T e5cce3832c63420b9d24fc3e6fa776bd P 60b3bdb50f3f40b6b236cfb4774a333f: Bootstrap starting.
I20260713 08:57:48.541213 29661 tablet_bootstrap.cc:654] T e5cce3832c63420b9d24fc3e6fa776bd P 60b3bdb50f3f40b6b236cfb4774a333f: Neither blocks nor log segments found. Creating new log.
I20260713 08:57:48.546954 29662 tablet_bootstrap.cc:492] T e5cce3832c63420b9d24fc3e6fa776bd P 3a553231e9134e3498693aa758425b91: No bootstrap required, opened a new log
I20260713 08:57:48.547487 29662 ts_tablet_manager.cc:1403] T e5cce3832c63420b9d24fc3e6fa776bd P 3a553231e9134e3498693aa758425b91: Time spent bootstrapping tablet: real 0.042s	user 0.021s	sys 0.019s
I20260713 08:57:48.550244 29662 raft_consensus.cc:359] T e5cce3832c63420b9d24fc3e6fa776bd P 3a553231e9134e3498693aa758425b91 [term 0 FOLLOWER]: Replica starting. Triggering 0 pending ops. Active config: opid_index: -1 OBSOLETE_local: false peers { permanent_uuid: "3a553231e9134e3498693aa758425b91" member_type: VOTER last_known_addr { host: "127.27.174.1" port: 33889 } } peers { permanent_uuid: "035281a560554f299dfdd230f503d415" member_type: VOTER last_known_addr { host: "127.27.174.2" port: 44903 } } peers { permanent_uuid: "60b3bdb50f3f40b6b236cfb4774a333f" member_type: VOTER last_known_addr { host: "127.27.174.3" port: 38465 } }
I20260713 08:57:48.550973 29662 raft_consensus.cc:385] T e5cce3832c63420b9d24fc3e6fa776bd P 3a553231e9134e3498693aa758425b91 [term 0 FOLLOWER]: Consensus starting up: Expiring failure detector timer to make a prompt election more likely
I20260713 08:57:48.551293 29662 raft_consensus.cc:740] T e5cce3832c63420b9d24fc3e6fa776bd P 3a553231e9134e3498693aa758425b91 [term 0 FOLLOWER]: Becoming Follower/Learner. State: Replica: 3a553231e9134e3498693aa758425b91, State: Initialized, Role: FOLLOWER
I20260713 08:57:48.552023 29662 consensus_queue.cc:260] T e5cce3832c63420b9d24fc3e6fa776bd P 3a553231e9134e3498693aa758425b91 [NON_LEADER]: Queue going to NON_LEADER mode. State: All replicated index: 0, Majority replicated index: 0, Committed index: 0, Last appended: 0.0, Last appended by leader: 0, Current term: 0, Majority size: -1, State: 0, Mode: NON_LEADER, active raft config: opid_index: -1 OBSOLETE_local: false peers { permanent_uuid: "3a553231e9134e3498693aa758425b91" member_type: VOTER last_known_addr { host: "127.27.174.1" port: 33889 } } peers { permanent_uuid: "035281a560554f299dfdd230f503d415" member_type: VOTER last_known_addr { host: "127.27.174.2" port: 44903 } } peers { permanent_uuid: "60b3bdb50f3f40b6b236cfb4774a333f" member_type: VOTER last_known_addr { host: "127.27.174.3" port: 38465 } }
I20260713 08:57:48.554427 29662 ts_tablet_manager.cc:1434] T e5cce3832c63420b9d24fc3e6fa776bd P 3a553231e9134e3498693aa758425b91: Time spent starting tablet: real 0.007s	user 0.005s	sys 0.000s
I20260713 08:57:48.554580 29661 tablet_bootstrap.cc:492] T e5cce3832c63420b9d24fc3e6fa776bd P 60b3bdb50f3f40b6b236cfb4774a333f: No bootstrap required, opened a new log
I20260713 08:57:48.555495 29661 ts_tablet_manager.cc:1403] T e5cce3832c63420b9d24fc3e6fa776bd P 60b3bdb50f3f40b6b236cfb4774a333f: Time spent bootstrapping tablet: real 0.022s	user 0.008s	sys 0.011s
I20260713 08:57:48.555568 29662 tablet_bootstrap.cc:492] T 980daa2a07034bcdaf4eab29fa7068c2 P 3a553231e9134e3498693aa758425b91: Bootstrap starting.
I20260713 08:57:48.558071 29469 tablet_service.cc:1917] Received RequestConsensusVote() RPC: tablet_id: "02823e2ba334444fb0587af64d490410" candidate_uuid: "60b3bdb50f3f40b6b236cfb4774a333f" candidate_term: 1 candidate_status { last_received { term: 0 index: 0 } } ignore_live_leader: false dest_uuid: "3a553231e9134e3498693aa758425b91" is_pre_election: true
I20260713 08:57:48.558955 29661 raft_consensus.cc:359] T e5cce3832c63420b9d24fc3e6fa776bd P 60b3bdb50f3f40b6b236cfb4774a333f [term 0 FOLLOWER]: Replica starting. Triggering 0 pending ops. Active config: opid_index: -1 OBSOLETE_local: false peers { permanent_uuid: "3a553231e9134e3498693aa758425b91" member_type: VOTER last_known_addr { host: "127.27.174.1" port: 33889 } } peers { permanent_uuid: "035281a560554f299dfdd230f503d415" member_type: VOTER last_known_addr { host: "127.27.174.2" port: 44903 } } peers { permanent_uuid: "60b3bdb50f3f40b6b236cfb4774a333f" member_type: VOTER last_known_addr { host: "127.27.174.3" port: 38465 } }
I20260713 08:57:48.559628 29469 tablet_service.cc:1917] Received RequestConsensusVote() RPC: tablet_id: "1d374cdc6ece4ee1ac50057e11670ad3" candidate_uuid: "60b3bdb50f3f40b6b236cfb4774a333f" candidate_term: 1 candidate_status { last_received { term: 0 index: 0 } } ignore_live_leader: false dest_uuid: "3a553231e9134e3498693aa758425b91" is_pre_election: true
I20260713 08:57:48.561084 29661 raft_consensus.cc:385] T e5cce3832c63420b9d24fc3e6fa776bd P 60b3bdb50f3f40b6b236cfb4774a333f [term 0 FOLLOWER]: Consensus starting up: Expiring failure detector timer to make a prompt election more likely
I20260713 08:57:48.561196 29469 raft_consensus.cc:2468] T 1d374cdc6ece4ee1ac50057e11670ad3 P 3a553231e9134e3498693aa758425b91 [term 0 FOLLOWER]: Leader pre-election vote request: Granting yes vote for candidate 60b3bdb50f3f40b6b236cfb4774a333f in term 0.
I20260713 08:57:48.561470 29661 raft_consensus.cc:740] T e5cce3832c63420b9d24fc3e6fa776bd P 60b3bdb50f3f40b6b236cfb4774a333f [term 0 FOLLOWER]: Becoming Follower/Learner. State: Replica: 60b3bdb50f3f40b6b236cfb4774a333f, State: Initialized, Role: FOLLOWER
W20260713 08:57:48.560506 29584 leader_election.cc:343] T 02823e2ba334444fb0587af64d490410 P 60b3bdb50f3f40b6b236cfb4774a333f [CANDIDATE]: Term 1 pre-election: Tablet error from VoteRequest() call to peer 3a553231e9134e3498693aa758425b91 (127.27.174.1:33889): Illegal state: must be running to vote when last-logged opid is not known
I20260713 08:57:48.562361 29584 leader_election.cc:304] T 1d374cdc6ece4ee1ac50057e11670ad3 P 60b3bdb50f3f40b6b236cfb4774a333f [CANDIDATE]: Term 1 pre-election: Election decided. Result: candidate won. Election summary: received 2 responses out of 3 voters: 2 yes votes; 0 no votes. yes voters: 3a553231e9134e3498693aa758425b91, 60b3bdb50f3f40b6b236cfb4774a333f; no voters: 
I20260713 08:57:48.562462 29661 consensus_queue.cc:260] T e5cce3832c63420b9d24fc3e6fa776bd P 60b3bdb50f3f40b6b236cfb4774a333f [NON_LEADER]: Queue going to NON_LEADER mode. State: All replicated index: 0, Majority replicated index: 0, Committed index: 0, Last appended: 0.0, Last appended by leader: 0, Current term: 0, Majority size: -1, State: 0, Mode: NON_LEADER, active raft config: opid_index: -1 OBSOLETE_local: false peers { permanent_uuid: "3a553231e9134e3498693aa758425b91" member_type: VOTER last_known_addr { host: "127.27.174.1" port: 33889 } } peers { permanent_uuid: "035281a560554f299dfdd230f503d415" member_type: VOTER last_known_addr { host: "127.27.174.2" port: 44903 } } peers { permanent_uuid: "60b3bdb50f3f40b6b236cfb4774a333f" member_type: VOTER last_known_addr { host: "127.27.174.3" port: 38465 } }
I20260713 08:57:48.563030 29662 tablet_bootstrap.cc:654] T 980daa2a07034bcdaf4eab29fa7068c2 P 3a553231e9134e3498693aa758425b91: Neither blocks nor log segments found. Creating new log.
I20260713 08:57:48.563228 29667 raft_consensus.cc:2804] T 1d374cdc6ece4ee1ac50057e11670ad3 P 60b3bdb50f3f40b6b236cfb4774a333f [term 0 FOLLOWER]: Leader pre-election won for term 1
I20260713 08:57:48.563618 29667 raft_consensus.cc:493] T 1d374cdc6ece4ee1ac50057e11670ad3 P 60b3bdb50f3f40b6b236cfb4774a333f [term 0 FOLLOWER]: Starting leader election (no leader contacted us within the election timeout)
I20260713 08:57:48.564041 29667 raft_consensus.cc:3060] T 1d374cdc6ece4ee1ac50057e11670ad3 P 60b3bdb50f3f40b6b236cfb4774a333f [term 0 FOLLOWER]: Advancing to term 1
I20260713 08:57:48.571990 29661 ts_tablet_manager.cc:1434] T e5cce3832c63420b9d24fc3e6fa776bd P 60b3bdb50f3f40b6b236cfb4774a333f: Time spent starting tablet: real 0.016s	user 0.005s	sys 0.008s
I20260713 08:57:48.573009 29661 tablet_bootstrap.cc:492] T f9fcce5d493f40fb9623e585db8525ba P 60b3bdb50f3f40b6b236cfb4774a333f: Bootstrap starting.
I20260713 08:57:48.574527 29662 tablet_bootstrap.cc:492] T 980daa2a07034bcdaf4eab29fa7068c2 P 3a553231e9134e3498693aa758425b91: No bootstrap required, opened a new log
I20260713 08:57:48.575029 29662 ts_tablet_manager.cc:1403] T 980daa2a07034bcdaf4eab29fa7068c2 P 3a553231e9134e3498693aa758425b91: Time spent bootstrapping tablet: real 0.020s	user 0.018s	sys 0.000s
I20260713 08:57:48.577749 29662 raft_consensus.cc:359] T 980daa2a07034bcdaf4eab29fa7068c2 P 3a553231e9134e3498693aa758425b91 [term 0 FOLLOWER]: Replica starting. Triggering 0 pending ops. Active config: opid_index: -1 OBSOLETE_local: false peers { permanent_uuid: "3a553231e9134e3498693aa758425b91" member_type: VOTER last_known_addr { host: "127.27.174.1" port: 33889 } } peers { permanent_uuid: "035281a560554f299dfdd230f503d415" member_type: VOTER last_known_addr { host: "127.27.174.2" port: 44903 } } peers { permanent_uuid: "60b3bdb50f3f40b6b236cfb4774a333f" member_type: VOTER last_known_addr { host: "127.27.174.3" port: 38465 } }
I20260713 08:57:48.578538 29662 raft_consensus.cc:385] T 980daa2a07034bcdaf4eab29fa7068c2 P 3a553231e9134e3498693aa758425b91 [term 0 FOLLOWER]: Consensus starting up: Expiring failure detector timer to make a prompt election more likely
I20260713 08:57:48.578868 29662 raft_consensus.cc:740] T 980daa2a07034bcdaf4eab29fa7068c2 P 3a553231e9134e3498693aa758425b91 [term 0 FOLLOWER]: Becoming Follower/Learner. State: Replica: 3a553231e9134e3498693aa758425b91, State: Initialized, Role: FOLLOWER
I20260713 08:57:48.579692 29662 consensus_queue.cc:260] T 980daa2a07034bcdaf4eab29fa7068c2 P 3a553231e9134e3498693aa758425b91 [NON_LEADER]: Queue going to NON_LEADER mode. State: All replicated index: 0, Majority replicated index: 0, Committed index: 0, Last appended: 0.0, Last appended by leader: 0, Current term: 0, Majority size: -1, State: 0, Mode: NON_LEADER, active raft config: opid_index: -1 OBSOLETE_local: false peers { permanent_uuid: "3a553231e9134e3498693aa758425b91" member_type: VOTER last_known_addr { host: "127.27.174.1" port: 33889 } } peers { permanent_uuid: "035281a560554f299dfdd230f503d415" member_type: VOTER last_known_addr { host: "127.27.174.2" port: 44903 } } peers { permanent_uuid: "60b3bdb50f3f40b6b236cfb4774a333f" member_type: VOTER last_known_addr { host: "127.27.174.3" port: 38465 } }
I20260713 08:57:48.580752 29546 tablet_service.cc:1917] Received RequestConsensusVote() RPC: tablet_id: "02823e2ba334444fb0587af64d490410" candidate_uuid: "60b3bdb50f3f40b6b236cfb4774a333f" candidate_term: 1 candidate_status { last_received { term: 0 index: 0 } } ignore_live_leader: false dest_uuid: "035281a560554f299dfdd230f503d415" is_pre_election: true
I20260713 08:57:48.582115 29662 ts_tablet_manager.cc:1434] T 980daa2a07034bcdaf4eab29fa7068c2 P 3a553231e9134e3498693aa758425b91: Time spent starting tablet: real 0.007s	user 0.005s	sys 0.000s
I20260713 08:57:48.582401 29545 tablet_service.cc:1917] Received RequestConsensusVote() RPC: tablet_id: "1d374cdc6ece4ee1ac50057e11670ad3" candidate_uuid: "60b3bdb50f3f40b6b236cfb4774a333f" candidate_term: 1 candidate_status { last_received { term: 0 index: 0 } } ignore_live_leader: false dest_uuid: "035281a560554f299dfdd230f503d415" is_pre_election: true
I20260713 08:57:48.583058 29662 tablet_bootstrap.cc:492] T 0eb2760d47454696a40208cb6622d427 P 3a553231e9134e3498693aa758425b91: Bootstrap starting.
W20260713 08:57:48.584373 29583 leader_election.cc:343] T 02823e2ba334444fb0587af64d490410 P 60b3bdb50f3f40b6b236cfb4774a333f [CANDIDATE]: Term 1 pre-election: Tablet error from VoteRequest() call to peer 035281a560554f299dfdd230f503d415 (127.27.174.2:44903): Illegal state: must be running to vote when last-logged opid is not known
I20260713 08:57:48.585045 29583 leader_election.cc:304] T 02823e2ba334444fb0587af64d490410 P 60b3bdb50f3f40b6b236cfb4774a333f [CANDIDATE]: Term 1 pre-election: Election decided. Result: candidate lost. Election summary: received 3 responses out of 3 voters: 1 yes votes; 2 no votes. yes voters: 60b3bdb50f3f40b6b236cfb4774a333f; no voters: 035281a560554f299dfdd230f503d415, 3a553231e9134e3498693aa758425b91
I20260713 08:57:48.579306 29661 tablet_bootstrap.cc:654] T f9fcce5d493f40fb9623e585db8525ba P 60b3bdb50f3f40b6b236cfb4774a333f: Neither blocks nor log segments found. Creating new log.
I20260713 08:57:48.588940 29685 raft_consensus.cc:2749] T 02823e2ba334444fb0587af64d490410 P 60b3bdb50f3f40b6b236cfb4774a333f [term 0 FOLLOWER]: Leader pre-election lost for term 1. Reason: could not achieve majority
I20260713 08:57:48.589449 29662 tablet_bootstrap.cc:654] T 0eb2760d47454696a40208cb6622d427 P 3a553231e9134e3498693aa758425b91: Neither blocks nor log segments found. Creating new log.
W20260713 08:57:48.590135 29583 leader_election.cc:343] T 1d374cdc6ece4ee1ac50057e11670ad3 P 60b3bdb50f3f40b6b236cfb4774a333f [CANDIDATE]: Term 1 pre-election: Tablet error from VoteRequest() call to peer 035281a560554f299dfdd230f503d415 (127.27.174.2:44903): Illegal state: must be running to vote when last-logged opid is not known
I20260713 08:57:48.599529 29667 raft_consensus.cc:515] T 1d374cdc6ece4ee1ac50057e11670ad3 P 60b3bdb50f3f40b6b236cfb4774a333f [term 1 FOLLOWER]: Starting leader election with config: opid_index: -1 OBSOLETE_local: false peers { permanent_uuid: "3a553231e9134e3498693aa758425b91" member_type: VOTER last_known_addr { host: "127.27.174.1" port: 33889 } } peers { permanent_uuid: "035281a560554f299dfdd230f503d415" member_type: VOTER last_known_addr { host: "127.27.174.2" port: 44903 } } peers { permanent_uuid: "60b3bdb50f3f40b6b236cfb4774a333f" member_type: VOTER last_known_addr { host: "127.27.174.3" port: 38465 } }
I20260713 08:57:48.601838 29667 leader_election.cc:290] T 1d374cdc6ece4ee1ac50057e11670ad3 P 60b3bdb50f3f40b6b236cfb4774a333f [CANDIDATE]: Term 1 election: Requested vote from peers 3a553231e9134e3498693aa758425b91 (127.27.174.1:33889), 035281a560554f299dfdd230f503d415 (127.27.174.2:44903)
I20260713 08:57:48.602432 29469 tablet_service.cc:1917] Received RequestConsensusVote() RPC: tablet_id: "1d374cdc6ece4ee1ac50057e11670ad3" candidate_uuid: "60b3bdb50f3f40b6b236cfb4774a333f" candidate_term: 1 candidate_status { last_received { term: 0 index: 0 } } ignore_live_leader: false dest_uuid: "3a553231e9134e3498693aa758425b91"
I20260713 08:57:48.602880 29545 tablet_service.cc:1917] Received RequestConsensusVote() RPC: tablet_id: "1d374cdc6ece4ee1ac50057e11670ad3" candidate_uuid: "60b3bdb50f3f40b6b236cfb4774a333f" candidate_term: 1 candidate_status { last_received { term: 0 index: 0 } } ignore_live_leader: false dest_uuid: "035281a560554f299dfdd230f503d415"
I20260713 08:57:48.603008 29469 raft_consensus.cc:3060] T 1d374cdc6ece4ee1ac50057e11670ad3 P 3a553231e9134e3498693aa758425b91 [term 0 FOLLOWER]: Advancing to term 1
I20260713 08:57:48.603746 29662 tablet_bootstrap.cc:492] T 0eb2760d47454696a40208cb6622d427 P 3a553231e9134e3498693aa758425b91: No bootstrap required, opened a new log
I20260713 08:57:48.604198 29662 ts_tablet_manager.cc:1403] T 0eb2760d47454696a40208cb6622d427 P 3a553231e9134e3498693aa758425b91: Time spent bootstrapping tablet: real 0.021s	user 0.013s	sys 0.005s
W20260713 08:57:48.604262 29583 leader_election.cc:343] T 1d374cdc6ece4ee1ac50057e11670ad3 P 60b3bdb50f3f40b6b236cfb4774a333f [CANDIDATE]: Term 1 election: Tablet error from VoteRequest() call to peer 035281a560554f299dfdd230f503d415 (127.27.174.2:44903): Illegal state: must be running to vote when last-logged opid is not known
I20260713 08:57:48.607003 29662 raft_consensus.cc:359] T 0eb2760d47454696a40208cb6622d427 P 3a553231e9134e3498693aa758425b91 [term 0 FOLLOWER]: Replica starting. Triggering 0 pending ops. Active config: opid_index: -1 OBSOLETE_local: false peers { permanent_uuid: "3a553231e9134e3498693aa758425b91" member_type: VOTER last_known_addr { host: "127.27.174.1" port: 33889 } } peers { permanent_uuid: "035281a560554f299dfdd230f503d415" member_type: VOTER last_known_addr { host: "127.27.174.2" port: 44903 } } peers { permanent_uuid: "60b3bdb50f3f40b6b236cfb4774a333f" member_type: VOTER last_known_addr { host: "127.27.174.3" port: 38465 } }
I20260713 08:57:48.607311 29668 raft_consensus.cc:493] T e5cce3832c63420b9d24fc3e6fa776bd P 035281a560554f299dfdd230f503d415 [term 0 FOLLOWER]: Starting pre-election (no leader contacted us within the election timeout)
I20260713 08:57:48.607779 29662 raft_consensus.cc:385] T 0eb2760d47454696a40208cb6622d427 P 3a553231e9134e3498693aa758425b91 [term 0 FOLLOWER]: Consensus starting up: Expiring failure detector timer to make a prompt election more likely
I20260713 08:57:48.608137 29662 raft_consensus.cc:740] T 0eb2760d47454696a40208cb6622d427 P 3a553231e9134e3498693aa758425b91 [term 0 FOLLOWER]: Becoming Follower/Learner. State: Replica: 3a553231e9134e3498693aa758425b91, State: Initialized, Role: FOLLOWER
I20260713 08:57:48.607976 29668 raft_consensus.cc:515] T e5cce3832c63420b9d24fc3e6fa776bd P 035281a560554f299dfdd230f503d415 [term 0 FOLLOWER]: Starting pre-election with config: opid_index: -1 OBSOLETE_local: false peers { permanent_uuid: "3a553231e9134e3498693aa758425b91" member_type: VOTER last_known_addr { host: "127.27.174.1" port: 33889 } } peers { permanent_uuid: "035281a560554f299dfdd230f503d415" member_type: VOTER last_known_addr { host: "127.27.174.2" port: 44903 } } peers { permanent_uuid: "60b3bdb50f3f40b6b236cfb4774a333f" member_type: VOTER last_known_addr { host: "127.27.174.3" port: 38465 } }
I20260713 08:57:48.609352 29663 ts_tablet_manager.cc:1434] T e5cce3832c63420b9d24fc3e6fa776bd P 035281a560554f299dfdd230f503d415: Time spent starting tablet: real 0.103s	user 0.009s	sys 0.000s
I20260713 08:57:48.608966 29662 consensus_queue.cc:260] T 0eb2760d47454696a40208cb6622d427 P 3a553231e9134e3498693aa758425b91 [NON_LEADER]: Queue going to NON_LEADER mode. State: All replicated index: 0, Majority replicated index: 0, Committed index: 0, Last appended: 0.0, Last appended by leader: 0, Current term: 0, Majority size: -1, State: 0, Mode: NON_LEADER, active raft config: opid_index: -1 OBSOLETE_local: false peers { permanent_uuid: "3a553231e9134e3498693aa758425b91" member_type: VOTER last_known_addr { host: "127.27.174.1" port: 33889 } } peers { permanent_uuid: "035281a560554f299dfdd230f503d415" member_type: VOTER last_known_addr { host: "127.27.174.2" port: 44903 } } peers { permanent_uuid: "60b3bdb50f3f40b6b236cfb4774a333f" member_type: VOTER last_known_addr { host: "127.27.174.3" port: 38465 } }
I20260713 08:57:48.610222 29663 tablet_bootstrap.cc:492] T 0cb8439839de4265acfe33ae063ac40e P 035281a560554f299dfdd230f503d415: Bootstrap starting.
I20260713 08:57:48.610630 29668 leader_election.cc:290] T e5cce3832c63420b9d24fc3e6fa776bd P 035281a560554f299dfdd230f503d415 [CANDIDATE]: Term 1 pre-election: Requested pre-vote from peers 3a553231e9134e3498693aa758425b91 (127.27.174.1:33889), 60b3bdb50f3f40b6b236cfb4774a333f (127.27.174.3:38465)
I20260713 08:57:48.616703 29663 tablet_bootstrap.cc:654] T 0cb8439839de4265acfe33ae063ac40e P 035281a560554f299dfdd230f503d415: Neither blocks nor log segments found. Creating new log.
I20260713 08:57:48.617514 29662 ts_tablet_manager.cc:1434] T 0eb2760d47454696a40208cb6622d427 P 3a553231e9134e3498693aa758425b91: Time spent starting tablet: real 0.013s	user 0.005s	sys 0.001s
I20260713 08:57:48.621562 29662 tablet_bootstrap.cc:492] T ef3cf98a44054de5bac6cddbc8beb8a3 P 3a553231e9134e3498693aa758425b91: Bootstrap starting.
I20260713 08:57:48.622809 29469 raft_consensus.cc:2468] T 1d374cdc6ece4ee1ac50057e11670ad3 P 3a553231e9134e3498693aa758425b91 [term 1 FOLLOWER]: Leader election vote request: Granting yes vote for candidate 60b3bdb50f3f40b6b236cfb4774a333f in term 1.
I20260713 08:57:48.623992 29584 leader_election.cc:304] T 1d374cdc6ece4ee1ac50057e11670ad3 P 60b3bdb50f3f40b6b236cfb4774a333f [CANDIDATE]: Term 1 election: Election decided. Result: candidate won. Election summary: received 3 responses out of 3 voters: 2 yes votes; 1 no votes. yes voters: 3a553231e9134e3498693aa758425b91, 60b3bdb50f3f40b6b236cfb4774a333f; no voters: 035281a560554f299dfdd230f503d415
I20260713 08:57:48.624903 29661 tablet_bootstrap.cc:492] T f9fcce5d493f40fb9623e585db8525ba P 60b3bdb50f3f40b6b236cfb4774a333f: No bootstrap required, opened a new log
I20260713 08:57:48.625089 29667 raft_consensus.cc:2804] T 1d374cdc6ece4ee1ac50057e11670ad3 P 60b3bdb50f3f40b6b236cfb4774a333f [term 1 FOLLOWER]: Leader election won for term 1
I20260713 08:57:48.625465 29661 ts_tablet_manager.cc:1403] T f9fcce5d493f40fb9623e585db8525ba P 60b3bdb50f3f40b6b236cfb4774a333f: Time spent bootstrapping tablet: real 0.053s	user 0.008s	sys 0.029s
I20260713 08:57:48.625597 29667 raft_consensus.cc:697] T 1d374cdc6ece4ee1ac50057e11670ad3 P 60b3bdb50f3f40b6b236cfb4774a333f [term 1 LEADER]: Becoming Leader. State: Replica: 60b3bdb50f3f40b6b236cfb4774a333f, State: Running, Role: LEADER
I20260713 08:57:48.626541 29667 consensus_queue.cc:237] T 1d374cdc6ece4ee1ac50057e11670ad3 P 60b3bdb50f3f40b6b236cfb4774a333f [LEADER]: Queue going to LEADER mode. State: All replicated index: 0, Majority replicated index: 0, Committed index: 0, Last appended: 0.0, Last appended by leader: 0, Current term: 1, Majority size: 2, State: 0, Mode: LEADER, active raft config: opid_index: -1 OBSOLETE_local: false peers { permanent_uuid: "3a553231e9134e3498693aa758425b91" member_type: VOTER last_known_addr { host: "127.27.174.1" port: 33889 } } peers { permanent_uuid: "035281a560554f299dfdd230f503d415" member_type: VOTER last_known_addr { host: "127.27.174.2" port: 44903 } } peers { permanent_uuid: "60b3bdb50f3f40b6b236cfb4774a333f" member_type: VOTER last_known_addr { host: "127.27.174.3" port: 38465 } }
I20260713 08:57:48.631696 29662 tablet_bootstrap.cc:654] T ef3cf98a44054de5bac6cddbc8beb8a3 P 3a553231e9134e3498693aa758425b91: Neither blocks nor log segments found. Creating new log.
I20260713 08:57:48.633461 29661 raft_consensus.cc:359] T f9fcce5d493f40fb9623e585db8525ba P 60b3bdb50f3f40b6b236cfb4774a333f [term 0 FOLLOWER]: Replica starting. Triggering 0 pending ops. Active config: opid_index: -1 OBSOLETE_local: false peers { permanent_uuid: "3a553231e9134e3498693aa758425b91" member_type: VOTER last_known_addr { host: "127.27.174.1" port: 33889 } } peers { permanent_uuid: "035281a560554f299dfdd230f503d415" member_type: VOTER last_known_addr { host: "127.27.174.2" port: 44903 } } peers { permanent_uuid: "60b3bdb50f3f40b6b236cfb4774a333f" member_type: VOTER last_known_addr { host: "127.27.174.3" port: 38465 } }
I20260713 08:57:48.637583 29661 raft_consensus.cc:385] T f9fcce5d493f40fb9623e585db8525ba P 60b3bdb50f3f40b6b236cfb4774a333f [term 0 FOLLOWER]: Consensus starting up: Expiring failure detector timer to make a prompt election more likely
I20260713 08:57:48.637358 29620 tablet_service.cc:1917] Received RequestConsensusVote() RPC: tablet_id: "74e62d1100d8448082d272367d0920ed" candidate_uuid: "035281a560554f299dfdd230f503d415" candidate_term: 1 candidate_status { last_received { term: 0 index: 0 } } ignore_live_leader: false dest_uuid: "60b3bdb50f3f40b6b236cfb4774a333f" is_pre_election: true
I20260713 08:57:48.638298 29619 tablet_service.cc:1917] Received RequestConsensusVote() RPC: tablet_id: "e5cce3832c63420b9d24fc3e6fa776bd" candidate_uuid: "035281a560554f299dfdd230f503d415" candidate_term: 1 candidate_status { last_received { term: 0 index: 0 } } ignore_live_leader: false dest_uuid: "60b3bdb50f3f40b6b236cfb4774a333f" is_pre_election: true
I20260713 08:57:48.639124 29661 raft_consensus.cc:740] T f9fcce5d493f40fb9623e585db8525ba P 60b3bdb50f3f40b6b236cfb4774a333f [term 0 FOLLOWER]: Becoming Follower/Learner. State: Replica: 60b3bdb50f3f40b6b236cfb4774a333f, State: Initialized, Role: FOLLOWER
I20260713 08:57:48.639089 29619 raft_consensus.cc:2468] T e5cce3832c63420b9d24fc3e6fa776bd P 60b3bdb50f3f40b6b236cfb4774a333f [term 0 FOLLOWER]: Leader pre-election vote request: Granting yes vote for candidate 035281a560554f299dfdd230f503d415 in term 0.
I20260713 08:57:48.639452 29468 tablet_service.cc:1917] Received RequestConsensusVote() RPC: tablet_id: "e5cce3832c63420b9d24fc3e6fa776bd" candidate_uuid: "035281a560554f299dfdd230f503d415" candidate_term: 1 candidate_status { last_received { term: 0 index: 0 } } ignore_live_leader: false dest_uuid: "3a553231e9134e3498693aa758425b91" is_pre_election: true
I20260713 08:57:48.640193 29468 raft_consensus.cc:2468] T e5cce3832c63420b9d24fc3e6fa776bd P 3a553231e9134e3498693aa758425b91 [term 0 FOLLOWER]: Leader pre-election vote request: Granting yes vote for candidate 035281a560554f299dfdd230f503d415 in term 0.
I20260713 08:57:48.640861 29661 consensus_queue.cc:260] T f9fcce5d493f40fb9623e585db8525ba P 60b3bdb50f3f40b6b236cfb4774a333f [NON_LEADER]: Queue going to NON_LEADER mode. State: All replicated index: 0, Majority replicated index: 0, Committed index: 0, Last appended: 0.0, Last appended by leader: 0, Current term: 0, Majority size: -1, State: 0, Mode: NON_LEADER, active raft config: opid_index: -1 OBSOLETE_local: false peers { permanent_uuid: "3a553231e9134e3498693aa758425b91" member_type: VOTER last_known_addr { host: "127.27.174.1" port: 33889 } } peers { permanent_uuid: "035281a560554f299dfdd230f503d415" member_type: VOTER last_known_addr { host: "127.27.174.2" port: 44903 } } peers { permanent_uuid: "60b3bdb50f3f40b6b236cfb4774a333f" member_type: VOTER last_known_addr { host: "127.27.174.3" port: 38465 } }
W20260713 08:57:48.641636 29508 leader_election.cc:343] T 74e62d1100d8448082d272367d0920ed P 035281a560554f299dfdd230f503d415 [CANDIDATE]: Term 1 pre-election: Tablet error from VoteRequest() call to peer 60b3bdb50f3f40b6b236cfb4774a333f (127.27.174.3:38465): Illegal state: must be running to vote when last-logged opid is not known
I20260713 08:57:48.642390 29508 leader_election.cc:304] T e5cce3832c63420b9d24fc3e6fa776bd P 035281a560554f299dfdd230f503d415 [CANDIDATE]: Term 1 pre-election: Election decided. Result: candidate won. Election summary: received 2 responses out of 3 voters: 2 yes votes; 0 no votes. yes voters: 035281a560554f299dfdd230f503d415, 60b3bdb50f3f40b6b236cfb4774a333f; no voters: 
I20260713 08:57:48.643260 29668 raft_consensus.cc:2804] T e5cce3832c63420b9d24fc3e6fa776bd P 035281a560554f299dfdd230f503d415 [term 0 FOLLOWER]: Leader pre-election won for term 1
I20260713 08:57:48.643640 29668 raft_consensus.cc:493] T e5cce3832c63420b9d24fc3e6fa776bd P 035281a560554f299dfdd230f503d415 [term 0 FOLLOWER]: Starting leader election (no leader contacted us within the election timeout)
I20260713 08:57:48.644047 29668 raft_consensus.cc:3060] T e5cce3832c63420b9d24fc3e6fa776bd P 035281a560554f299dfdd230f503d415 [term 0 FOLLOWER]: Advancing to term 1
I20260713 08:57:48.645964 29661 ts_tablet_manager.cc:1434] T f9fcce5d493f40fb9623e585db8525ba P 60b3bdb50f3f40b6b236cfb4774a333f: Time spent starting tablet: real 0.015s	user 0.001s	sys 0.004s
I20260713 08:57:48.647176 29661 tablet_bootstrap.cc:492] T ef3cf98a44054de5bac6cddbc8beb8a3 P 60b3bdb50f3f40b6b236cfb4774a333f: Bootstrap starting.
I20260713 08:57:48.650767 29364 catalog_manager.cc:5697] T 1d374cdc6ece4ee1ac50057e11670ad3 P 60b3bdb50f3f40b6b236cfb4774a333f reported cstate change: term changed from 0 to 1, leader changed from <none> to 60b3bdb50f3f40b6b236cfb4774a333f (127.27.174.3). New cstate: current_term: 1 leader_uuid: "60b3bdb50f3f40b6b236cfb4774a333f" committed_config { opid_index: -1 OBSOLETE_local: false peers { permanent_uuid: "3a553231e9134e3498693aa758425b91" member_type: VOTER last_known_addr { host: "127.27.174.1" port: 33889 } health_report { overall_health: UNKNOWN } } peers { permanent_uuid: "035281a560554f299dfdd230f503d415" member_type: VOTER last_known_addr { host: "127.27.174.2" port: 44903 } health_report { overall_health: UNKNOWN } } peers { permanent_uuid: "60b3bdb50f3f40b6b236cfb4774a333f" member_type: VOTER last_known_addr { host: "127.27.174.3" port: 38465 } health_report { overall_health: HEALTHY } } }
I20260713 08:57:48.652611 29469 tablet_service.cc:1917] Received RequestConsensusVote() RPC: tablet_id: "74e62d1100d8448082d272367d0920ed" candidate_uuid: "035281a560554f299dfdd230f503d415" candidate_term: 1 candidate_status { last_received { term: 0 index: 0 } } ignore_live_leader: false dest_uuid: "3a553231e9134e3498693aa758425b91" is_pre_election: true
I20260713 08:57:48.652851 29661 tablet_bootstrap.cc:654] T ef3cf98a44054de5bac6cddbc8beb8a3 P 60b3bdb50f3f40b6b236cfb4774a333f: Neither blocks nor log segments found. Creating new log.
W20260713 08:57:48.654011 29509 leader_election.cc:343] T 74e62d1100d8448082d272367d0920ed P 035281a560554f299dfdd230f503d415 [CANDIDATE]: Term 1 pre-election: Tablet error from VoteRequest() call to peer 3a553231e9134e3498693aa758425b91 (127.27.174.1:33889): Illegal state: must be running to vote when last-logged opid is not known
I20260713 08:57:48.654515 29509 leader_election.cc:304] T 74e62d1100d8448082d272367d0920ed P 035281a560554f299dfdd230f503d415 [CANDIDATE]: Term 1 pre-election: Election decided. Result: candidate lost. Election summary: received 3 responses out of 3 voters: 1 yes votes; 2 no votes. yes voters: 035281a560554f299dfdd230f503d415; no voters: 3a553231e9134e3498693aa758425b91, 60b3bdb50f3f40b6b236cfb4774a333f
I20260713 08:57:48.655440 29681 raft_consensus.cc:2749] T 74e62d1100d8448082d272367d0920ed P 035281a560554f299dfdd230f503d415 [term 0 FOLLOWER]: Leader pre-election lost for term 1. Reason: could not achieve majority
I20260713 08:57:48.651134 29668 raft_consensus.cc:515] T e5cce3832c63420b9d24fc3e6fa776bd P 035281a560554f299dfdd230f503d415 [term 1 FOLLOWER]: Starting leader election with config: opid_index: -1 OBSOLETE_local: false peers { permanent_uuid: "3a553231e9134e3498693aa758425b91" member_type: VOTER last_known_addr { host: "127.27.174.1" port: 33889 } } peers { permanent_uuid: "035281a560554f299dfdd230f503d415" member_type: VOTER last_known_addr { host: "127.27.174.2" port: 44903 } } peers { permanent_uuid: "60b3bdb50f3f40b6b236cfb4774a333f" member_type: VOTER last_known_addr { host: "127.27.174.3" port: 38465 } }
I20260713 08:57:48.659864 29619 tablet_service.cc:1917] Received RequestConsensusVote() RPC: tablet_id: "e5cce3832c63420b9d24fc3e6fa776bd" candidate_uuid: "035281a560554f299dfdd230f503d415" candidate_term: 1 candidate_status { last_received { term: 0 index: 0 } } ignore_live_leader: false dest_uuid: "60b3bdb50f3f40b6b236cfb4774a333f"
I20260713 08:57:48.660516 29619 raft_consensus.cc:3060] T e5cce3832c63420b9d24fc3e6fa776bd P 60b3bdb50f3f40b6b236cfb4774a333f [term 0 FOLLOWER]: Advancing to term 1
I20260713 08:57:48.664247 29661 tablet_bootstrap.cc:492] T ef3cf98a44054de5bac6cddbc8beb8a3 P 60b3bdb50f3f40b6b236cfb4774a333f: No bootstrap required, opened a new log
I20260713 08:57:48.664471 29669 raft_consensus.cc:493] T 980daa2a07034bcdaf4eab29fa7068c2 P 3a553231e9134e3498693aa758425b91 [term 0 FOLLOWER]: Starting pre-election (no leader contacted us within the election timeout)
I20260713 08:57:48.664746 29661 ts_tablet_manager.cc:1403] T ef3cf98a44054de5bac6cddbc8beb8a3 P 60b3bdb50f3f40b6b236cfb4774a333f: Time spent bootstrapping tablet: real 0.018s	user 0.005s	sys 0.011s
I20260713 08:57:48.665028 29669 raft_consensus.cc:515] T 980daa2a07034bcdaf4eab29fa7068c2 P 3a553231e9134e3498693aa758425b91 [term 0 FOLLOWER]: Starting pre-election with config: opid_index: -1 OBSOLETE_local: false peers { permanent_uuid: "3a553231e9134e3498693aa758425b91" member_type: VOTER last_known_addr { host: "127.27.174.1" port: 33889 } } peers { permanent_uuid: "035281a560554f299dfdd230f503d415" member_type: VOTER last_known_addr { host: "127.27.174.2" port: 44903 } } peers { permanent_uuid: "60b3bdb50f3f40b6b236cfb4774a333f" member_type: VOTER last_known_addr { host: "127.27.174.3" port: 38465 } }
I20260713 08:57:48.667765 29619 raft_consensus.cc:2468] T e5cce3832c63420b9d24fc3e6fa776bd P 60b3bdb50f3f40b6b236cfb4774a333f [term 1 FOLLOWER]: Leader election vote request: Granting yes vote for candidate 035281a560554f299dfdd230f503d415 in term 1.
I20260713 08:57:48.667855 29661 raft_consensus.cc:359] T ef3cf98a44054de5bac6cddbc8beb8a3 P 60b3bdb50f3f40b6b236cfb4774a333f [term 0 FOLLOWER]: Replica starting. Triggering 0 pending ops. Active config: opid_index: -1 OBSOLETE_local: false peers { permanent_uuid: "3a553231e9134e3498693aa758425b91" member_type: VOTER last_known_addr { host: "127.27.174.1" port: 33889 } } peers { permanent_uuid: "60b3bdb50f3f40b6b236cfb4774a333f" member_type: VOTER last_known_addr { host: "127.27.174.3" port: 38465 } } peers { permanent_uuid: "035281a560554f299dfdd230f503d415" member_type: VOTER last_known_addr { host: "127.27.174.2" port: 44903 } }
I20260713 08:57:48.668803 29661 raft_consensus.cc:385] T ef3cf98a44054de5bac6cddbc8beb8a3 P 60b3bdb50f3f40b6b236cfb4774a333f [term 0 FOLLOWER]: Consensus starting up: Expiring failure detector timer to make a prompt election more likely
I20260713 08:57:48.669162 29661 raft_consensus.cc:740] T ef3cf98a44054de5bac6cddbc8beb8a3 P 60b3bdb50f3f40b6b236cfb4774a333f [term 0 FOLLOWER]: Becoming Follower/Learner. State: Replica: 60b3bdb50f3f40b6b236cfb4774a333f, State: Initialized, Role: FOLLOWER
I20260713 08:57:48.669116 29508 leader_election.cc:304] T e5cce3832c63420b9d24fc3e6fa776bd P 035281a560554f299dfdd230f503d415 [CANDIDATE]: Term 1 election: Election decided. Result: candidate won. Election summary: received 2 responses out of 3 voters: 2 yes votes; 0 no votes. yes voters: 035281a560554f299dfdd230f503d415, 60b3bdb50f3f40b6b236cfb4774a333f; no voters: 
I20260713 08:57:48.669943 29681 raft_consensus.cc:2804] T e5cce3832c63420b9d24fc3e6fa776bd P 035281a560554f299dfdd230f503d415 [term 1 FOLLOWER]: Leader election won for term 1
I20260713 08:57:48.669983 29669 leader_election.cc:290] T 980daa2a07034bcdaf4eab29fa7068c2 P 3a553231e9134e3498693aa758425b91 [CANDIDATE]: Term 1 pre-election: Requested pre-vote from peers 035281a560554f299dfdd230f503d415 (127.27.174.2:44903), 60b3bdb50f3f40b6b236cfb4774a333f (127.27.174.3:38465)
I20260713 08:57:48.670063 29661 consensus_queue.cc:260] T ef3cf98a44054de5bac6cddbc8beb8a3 P 60b3bdb50f3f40b6b236cfb4774a333f [NON_LEADER]: Queue going to NON_LEADER mode. State: All replicated index: 0, Majority replicated index: 0, Committed index: 0, Last appended: 0.0, Last appended by leader: 0, Current term: 0, Majority size: -1, State: 0, Mode: NON_LEADER, active raft config: opid_index: -1 OBSOLETE_local: false peers { permanent_uuid: "3a553231e9134e3498693aa758425b91" member_type: VOTER last_known_addr { host: "127.27.174.1" port: 33889 } } peers { permanent_uuid: "60b3bdb50f3f40b6b236cfb4774a333f" member_type: VOTER last_known_addr { host: "127.27.174.3" port: 38465 } } peers { permanent_uuid: "035281a560554f299dfdd230f503d415" member_type: VOTER last_known_addr { host: "127.27.174.2" port: 44903 } }
I20260713 08:57:48.673324 29661 ts_tablet_manager.cc:1434] T ef3cf98a44054de5bac6cddbc8beb8a3 P 60b3bdb50f3f40b6b236cfb4774a333f: Time spent starting tablet: real 0.008s	user 0.006s	sys 0.000s
I20260713 08:57:48.674317 29661 tablet_bootstrap.cc:492] T e1ae47551d4d4cf29155625300c5cba4 P 60b3bdb50f3f40b6b236cfb4774a333f: Bootstrap starting.
I20260713 08:57:48.676385 29469 tablet_service.cc:1917] Received RequestConsensusVote() RPC: tablet_id: "e5cce3832c63420b9d24fc3e6fa776bd" candidate_uuid: "035281a560554f299dfdd230f503d415" candidate_term: 1 candidate_status { last_received { term: 0 index: 0 } } ignore_live_leader: false dest_uuid: "3a553231e9134e3498693aa758425b91"
I20260713 08:57:48.676954 29469 raft_consensus.cc:3060] T e5cce3832c63420b9d24fc3e6fa776bd P 3a553231e9134e3498693aa758425b91 [term 0 FOLLOWER]: Advancing to term 1
I20260713 08:57:48.680608 29661 tablet_bootstrap.cc:654] T e1ae47551d4d4cf29155625300c5cba4 P 60b3bdb50f3f40b6b236cfb4774a333f: Neither blocks nor log segments found. Creating new log.
I20260713 08:57:48.682052 29668 leader_election.cc:290] T e5cce3832c63420b9d24fc3e6fa776bd P 035281a560554f299dfdd230f503d415 [CANDIDATE]: Term 1 election: Requested vote from peers 3a553231e9134e3498693aa758425b91 (127.27.174.1:33889), 60b3bdb50f3f40b6b236cfb4774a333f (127.27.174.3:38465)
I20260713 08:57:48.688642 29681 raft_consensus.cc:697] T e5cce3832c63420b9d24fc3e6fa776bd P 035281a560554f299dfdd230f503d415 [term 1 LEADER]: Becoming Leader. State: Replica: 035281a560554f299dfdd230f503d415, State: Running, Role: LEADER
I20260713 08:57:48.689796 29681 consensus_queue.cc:237] T e5cce3832c63420b9d24fc3e6fa776bd P 035281a560554f299dfdd230f503d415 [LEADER]: Queue going to LEADER mode. State: All replicated index: 0, Majority replicated index: 0, Committed index: 0, Last appended: 0.0, Last appended by leader: 0, Current term: 1, Majority size: 2, State: 0, Mode: LEADER, active raft config: opid_index: -1 OBSOLETE_local: false peers { permanent_uuid: "3a553231e9134e3498693aa758425b91" member_type: VOTER last_known_addr { host: "127.27.174.1" port: 33889 } } peers { permanent_uuid: "035281a560554f299dfdd230f503d415" member_type: VOTER last_known_addr { host: "127.27.174.2" port: 44903 } } peers { permanent_uuid: "60b3bdb50f3f40b6b236cfb4774a333f" member_type: VOTER last_known_addr { host: "127.27.174.3" port: 38465 } }
I20260713 08:57:48.692210 29661 tablet_bootstrap.cc:492] T e1ae47551d4d4cf29155625300c5cba4 P 60b3bdb50f3f40b6b236cfb4774a333f: No bootstrap required, opened a new log
I20260713 08:57:48.692698 29661 ts_tablet_manager.cc:1403] T e1ae47551d4d4cf29155625300c5cba4 P 60b3bdb50f3f40b6b236cfb4774a333f: Time spent bootstrapping tablet: real 0.019s	user 0.015s	sys 0.002s
I20260713 08:57:48.695456 29661 raft_consensus.cc:359] T e1ae47551d4d4cf29155625300c5cba4 P 60b3bdb50f3f40b6b236cfb4774a333f [term 0 FOLLOWER]: Replica starting. Triggering 0 pending ops. Active config: opid_index: -1 OBSOLETE_local: false peers { permanent_uuid: "3a553231e9134e3498693aa758425b91" member_type: VOTER last_known_addr { host: "127.27.174.1" port: 33889 } } peers { permanent_uuid: "035281a560554f299dfdd230f503d415" member_type: VOTER last_known_addr { host: "127.27.174.2" port: 44903 } } peers { permanent_uuid: "60b3bdb50f3f40b6b236cfb4774a333f" member_type: VOTER last_known_addr { host: "127.27.174.3" port: 38465 } }
I20260713 08:57:48.695964 29469 raft_consensus.cc:2468] T e5cce3832c63420b9d24fc3e6fa776bd P 3a553231e9134e3498693aa758425b91 [term 1 FOLLOWER]: Leader election vote request: Granting yes vote for candidate 035281a560554f299dfdd230f503d415 in term 1.
I20260713 08:57:48.696318 29661 raft_consensus.cc:385] T e1ae47551d4d4cf29155625300c5cba4 P 60b3bdb50f3f40b6b236cfb4774a333f [term 0 FOLLOWER]: Consensus starting up: Expiring failure detector timer to make a prompt election more likely
I20260713 08:57:48.697110 29663 tablet_bootstrap.cc:492] T 0cb8439839de4265acfe33ae063ac40e P 035281a560554f299dfdd230f503d415: No bootstrap required, opened a new log
I20260713 08:57:48.704950 29366 catalog_manager.cc:5697] T e5cce3832c63420b9d24fc3e6fa776bd P 035281a560554f299dfdd230f503d415 reported cstate change: term changed from 0 to 1, leader changed from <none> to 035281a560554f299dfdd230f503d415 (127.27.174.2). New cstate: current_term: 1 leader_uuid: "035281a560554f299dfdd230f503d415" committed_config { opid_index: -1 OBSOLETE_local: false peers { permanent_uuid: "3a553231e9134e3498693aa758425b91" member_type: VOTER last_known_addr { host: "127.27.174.1" port: 33889 } health_report { overall_health: UNKNOWN } } peers { permanent_uuid: "035281a560554f299dfdd230f503d415" member_type: VOTER last_known_addr { host: "127.27.174.2" port: 44903 } health_report { overall_health: HEALTHY } } peers { permanent_uuid: "60b3bdb50f3f40b6b236cfb4774a333f" member_type: VOTER last_known_addr { host: "127.27.174.3" port: 38465 } health_report { overall_health: UNKNOWN } } }
I20260713 08:57:48.706733 29663 ts_tablet_manager.cc:1403] T 0cb8439839de4265acfe33ae063ac40e P 035281a560554f299dfdd230f503d415: Time spent bootstrapping tablet: real 0.097s	user 0.032s	sys 0.015s
I20260713 08:57:48.705751 29545 tablet_service.cc:1917] Received RequestConsensusVote() RPC: tablet_id: "980daa2a07034bcdaf4eab29fa7068c2" candidate_uuid: "3a553231e9134e3498693aa758425b91" candidate_term: 1 candidate_status { last_received { term: 0 index: 0 } } ignore_live_leader: false dest_uuid: "035281a560554f299dfdd230f503d415" is_pre_election: true
W20260713 08:57:48.709455 29432 leader_election.cc:343] T 980daa2a07034bcdaf4eab29fa7068c2 P 3a553231e9134e3498693aa758425b91 [CANDIDATE]: Term 1 pre-election: Tablet error from VoteRequest() call to peer 035281a560554f299dfdd230f503d415 (127.27.174.2:44903): Illegal state: must be running to vote when last-logged opid is not known
I20260713 08:57:48.709558 29663 raft_consensus.cc:359] T 0cb8439839de4265acfe33ae063ac40e P 035281a560554f299dfdd230f503d415 [term 0 FOLLOWER]: Replica starting. Triggering 0 pending ops. Active config: opid_index: -1 OBSOLETE_local: false peers { permanent_uuid: "3a553231e9134e3498693aa758425b91" member_type: VOTER last_known_addr { host: "127.27.174.1" port: 33889 } } peers { permanent_uuid: "035281a560554f299dfdd230f503d415" member_type: VOTER last_known_addr { host: "127.27.174.2" port: 44903 } } peers { permanent_uuid: "60b3bdb50f3f40b6b236cfb4774a333f" member_type: VOTER last_known_addr { host: "127.27.174.3" port: 38465 } }
I20260713 08:57:48.710258 29663 raft_consensus.cc:385] T 0cb8439839de4265acfe33ae063ac40e P 035281a560554f299dfdd230f503d415 [term 0 FOLLOWER]: Consensus starting up: Expiring failure detector timer to make a prompt election more likely
I20260713 08:57:48.710553 29663 raft_consensus.cc:740] T 0cb8439839de4265acfe33ae063ac40e P 035281a560554f299dfdd230f503d415 [term 0 FOLLOWER]: Becoming Follower/Learner. State: Replica: 035281a560554f299dfdd230f503d415, State: Initialized, Role: FOLLOWER
I20260713 08:57:48.711210 29663 consensus_queue.cc:260] T 0cb8439839de4265acfe33ae063ac40e P 035281a560554f299dfdd230f503d415 [NON_LEADER]: Queue going to NON_LEADER mode. State: All replicated index: 0, Majority replicated index: 0, Committed index: 0, Last appended: 0.0, Last appended by leader: 0, Current term: 0, Majority size: -1, State: 0, Mode: NON_LEADER, active raft config: opid_index: -1 OBSOLETE_local: false peers { permanent_uuid: "3a553231e9134e3498693aa758425b91" member_type: VOTER last_known_addr { host: "127.27.174.1" port: 33889 } } peers { permanent_uuid: "035281a560554f299dfdd230f503d415" member_type: VOTER last_known_addr { host: "127.27.174.2" port: 44903 } } peers { permanent_uuid: "60b3bdb50f3f40b6b236cfb4774a333f" member_type: VOTER last_known_addr { host: "127.27.174.3" port: 38465 } }
