I20260713 08:57:25.197111 28675 tablet_bootstrap.cc:492] T f80992c9cafe440cbc07a1cb1314bb64 P 5c694c31dab649049d1f84378be2b53b: Bootstrap starting.
I20260713 08:57:25.198120 28674 tablet_bootstrap.cc:654] T e3a16748e722486ba35db1195604e938 P 7ef3805460084df184c2d62d1e8b4c9a: Neither blocks nor log segments found. Creating new log.
I20260713 08:57:25.203279 28675 tablet_bootstrap.cc:654] T f80992c9cafe440cbc07a1cb1314bb64 P 5c694c31dab649049d1f84378be2b53b: Neither blocks nor log segments found. Creating new log.
I20260713 08:57:25.203045 28676 raft_consensus.cc:359] T 7fd4ad74aa2e42939622880b10a25e1b P 414a5e69020948fcae6b4f58df2e9f0e [term 0 FOLLOWER]: Replica starting. Triggering 0 pending ops. Active config: opid_index: -1 OBSOLETE_local: false peers { permanent_uuid: "7ef3805460084df184c2d62d1e8b4c9a" member_type: VOTER last_known_addr { host: "127.27.174.1" port: 33263 } } peers { permanent_uuid: "5c694c31dab649049d1f84378be2b53b" member_type: VOTER last_known_addr { host: "127.27.174.2" port: 40367 } } peers { permanent_uuid: "414a5e69020948fcae6b4f58df2e9f0e" member_type: VOTER last_known_addr { host: "127.27.174.3" port: 34843 } }
I20260713 08:57:25.203719 28676 raft_consensus.cc:385] T 7fd4ad74aa2e42939622880b10a25e1b P 414a5e69020948fcae6b4f58df2e9f0e [term 0 FOLLOWER]: Consensus starting up: Expiring failure detector timer to make a prompt election more likely
I20260713 08:57:25.204067 28676 raft_consensus.cc:740] T 7fd4ad74aa2e42939622880b10a25e1b P 414a5e69020948fcae6b4f58df2e9f0e [term 0 FOLLOWER]: Becoming Follower/Learner. State: Replica: 414a5e69020948fcae6b4f58df2e9f0e, State: Initialized, Role: FOLLOWER
I20260713 08:57:25.204830 28676 consensus_queue.cc:260] T 7fd4ad74aa2e42939622880b10a25e1b P 414a5e69020948fcae6b4f58df2e9f0e [NON_LEADER]: Queue going to NON_LEADER mode. State: All replicated index: 0, Majority replicated index: 0, Committed index: 0, Last appended: 0.0, Last appended by leader: 0, Current term: 0, Majority size: -1, State: 0, Mode: NON_LEADER, active raft config: opid_index: -1 OBSOLETE_local: false peers { permanent_uuid: "7ef3805460084df184c2d62d1e8b4c9a" member_type: VOTER last_known_addr { host: "127.27.174.1" port: 33263 } } peers { permanent_uuid: "5c694c31dab649049d1f84378be2b53b" member_type: VOTER last_known_addr { host: "127.27.174.2" port: 40367 } } peers { permanent_uuid: "414a5e69020948fcae6b4f58df2e9f0e" member_type: VOTER last_known_addr { host: "127.27.174.3" port: 34843 } }
I20260713 08:57:25.207156 28676 ts_tablet_manager.cc:1434] T 7fd4ad74aa2e42939622880b10a25e1b P 414a5e69020948fcae6b4f58df2e9f0e: Time spent starting tablet: real 0.017s	user 0.006s	sys 0.001s
I20260713 08:57:25.207957 28676 tablet_bootstrap.cc:492] T 3edd0df110ce4074a738ea04bbb6ea9a P 414a5e69020948fcae6b4f58df2e9f0e: Bootstrap starting.
I20260713 08:57:25.214092 28676 tablet_bootstrap.cc:654] T 3edd0df110ce4074a738ea04bbb6ea9a P 414a5e69020948fcae6b4f58df2e9f0e: Neither blocks nor log segments found. Creating new log.
I20260713 08:57:25.214792 28675 tablet_bootstrap.cc:492] T f80992c9cafe440cbc07a1cb1314bb64 P 5c694c31dab649049d1f84378be2b53b: No bootstrap required, opened a new log
I20260713 08:57:25.215201 28675 ts_tablet_manager.cc:1403] T f80992c9cafe440cbc07a1cb1314bb64 P 5c694c31dab649049d1f84378be2b53b: Time spent bootstrapping tablet: real 0.018s	user 0.011s	sys 0.004s
I20260713 08:57:25.218283 28674 tablet_bootstrap.cc:492] T e3a16748e722486ba35db1195604e938 P 7ef3805460084df184c2d62d1e8b4c9a: No bootstrap required, opened a new log
I20260713 08:57:25.217950 28675 raft_consensus.cc:359] T f80992c9cafe440cbc07a1cb1314bb64 P 5c694c31dab649049d1f84378be2b53b [term 0 FOLLOWER]: Replica starting. Triggering 0 pending ops. Active config: opid_index: -1 OBSOLETE_local: false peers { permanent_uuid: "7ef3805460084df184c2d62d1e8b4c9a" member_type: VOTER last_known_addr { host: "127.27.174.1" port: 33263 } } peers { permanent_uuid: "5c694c31dab649049d1f84378be2b53b" member_type: VOTER last_known_addr { host: "127.27.174.2" port: 40367 } } peers { permanent_uuid: "414a5e69020948fcae6b4f58df2e9f0e" member_type: VOTER last_known_addr { host: "127.27.174.3" port: 34843 } }
I20260713 08:57:25.218632 28675 raft_consensus.cc:385] T f80992c9cafe440cbc07a1cb1314bb64 P 5c694c31dab649049d1f84378be2b53b [term 0 FOLLOWER]: Consensus starting up: Expiring failure detector timer to make a prompt election more likely
I20260713 08:57:25.218690 28674 ts_tablet_manager.cc:1403] T e3a16748e722486ba35db1195604e938 P 7ef3805460084df184c2d62d1e8b4c9a: Time spent bootstrapping tablet: real 0.027s	user 0.004s	sys 0.006s
I20260713 08:57:25.218981 28675 raft_consensus.cc:740] T f80992c9cafe440cbc07a1cb1314bb64 P 5c694c31dab649049d1f84378be2b53b [term 0 FOLLOWER]: Becoming Follower/Learner. State: Replica: 5c694c31dab649049d1f84378be2b53b, State: Initialized, Role: FOLLOWER
I20260713 08:57:25.219919 28675 consensus_queue.cc:260] T f80992c9cafe440cbc07a1cb1314bb64 P 5c694c31dab649049d1f84378be2b53b [NON_LEADER]: Queue going to NON_LEADER mode. State: All replicated index: 0, Majority replicated index: 0, Committed index: 0, Last appended: 0.0, Last appended by leader: 0, Current term: 0, Majority size: -1, State: 0, Mode: NON_LEADER, active raft config: opid_index: -1 OBSOLETE_local: false peers { permanent_uuid: "7ef3805460084df184c2d62d1e8b4c9a" member_type: VOTER last_known_addr { host: "127.27.174.1" port: 33263 } } peers { permanent_uuid: "5c694c31dab649049d1f84378be2b53b" member_type: VOTER last_known_addr { host: "127.27.174.2" port: 40367 } } peers { permanent_uuid: "414a5e69020948fcae6b4f58df2e9f0e" member_type: VOTER last_known_addr { host: "127.27.174.3" port: 34843 } }
I20260713 08:57:25.221622 28674 raft_consensus.cc:359] T e3a16748e722486ba35db1195604e938 P 7ef3805460084df184c2d62d1e8b4c9a [term 0 FOLLOWER]: Replica starting. Triggering 0 pending ops. Active config: opid_index: -1 OBSOLETE_local: false peers { permanent_uuid: "7ef3805460084df184c2d62d1e8b4c9a" member_type: VOTER last_known_addr { host: "127.27.174.1" port: 33263 } } peers { permanent_uuid: "5c694c31dab649049d1f84378be2b53b" member_type: VOTER last_known_addr { host: "127.27.174.2" port: 40367 } } peers { permanent_uuid: "414a5e69020948fcae6b4f58df2e9f0e" member_type: VOTER last_known_addr { host: "127.27.174.3" port: 34843 } }
I20260713 08:57:25.222337 28675 ts_tablet_manager.cc:1434] T f80992c9cafe440cbc07a1cb1314bb64 P 5c694c31dab649049d1f84378be2b53b: Time spent starting tablet: real 0.007s	user 0.000s	sys 0.007s
I20260713 08:57:25.223258 28675 tablet_bootstrap.cc:492] T d86e1bd2389245c8b3301d5c44bbd5c7 P 5c694c31dab649049d1f84378be2b53b: Bootstrap starting.
I20260713 08:57:25.222302 28674 raft_consensus.cc:385] T e3a16748e722486ba35db1195604e938 P 7ef3805460084df184c2d62d1e8b4c9a [term 0 FOLLOWER]: Consensus starting up: Expiring failure detector timer to make a prompt election more likely
I20260713 08:57:25.224439 28674 raft_consensus.cc:740] T e3a16748e722486ba35db1195604e938 P 7ef3805460084df184c2d62d1e8b4c9a [term 0 FOLLOWER]: Becoming Follower/Learner. State: Replica: 7ef3805460084df184c2d62d1e8b4c9a, State: Initialized, Role: FOLLOWER
I20260713 08:57:25.225142 28674 consensus_queue.cc:260] T e3a16748e722486ba35db1195604e938 P 7ef3805460084df184c2d62d1e8b4c9a [NON_LEADER]: Queue going to NON_LEADER mode. State: All replicated index: 0, Majority replicated index: 0, Committed index: 0, Last appended: 0.0, Last appended by leader: 0, Current term: 0, Majority size: -1, State: 0, Mode: NON_LEADER, active raft config: opid_index: -1 OBSOLETE_local: false peers { permanent_uuid: "7ef3805460084df184c2d62d1e8b4c9a" member_type: VOTER last_known_addr { host: "127.27.174.1" port: 33263 } } peers { permanent_uuid: "5c694c31dab649049d1f84378be2b53b" member_type: VOTER last_known_addr { host: "127.27.174.2" port: 40367 } } peers { permanent_uuid: "414a5e69020948fcae6b4f58df2e9f0e" member_type: VOTER last_known_addr { host: "127.27.174.3" port: 34843 } }
I20260713 08:57:25.227469 28674 ts_tablet_manager.cc:1434] T e3a16748e722486ba35db1195604e938 P 7ef3805460084df184c2d62d1e8b4c9a: Time spent starting tablet: real 0.008s	user 0.006s	sys 0.001s
I20260713 08:57:25.229135 28674 tablet_bootstrap.cc:492] T 3edd0df110ce4074a738ea04bbb6ea9a P 7ef3805460084df184c2d62d1e8b4c9a: Bootstrap starting.
I20260713 08:57:25.229447 28675 tablet_bootstrap.cc:654] T d86e1bd2389245c8b3301d5c44bbd5c7 P 5c694c31dab649049d1f84378be2b53b: Neither blocks nor log segments found. Creating new log.
I20260713 08:57:25.232384 28630 tablet_service.cc:1917] Received RequestConsensusVote() RPC: tablet_id: "2a91b64fb16840e88f15b5fcb29c7a2e" candidate_uuid: "5c694c31dab649049d1f84378be2b53b" candidate_term: 1 candidate_status { last_received { term: 0 index: 0 } } ignore_live_leader: false dest_uuid: "414a5e69020948fcae6b4f58df2e9f0e" is_pre_election: true
I20260713 08:57:25.233068 28630 raft_consensus.cc:2468] T 2a91b64fb16840e88f15b5fcb29c7a2e P 414a5e69020948fcae6b4f58df2e9f0e [term 0 FOLLOWER]: Leader pre-election vote request: Granting yes vote for candidate 5c694c31dab649049d1f84378be2b53b in term 0.
I20260713 08:57:25.235222 28674 tablet_bootstrap.cc:654] T 3edd0df110ce4074a738ea04bbb6ea9a P 7ef3805460084df184c2d62d1e8b4c9a: Neither blocks nor log segments found. Creating new log.
I20260713 08:57:25.236290 28480 tablet_service.cc:1917] Received RequestConsensusVote() RPC: tablet_id: "2a91b64fb16840e88f15b5fcb29c7a2e" candidate_uuid: "5c694c31dab649049d1f84378be2b53b" candidate_term: 1 candidate_status { last_received { term: 0 index: 0 } } ignore_live_leader: false dest_uuid: "7ef3805460084df184c2d62d1e8b4c9a" is_pre_election: true
I20260713 08:57:25.237035 28480 raft_consensus.cc:2468] T 2a91b64fb16840e88f15b5fcb29c7a2e P 7ef3805460084df184c2d62d1e8b4c9a [term 0 FOLLOWER]: Leader pre-election vote request: Granting yes vote for candidate 5c694c31dab649049d1f84378be2b53b in term 0.
I20260713 08:57:25.239151 28521 leader_election.cc:304] T 2a91b64fb16840e88f15b5fcb29c7a2e P 5c694c31dab649049d1f84378be2b53b [CANDIDATE]: Term 1 pre-election: Election decided. Result: candidate won. Election summary: received 2 responses out of 3 voters: 2 yes votes; 0 no votes. yes voters: 414a5e69020948fcae6b4f58df2e9f0e, 5c694c31dab649049d1f84378be2b53b; no voters: 
I20260713 08:57:25.240077 28681 raft_consensus.cc:2804] T 2a91b64fb16840e88f15b5fcb29c7a2e P 5c694c31dab649049d1f84378be2b53b [term 0 FOLLOWER]: Leader pre-election won for term 1
I20260713 08:57:25.240424 28681 raft_consensus.cc:493] T 2a91b64fb16840e88f15b5fcb29c7a2e P 5c694c31dab649049d1f84378be2b53b [term 0 FOLLOWER]: Starting leader election (no leader contacted us within the election timeout)
I20260713 08:57:25.240756 28681 raft_consensus.cc:3060] T 2a91b64fb16840e88f15b5fcb29c7a2e P 5c694c31dab649049d1f84378be2b53b [term 0 FOLLOWER]: Advancing to term 1
I20260713 08:57:25.244903 28675 tablet_bootstrap.cc:492] T d86e1bd2389245c8b3301d5c44bbd5c7 P 5c694c31dab649049d1f84378be2b53b: No bootstrap required, opened a new log
I20260713 08:57:25.245368 28675 ts_tablet_manager.cc:1403] T d86e1bd2389245c8b3301d5c44bbd5c7 P 5c694c31dab649049d1f84378be2b53b: Time spent bootstrapping tablet: real 0.022s	user 0.006s	sys 0.011s
I20260713 08:57:25.246569 28681 raft_consensus.cc:515] T 2a91b64fb16840e88f15b5fcb29c7a2e P 5c694c31dab649049d1f84378be2b53b [term 1 FOLLOWER]: Starting leader election with config: opid_index: -1 OBSOLETE_local: false peers { permanent_uuid: "7ef3805460084df184c2d62d1e8b4c9a" member_type: VOTER last_known_addr { host: "127.27.174.1" port: 33263 } } peers { permanent_uuid: "414a5e69020948fcae6b4f58df2e9f0e" member_type: VOTER last_known_addr { host: "127.27.174.3" port: 34843 } } peers { permanent_uuid: "5c694c31dab649049d1f84378be2b53b" member_type: VOTER last_known_addr { host: "127.27.174.2" port: 40367 } }
I20260713 08:57:25.248445 28681 leader_election.cc:290] T 2a91b64fb16840e88f15b5fcb29c7a2e P 5c694c31dab649049d1f84378be2b53b [CANDIDATE]: Term 1 election: Requested vote from peers 7ef3805460084df184c2d62d1e8b4c9a (127.27.174.1:33263), 414a5e69020948fcae6b4f58df2e9f0e (127.27.174.3:34843)
I20260713 08:57:25.248448 28675 raft_consensus.cc:359] T d86e1bd2389245c8b3301d5c44bbd5c7 P 5c694c31dab649049d1f84378be2b53b [term 0 FOLLOWER]: Replica starting. Triggering 0 pending ops. Active config: opid_index: -1 OBSOLETE_local: false peers { permanent_uuid: "7ef3805460084df184c2d62d1e8b4c9a" member_type: VOTER last_known_addr { host: "127.27.174.1" port: 33263 } } peers { permanent_uuid: "5c694c31dab649049d1f84378be2b53b" member_type: VOTER last_known_addr { host: "127.27.174.2" port: 40367 } } peers { permanent_uuid: "414a5e69020948fcae6b4f58df2e9f0e" member_type: VOTER last_known_addr { host: "127.27.174.3" port: 34843 } }
I20260713 08:57:25.249521 28675 raft_consensus.cc:385] T d86e1bd2389245c8b3301d5c44bbd5c7 P 5c694c31dab649049d1f84378be2b53b [term 0 FOLLOWER]: Consensus starting up: Expiring failure detector timer to make a prompt election more likely
I20260713 08:57:25.249562 28480 tablet_service.cc:1917] Received RequestConsensusVote() RPC: tablet_id: "2a91b64fb16840e88f15b5fcb29c7a2e" candidate_uuid: "5c694c31dab649049d1f84378be2b53b" candidate_term: 1 candidate_status { last_received { term: 0 index: 0 } } ignore_live_leader: false dest_uuid: "7ef3805460084df184c2d62d1e8b4c9a"
I20260713 08:57:25.249845 28675 raft_consensus.cc:740] T d86e1bd2389245c8b3301d5c44bbd5c7 P 5c694c31dab649049d1f84378be2b53b [term 0 FOLLOWER]: Becoming Follower/Learner. State: Replica: 5c694c31dab649049d1f84378be2b53b, State: Initialized, Role: FOLLOWER
I20260713 08:57:25.250109 28480 raft_consensus.cc:3060] T 2a91b64fb16840e88f15b5fcb29c7a2e P 7ef3805460084df184c2d62d1e8b4c9a [term 0 FOLLOWER]: Advancing to term 1
I20260713 08:57:25.250285 28676 tablet_bootstrap.cc:492] T 3edd0df110ce4074a738ea04bbb6ea9a P 414a5e69020948fcae6b4f58df2e9f0e: No bootstrap required, opened a new log
I20260713 08:57:25.250735 28676 ts_tablet_manager.cc:1403] T 3edd0df110ce4074a738ea04bbb6ea9a P 414a5e69020948fcae6b4f58df2e9f0e: Time spent bootstrapping tablet: real 0.043s	user 0.013s	sys 0.007s
I20260713 08:57:25.250548 28675 consensus_queue.cc:260] T d86e1bd2389245c8b3301d5c44bbd5c7 P 5c694c31dab649049d1f84378be2b53b [NON_LEADER]: Queue going to NON_LEADER mode. State: All replicated index: 0, Majority replicated index: 0, Committed index: 0, Last appended: 0.0, Last appended by leader: 0, Current term: 0, Majority size: -1, State: 0, Mode: NON_LEADER, active raft config: opid_index: -1 OBSOLETE_local: false peers { permanent_uuid: "7ef3805460084df184c2d62d1e8b4c9a" member_type: VOTER last_known_addr { host: "127.27.174.1" port: 33263 } } peers { permanent_uuid: "5c694c31dab649049d1f84378be2b53b" member_type: VOTER last_known_addr { host: "127.27.174.2" port: 40367 } } peers { permanent_uuid: "414a5e69020948fcae6b4f58df2e9f0e" member_type: VOTER last_known_addr { host: "127.27.174.3" port: 34843 } }
I20260713 08:57:25.253257 28675 ts_tablet_manager.cc:1434] T d86e1bd2389245c8b3301d5c44bbd5c7 P 5c694c31dab649049d1f84378be2b53b: Time spent starting tablet: real 0.007s	user 0.006s	sys 0.000s
I20260713 08:57:25.254186 28675 tablet_bootstrap.cc:492] T 7fd4ad74aa2e42939622880b10a25e1b P 5c694c31dab649049d1f84378be2b53b: Bootstrap starting.
I20260713 08:57:25.253919 28676 raft_consensus.cc:359] T 3edd0df110ce4074a738ea04bbb6ea9a P 414a5e69020948fcae6b4f58df2e9f0e [term 0 FOLLOWER]: Replica starting. Triggering 0 pending ops. Active config: opid_index: -1 OBSOLETE_local: false peers { permanent_uuid: "7ef3805460084df184c2d62d1e8b4c9a" member_type: VOTER last_known_addr { host: "127.27.174.1" port: 33263 } } peers { permanent_uuid: "5c694c31dab649049d1f84378be2b53b" member_type: VOTER last_known_addr { host: "127.27.174.2" port: 40367 } } peers { permanent_uuid: "414a5e69020948fcae6b4f58df2e9f0e" member_type: VOTER last_known_addr { host: "127.27.174.3" port: 34843 } }
I20260713 08:57:25.254621 28676 raft_consensus.cc:385] T 3edd0df110ce4074a738ea04bbb6ea9a P 414a5e69020948fcae6b4f58df2e9f0e [term 0 FOLLOWER]: Consensus starting up: Expiring failure detector timer to make a prompt election more likely
I20260713 08:57:25.254930 28676 raft_consensus.cc:740] T 3edd0df110ce4074a738ea04bbb6ea9a P 414a5e69020948fcae6b4f58df2e9f0e [term 0 FOLLOWER]: Becoming Follower/Learner. State: Replica: 414a5e69020948fcae6b4f58df2e9f0e, State: Initialized, Role: FOLLOWER
I20260713 08:57:25.257588 28674 tablet_bootstrap.cc:492] T 3edd0df110ce4074a738ea04bbb6ea9a P 7ef3805460084df184c2d62d1e8b4c9a: No bootstrap required, opened a new log
I20260713 08:57:25.258008 28674 ts_tablet_manager.cc:1403] T 3edd0df110ce4074a738ea04bbb6ea9a P 7ef3805460084df184c2d62d1e8b4c9a: Time spent bootstrapping tablet: real 0.029s	user 0.009s	sys 0.001s
I20260713 08:57:25.258167 28681 raft_consensus.cc:493] T d86e1bd2389245c8b3301d5c44bbd5c7 P 5c694c31dab649049d1f84378be2b53b [term 0 FOLLOWER]: Starting pre-election (no leader contacted us within the election timeout)
I20260713 08:57:25.258577 28681 raft_consensus.cc:515] T d86e1bd2389245c8b3301d5c44bbd5c7 P 5c694c31dab649049d1f84378be2b53b [term 0 FOLLOWER]: Starting pre-election with config: opid_index: -1 OBSOLETE_local: false peers { permanent_uuid: "7ef3805460084df184c2d62d1e8b4c9a" member_type: VOTER last_known_addr { host: "127.27.174.1" port: 33263 } } peers { permanent_uuid: "5c694c31dab649049d1f84378be2b53b" member_type: VOTER last_known_addr { host: "127.27.174.2" port: 40367 } } peers { permanent_uuid: "414a5e69020948fcae6b4f58df2e9f0e" member_type: VOTER last_known_addr { host: "127.27.174.3" port: 34843 } }
I20260713 08:57:25.259883 28480 raft_consensus.cc:2468] T 2a91b64fb16840e88f15b5fcb29c7a2e P 7ef3805460084df184c2d62d1e8b4c9a [term 1 FOLLOWER]: Leader election vote request: Granting yes vote for candidate 5c694c31dab649049d1f84378be2b53b in term 1.
I20260713 08:57:25.260524 28681 leader_election.cc:290] T d86e1bd2389245c8b3301d5c44bbd5c7 P 5c694c31dab649049d1f84378be2b53b [CANDIDATE]: Term 1 pre-election: Requested pre-vote from peers 7ef3805460084df184c2d62d1e8b4c9a (127.27.174.1:33263), 414a5e69020948fcae6b4f58df2e9f0e (127.27.174.3:34843)
I20260713 08:57:25.261405 28674 raft_consensus.cc:359] T 3edd0df110ce4074a738ea04bbb6ea9a P 7ef3805460084df184c2d62d1e8b4c9a [term 0 FOLLOWER]: Replica starting. Triggering 0 pending ops. Active config: opid_index: -1 OBSOLETE_local: false peers { permanent_uuid: "7ef3805460084df184c2d62d1e8b4c9a" member_type: VOTER last_known_addr { host: "127.27.174.1" port: 33263 } } peers { permanent_uuid: "5c694c31dab649049d1f84378be2b53b" member_type: VOTER last_known_addr { host: "127.27.174.2" port: 40367 } } peers { permanent_uuid: "414a5e69020948fcae6b4f58df2e9f0e" member_type: VOTER last_known_addr { host: "127.27.174.3" port: 34843 } }
I20260713 08:57:25.262085 28674 raft_consensus.cc:385] T 3edd0df110ce4074a738ea04bbb6ea9a P 7ef3805460084df184c2d62d1e8b4c9a [term 0 FOLLOWER]: Consensus starting up: Expiring failure detector timer to make a prompt election more likely
I20260713 08:57:25.262378 28674 raft_consensus.cc:740] T 3edd0df110ce4074a738ea04bbb6ea9a P 7ef3805460084df184c2d62d1e8b4c9a [term 0 FOLLOWER]: Becoming Follower/Learner. State: Replica: 7ef3805460084df184c2d62d1e8b4c9a, State: Initialized, Role: FOLLOWER
I20260713 08:57:25.262322 28630 tablet_service.cc:1917] Received RequestConsensusVote() RPC: tablet_id: "2a91b64fb16840e88f15b5fcb29c7a2e" candidate_uuid: "5c694c31dab649049d1f84378be2b53b" candidate_term: 1 candidate_status { last_received { term: 0 index: 0 } } ignore_live_leader: false dest_uuid: "414a5e69020948fcae6b4f58df2e9f0e"
I20260713 08:57:25.262976 28630 raft_consensus.cc:3060] T 2a91b64fb16840e88f15b5fcb29c7a2e P 414a5e69020948fcae6b4f58df2e9f0e [term 0 FOLLOWER]: Advancing to term 1
I20260713 08:57:25.263738 28675 tablet_bootstrap.cc:654] T 7fd4ad74aa2e42939622880b10a25e1b P 5c694c31dab649049d1f84378be2b53b: Neither blocks nor log segments found. Creating new log.
I20260713 08:57:25.264104 28480 tablet_service.cc:1917] Received RequestConsensusVote() RPC: tablet_id: "d86e1bd2389245c8b3301d5c44bbd5c7" candidate_uuid: "5c694c31dab649049d1f84378be2b53b" candidate_term: 1 candidate_status { last_received { term: 0 index: 0 } } ignore_live_leader: false dest_uuid: "7ef3805460084df184c2d62d1e8b4c9a" is_pre_election: true
I20260713 08:57:25.266238 28631 tablet_service.cc:1917] Received RequestConsensusVote() RPC: tablet_id: "d86e1bd2389245c8b3301d5c44bbd5c7" candidate_uuid: "5c694c31dab649049d1f84378be2b53b" candidate_term: 1 candidate_status { last_received { term: 0 index: 0 } } ignore_live_leader: false dest_uuid: "414a5e69020948fcae6b4f58df2e9f0e" is_pre_election: true
I20260713 08:57:25.266544 28521 leader_election.cc:304] T 2a91b64fb16840e88f15b5fcb29c7a2e P 5c694c31dab649049d1f84378be2b53b [CANDIDATE]: Term 1 election: Election decided. Result: candidate won. Election summary: received 2 responses out of 3 voters: 2 yes votes; 0 no votes. yes voters: 5c694c31dab649049d1f84378be2b53b, 7ef3805460084df184c2d62d1e8b4c9a; no voters: 
I20260713 08:57:25.267587 28681 raft_consensus.cc:2804] T 2a91b64fb16840e88f15b5fcb29c7a2e P 5c694c31dab649049d1f84378be2b53b [term 1 FOLLOWER]: Leader election won for term 1
W20260713 08:57:25.267731 28521 leader_election.cc:343] T d86e1bd2389245c8b3301d5c44bbd5c7 P 5c694c31dab649049d1f84378be2b53b [CANDIDATE]: Term 1 pre-election: Tablet error from VoteRequest() call to peer 7ef3805460084df184c2d62d1e8b4c9a (127.27.174.1:33263): Illegal state: must be running to vote when last-logged opid is not known
W20260713 08:57:25.268544 28521 leader_election.cc:343] T d86e1bd2389245c8b3301d5c44bbd5c7 P 5c694c31dab649049d1f84378be2b53b [CANDIDATE]: Term 1 pre-election: Tablet error from VoteRequest() call to peer 414a5e69020948fcae6b4f58df2e9f0e (127.27.174.3:34843): Illegal state: must be running to vote when last-logged opid is not known
I20260713 08:57:25.269068 28521 leader_election.cc:304] T d86e1bd2389245c8b3301d5c44bbd5c7 P 5c694c31dab649049d1f84378be2b53b [CANDIDATE]: Term 1 pre-election: Election decided. Result: candidate lost. Election summary: received 3 responses out of 3 voters: 1 yes votes; 2 no votes. yes voters: 5c694c31dab649049d1f84378be2b53b; no voters: 414a5e69020948fcae6b4f58df2e9f0e, 7ef3805460084df184c2d62d1e8b4c9a
I20260713 08:57:25.270710 28630 raft_consensus.cc:2468] T 2a91b64fb16840e88f15b5fcb29c7a2e P 414a5e69020948fcae6b4f58df2e9f0e [term 1 FOLLOWER]: Leader election vote request: Granting yes vote for candidate 5c694c31dab649049d1f84378be2b53b in term 1.
I20260713 08:57:25.259686 28676 consensus_queue.cc:260] T 3edd0df110ce4074a738ea04bbb6ea9a P 414a5e69020948fcae6b4f58df2e9f0e [NON_LEADER]: Queue going to NON_LEADER mode. State: All replicated index: 0, Majority replicated index: 0, Committed index: 0, Last appended: 0.0, Last appended by leader: 0, Current term: 0, Majority size: -1, State: 0, Mode: NON_LEADER, active raft config: opid_index: -1 OBSOLETE_local: false peers { permanent_uuid: "7ef3805460084df184c2d62d1e8b4c9a" member_type: VOTER last_known_addr { host: "127.27.174.1" port: 33263 } } peers { permanent_uuid: "5c694c31dab649049d1f84378be2b53b" member_type: VOTER last_known_addr { host: "127.27.174.2" port: 40367 } } peers { permanent_uuid: "414a5e69020948fcae6b4f58df2e9f0e" member_type: VOTER last_known_addr { host: "127.27.174.3" port: 34843 } }
I20260713 08:57:25.275678 28676 ts_tablet_manager.cc:1434] T 3edd0df110ce4074a738ea04bbb6ea9a P 414a5e69020948fcae6b4f58df2e9f0e: Time spent starting tablet: real 0.025s	user 0.005s	sys 0.002s
I20260713 08:57:25.276602 28676 tablet_bootstrap.cc:492] T f80992c9cafe440cbc07a1cb1314bb64 P 414a5e69020948fcae6b4f58df2e9f0e: Bootstrap starting.
I20260713 08:57:25.280138 28674 consensus_queue.cc:260] T 3edd0df110ce4074a738ea04bbb6ea9a P 7ef3805460084df184c2d62d1e8b4c9a [NON_LEADER]: Queue going to NON_LEADER mode. State: All replicated index: 0, Majority replicated index: 0, Committed index: 0, Last appended: 0.0, Last appended by leader: 0, Current term: 0, Majority size: -1, State: 0, Mode: NON_LEADER, active raft config: opid_index: -1 OBSOLETE_local: false peers { permanent_uuid: "7ef3805460084df184c2d62d1e8b4c9a" member_type: VOTER last_known_addr { host: "127.27.174.1" port: 33263 } } peers { permanent_uuid: "5c694c31dab649049d1f84378be2b53b" member_type: VOTER last_known_addr { host: "127.27.174.2" port: 40367 } } peers { permanent_uuid: "414a5e69020948fcae6b4f58df2e9f0e" member_type: VOTER last_known_addr { host: "127.27.174.3" port: 34843 } }
I20260713 08:57:25.282526 28674 ts_tablet_manager.cc:1434] T 3edd0df110ce4074a738ea04bbb6ea9a P 7ef3805460084df184c2d62d1e8b4c9a: Time spent starting tablet: real 0.024s	user 0.006s	sys 0.001s
I20260713 08:57:25.283419 28674 tablet_bootstrap.cc:492] T 7fd4ad74aa2e42939622880b10a25e1b P 7ef3805460084df184c2d62d1e8b4c9a: Bootstrap starting.
I20260713 08:57:25.286742 28715 raft_consensus.cc:2749] T d86e1bd2389245c8b3301d5c44bbd5c7 P 5c694c31dab649049d1f84378be2b53b [term 0 FOLLOWER]: Leader pre-election lost for term 1. Reason: could not achieve majority
I20260713 08:57:25.287421 28681 raft_consensus.cc:697] T 2a91b64fb16840e88f15b5fcb29c7a2e P 5c694c31dab649049d1f84378be2b53b [term 1 LEADER]: Becoming Leader. State: Replica: 5c694c31dab649049d1f84378be2b53b, State: Running, Role: LEADER
I20260713 08:57:25.288259 28681 consensus_queue.cc:237] T 2a91b64fb16840e88f15b5fcb29c7a2e P 5c694c31dab649049d1f84378be2b53b [LEADER]: Queue going to LEADER mode. State: All replicated index: 0, Majority replicated index: 0, Committed index: 0, Last appended: 0.0, Last appended by leader: 0, Current term: 1, Majority size: 2, State: 0, Mode: LEADER, active raft config: opid_index: -1 OBSOLETE_local: false peers { permanent_uuid: "7ef3805460084df184c2d62d1e8b4c9a" member_type: VOTER last_known_addr { host: "127.27.174.1" port: 33263 } } peers { permanent_uuid: "414a5e69020948fcae6b4f58df2e9f0e" member_type: VOTER last_known_addr { host: "127.27.174.3" port: 34843 } } peers { permanent_uuid: "5c694c31dab649049d1f84378be2b53b" member_type: VOTER last_known_addr { host: "127.27.174.2" port: 40367 } }
I20260713 08:57:25.290017 28676 tablet_bootstrap.cc:654] T f80992c9cafe440cbc07a1cb1314bb64 P 414a5e69020948fcae6b4f58df2e9f0e: Neither blocks nor log segments found. Creating new log.
I20260713 08:57:25.295809 28674 tablet_bootstrap.cc:654] T 7fd4ad74aa2e42939622880b10a25e1b P 7ef3805460084df184c2d62d1e8b4c9a: Neither blocks nor log segments found. Creating new log.
I20260713 08:57:25.300901 28676 tablet_bootstrap.cc:492] T f80992c9cafe440cbc07a1cb1314bb64 P 414a5e69020948fcae6b4f58df2e9f0e: No bootstrap required, opened a new log
I20260713 08:57:25.301294 28676 ts_tablet_manager.cc:1403] T f80992c9cafe440cbc07a1cb1314bb64 P 414a5e69020948fcae6b4f58df2e9f0e: Time spent bootstrapping tablet: real 0.025s	user 0.004s	sys 0.006s
I20260713 08:57:25.301604 28675 tablet_bootstrap.cc:492] T 7fd4ad74aa2e42939622880b10a25e1b P 5c694c31dab649049d1f84378be2b53b: No bootstrap required, opened a new log
I20260713 08:57:25.301935 28675 ts_tablet_manager.cc:1403] T 7fd4ad74aa2e42939622880b10a25e1b P 5c694c31dab649049d1f84378be2b53b: Time spent bootstrapping tablet: real 0.048s	user 0.014s	sys 0.002s
I20260713 08:57:25.303471 28676 raft_consensus.cc:359] T f80992c9cafe440cbc07a1cb1314bb64 P 414a5e69020948fcae6b4f58df2e9f0e [term 0 FOLLOWER]: Replica starting. Triggering 0 pending ops. Active config: opid_index: -1 OBSOLETE_local: false peers { permanent_uuid: "7ef3805460084df184c2d62d1e8b4c9a" member_type: VOTER last_known_addr { host: "127.27.174.1" port: 33263 } } peers { permanent_uuid: "5c694c31dab649049d1f84378be2b53b" member_type: VOTER last_known_addr { host: "127.27.174.2" port: 40367 } } peers { permanent_uuid: "414a5e69020948fcae6b4f58df2e9f0e" member_type: VOTER last_known_addr { host: "127.27.174.3" port: 34843 } }
I20260713 08:57:25.304122 28676 raft_consensus.cc:385] T f80992c9cafe440cbc07a1cb1314bb64 P 414a5e69020948fcae6b4f58df2e9f0e [term 0 FOLLOWER]: Consensus starting up: Expiring failure detector timer to make a prompt election more likely
I20260713 08:57:25.304394 28676 raft_consensus.cc:740] T f80992c9cafe440cbc07a1cb1314bb64 P 414a5e69020948fcae6b4f58df2e9f0e [term 0 FOLLOWER]: Becoming Follower/Learner. State: Replica: 414a5e69020948fcae6b4f58df2e9f0e, State: Initialized, Role: FOLLOWER
I20260713 08:57:25.304230 28675 raft_consensus.cc:359] T 7fd4ad74aa2e42939622880b10a25e1b P 5c694c31dab649049d1f84378be2b53b [term 0 FOLLOWER]: Replica starting. Triggering 0 pending ops. Active config: opid_index: -1 OBSOLETE_local: false peers { permanent_uuid: "7ef3805460084df184c2d62d1e8b4c9a" member_type: VOTER last_known_addr { host: "127.27.174.1" port: 33263 } } peers { permanent_uuid: "5c694c31dab649049d1f84378be2b53b" member_type: VOTER last_known_addr { host: "127.27.174.2" port: 40367 } } peers { permanent_uuid: "414a5e69020948fcae6b4f58df2e9f0e" member_type: VOTER last_known_addr { host: "127.27.174.3" port: 34843 } }
I20260713 08:57:25.304905 28675 raft_consensus.cc:385] T 7fd4ad74aa2e42939622880b10a25e1b P 5c694c31dab649049d1f84378be2b53b [term 0 FOLLOWER]: Consensus starting up: Expiring failure detector timer to make a prompt election more likely
I20260713 08:57:25.305184 28675 raft_consensus.cc:740] T 7fd4ad74aa2e42939622880b10a25e1b P 5c694c31dab649049d1f84378be2b53b [term 0 FOLLOWER]: Becoming Follower/Learner. State: Replica: 5c694c31dab649049d1f84378be2b53b, State: Initialized, Role: FOLLOWER
I20260713 08:57:25.305032 28676 consensus_queue.cc:260] T f80992c9cafe440cbc07a1cb1314bb64 P 414a5e69020948fcae6b4f58df2e9f0e [NON_LEADER]: Queue going to NON_LEADER mode. State: All replicated index: 0, Majority replicated index: 0, Committed index: 0, Last appended: 0.0, Last appended by leader: 0, Current term: 0, Majority size: -1, State: 0, Mode: NON_LEADER, active raft config: opid_index: -1 OBSOLETE_local: false peers { permanent_uuid: "7ef3805460084df184c2d62d1e8b4c9a" member_type: VOTER last_known_addr { host: "127.27.174.1" port: 33263 } } peers { permanent_uuid: "5c694c31dab649049d1f84378be2b53b" member_type: VOTER last_known_addr { host: "127.27.174.2" port: 40367 } } peers { permanent_uuid: "414a5e69020948fcae6b4f58df2e9f0e" member_type: VOTER last_known_addr { host: "127.27.174.3" port: 34843 } }
I20260713 08:57:25.305797 28675 consensus_queue.cc:260] T 7fd4ad74aa2e42939622880b10a25e1b P 5c694c31dab649049d1f84378be2b53b [NON_LEADER]: Queue going to NON_LEADER mode. State: All replicated index: 0, Majority replicated index: 0, Committed index: 0, Last appended: 0.0, Last appended by leader: 0, Current term: 0, Majority size: -1, State: 0, Mode: NON_LEADER, active raft config: opid_index: -1 OBSOLETE_local: false peers { permanent_uuid: "7ef3805460084df184c2d62d1e8b4c9a" member_type: VOTER last_known_addr { host: "127.27.174.1" port: 33263 } } peers { permanent_uuid: "5c694c31dab649049d1f84378be2b53b" member_type: VOTER last_known_addr { host: "127.27.174.2" port: 40367 } } peers { permanent_uuid: "414a5e69020948fcae6b4f58df2e9f0e" member_type: VOTER last_known_addr { host: "127.27.174.3" port: 34843 } }
I20260713 08:57:25.307945 28689 raft_consensus.cc:493] T 7fd4ad74aa2e42939622880b10a25e1b P 414a5e69020948fcae6b4f58df2e9f0e [term 0 FOLLOWER]: Starting pre-election (no leader contacted us within the election timeout)
I20260713 08:57:25.308398 28689 raft_consensus.cc:515] T 7fd4ad74aa2e42939622880b10a25e1b P 414a5e69020948fcae6b4f58df2e9f0e [term 0 FOLLOWER]: Starting pre-election with config: opid_index: -1 OBSOLETE_local: false peers { permanent_uuid: "7ef3805460084df184c2d62d1e8b4c9a" member_type: VOTER last_known_addr { host: "127.27.174.1" port: 33263 } } peers { permanent_uuid: "5c694c31dab649049d1f84378be2b53b" member_type: VOTER last_known_addr { host: "127.27.174.2" port: 40367 } } peers { permanent_uuid: "414a5e69020948fcae6b4f58df2e9f0e" member_type: VOTER last_known_addr { host: "127.27.174.3" port: 34843 } }
I20260713 08:57:25.309202 28675 ts_tablet_manager.cc:1434] T 7fd4ad74aa2e42939622880b10a25e1b P 5c694c31dab649049d1f84378be2b53b: Time spent starting tablet: real 0.007s	user 0.006s	sys 0.000s
I20260713 08:57:25.308777 28373 catalog_manager.cc:5697] T 2a91b64fb16840e88f15b5fcb29c7a2e P 5c694c31dab649049d1f84378be2b53b reported cstate change: term changed from 0 to 1, leader changed from <none> to 5c694c31dab649049d1f84378be2b53b (127.27.174.2). New cstate: current_term: 1 leader_uuid: "5c694c31dab649049d1f84378be2b53b" committed_config { opid_index: -1 OBSOLETE_local: false peers { permanent_uuid: "7ef3805460084df184c2d62d1e8b4c9a" member_type: VOTER last_known_addr { host: "127.27.174.1" port: 33263 } health_report { overall_health: UNKNOWN } } peers { permanent_uuid: "414a5e69020948fcae6b4f58df2e9f0e" member_type: VOTER last_known_addr { host: "127.27.174.3" port: 34843 } health_report { overall_health: UNKNOWN } } peers { permanent_uuid: "5c694c31dab649049d1f84378be2b53b" member_type: VOTER last_known_addr { host: "127.27.174.2" port: 40367 } health_report { overall_health: HEALTHY } } }
I20260713 08:57:25.309846 28675 tablet_bootstrap.cc:492] T 3edd0df110ce4074a738ea04bbb6ea9a P 5c694c31dab649049d1f84378be2b53b: Bootstrap starting.
I20260713 08:57:25.310580 28689 leader_election.cc:290] T 7fd4ad74aa2e42939622880b10a25e1b P 414a5e69020948fcae6b4f58df2e9f0e [CANDIDATE]: Term 1 pre-election: Requested pre-vote from peers 7ef3805460084df184c2d62d1e8b4c9a (127.27.174.1:33263), 5c694c31dab649049d1f84378be2b53b (127.27.174.2:40367)
I20260713 08:57:25.311223 28480 tablet_service.cc:1917] Received RequestConsensusVote() RPC: tablet_id: "7fd4ad74aa2e42939622880b10a25e1b" candidate_uuid: "414a5e69020948fcae6b4f58df2e9f0e" candidate_term: 1 candidate_status { last_received { term: 0 index: 0 } } ignore_live_leader: false dest_uuid: "7ef3805460084df184c2d62d1e8b4c9a" is_pre_election: true
I20260713 08:57:25.312605 28676 ts_tablet_manager.cc:1434] T f80992c9cafe440cbc07a1cb1314bb64 P 414a5e69020948fcae6b4f58df2e9f0e: Time spent starting tablet: real 0.011s	user 0.006s	sys 0.001s
W20260713 08:57:25.312638 28595 leader_election.cc:343] T 7fd4ad74aa2e42939622880b10a25e1b P 414a5e69020948fcae6b4f58df2e9f0e [CANDIDATE]: Term 1 pre-election: Tablet error from VoteRequest() call to peer 7ef3805460084df184c2d62d1e8b4c9a (127.27.174.1:33263): Illegal state: must be running to vote when last-logged opid is not known
I20260713 08:57:25.313529 28676 tablet_bootstrap.cc:492] T d86e1bd2389245c8b3301d5c44bbd5c7 P 414a5e69020948fcae6b4f58df2e9f0e: Bootstrap starting.
I20260713 08:57:25.313565 28681 raft_consensus.cc:493] T e3a16748e722486ba35db1195604e938 P 5c694c31dab649049d1f84378be2b53b [term 0 FOLLOWER]: Starting pre-election (no leader contacted us within the election timeout)
I20260713 08:57:25.314116 28681 raft_consensus.cc:515] T e3a16748e722486ba35db1195604e938 P 5c694c31dab649049d1f84378be2b53b [term 0 FOLLOWER]: Starting pre-election with config: opid_index: -1 OBSOLETE_local: false peers { permanent_uuid: "7ef3805460084df184c2d62d1e8b4c9a" member_type: VOTER last_known_addr { host: "127.27.174.1" port: 33263 } } peers { permanent_uuid: "5c694c31dab649049d1f84378be2b53b" member_type: VOTER last_known_addr { host: "127.27.174.2" port: 40367 } } peers { permanent_uuid: "414a5e69020948fcae6b4f58df2e9f0e" member_type: VOTER last_known_addr { host: "127.27.174.3" port: 34843 } }
I20260713 08:57:25.316017 28681 leader_election.cc:290] T e3a16748e722486ba35db1195604e938 P 5c694c31dab649049d1f84378be2b53b [CANDIDATE]: Term 1 pre-election: Requested pre-vote from peers 7ef3805460084df184c2d62d1e8b4c9a (127.27.174.1:33263), 414a5e69020948fcae6b4f58df2e9f0e (127.27.174.3:34843)
I20260713 08:57:25.316478 28681 raft_consensus.cc:493] T 215a746df7a64f41984f67b27c592e52 P 5c694c31dab649049d1f84378be2b53b [term 0 FOLLOWER]: Starting pre-election (no leader contacted us within the election timeout)
I20260713 08:57:25.316705 28480 tablet_service.cc:1917] Received RequestConsensusVote() RPC: tablet_id: "e3a16748e722486ba35db1195604e938" candidate_uuid: "5c694c31dab649049d1f84378be2b53b" candidate_term: 1 candidate_status { last_received { term: 0 index: 0 } } ignore_live_leader: false dest_uuid: "7ef3805460084df184c2d62d1e8b4c9a" is_pre_election: true
I20260713 08:57:25.316875 28681 raft_consensus.cc:515] T 215a746df7a64f41984f67b27c592e52 P 5c694c31dab649049d1f84378be2b53b [term 0 FOLLOWER]: Starting pre-election with config: opid_index: -1 OBSOLETE_local: false peers { permanent_uuid: "7ef3805460084df184c2d62d1e8b4c9a" member_type: VOTER last_known_addr { host: "127.27.174.1" port: 33263 } } peers { permanent_uuid: "5c694c31dab649049d1f84378be2b53b" member_type: VOTER last_known_addr { host: "127.27.174.2" port: 40367 } } peers { permanent_uuid: "414a5e69020948fcae6b4f58df2e9f0e" member_type: VOTER last_known_addr { host: "127.27.174.3" port: 34843 } }
I20260713 08:57:25.317267 28480 raft_consensus.cc:2468] T e3a16748e722486ba35db1195604e938 P 7ef3805460084df184c2d62d1e8b4c9a [term 0 FOLLOWER]: Leader pre-election vote request: Granting yes vote for candidate 5c694c31dab649049d1f84378be2b53b in term 0.
I20260713 08:57:25.318769 28681 leader_election.cc:290] T 215a746df7a64f41984f67b27c592e52 P 5c694c31dab649049d1f84378be2b53b [CANDIDATE]: Term 1 pre-election: Requested pre-vote from peers 7ef3805460084df184c2d62d1e8b4c9a (127.27.174.1:33263), 414a5e69020948fcae6b4f58df2e9f0e (127.27.174.3:34843)
I20260713 08:57:25.318861 28521 leader_election.cc:304] T e3a16748e722486ba35db1195604e938 P 5c694c31dab649049d1f84378be2b53b [CANDIDATE]: Term 1 pre-election: Election decided. Result: candidate won. Election summary: received 2 responses out of 3 voters: 2 yes votes; 0 no votes. yes voters: 5c694c31dab649049d1f84378be2b53b, 7ef3805460084df184c2d62d1e8b4c9a; no voters: 
I20260713 08:57:25.312760 28556 tablet_service.cc:1917] Received RequestConsensusVote() RPC: tablet_id: "7fd4ad74aa2e42939622880b10a25e1b" candidate_uuid: "414a5e69020948fcae6b4f58df2e9f0e" candidate_term: 1 candidate_status { last_received { term: 0 index: 0 } } ignore_live_leader: false dest_uuid: "5c694c31dab649049d1f84378be2b53b" is_pre_election: true
I20260713 08:57:25.319267 28630 tablet_service.cc:1917] Received RequestConsensusVote() RPC: tablet_id: "e3a16748e722486ba35db1195604e938" candidate_uuid: "5c694c31dab649049d1f84378be2b53b" candidate_term: 1 candidate_status { last_received { term: 0 index: 0 } } ignore_live_leader: false dest_uuid: "414a5e69020948fcae6b4f58df2e9f0e" is_pre_election: true
I20260713 08:57:25.319604 28556 raft_consensus.cc:2468] T 7fd4ad74aa2e42939622880b10a25e1b P 5c694c31dab649049d1f84378be2b53b [term 0 FOLLOWER]: Leader pre-election vote request: Granting yes vote for candidate 414a5e69020948fcae6b4f58df2e9f0e in term 0.
I20260713 08:57:25.319705 28716 raft_consensus.cc:2804] T e3a16748e722486ba35db1195604e938 P 5c694c31dab649049d1f84378be2b53b [term 0 FOLLOWER]: Leader pre-election won for term 1
I20260713 08:57:25.319806 28630 raft_consensus.cc:2468] T e3a16748e722486ba35db1195604e938 P 414a5e69020948fcae6b4f58df2e9f0e [term 0 FOLLOWER]: Leader pre-election vote request: Granting yes vote for candidate 5c694c31dab649049d1f84378be2b53b in term 0.
I20260713 08:57:25.320223 28716 raft_consensus.cc:493] T e3a16748e722486ba35db1195604e938 P 5c694c31dab649049d1f84378be2b53b [term 0 FOLLOWER]: Starting leader election (no leader contacted us within the election timeout)
I20260713 08:57:25.320611 28716 raft_consensus.cc:3060] T e3a16748e722486ba35db1195604e938 P 5c694c31dab649049d1f84378be2b53b [term 0 FOLLOWER]: Advancing to term 1
I20260713 08:57:25.320942 28480 tablet_service.cc:1917] Received RequestConsensusVote() RPC: tablet_id: "215a746df7a64f41984f67b27c592e52" candidate_uuid: "5c694c31dab649049d1f84378be2b53b" candidate_term: 1 candidate_status { last_received { term: 0 index: 0 } } ignore_live_leader: false dest_uuid: "7ef3805460084df184c2d62d1e8b4c9a" is_pre_election: true
I20260713 08:57:25.321020 28596 leader_election.cc:304] T 7fd4ad74aa2e42939622880b10a25e1b P 414a5e69020948fcae6b4f58df2e9f0e [CANDIDATE]: Term 1 pre-election: Election decided. Result: candidate won. Election summary: received 3 responses out of 3 voters: 2 yes votes; 1 no votes. yes voters: 414a5e69020948fcae6b4f58df2e9f0e, 5c694c31dab649049d1f84378be2b53b; no voters: 7ef3805460084df184c2d62d1e8b4c9a
I20260713 08:57:25.321557 28480 raft_consensus.cc:2468] T 215a746df7a64f41984f67b27c592e52 P 7ef3805460084df184c2d62d1e8b4c9a [term 0 FOLLOWER]: Leader pre-election vote request: Granting yes vote for candidate 5c694c31dab649049d1f84378be2b53b in term 0.
I20260713 08:57:25.315460 28674 tablet_bootstrap.cc:492] T 7fd4ad74aa2e42939622880b10a25e1b P 7ef3805460084df184c2d62d1e8b4c9a: No bootstrap required, opened a new log
I20260713 08:57:25.322999 28674 ts_tablet_manager.cc:1403] T 7fd4ad74aa2e42939622880b10a25e1b P 7ef3805460084df184c2d62d1e8b4c9a: Time spent bootstrapping tablet: real 0.040s	user 0.007s	sys 0.004s
I20260713 08:57:25.323027 28630 tablet_service.cc:1917] Received RequestConsensusVote() RPC: tablet_id: "215a746df7a64f41984f67b27c592e52" candidate_uuid: "5c694c31dab649049d1f84378be2b53b" candidate_term: 1 candidate_status { last_received { term: 0 index: 0 } } ignore_live_leader: false dest_uuid: "414a5e69020948fcae6b4f58df2e9f0e" is_pre_election: true
I20260713 08:57:25.323695 28630 raft_consensus.cc:2468] T 215a746df7a64f41984f67b27c592e52 P 414a5e69020948fcae6b4f58df2e9f0e [term 0 FOLLOWER]: Leader pre-election vote request: Granting yes vote for candidate 5c694c31dab649049d1f84378be2b53b in term 0.
I20260713 08:57:25.322422 28689 raft_consensus.cc:2804] T 7fd4ad74aa2e42939622880b10a25e1b P 414a5e69020948fcae6b4f58df2e9f0e [term 0 FOLLOWER]: Leader pre-election won for term 1
I20260713 08:57:25.324376 28683 raft_consensus.cc:493] T 487b485484b442449f9b8538da2e9b3b P 414a5e69020948fcae6b4f58df2e9f0e [term 0 FOLLOWER]: Starting pre-election (no leader contacted us within the election timeout)
I20260713 08:57:25.324467 28689 raft_consensus.cc:493] T 7fd4ad74aa2e42939622880b10a25e1b P 414a5e69020948fcae6b4f58df2e9f0e [term 0 FOLLOWER]: Starting leader election (no leader contacted us within the election timeout)
I20260713 08:57:25.324914 28689 raft_consensus.cc:3060] T 7fd4ad74aa2e42939622880b10a25e1b P 414a5e69020948fcae6b4f58df2e9f0e [term 0 FOLLOWER]: Advancing to term 1
I20260713 08:57:25.324884 28683 raft_consensus.cc:515] T 487b485484b442449f9b8538da2e9b3b P 414a5e69020948fcae6b4f58df2e9f0e [term 0 FOLLOWER]: Starting pre-election with config: opid_index: -1 OBSOLETE_local: false peers { permanent_uuid: "7ef3805460084df184c2d62d1e8b4c9a" member_type: VOTER last_known_addr { host: "127.27.174.1" port: 33263 } } peers { permanent_uuid: "5c694c31dab649049d1f84378be2b53b" member_type: VOTER last_known_addr { host: "127.27.174.2" port: 40367 } } peers { permanent_uuid: "414a5e69020948fcae6b4f58df2e9f0e" member_type: VOTER last_known_addr { host: "127.27.174.3" port: 34843 } }
I20260713 08:57:25.326488 28674 raft_consensus.cc:359] T 7fd4ad74aa2e42939622880b10a25e1b P 7ef3805460084df184c2d62d1e8b4c9a [term 0 FOLLOWER]: Replica starting. Triggering 0 pending ops. Active config: opid_index: -1 OBSOLETE_local: false peers { permanent_uuid: "7ef3805460084df184c2d62d1e8b4c9a" member_type: VOTER last_known_addr { host: "127.27.174.1" port: 33263 } } peers { permanent_uuid: "5c694c31dab649049d1f84378be2b53b" member_type: VOTER last_known_addr { host: "127.27.174.2" port: 40367 } } peers { permanent_uuid: "414a5e69020948fcae6b4f58df2e9f0e" member_type: VOTER last_known_addr { host: "127.27.174.3" port: 34843 } }
I20260713 08:57:25.328243 28674 raft_consensus.cc:385] T 7fd4ad74aa2e42939622880b10a25e1b P 7ef3805460084df184c2d62d1e8b4c9a [term 0 FOLLOWER]: Consensus starting up: Expiring failure detector timer to make a prompt election more likely
I20260713 08:57:25.328537 28674 raft_consensus.cc:740] T 7fd4ad74aa2e42939622880b10a25e1b P 7ef3805460084df184c2d62d1e8b4c9a [term 0 FOLLOWER]: Becoming Follower/Learner. State: Replica: 7ef3805460084df184c2d62d1e8b4c9a, State: Initialized, Role: FOLLOWER
I20260713 08:57:25.329212 28674 consensus_queue.cc:260] T 7fd4ad74aa2e42939622880b10a25e1b P 7ef3805460084df184c2d62d1e8b4c9a [NON_LEADER]: Queue going to NON_LEADER mode. State: All replicated index: 0, Majority replicated index: 0, Committed index: 0, Last appended: 0.0, Last appended by leader: 0, Current term: 0, Majority size: -1, State: 0, Mode: NON_LEADER, active raft config: opid_index: -1 OBSOLETE_local: false peers { permanent_uuid: "7ef3805460084df184c2d62d1e8b4c9a" member_type: VOTER last_known_addr { host: "127.27.174.1" port: 33263 } } peers { permanent_uuid: "5c694c31dab649049d1f84378be2b53b" member_type: VOTER last_known_addr { host: "127.27.174.2" port: 40367 } } peers { permanent_uuid: "414a5e69020948fcae6b4f58df2e9f0e" member_type: VOTER last_known_addr { host: "127.27.174.3" port: 34843 } }
I20260713 08:57:25.331571 28556 tablet_service.cc:1917] Received RequestConsensusVote() RPC: tablet_id: "487b485484b442449f9b8538da2e9b3b" candidate_uuid: "414a5e69020948fcae6b4f58df2e9f0e" candidate_term: 1 candidate_status { last_received { term: 0 index: 0 } } ignore_live_leader: false dest_uuid: "5c694c31dab649049d1f84378be2b53b" is_pre_election: true
I20260713 08:57:25.332361 28556 raft_consensus.cc:2393] T 487b485484b442449f9b8538da2e9b3b P 5c694c31dab649049d1f84378be2b53b [term 1 FOLLOWER]: Leader pre-election vote request: Denying vote to candidate 414a5e69020948fcae6b4f58df2e9f0e in current term 1: Already voted for candidate 7ef3805460084df184c2d62d1e8b4c9a in this term.
I20260713 08:57:25.333753 28521 leader_election.cc:304] T 215a746df7a64f41984f67b27c592e52 P 5c694c31dab649049d1f84378be2b53b [CANDIDATE]: Term 1 pre-election: Election decided. Result: candidate won. Election summary: received 2 responses out of 3 voters: 2 yes votes; 0 no votes. yes voters: 5c694c31dab649049d1f84378be2b53b, 7ef3805460084df184c2d62d1e8b4c9a; no voters: 
I20260713 08:57:25.326862 28683 leader_election.cc:290] T 487b485484b442449f9b8538da2e9b3b P 414a5e69020948fcae6b4f58df2e9f0e [CANDIDATE]: Term 1 pre-election: Requested pre-vote from peers 7ef3805460084df184c2d62d1e8b4c9a (127.27.174.1:33263), 5c694c31dab649049d1f84378be2b53b (127.27.174.2:40367)
I20260713 08:57:25.327471 28480 tablet_service.cc:1917] Received RequestConsensusVote() RPC: tablet_id: "487b485484b442449f9b8538da2e9b3b" candidate_uuid: "414a5e69020948fcae6b4f58df2e9f0e" candidate_term: 1 candidate_status { last_received { term: 0 index: 0 } } ignore_live_leader: false dest_uuid: "7ef3805460084df184c2d62d1e8b4c9a" is_pre_election: true
I20260713 08:57:25.335204 28681 raft_consensus.cc:2804] T 215a746df7a64f41984f67b27c592e52 P 5c694c31dab649049d1f84378be2b53b [term 0 FOLLOWER]: Leader pre-election won for term 1
I20260713 08:57:25.335577 28681 raft_consensus.cc:493] T 215a746df7a64f41984f67b27c592e52 P 5c694c31dab649049d1f84378be2b53b [term 0 FOLLOWER]: Starting leader election (no leader contacted us within the election timeout)
I20260713 08:57:25.335937 28681 raft_consensus.cc:3060] T 215a746df7a64f41984f67b27c592e52 P 5c694c31dab649049d1f84378be2b53b [term 0 FOLLOWER]: Advancing to term 1
I20260713 08:57:25.336311 28595 leader_election.cc:304] T 487b485484b442449f9b8538da2e9b3b P 414a5e69020948fcae6b4f58df2e9f0e [CANDIDATE]: Term 1 pre-election: Election decided. Result: candidate lost. Election summary: received 3 responses out of 3 voters: 1 yes votes; 2 no votes. yes voters: 414a5e69020948fcae6b4f58df2e9f0e; no voters: 5c694c31dab649049d1f84378be2b53b, 7ef3805460084df184c2d62d1e8b4c9a
I20260713 08:57:25.336483 28689 raft_consensus.cc:515] T 7fd4ad74aa2e42939622880b10a25e1b P 414a5e69020948fcae6b4f58df2e9f0e [term 1 FOLLOWER]: Starting leader election with config: opid_index: -1 OBSOLETE_local: false peers { permanent_uuid: "7ef3805460084df184c2d62d1e8b4c9a" member_type: VOTER last_known_addr { host: "127.27.174.1" port: 33263 } } peers { permanent_uuid: "5c694c31dab649049d1f84378be2b53b" member_type: VOTER last_known_addr { host: "127.27.174.2" port: 40367 } } peers { permanent_uuid: "414a5e69020948fcae6b4f58df2e9f0e" member_type: VOTER last_known_addr { host: "127.27.174.3" port: 34843 } }
I20260713 08:57:25.337049 28683 raft_consensus.cc:3060] T 487b485484b442449f9b8538da2e9b3b P 414a5e69020948fcae6b4f58df2e9f0e [term 0 FOLLOWER]: Advancing to term 1
I20260713 08:57:25.337486 28674 ts_tablet_manager.cc:1434] T 7fd4ad74aa2e42939622880b10a25e1b P 7ef3805460084df184c2d62d1e8b4c9a: Time spent starting tablet: real 0.014s	user 0.006s	sys 0.000s
I20260713 08:57:25.338459 28674 tablet_bootstrap.cc:492] T d86e1bd2389245c8b3301d5c44bbd5c7 P 7ef3805460084df184c2d62d1e8b4c9a: Bootstrap starting.
I20260713 08:57:25.339949 28676 tablet_bootstrap.cc:654] T d86e1bd2389245c8b3301d5c44bbd5c7 P 414a5e69020948fcae6b4f58df2e9f0e: Neither blocks nor log segments found. Creating new log.
I20260713 08:57:25.341980 28556 tablet_service.cc:1917] Received RequestConsensusVote() RPC: tablet_id: "7fd4ad74aa2e42939622880b10a25e1b" candidate_uuid: "414a5e69020948fcae6b4f58df2e9f0e" candidate_term: 1 candidate_status { last_received { term: 0 index: 0 } } ignore_live_leader: false dest_uuid: "5c694c31dab649049d1f84378be2b53b"
I20260713 08:57:25.342154 28480 tablet_service.cc:1917] Received RequestConsensusVote() RPC: tablet_id: "7fd4ad74aa2e42939622880b10a25e1b" candidate_uuid: "414a5e69020948fcae6b4f58df2e9f0e" candidate_term: 1 candidate_status { last_received { term: 0 index: 0 } } ignore_live_leader: false dest_uuid: "7ef3805460084df184c2d62d1e8b4c9a"
I20260713 08:57:25.342500 28556 raft_consensus.cc:3060] T 7fd4ad74aa2e42939622880b10a25e1b P 5c694c31dab649049d1f84378be2b53b [term 0 FOLLOWER]: Advancing to term 1
