I20260713 08:55:43.690810 24242 raft_consensus.cc:385] T 4c9939e28e074aa0892642fc079888b0 P 9275ec420f4c445899639a28af823375 [term 0 FOLLOWER]: Consensus starting up: Expiring failure detector timer to make a prompt election more likely
I20260713 08:55:43.690858 24243 tablet_bootstrap.cc:492] T ffbd39d7d5814b1fb664cc980bfef37d P ed62be5572db488f8fbfef14fe898f8c: Bootstrap starting.
I20260713 08:55:43.691154 24242 raft_consensus.cc:740] T 4c9939e28e074aa0892642fc079888b0 P 9275ec420f4c445899639a28af823375 [term 0 FOLLOWER]: Becoming Follower/Learner. State: Replica: 9275ec420f4c445899639a28af823375, State: Initialized, Role: FOLLOWER
I20260713 08:55:43.691881 24242 consensus_queue.cc:260] T 4c9939e28e074aa0892642fc079888b0 P 9275ec420f4c445899639a28af823375 [NON_LEADER]: Queue going to NON_LEADER mode. State: All replicated index: 0, Majority replicated index: 0, Committed index: 0, Last appended: 0.0, Last appended by leader: 0, Current term: 0, Majority size: -1, State: 0, Mode: NON_LEADER, active raft config: opid_index: -1 OBSOLETE_local: false peers { permanent_uuid: "ed62be5572db488f8fbfef14fe898f8c" member_type: VOTER last_known_addr { host: "127.22.100.1" port: 41551 } } peers { permanent_uuid: "15902bc3fb234958a5fe319fd6082b64" member_type: VOTER last_known_addr { host: "127.22.100.2" port: 33065 } } peers { permanent_uuid: "9275ec420f4c445899639a28af823375" member_type: VOTER last_known_addr { host: "127.22.100.3" port: 32957 } }
I20260713 08:55:43.695502 24242 ts_tablet_manager.cc:1434] T 4c9939e28e074aa0892642fc079888b0 P 9275ec420f4c445899639a28af823375: Time spent starting tablet: real 0.008s	user 0.005s	sys 0.000s
I20260713 08:55:43.697156 24243 tablet_bootstrap.cc:654] T ffbd39d7d5814b1fb664cc980bfef37d P ed62be5572db488f8fbfef14fe898f8c: Neither blocks nor log segments found. Creating new log.
I20260713 08:55:43.698961 24242 tablet_bootstrap.cc:492] T 2a511b319cb344ca81a4b419b479ceee P 9275ec420f4c445899639a28af823375: Bootstrap starting.
I20260713 08:55:43.705654 24293 raft_consensus.cc:493] T 2a511b319cb344ca81a4b419b479ceee P ed62be5572db488f8fbfef14fe898f8c [term 0 FOLLOWER]: Starting pre-election (no leader contacted us within the election timeout)
I20260713 08:55:43.706173 24293 raft_consensus.cc:515] T 2a511b319cb344ca81a4b419b479ceee P ed62be5572db488f8fbfef14fe898f8c [term 0 FOLLOWER]: Starting pre-election with config: opid_index: -1 OBSOLETE_local: false peers { permanent_uuid: "ed62be5572db488f8fbfef14fe898f8c" member_type: VOTER last_known_addr { host: "127.22.100.1" port: 41551 } } peers { permanent_uuid: "15902bc3fb234958a5fe319fd6082b64" member_type: VOTER last_known_addr { host: "127.22.100.2" port: 33065 } } peers { permanent_uuid: "9275ec420f4c445899639a28af823375" member_type: VOTER last_known_addr { host: "127.22.100.3" port: 32957 } }
I20260713 08:55:43.709043 24124 tablet_service.cc:1917] Received RequestConsensusVote() RPC: tablet_id: "2a511b319cb344ca81a4b419b479ceee" candidate_uuid: "ed62be5572db488f8fbfef14fe898f8c" candidate_term: 1 candidate_status { last_received { term: 0 index: 0 } } ignore_live_leader: false dest_uuid: "15902bc3fb234958a5fe319fd6082b64" is_pre_election: true
I20260713 08:55:43.709766 24124 raft_consensus.cc:2468] T 2a511b319cb344ca81a4b419b479ceee P 15902bc3fb234958a5fe319fd6082b64 [term 0 FOLLOWER]: Leader pre-election vote request: Granting yes vote for candidate ed62be5572db488f8fbfef14fe898f8c in term 0.
I20260713 08:55:43.711746 24016 leader_election.cc:304] T 2a511b319cb344ca81a4b419b479ceee P ed62be5572db488f8fbfef14fe898f8c [CANDIDATE]: Term 1 pre-election: Election decided. Result: candidate won. Election summary: received 2 responses out of 3 voters: 2 yes votes; 0 no votes. yes voters: 15902bc3fb234958a5fe319fd6082b64, ed62be5572db488f8fbfef14fe898f8c; no voters: 
I20260713 08:55:43.712769 24309 raft_consensus.cc:2804] T 2a511b319cb344ca81a4b419b479ceee P ed62be5572db488f8fbfef14fe898f8c [term 0 FOLLOWER]: Leader pre-election won for term 1
I20260713 08:55:43.713202 24309 raft_consensus.cc:493] T 2a511b319cb344ca81a4b419b479ceee P ed62be5572db488f8fbfef14fe898f8c [term 0 FOLLOWER]: Starting leader election (no leader contacted us within the election timeout)
I20260713 08:55:43.713590 24309 raft_consensus.cc:3060] T 2a511b319cb344ca81a4b419b479ceee P ed62be5572db488f8fbfef14fe898f8c [term 0 FOLLOWER]: Advancing to term 1
I20260713 08:55:43.714466 24242 tablet_bootstrap.cc:654] T 2a511b319cb344ca81a4b419b479ceee P 9275ec420f4c445899639a28af823375: Neither blocks nor log segments found. Creating new log.
I20260713 08:55:43.720616 24198 tablet_service.cc:1917] Received RequestConsensusVote() RPC: tablet_id: "2a511b319cb344ca81a4b419b479ceee" candidate_uuid: "ed62be5572db488f8fbfef14fe898f8c" candidate_term: 1 candidate_status { last_received { term: 0 index: 0 } } ignore_live_leader: false dest_uuid: "9275ec420f4c445899639a28af823375" is_pre_election: true
I20260713 08:55:43.723569 24243 tablet_bootstrap.cc:492] T ffbd39d7d5814b1fb664cc980bfef37d P ed62be5572db488f8fbfef14fe898f8c: No bootstrap required, opened a new log
I20260713 08:55:43.724059 24243 ts_tablet_manager.cc:1403] T ffbd39d7d5814b1fb664cc980bfef37d P ed62be5572db488f8fbfef14fe898f8c: Time spent bootstrapping tablet: real 0.033s	user 0.008s	sys 0.018s
W20260713 08:55:43.723925 24018 leader_election.cc:343] T 2a511b319cb344ca81a4b419b479ceee P ed62be5572db488f8fbfef14fe898f8c [CANDIDATE]: Term 1 pre-election: Tablet error from VoteRequest() call to peer 9275ec420f4c445899639a28af823375 (127.22.100.3:32957): Illegal state: must be running to vote when last-logged opid is not known
I20260713 08:55:43.721837 24293 leader_election.cc:290] T 2a511b319cb344ca81a4b419b479ceee P ed62be5572db488f8fbfef14fe898f8c [CANDIDATE]: Term 1 pre-election: Requested pre-vote from peers 15902bc3fb234958a5fe319fd6082b64 (127.22.100.2:33065), 9275ec420f4c445899639a28af823375 (127.22.100.3:32957)
I20260713 08:55:43.727895 24309 raft_consensus.cc:515] T 2a511b319cb344ca81a4b419b479ceee P ed62be5572db488f8fbfef14fe898f8c [term 1 FOLLOWER]: Starting leader election with config: opid_index: -1 OBSOLETE_local: false peers { permanent_uuid: "ed62be5572db488f8fbfef14fe898f8c" member_type: VOTER last_known_addr { host: "127.22.100.1" port: 41551 } } peers { permanent_uuid: "15902bc3fb234958a5fe319fd6082b64" member_type: VOTER last_known_addr { host: "127.22.100.2" port: 33065 } } peers { permanent_uuid: "9275ec420f4c445899639a28af823375" member_type: VOTER last_known_addr { host: "127.22.100.3" port: 32957 } }
I20260713 08:55:43.729399 24244 tablet_bootstrap.cc:492] T 4c9939e28e074aa0892642fc079888b0 P 15902bc3fb234958a5fe319fd6082b64: No bootstrap required, opened a new log
I20260713 08:55:43.729789 24244 ts_tablet_manager.cc:1403] T 4c9939e28e074aa0892642fc079888b0 P 15902bc3fb234958a5fe319fd6082b64: Time spent bootstrapping tablet: real 0.105s	user 0.007s	sys 0.012s
I20260713 08:55:43.730451 24243 raft_consensus.cc:359] T ffbd39d7d5814b1fb664cc980bfef37d P ed62be5572db488f8fbfef14fe898f8c [term 0 FOLLOWER]: Replica starting. Triggering 0 pending ops. Active config: opid_index: -1 OBSOLETE_local: false peers { permanent_uuid: "ed62be5572db488f8fbfef14fe898f8c" member_type: VOTER last_known_addr { host: "127.22.100.1" port: 41551 } } peers { permanent_uuid: "15902bc3fb234958a5fe319fd6082b64" member_type: VOTER last_known_addr { host: "127.22.100.2" port: 33065 } } peers { permanent_uuid: "9275ec420f4c445899639a28af823375" member_type: VOTER last_known_addr { host: "127.22.100.3" port: 32957 } }
I20260713 08:55:43.730670 24124 tablet_service.cc:1917] Received RequestConsensusVote() RPC: tablet_id: "2a511b319cb344ca81a4b419b479ceee" candidate_uuid: "ed62be5572db488f8fbfef14fe898f8c" candidate_term: 1 candidate_status { last_received { term: 0 index: 0 } } ignore_live_leader: false dest_uuid: "15902bc3fb234958a5fe319fd6082b64"
I20260713 08:55:43.731029 24243 raft_consensus.cc:385] T ffbd39d7d5814b1fb664cc980bfef37d P ed62be5572db488f8fbfef14fe898f8c [term 0 FOLLOWER]: Consensus starting up: Expiring failure detector timer to make a prompt election more likely
I20260713 08:55:43.731170 24124 raft_consensus.cc:3060] T 2a511b319cb344ca81a4b419b479ceee P 15902bc3fb234958a5fe319fd6082b64 [term 0 FOLLOWER]: Advancing to term 1
I20260713 08:55:43.731309 24243 raft_consensus.cc:740] T ffbd39d7d5814b1fb664cc980bfef37d P ed62be5572db488f8fbfef14fe898f8c [term 0 FOLLOWER]: Becoming Follower/Learner. State: Replica: ed62be5572db488f8fbfef14fe898f8c, State: Initialized, Role: FOLLOWER
I20260713 08:55:43.731499 24242 tablet_bootstrap.cc:492] T 2a511b319cb344ca81a4b419b479ceee P 9275ec420f4c445899639a28af823375: No bootstrap required, opened a new log
I20260713 08:55:43.731930 24242 ts_tablet_manager.cc:1403] T 2a511b319cb344ca81a4b419b479ceee P 9275ec420f4c445899639a28af823375: Time spent bootstrapping tablet: real 0.033s	user 0.005s	sys 0.011s
I20260713 08:55:43.732072 24243 consensus_queue.cc:260] T ffbd39d7d5814b1fb664cc980bfef37d P ed62be5572db488f8fbfef14fe898f8c [NON_LEADER]: Queue going to NON_LEADER mode. State: All replicated index: 0, Majority replicated index: 0, Committed index: 0, Last appended: 0.0, Last appended by leader: 0, Current term: 0, Majority size: -1, State: 0, Mode: NON_LEADER, active raft config: opid_index: -1 OBSOLETE_local: false peers { permanent_uuid: "ed62be5572db488f8fbfef14fe898f8c" member_type: VOTER last_known_addr { host: "127.22.100.1" port: 41551 } } peers { permanent_uuid: "15902bc3fb234958a5fe319fd6082b64" member_type: VOTER last_known_addr { host: "127.22.100.2" port: 33065 } } peers { permanent_uuid: "9275ec420f4c445899639a28af823375" member_type: VOTER last_known_addr { host: "127.22.100.3" port: 32957 } }
I20260713 08:55:43.732405 24244 raft_consensus.cc:359] T 4c9939e28e074aa0892642fc079888b0 P 15902bc3fb234958a5fe319fd6082b64 [term 0 FOLLOWER]: Replica starting. Triggering 0 pending ops. Active config: opid_index: -1 OBSOLETE_local: false peers { permanent_uuid: "ed62be5572db488f8fbfef14fe898f8c" member_type: VOTER last_known_addr { host: "127.22.100.1" port: 41551 } } peers { permanent_uuid: "15902bc3fb234958a5fe319fd6082b64" member_type: VOTER last_known_addr { host: "127.22.100.2" port: 33065 } } peers { permanent_uuid: "9275ec420f4c445899639a28af823375" member_type: VOTER last_known_addr { host: "127.22.100.3" port: 32957 } }
I20260713 08:55:43.733055 24244 raft_consensus.cc:385] T 4c9939e28e074aa0892642fc079888b0 P 15902bc3fb234958a5fe319fd6082b64 [term 0 FOLLOWER]: Consensus starting up: Expiring failure detector timer to make a prompt election more likely
I20260713 08:55:43.733347 24244 raft_consensus.cc:740] T 4c9939e28e074aa0892642fc079888b0 P 15902bc3fb234958a5fe319fd6082b64 [term 0 FOLLOWER]: Becoming Follower/Learner. State: Replica: 15902bc3fb234958a5fe319fd6082b64, State: Initialized, Role: FOLLOWER
I20260713 08:55:43.733965 24243 ts_tablet_manager.cc:1434] T ffbd39d7d5814b1fb664cc980bfef37d P ed62be5572db488f8fbfef14fe898f8c: Time spent starting tablet: real 0.010s	user 0.005s	sys 0.000s
I20260713 08:55:43.733992 24244 consensus_queue.cc:260] T 4c9939e28e074aa0892642fc079888b0 P 15902bc3fb234958a5fe319fd6082b64 [NON_LEADER]: Queue going to NON_LEADER mode. State: All replicated index: 0, Majority replicated index: 0, Committed index: 0, Last appended: 0.0, Last appended by leader: 0, Current term: 0, Majority size: -1, State: 0, Mode: NON_LEADER, active raft config: opid_index: -1 OBSOLETE_local: false peers { permanent_uuid: "ed62be5572db488f8fbfef14fe898f8c" member_type: VOTER last_known_addr { host: "127.22.100.1" port: 41551 } } peers { permanent_uuid: "15902bc3fb234958a5fe319fd6082b64" member_type: VOTER last_known_addr { host: "127.22.100.2" port: 33065 } } peers { permanent_uuid: "9275ec420f4c445899639a28af823375" member_type: VOTER last_known_addr { host: "127.22.100.3" port: 32957 } }
I20260713 08:55:43.734721 24242 raft_consensus.cc:359] T 2a511b319cb344ca81a4b419b479ceee P 9275ec420f4c445899639a28af823375 [term 0 FOLLOWER]: Replica starting. Triggering 0 pending ops. Active config: opid_index: -1 OBSOLETE_local: false peers { permanent_uuid: "ed62be5572db488f8fbfef14fe898f8c" member_type: VOTER last_known_addr { host: "127.22.100.1" port: 41551 } } peers { permanent_uuid: "15902bc3fb234958a5fe319fd6082b64" member_type: VOTER last_known_addr { host: "127.22.100.2" port: 33065 } } peers { permanent_uuid: "9275ec420f4c445899639a28af823375" member_type: VOTER last_known_addr { host: "127.22.100.3" port: 32957 } }
I20260713 08:55:43.740321 24242 raft_consensus.cc:385] T 2a511b319cb344ca81a4b419b479ceee P 9275ec420f4c445899639a28af823375 [term 0 FOLLOWER]: Consensus starting up: Expiring failure detector timer to make a prompt election more likely
I20260713 08:55:43.740581 24242 raft_consensus.cc:740] T 2a511b319cb344ca81a4b419b479ceee P 9275ec420f4c445899639a28af823375 [term 0 FOLLOWER]: Becoming Follower/Learner. State: Replica: 9275ec420f4c445899639a28af823375, State: Initialized, Role: FOLLOWER
I20260713 08:55:43.741161 24242 consensus_queue.cc:260] T 2a511b319cb344ca81a4b419b479ceee P 9275ec420f4c445899639a28af823375 [NON_LEADER]: Queue going to NON_LEADER mode. State: All replicated index: 0, Majority replicated index: 0, Committed index: 0, Last appended: 0.0, Last appended by leader: 0, Current term: 0, Majority size: -1, State: 0, Mode: NON_LEADER, active raft config: opid_index: -1 OBSOLETE_local: false peers { permanent_uuid: "ed62be5572db488f8fbfef14fe898f8c" member_type: VOTER last_known_addr { host: "127.22.100.1" port: 41551 } } peers { permanent_uuid: "15902bc3fb234958a5fe319fd6082b64" member_type: VOTER last_known_addr { host: "127.22.100.2" port: 33065 } } peers { permanent_uuid: "9275ec420f4c445899639a28af823375" member_type: VOTER last_known_addr { host: "127.22.100.3" port: 32957 } }
I20260713 08:55:43.742154 24198 tablet_service.cc:1917] Received RequestConsensusVote() RPC: tablet_id: "2a511b319cb344ca81a4b419b479ceee" candidate_uuid: "ed62be5572db488f8fbfef14fe898f8c" candidate_term: 1 candidate_status { last_received { term: 0 index: 0 } } ignore_live_leader: false dest_uuid: "9275ec420f4c445899639a28af823375"
I20260713 08:55:43.742695 24198 raft_consensus.cc:3060] T 2a511b319cb344ca81a4b419b479ceee P 9275ec420f4c445899639a28af823375 [term 0 FOLLOWER]: Advancing to term 1
I20260713 08:55:43.743157 24242 ts_tablet_manager.cc:1434] T 2a511b319cb344ca81a4b419b479ceee P 9275ec420f4c445899639a28af823375: Time spent starting tablet: real 0.011s	user 0.004s	sys 0.001s
I20260713 08:55:43.744060 24242 tablet_bootstrap.cc:492] T e23292f1edd54f4792cb586f69765cbe P 9275ec420f4c445899639a28af823375: Bootstrap starting.
I20260713 08:55:43.736142 24243 tablet_bootstrap.cc:492] T e23292f1edd54f4792cb586f69765cbe P ed62be5572db488f8fbfef14fe898f8c: Bootstrap starting.
I20260713 08:55:43.738307 24244 ts_tablet_manager.cc:1434] T 4c9939e28e074aa0892642fc079888b0 P 15902bc3fb234958a5fe319fd6082b64: Time spent starting tablet: real 0.008s	user 0.005s	sys 0.001s
I20260713 08:55:43.746040 24244 tablet_bootstrap.cc:492] T ffbd39d7d5814b1fb664cc980bfef37d P 15902bc3fb234958a5fe319fd6082b64: Bootstrap starting.
I20260713 08:55:43.739733 24124 raft_consensus.cc:2468] T 2a511b319cb344ca81a4b419b479ceee P 15902bc3fb234958a5fe319fd6082b64 [term 1 FOLLOWER]: Leader election vote request: Granting yes vote for candidate ed62be5572db488f8fbfef14fe898f8c in term 1.
I20260713 08:55:43.748714 24298 raft_consensus.cc:493] T 2a5fddf07b4b463f8a4426dea0adbb04 P 9275ec420f4c445899639a28af823375 [term 0 FOLLOWER]: Starting pre-election (no leader contacted us within the election timeout)
I20260713 08:55:43.749156 24298 raft_consensus.cc:515] T 2a5fddf07b4b463f8a4426dea0adbb04 P 9275ec420f4c445899639a28af823375 [term 0 FOLLOWER]: Starting pre-election with config: opid_index: -1 OBSOLETE_local: false peers { permanent_uuid: "ed62be5572db488f8fbfef14fe898f8c" member_type: VOTER last_known_addr { host: "127.22.100.1" port: 41551 } } peers { permanent_uuid: "15902bc3fb234958a5fe319fd6082b64" member_type: VOTER last_known_addr { host: "127.22.100.2" port: 33065 } } peers { permanent_uuid: "9275ec420f4c445899639a28af823375" member_type: VOTER last_known_addr { host: "127.22.100.3" port: 32957 } }
I20260713 08:55:43.749653 24242 tablet_bootstrap.cc:654] T e23292f1edd54f4792cb586f69765cbe P 9275ec420f4c445899639a28af823375: Neither blocks nor log segments found. Creating new log.
I20260713 08:55:43.751194 24298 leader_election.cc:290] T 2a5fddf07b4b463f8a4426dea0adbb04 P 9275ec420f4c445899639a28af823375 [CANDIDATE]: Term 1 pre-election: Requested pre-vote from peers ed62be5572db488f8fbfef14fe898f8c (127.22.100.1:41551), 15902bc3fb234958a5fe319fd6082b64 (127.22.100.2:33065)
I20260713 08:55:43.753891 24124 tablet_service.cc:1917] Received RequestConsensusVote() RPC: tablet_id: "2a5fddf07b4b463f8a4426dea0adbb04" candidate_uuid: "9275ec420f4c445899639a28af823375" candidate_term: 1 candidate_status { last_received { term: 0 index: 0 } } ignore_live_leader: false dest_uuid: "15902bc3fb234958a5fe319fd6082b64" is_pre_election: true
I20260713 08:55:43.754456 24124 raft_consensus.cc:2468] T 2a5fddf07b4b463f8a4426dea0adbb04 P 15902bc3fb234958a5fe319fd6082b64 [term 0 FOLLOWER]: Leader pre-election vote request: Granting yes vote for candidate 9275ec420f4c445899639a28af823375 in term 0.
I20260713 08:55:43.754300 24016 leader_election.cc:304] T 2a511b319cb344ca81a4b419b479ceee P ed62be5572db488f8fbfef14fe898f8c [CANDIDATE]: Term 1 election: Election decided. Result: candidate won. Election summary: received 2 responses out of 3 voters: 2 yes votes; 0 no votes. yes voters: 15902bc3fb234958a5fe319fd6082b64, ed62be5572db488f8fbfef14fe898f8c; no voters: 
I20260713 08:55:43.755451 24321 raft_consensus.cc:2804] T 2a511b319cb344ca81a4b419b479ceee P ed62be5572db488f8fbfef14fe898f8c [term 1 FOLLOWER]: Leader election won for term 1
I20260713 08:55:43.756032 24166 leader_election.cc:304] T 2a5fddf07b4b463f8a4426dea0adbb04 P 9275ec420f4c445899639a28af823375 [CANDIDATE]: Term 1 pre-election: Election decided. Result: candidate won. Election summary: received 2 responses out of 3 voters: 2 yes votes; 0 no votes. yes voters: 15902bc3fb234958a5fe319fd6082b64, 9275ec420f4c445899639a28af823375; no voters: 
I20260713 08:55:43.757287 24243 tablet_bootstrap.cc:654] T e23292f1edd54f4792cb586f69765cbe P ed62be5572db488f8fbfef14fe898f8c: Neither blocks nor log segments found. Creating new log.
I20260713 08:55:43.757483 24248 raft_consensus.cc:2804] T 2a5fddf07b4b463f8a4426dea0adbb04 P 9275ec420f4c445899639a28af823375 [term 0 FOLLOWER]: Leader pre-election won for term 1
I20260713 08:55:43.757790 24248 raft_consensus.cc:493] T 2a5fddf07b4b463f8a4426dea0adbb04 P 9275ec420f4c445899639a28af823375 [term 0 FOLLOWER]: Starting leader election (no leader contacted us within the election timeout)
I20260713 08:55:43.758142 24248 raft_consensus.cc:3060] T 2a5fddf07b4b463f8a4426dea0adbb04 P 9275ec420f4c445899639a28af823375 [term 0 FOLLOWER]: Advancing to term 1
I20260713 08:55:43.753922 24048 tablet_service.cc:1917] Received RequestConsensusVote() RPC: tablet_id: "2a5fddf07b4b463f8a4426dea0adbb04" candidate_uuid: "9275ec420f4c445899639a28af823375" candidate_term: 1 candidate_status { last_received { term: 0 index: 0 } } ignore_live_leader: false dest_uuid: "ed62be5572db488f8fbfef14fe898f8c" is_pre_election: true
I20260713 08:55:43.760439 24048 raft_consensus.cc:2468] T 2a5fddf07b4b463f8a4426dea0adbb04 P ed62be5572db488f8fbfef14fe898f8c [term 0 FOLLOWER]: Leader pre-election vote request: Granting yes vote for candidate 9275ec420f4c445899639a28af823375 in term 0.
I20260713 08:55:43.762537 24198 raft_consensus.cc:2468] T 2a511b319cb344ca81a4b419b479ceee P 9275ec420f4c445899639a28af823375 [term 1 FOLLOWER]: Leader election vote request: Granting yes vote for candidate ed62be5572db488f8fbfef14fe898f8c in term 1.
I20260713 08:55:43.768792 24309 leader_election.cc:290] T 2a511b319cb344ca81a4b419b479ceee P ed62be5572db488f8fbfef14fe898f8c [CANDIDATE]: Term 1 election: Requested vote from peers 15902bc3fb234958a5fe319fd6082b64 (127.22.100.2:33065), 9275ec420f4c445899639a28af823375 (127.22.100.3:32957)
I20260713 08:55:43.769320 24248 raft_consensus.cc:515] T 2a5fddf07b4b463f8a4426dea0adbb04 P 9275ec420f4c445899639a28af823375 [term 1 FOLLOWER]: Starting leader election with config: opid_index: -1 OBSOLETE_local: false peers { permanent_uuid: "ed62be5572db488f8fbfef14fe898f8c" member_type: VOTER last_known_addr { host: "127.22.100.1" port: 41551 } } peers { permanent_uuid: "15902bc3fb234958a5fe319fd6082b64" member_type: VOTER last_known_addr { host: "127.22.100.2" port: 33065 } } peers { permanent_uuid: "9275ec420f4c445899639a28af823375" member_type: VOTER last_known_addr { host: "127.22.100.3" port: 32957 } }
I20260713 08:55:43.772509 24321 raft_consensus.cc:697] T 2a511b319cb344ca81a4b419b479ceee P ed62be5572db488f8fbfef14fe898f8c [term 1 LEADER]: Becoming Leader. State: Replica: ed62be5572db488f8fbfef14fe898f8c, State: Running, Role: LEADER
I20260713 08:55:43.773636 24321 consensus_queue.cc:237] T 2a511b319cb344ca81a4b419b479ceee P ed62be5572db488f8fbfef14fe898f8c [LEADER]: Queue going to LEADER mode. State: All replicated index: 0, Majority replicated index: 0, Committed index: 0, Last appended: 0.0, Last appended by leader: 0, Current term: 1, Majority size: 2, State: 0, Mode: LEADER, active raft config: opid_index: -1 OBSOLETE_local: false peers { permanent_uuid: "ed62be5572db488f8fbfef14fe898f8c" member_type: VOTER last_known_addr { host: "127.22.100.1" port: 41551 } } peers { permanent_uuid: "15902bc3fb234958a5fe319fd6082b64" member_type: VOTER last_known_addr { host: "127.22.100.2" port: 33065 } } peers { permanent_uuid: "9275ec420f4c445899639a28af823375" member_type: VOTER last_known_addr { host: "127.22.100.3" port: 32957 } }
I20260713 08:55:43.780857 24048 tablet_service.cc:1917] Received RequestConsensusVote() RPC: tablet_id: "2a5fddf07b4b463f8a4426dea0adbb04" candidate_uuid: "9275ec420f4c445899639a28af823375" candidate_term: 1 candidate_status { last_received { term: 0 index: 0 } } ignore_live_leader: false dest_uuid: "ed62be5572db488f8fbfef14fe898f8c"
I20260713 08:55:43.781529 24048 raft_consensus.cc:3060] T 2a5fddf07b4b463f8a4426dea0adbb04 P ed62be5572db488f8fbfef14fe898f8c [term 0 FOLLOWER]: Advancing to term 1
I20260713 08:55:43.791688 24242 tablet_bootstrap.cc:492] T e23292f1edd54f4792cb586f69765cbe P 9275ec420f4c445899639a28af823375: No bootstrap required, opened a new log
I20260713 08:55:43.791743 24048 raft_consensus.cc:2468] T 2a5fddf07b4b463f8a4426dea0adbb04 P ed62be5572db488f8fbfef14fe898f8c [term 1 FOLLOWER]: Leader election vote request: Granting yes vote for candidate 9275ec420f4c445899639a28af823375 in term 1.
I20260713 08:55:43.792152 24242 ts_tablet_manager.cc:1403] T e23292f1edd54f4792cb586f69765cbe P 9275ec420f4c445899639a28af823375: Time spent bootstrapping tablet: real 0.048s	user 0.018s	sys 0.019s
I20260713 08:55:43.793921 24124 tablet_service.cc:1917] Received RequestConsensusVote() RPC: tablet_id: "2a5fddf07b4b463f8a4426dea0adbb04" candidate_uuid: "9275ec420f4c445899639a28af823375" candidate_term: 1 candidate_status { last_received { term: 0 index: 0 } } ignore_live_leader: false dest_uuid: "15902bc3fb234958a5fe319fd6082b64"
I20260713 08:55:43.794492 24248 leader_election.cc:290] T 2a5fddf07b4b463f8a4426dea0adbb04 P 9275ec420f4c445899639a28af823375 [CANDIDATE]: Term 1 election: Requested vote from peers ed62be5572db488f8fbfef14fe898f8c (127.22.100.1:41551), 15902bc3fb234958a5fe319fd6082b64 (127.22.100.2:33065)
I20260713 08:55:43.794553 24124 raft_consensus.cc:3060] T 2a5fddf07b4b463f8a4426dea0adbb04 P 15902bc3fb234958a5fe319fd6082b64 [term 0 FOLLOWER]: Advancing to term 1
I20260713 08:55:43.796898 24165 leader_election.cc:304] T 2a5fddf07b4b463f8a4426dea0adbb04 P 9275ec420f4c445899639a28af823375 [CANDIDATE]: Term 1 election: Election decided. Result: candidate won. Election summary: received 2 responses out of 3 voters: 2 yes votes; 0 no votes. yes voters: 9275ec420f4c445899639a28af823375, ed62be5572db488f8fbfef14fe898f8c; no voters: 
I20260713 08:55:43.797956 24298 raft_consensus.cc:2804] T 2a5fddf07b4b463f8a4426dea0adbb04 P 9275ec420f4c445899639a28af823375 [term 1 FOLLOWER]: Leader election won for term 1
I20260713 08:55:43.798396 24298 raft_consensus.cc:697] T 2a5fddf07b4b463f8a4426dea0adbb04 P 9275ec420f4c445899639a28af823375 [term 1 LEADER]: Becoming Leader. State: Replica: 9275ec420f4c445899639a28af823375, State: Running, Role: LEADER
I20260713 08:55:43.799117 24298 consensus_queue.cc:237] T 2a5fddf07b4b463f8a4426dea0adbb04 P 9275ec420f4c445899639a28af823375 [LEADER]: Queue going to LEADER mode. State: All replicated index: 0, Majority replicated index: 0, Committed index: 0, Last appended: 0.0, Last appended by leader: 0, Current term: 1, Majority size: 2, State: 0, Mode: LEADER, active raft config: opid_index: -1 OBSOLETE_local: false peers { permanent_uuid: "ed62be5572db488f8fbfef14fe898f8c" member_type: VOTER last_known_addr { host: "127.22.100.1" port: 41551 } } peers { permanent_uuid: "15902bc3fb234958a5fe319fd6082b64" member_type: VOTER last_known_addr { host: "127.22.100.2" port: 33065 } } peers { permanent_uuid: "9275ec420f4c445899639a28af823375" member_type: VOTER last_known_addr { host: "127.22.100.3" port: 32957 } }
I20260713 08:55:43.799345 24242 raft_consensus.cc:359] T e23292f1edd54f4792cb586f69765cbe P 9275ec420f4c445899639a28af823375 [term 0 FOLLOWER]: Replica starting. Triggering 0 pending ops. Active config: opid_index: -1 OBSOLETE_local: false peers { permanent_uuid: "ed62be5572db488f8fbfef14fe898f8c" member_type: VOTER last_known_addr { host: "127.22.100.1" port: 41551 } } peers { permanent_uuid: "15902bc3fb234958a5fe319fd6082b64" member_type: VOTER last_known_addr { host: "127.22.100.2" port: 33065 } } peers { permanent_uuid: "9275ec420f4c445899639a28af823375" member_type: VOTER last_known_addr { host: "127.22.100.3" port: 32957 } }
I20260713 08:55:43.801534 24242 raft_consensus.cc:385] T e23292f1edd54f4792cb586f69765cbe P 9275ec420f4c445899639a28af823375 [term 0 FOLLOWER]: Consensus starting up: Expiring failure detector timer to make a prompt election more likely
I20260713 08:55:43.801789 24242 raft_consensus.cc:740] T e23292f1edd54f4792cb586f69765cbe P 9275ec420f4c445899639a28af823375 [term 0 FOLLOWER]: Becoming Follower/Learner. State: Replica: 9275ec420f4c445899639a28af823375, State: Initialized, Role: FOLLOWER
I20260713 08:55:43.802500 24244 tablet_bootstrap.cc:654] T ffbd39d7d5814b1fb664cc980bfef37d P 15902bc3fb234958a5fe319fd6082b64: Neither blocks nor log segments found. Creating new log.
I20260713 08:55:43.801911 23946 catalog_manager.cc:5697] T 2a511b319cb344ca81a4b419b479ceee P ed62be5572db488f8fbfef14fe898f8c reported cstate change: term changed from 0 to 1, leader changed from <none> to ed62be5572db488f8fbfef14fe898f8c (127.22.100.1). New cstate: current_term: 1 leader_uuid: "ed62be5572db488f8fbfef14fe898f8c" committed_config { opid_index: -1 OBSOLETE_local: false peers { permanent_uuid: "ed62be5572db488f8fbfef14fe898f8c" member_type: VOTER last_known_addr { host: "127.22.100.1" port: 41551 } health_report { overall_health: HEALTHY } } peers { permanent_uuid: "15902bc3fb234958a5fe319fd6082b64" member_type: VOTER last_known_addr { host: "127.22.100.2" port: 33065 } health_report { overall_health: UNKNOWN } } peers { permanent_uuid: "9275ec420f4c445899639a28af823375" member_type: VOTER last_known_addr { host: "127.22.100.3" port: 32957 } health_report { overall_health: UNKNOWN } } }
I20260713 08:55:43.802482 24242 consensus_queue.cc:260] T e23292f1edd54f4792cb586f69765cbe P 9275ec420f4c445899639a28af823375 [NON_LEADER]: Queue going to NON_LEADER mode. State: All replicated index: 0, Majority replicated index: 0, Committed index: 0, Last appended: 0.0, Last appended by leader: 0, Current term: 0, Majority size: -1, State: 0, Mode: NON_LEADER, active raft config: opid_index: -1 OBSOLETE_local: false peers { permanent_uuid: "ed62be5572db488f8fbfef14fe898f8c" member_type: VOTER last_known_addr { host: "127.22.100.1" port: 41551 } } peers { permanent_uuid: "15902bc3fb234958a5fe319fd6082b64" member_type: VOTER last_known_addr { host: "127.22.100.2" port: 33065 } } peers { permanent_uuid: "9275ec420f4c445899639a28af823375" member_type: VOTER last_known_addr { host: "127.22.100.3" port: 32957 } }
I20260713 08:55:43.804932 24242 ts_tablet_manager.cc:1434] T e23292f1edd54f4792cb586f69765cbe P 9275ec420f4c445899639a28af823375: Time spent starting tablet: real 0.011s	user 0.005s	sys 0.000s
I20260713 08:55:43.805756 24242 tablet_bootstrap.cc:492] T 24cd567edc504cc8997cd3407ccceed5 P 9275ec420f4c445899639a28af823375: Bootstrap starting.
I20260713 08:55:43.806844 24124 raft_consensus.cc:2468] T 2a5fddf07b4b463f8a4426dea0adbb04 P 15902bc3fb234958a5fe319fd6082b64 [term 1 FOLLOWER]: Leader election vote request: Granting yes vote for candidate 9275ec420f4c445899639a28af823375 in term 1.
I20260713 08:55:43.809860 24243 tablet_bootstrap.cc:492] T e23292f1edd54f4792cb586f69765cbe P ed62be5572db488f8fbfef14fe898f8c: No bootstrap required, opened a new log
I20260713 08:55:43.810352 24243 ts_tablet_manager.cc:1403] T e23292f1edd54f4792cb586f69765cbe P ed62be5572db488f8fbfef14fe898f8c: Time spent bootstrapping tablet: real 0.074s	user 0.002s	sys 0.023s
I20260713 08:55:43.814045 24243 raft_consensus.cc:359] T e23292f1edd54f4792cb586f69765cbe P ed62be5572db488f8fbfef14fe898f8c [term 0 FOLLOWER]: Replica starting. Triggering 0 pending ops. Active config: opid_index: -1 OBSOLETE_local: false peers { permanent_uuid: "ed62be5572db488f8fbfef14fe898f8c" member_type: VOTER last_known_addr { host: "127.22.100.1" port: 41551 } } peers { permanent_uuid: "15902bc3fb234958a5fe319fd6082b64" member_type: VOTER last_known_addr { host: "127.22.100.2" port: 33065 } } peers { permanent_uuid: "9275ec420f4c445899639a28af823375" member_type: VOTER last_known_addr { host: "127.22.100.3" port: 32957 } }
I20260713 08:55:43.814646 24243 raft_consensus.cc:385] T e23292f1edd54f4792cb586f69765cbe P ed62be5572db488f8fbfef14fe898f8c [term 0 FOLLOWER]: Consensus starting up: Expiring failure detector timer to make a prompt election more likely
I20260713 08:55:43.814885 24243 raft_consensus.cc:740] T e23292f1edd54f4792cb586f69765cbe P ed62be5572db488f8fbfef14fe898f8c [term 0 FOLLOWER]: Becoming Follower/Learner. State: Replica: ed62be5572db488f8fbfef14fe898f8c, State: Initialized, Role: FOLLOWER
I20260713 08:55:43.815517 24243 consensus_queue.cc:260] T e23292f1edd54f4792cb586f69765cbe P ed62be5572db488f8fbfef14fe898f8c [NON_LEADER]: Queue going to NON_LEADER mode. State: All replicated index: 0, Majority replicated index: 0, Committed index: 0, Last appended: 0.0, Last appended by leader: 0, Current term: 0, Majority size: -1, State: 0, Mode: NON_LEADER, active raft config: opid_index: -1 OBSOLETE_local: false peers { permanent_uuid: "ed62be5572db488f8fbfef14fe898f8c" member_type: VOTER last_known_addr { host: "127.22.100.1" port: 41551 } } peers { permanent_uuid: "15902bc3fb234958a5fe319fd6082b64" member_type: VOTER last_known_addr { host: "127.22.100.2" port: 33065 } } peers { permanent_uuid: "9275ec420f4c445899639a28af823375" member_type: VOTER last_known_addr { host: "127.22.100.3" port: 32957 } }
I20260713 08:55:43.817483 24243 ts_tablet_manager.cc:1434] T e23292f1edd54f4792cb586f69765cbe P ed62be5572db488f8fbfef14fe898f8c: Time spent starting tablet: real 0.007s	user 0.004s	sys 0.004s
I20260713 08:55:43.817654 24244 tablet_bootstrap.cc:492] T ffbd39d7d5814b1fb664cc980bfef37d P 15902bc3fb234958a5fe319fd6082b64: No bootstrap required, opened a new log
I20260713 08:55:43.818013 24244 ts_tablet_manager.cc:1403] T ffbd39d7d5814b1fb664cc980bfef37d P 15902bc3fb234958a5fe319fd6082b64: Time spent bootstrapping tablet: real 0.072s	user 0.013s	sys 0.003s
I20260713 08:55:43.820351 23946 catalog_manager.cc:5697] T 2a5fddf07b4b463f8a4426dea0adbb04 P 9275ec420f4c445899639a28af823375 reported cstate change: term changed from 0 to 1, leader changed from <none> to 9275ec420f4c445899639a28af823375 (127.22.100.3). New cstate: current_term: 1 leader_uuid: "9275ec420f4c445899639a28af823375" committed_config { opid_index: -1 OBSOLETE_local: false peers { permanent_uuid: "ed62be5572db488f8fbfef14fe898f8c" member_type: VOTER last_known_addr { host: "127.22.100.1" port: 41551 } health_report { overall_health: UNKNOWN } } peers { permanent_uuid: "15902bc3fb234958a5fe319fd6082b64" member_type: VOTER last_known_addr { host: "127.22.100.2" port: 33065 } health_report { overall_health: UNKNOWN } } peers { permanent_uuid: "9275ec420f4c445899639a28af823375" member_type: VOTER last_known_addr { host: "127.22.100.3" port: 32957 } health_report { overall_health: HEALTHY } } }
I20260713 08:55:43.820734 24244 raft_consensus.cc:359] T ffbd39d7d5814b1fb664cc980bfef37d P 15902bc3fb234958a5fe319fd6082b64 [term 0 FOLLOWER]: Replica starting. Triggering 0 pending ops. Active config: opid_index: -1 OBSOLETE_local: false peers { permanent_uuid: "ed62be5572db488f8fbfef14fe898f8c" member_type: VOTER last_known_addr { host: "127.22.100.1" port: 41551 } } peers { permanent_uuid: "15902bc3fb234958a5fe319fd6082b64" member_type: VOTER last_known_addr { host: "127.22.100.2" port: 33065 } } peers { permanent_uuid: "9275ec420f4c445899639a28af823375" member_type: VOTER last_known_addr { host: "127.22.100.3" port: 32957 } }
I20260713 08:55:43.821301 24242 tablet_bootstrap.cc:654] T 24cd567edc504cc8997cd3407ccceed5 P 9275ec420f4c445899639a28af823375: Neither blocks nor log segments found. Creating new log.
I20260713 08:55:43.821394 24244 raft_consensus.cc:385] T ffbd39d7d5814b1fb664cc980bfef37d P 15902bc3fb234958a5fe319fd6082b64 [term 0 FOLLOWER]: Consensus starting up: Expiring failure detector timer to make a prompt election more likely
I20260713 08:55:43.821694 24244 raft_consensus.cc:740] T ffbd39d7d5814b1fb664cc980bfef37d P 15902bc3fb234958a5fe319fd6082b64 [term 0 FOLLOWER]: Becoming Follower/Learner. State: Replica: 15902bc3fb234958a5fe319fd6082b64, State: Initialized, Role: FOLLOWER
I20260713 08:55:43.822314 24244 consensus_queue.cc:260] T ffbd39d7d5814b1fb664cc980bfef37d P 15902bc3fb234958a5fe319fd6082b64 [NON_LEADER]: Queue going to NON_LEADER mode. State: All replicated index: 0, Majority replicated index: 0, Committed index: 0, Last appended: 0.0, Last appended by leader: 0, Current term: 0, Majority size: -1, State: 0, Mode: NON_LEADER, active raft config: opid_index: -1 OBSOLETE_local: false peers { permanent_uuid: "ed62be5572db488f8fbfef14fe898f8c" member_type: VOTER last_known_addr { host: "127.22.100.1" port: 41551 } } peers { permanent_uuid: "15902bc3fb234958a5fe319fd6082b64" member_type: VOTER last_known_addr { host: "127.22.100.2" port: 33065 } } peers { permanent_uuid: "9275ec420f4c445899639a28af823375" member_type: VOTER last_known_addr { host: "127.22.100.3" port: 32957 } }
I20260713 08:55:43.822799 24243 tablet_bootstrap.cc:492] T 4d9853ac7d5b4b538fb4feca5fcd9c04 P ed62be5572db488f8fbfef14fe898f8c: Bootstrap starting.
I20260713 08:55:43.824440 24244 ts_tablet_manager.cc:1434] T ffbd39d7d5814b1fb664cc980bfef37d P 15902bc3fb234958a5fe319fd6082b64: Time spent starting tablet: real 0.006s	user 0.007s	sys 0.000s
I20260713 08:55:43.825292 24244 tablet_bootstrap.cc:492] T e23292f1edd54f4792cb586f69765cbe P 15902bc3fb234958a5fe319fd6082b64: Bootstrap starting.
I20260713 08:55:43.831130 24244 tablet_bootstrap.cc:654] T e23292f1edd54f4792cb586f69765cbe P 15902bc3fb234958a5fe319fd6082b64: Neither blocks nor log segments found. Creating new log.
I20260713 08:55:43.831485 24243 tablet_bootstrap.cc:654] T 4d9853ac7d5b4b538fb4feca5fcd9c04 P ed62be5572db488f8fbfef14fe898f8c: Neither blocks nor log segments found. Creating new log.
I20260713 08:55:43.840898 24243 tablet_bootstrap.cc:492] T 4d9853ac7d5b4b538fb4feca5fcd9c04 P ed62be5572db488f8fbfef14fe898f8c: No bootstrap required, opened a new log
I20260713 08:55:43.841377 24243 ts_tablet_manager.cc:1403] T 4d9853ac7d5b4b538fb4feca5fcd9c04 P ed62be5572db488f8fbfef14fe898f8c: Time spent bootstrapping tablet: real 0.019s	user 0.010s	sys 0.001s
I20260713 08:55:43.844926 24243 raft_consensus.cc:359] T 4d9853ac7d5b4b538fb4feca5fcd9c04 P ed62be5572db488f8fbfef14fe898f8c [term 0 FOLLOWER]: Replica starting. Triggering 0 pending ops. Active config: opid_index: -1 OBSOLETE_local: false peers { permanent_uuid: "ed62be5572db488f8fbfef14fe898f8c" member_type: VOTER last_known_addr { host: "127.22.100.1" port: 41551 } } peers { permanent_uuid: "15902bc3fb234958a5fe319fd6082b64" member_type: VOTER last_known_addr { host: "127.22.100.2" port: 33065 } } peers { permanent_uuid: "9275ec420f4c445899639a28af823375" member_type: VOTER last_known_addr { host: "127.22.100.3" port: 32957 } }
I20260713 08:55:43.845340 24242 tablet_bootstrap.cc:492] T 24cd567edc504cc8997cd3407ccceed5 P 9275ec420f4c445899639a28af823375: No bootstrap required, opened a new log
I20260713 08:55:43.845487 24243 raft_consensus.cc:385] T 4d9853ac7d5b4b538fb4feca5fcd9c04 P ed62be5572db488f8fbfef14fe898f8c [term 0 FOLLOWER]: Consensus starting up: Expiring failure detector timer to make a prompt election more likely
I20260713 08:55:43.845772 24242 ts_tablet_manager.cc:1403] T 24cd567edc504cc8997cd3407ccceed5 P 9275ec420f4c445899639a28af823375: Time spent bootstrapping tablet: real 0.040s	user 0.010s	sys 0.001s
I20260713 08:55:43.845788 24243 raft_consensus.cc:740] T 4d9853ac7d5b4b538fb4feca5fcd9c04 P ed62be5572db488f8fbfef14fe898f8c [term 0 FOLLOWER]: Becoming Follower/Learner. State: Replica: ed62be5572db488f8fbfef14fe898f8c, State: Initialized, Role: FOLLOWER
I20260713 08:55:43.846235 24244 tablet_bootstrap.cc:492] T e23292f1edd54f4792cb586f69765cbe P 15902bc3fb234958a5fe319fd6082b64: No bootstrap required, opened a new log
I20260713 08:55:43.846589 24244 ts_tablet_manager.cc:1403] T e23292f1edd54f4792cb586f69765cbe P 15902bc3fb234958a5fe319fd6082b64: Time spent bootstrapping tablet: real 0.021s	user 0.004s	sys 0.015s
I20260713 08:55:43.846557 24243 consensus_queue.cc:260] T 4d9853ac7d5b4b538fb4feca5fcd9c04 P ed62be5572db488f8fbfef14fe898f8c [NON_LEADER]: Queue going to NON_LEADER mode. State: All replicated index: 0, Majority replicated index: 0, Committed index: 0, Last appended: 0.0, Last appended by leader: 0, Current term: 0, Majority size: -1, State: 0, Mode: NON_LEADER, active raft config: opid_index: -1 OBSOLETE_local: false peers { permanent_uuid: "ed62be5572db488f8fbfef14fe898f8c" member_type: VOTER last_known_addr { host: "127.22.100.1" port: 41551 } } peers { permanent_uuid: "15902bc3fb234958a5fe319fd6082b64" member_type: VOTER last_known_addr { host: "127.22.100.2" port: 33065 } } peers { permanent_uuid: "9275ec420f4c445899639a28af823375" member_type: VOTER last_known_addr { host: "127.22.100.3" port: 32957 } }
I20260713 08:55:43.848052 24242 raft_consensus.cc:359] T 24cd567edc504cc8997cd3407ccceed5 P 9275ec420f4c445899639a28af823375 [term 0 FOLLOWER]: Replica starting. Triggering 0 pending ops. Active config: opid_index: -1 OBSOLETE_local: false peers { permanent_uuid: "ed62be5572db488f8fbfef14fe898f8c" member_type: VOTER last_known_addr { host: "127.22.100.1" port: 41551 } } peers { permanent_uuid: "15902bc3fb234958a5fe319fd6082b64" member_type: VOTER last_known_addr { host: "127.22.100.2" port: 33065 } } peers { permanent_uuid: "9275ec420f4c445899639a28af823375" member_type: VOTER last_known_addr { host: "127.22.100.3" port: 32957 } }
I20260713 08:55:43.848613 24242 raft_consensus.cc:385] T 24cd567edc504cc8997cd3407ccceed5 P 9275ec420f4c445899639a28af823375 [term 0 FOLLOWER]: Consensus starting up: Expiring failure detector timer to make a prompt election more likely
I20260713 08:55:43.848672 24243 ts_tablet_manager.cc:1434] T 4d9853ac7d5b4b538fb4feca5fcd9c04 P ed62be5572db488f8fbfef14fe898f8c: Time spent starting tablet: real 0.007s	user 0.008s	sys 0.000s
I20260713 08:55:43.848922 24242 raft_consensus.cc:740] T 24cd567edc504cc8997cd3407ccceed5 P 9275ec420f4c445899639a28af823375 [term 0 FOLLOWER]: Becoming Follower/Learner. State: Replica: 9275ec420f4c445899639a28af823375, State: Initialized, Role: FOLLOWER
I20260713 08:55:43.849526 24242 consensus_queue.cc:260] T 24cd567edc504cc8997cd3407ccceed5 P 9275ec420f4c445899639a28af823375 [NON_LEADER]: Queue going to NON_LEADER mode. State: All replicated index: 0, Majority replicated index: 0, Committed index: 0, Last appended: 0.0, Last appended by leader: 0, Current term: 0, Majority size: -1, State: 0, Mode: NON_LEADER, active raft config: opid_index: -1 OBSOLETE_local: false peers { permanent_uuid: "ed62be5572db488f8fbfef14fe898f8c" member_type: VOTER last_known_addr { host: "127.22.100.1" port: 41551 } } peers { permanent_uuid: "15902bc3fb234958a5fe319fd6082b64" member_type: VOTER last_known_addr { host: "127.22.100.2" port: 33065 } } peers { permanent_uuid: "9275ec420f4c445899639a28af823375" member_type: VOTER last_known_addr { host: "127.22.100.3" port: 32957 } }
I20260713 08:55:43.849793 24244 raft_consensus.cc:359] T e23292f1edd54f4792cb586f69765cbe P 15902bc3fb234958a5fe319fd6082b64 [term 0 FOLLOWER]: Replica starting. Triggering 0 pending ops. Active config: opid_index: -1 OBSOLETE_local: false peers { permanent_uuid: "ed62be5572db488f8fbfef14fe898f8c" member_type: VOTER last_known_addr { host: "127.22.100.1" port: 41551 } } peers { permanent_uuid: "15902bc3fb234958a5fe319fd6082b64" member_type: VOTER last_known_addr { host: "127.22.100.2" port: 33065 } } peers { permanent_uuid: "9275ec420f4c445899639a28af823375" member_type: VOTER last_known_addr { host: "127.22.100.3" port: 32957 } }
I20260713 08:55:43.850438 24244 raft_consensus.cc:385] T e23292f1edd54f4792cb586f69765cbe P 15902bc3fb234958a5fe319fd6082b64 [term 0 FOLLOWER]: Consensus starting up: Expiring failure detector timer to make a prompt election more likely
I20260713 08:55:43.850680 24244 raft_consensus.cc:740] T e23292f1edd54f4792cb586f69765cbe P 15902bc3fb234958a5fe319fd6082b64 [term 0 FOLLOWER]: Becoming Follower/Learner. State: Replica: 15902bc3fb234958a5fe319fd6082b64, State: Initialized, Role: FOLLOWER
I20260713 08:55:43.851409 24242 ts_tablet_manager.cc:1434] T 24cd567edc504cc8997cd3407ccceed5 P 9275ec420f4c445899639a28af823375: Time spent starting tablet: real 0.005s	user 0.004s	sys 0.000s
I20260713 08:55:43.851336 24244 consensus_queue.cc:260] T e23292f1edd54f4792cb586f69765cbe P 15902bc3fb234958a5fe319fd6082b64 [NON_LEADER]: Queue going to NON_LEADER mode. State: All replicated index: 0, Majority replicated index: 0, Committed index: 0, Last appended: 0.0, Last appended by leader: 0, Current term: 0, Majority size: -1, State: 0, Mode: NON_LEADER, active raft config: opid_index: -1 OBSOLETE_local: false peers { permanent_uuid: "ed62be5572db488f8fbfef14fe898f8c" member_type: VOTER last_known_addr { host: "127.22.100.1" port: 41551 } } peers { permanent_uuid: "15902bc3fb234958a5fe319fd6082b64" member_type: VOTER last_known_addr { host: "127.22.100.2" port: 33065 } } peers { permanent_uuid: "9275ec420f4c445899639a28af823375" member_type: VOTER last_known_addr { host: "127.22.100.3" port: 32957 } }
I20260713 08:55:43.852463 24242 tablet_bootstrap.cc:492] T ffbd39d7d5814b1fb664cc980bfef37d P 9275ec420f4c445899639a28af823375: Bootstrap starting.
I20260713 08:55:43.859193 24242 tablet_bootstrap.cc:654] T ffbd39d7d5814b1fb664cc980bfef37d P 9275ec420f4c445899639a28af823375: Neither blocks nor log segments found. Creating new log.
I20260713 08:55:43.863793 24244 ts_tablet_manager.cc:1434] T e23292f1edd54f4792cb586f69765cbe P 15902bc3fb234958a5fe319fd6082b64: Time spent starting tablet: real 0.017s	user 0.007s	sys 0.000s
I20260713 08:55:43.863981 24242 tablet_bootstrap.cc:492] T ffbd39d7d5814b1fb664cc980bfef37d P 9275ec420f4c445899639a28af823375: No bootstrap required, opened a new log
I20260713 08:55:43.864445 24242 ts_tablet_manager.cc:1403] T ffbd39d7d5814b1fb664cc980bfef37d P 9275ec420f4c445899639a28af823375: Time spent bootstrapping tablet: real 0.012s	user 0.011s	sys 0.001s
I20260713 08:55:43.867182 24244 tablet_bootstrap.cc:492] T 4d9853ac7d5b4b538fb4feca5fcd9c04 P 15902bc3fb234958a5fe319fd6082b64: Bootstrap starting.
I20260713 08:55:43.867137 24242 raft_consensus.cc:359] T ffbd39d7d5814b1fb664cc980bfef37d P 9275ec420f4c445899639a28af823375 [term 0 FOLLOWER]: Replica starting. Triggering 0 pending ops. Active config: opid_index: -1 OBSOLETE_local: false peers { permanent_uuid: "ed62be5572db488f8fbfef14fe898f8c" member_type: VOTER last_known_addr { host: "127.22.100.1" port: 41551 } } peers { permanent_uuid: "15902bc3fb234958a5fe319fd6082b64" member_type: VOTER last_known_addr { host: "127.22.100.2" port: 33065 } } peers { permanent_uuid: "9275ec420f4c445899639a28af823375" member_type: VOTER last_known_addr { host: "127.22.100.3" port: 32957 } }
I20260713 08:55:43.867858 24242 raft_consensus.cc:385] T ffbd39d7d5814b1fb664cc980bfef37d P 9275ec420f4c445899639a28af823375 [term 0 FOLLOWER]: Consensus starting up: Expiring failure detector timer to make a prompt election more likely
I20260713 08:55:43.868117 24242 raft_consensus.cc:740] T ffbd39d7d5814b1fb664cc980bfef37d P 9275ec420f4c445899639a28af823375 [term 0 FOLLOWER]: Becoming Follower/Learner. State: Replica: 9275ec420f4c445899639a28af823375, State: Initialized, Role: FOLLOWER
I20260713 08:55:43.868680 24242 consensus_queue.cc:260] T ffbd39d7d5814b1fb664cc980bfef37d P 9275ec420f4c445899639a28af823375 [NON_LEADER]: Queue going to NON_LEADER mode. State: All replicated index: 0, Majority replicated index: 0, Committed index: 0, Last appended: 0.0, Last appended by leader: 0, Current term: 0, Majority size: -1, State: 0, Mode: NON_LEADER, active raft config: opid_index: -1 OBSOLETE_local: false peers { permanent_uuid: "ed62be5572db488f8fbfef14fe898f8c" member_type: VOTER last_known_addr { host: "127.22.100.1" port: 41551 } } peers { permanent_uuid: "15902bc3fb234958a5fe319fd6082b64" member_type: VOTER last_known_addr { host: "127.22.100.2" port: 33065 } } peers { permanent_uuid: "9275ec420f4c445899639a28af823375" member_type: VOTER last_known_addr { host: "127.22.100.3" port: 32957 } }
I20260713 08:55:43.870582 24242 ts_tablet_manager.cc:1434] T ffbd39d7d5814b1fb664cc980bfef37d P 9275ec420f4c445899639a28af823375: Time spent starting tablet: real 0.006s	user 0.003s	sys 0.000s
I20260713 08:55:43.871690 24242 tablet_bootstrap.cc:492] T 4d9853ac7d5b4b538fb4feca5fcd9c04 P 9275ec420f4c445899639a28af823375: Bootstrap starting.
I20260713 08:55:43.872737 24244 tablet_bootstrap.cc:654] T 4d9853ac7d5b4b538fb4feca5fcd9c04 P 15902bc3fb234958a5fe319fd6082b64: Neither blocks nor log segments found. Creating new log.
I20260713 08:55:43.877018 24242 tablet_bootstrap.cc:654] T 4d9853ac7d5b4b538fb4feca5fcd9c04 P 9275ec420f4c445899639a28af823375: Neither blocks nor log segments found. Creating new log.
I20260713 08:55:43.877800 24244 tablet_bootstrap.cc:492] T 4d9853ac7d5b4b538fb4feca5fcd9c04 P 15902bc3fb234958a5fe319fd6082b64: No bootstrap required, opened a new log
I20260713 08:55:43.878226 24244 ts_tablet_manager.cc:1403] T 4d9853ac7d5b4b538fb4feca5fcd9c04 P 15902bc3fb234958a5fe319fd6082b64: Time spent bootstrapping tablet: real 0.011s	user 0.009s	sys 0.000s
I20260713 08:55:43.882467 24242 tablet_bootstrap.cc:492] T 4d9853ac7d5b4b538fb4feca5fcd9c04 P 9275ec420f4c445899639a28af823375: No bootstrap required, opened a new log
I20260713 08:55:43.882915 24242 ts_tablet_manager.cc:1403] T 4d9853ac7d5b4b538fb4feca5fcd9c04 P 9275ec420f4c445899639a28af823375: Time spent bootstrapping tablet: real 0.011s	user 0.002s	sys 0.007s
I20260713 08:55:43.882467 24244 raft_consensus.cc:359] T 4d9853ac7d5b4b538fb4feca5fcd9c04 P 15902bc3fb234958a5fe319fd6082b64 [term 0 FOLLOWER]: Replica starting. Triggering 0 pending ops. Active config: opid_index: -1 OBSOLETE_local: false peers { permanent_uuid: "ed62be5572db488f8fbfef14fe898f8c" member_type: VOTER last_known_addr { host: "127.22.100.1" port: 41551 } } peers { permanent_uuid: "15902bc3fb234958a5fe319fd6082b64" member_type: VOTER last_known_addr { host: "127.22.100.2" port: 33065 } } peers { permanent_uuid: "9275ec420f4c445899639a28af823375" member_type: VOTER last_known_addr { host: "127.22.100.3" port: 32957 } }
I20260713 08:55:43.883296 24244 raft_consensus.cc:385] T 4d9853ac7d5b4b538fb4feca5fcd9c04 P 15902bc3fb234958a5fe319fd6082b64 [term 0 FOLLOWER]: Consensus starting up: Expiring failure detector timer to make a prompt election more likely
I20260713 08:55:43.883536 24244 raft_consensus.cc:740] T 4d9853ac7d5b4b538fb4feca5fcd9c04 P 15902bc3fb234958a5fe319fd6082b64 [term 0 FOLLOWER]: Becoming Follower/Learner. State: Replica: 15902bc3fb234958a5fe319fd6082b64, State: Initialized, Role: FOLLOWER
I20260713 08:55:43.884171 24244 consensus_queue.cc:260] T 4d9853ac7d5b4b538fb4feca5fcd9c04 P 15902bc3fb234958a5fe319fd6082b64 [NON_LEADER]: Queue going to NON_LEADER mode. State: All replicated index: 0, Majority replicated index: 0, Committed index: 0, Last appended: 0.0, Last appended by leader: 0, Current term: 0, Majority size: -1, State: 0, Mode: NON_LEADER, active raft config: opid_index: -1 OBSOLETE_local: false peers { permanent_uuid: "ed62be5572db488f8fbfef14fe898f8c" member_type: VOTER last_known_addr { host: "127.22.100.1" port: 41551 } } peers { permanent_uuid: "15902bc3fb234958a5fe319fd6082b64" member_type: VOTER last_known_addr { host: "127.22.100.2" port: 33065 } } peers { permanent_uuid: "9275ec420f4c445899639a28af823375" member_type: VOTER last_known_addr { host: "127.22.100.3" port: 32957 } }
I20260713 08:55:43.885809 24244 ts_tablet_manager.cc:1434] T 4d9853ac7d5b4b538fb4feca5fcd9c04 P 15902bc3fb234958a5fe319fd6082b64: Time spent starting tablet: real 0.007s	user 0.006s	sys 0.000s
I20260713 08:55:43.886837 24244 tablet_bootstrap.cc:492] T 24cd567edc504cc8997cd3407ccceed5 P 15902bc3fb234958a5fe319fd6082b64: Bootstrap starting.
