W20260710 13:27:44.165194  5813 tablet.cc:2406] T 451e98e018a047fbb70d7b2e31b50246 P 9e4d75753f7f493d86dcb3e728c7814d: Can't schedule compaction. Clean time has not been advanced past its initial value.
I20260710 13:27:44.166106  5905 raft_consensus.cc:359] T 5012a429f5204cd5b7d6e693a45148ee P 6fed56bd62e7464694e1fc5215d815d9 [term 0 FOLLOWER]: Replica starting. Triggering 0 pending ops. Active config: opid_index: -1 OBSOLETE_local: false peers { permanent_uuid: "6fed56bd62e7464694e1fc5215d815d9" member_type: VOTER last_known_addr { host: "127.5.114.65" port: 35003 } } peers { permanent_uuid: "9e4d75753f7f493d86dcb3e728c7814d" member_type: VOTER last_known_addr { host: "127.5.114.66" port: 35067 } } peers { permanent_uuid: "fcc781ea276444c1a7d813cc7e6104b0" member_type: VOTER last_known_addr { host: "127.5.114.67" port: 40105 } }
I20260710 13:27:44.166851  5905 raft_consensus.cc:385] T 5012a429f5204cd5b7d6e693a45148ee P 6fed56bd62e7464694e1fc5215d815d9 [term 0 FOLLOWER]: Consensus starting up: Expiring failure detector timer to make a prompt election more likely
I20260710 13:27:44.167168  5905 raft_consensus.cc:740] T 5012a429f5204cd5b7d6e693a45148ee P 6fed56bd62e7464694e1fc5215d815d9 [term 0 FOLLOWER]: Becoming Follower/Learner. State: Replica: 6fed56bd62e7464694e1fc5215d815d9, State: Initialized, Role: FOLLOWER
I20260710 13:27:44.167869  5905 consensus_queue.cc:260] T 5012a429f5204cd5b7d6e693a45148ee P 6fed56bd62e7464694e1fc5215d815d9 [NON_LEADER]: Queue going to NON_LEADER mode. State: All replicated index: 0, Majority replicated index: 0, Committed index: 0, Last appended: 0.0, Last appended by leader: 0, Current term: 0, Majority size: -1, State: 0, Mode: NON_LEADER, active raft config: opid_index: -1 OBSOLETE_local: false peers { permanent_uuid: "6fed56bd62e7464694e1fc5215d815d9" member_type: VOTER last_known_addr { host: "127.5.114.65" port: 35003 } } peers { permanent_uuid: "9e4d75753f7f493d86dcb3e728c7814d" member_type: VOTER last_known_addr { host: "127.5.114.66" port: 35067 } } peers { permanent_uuid: "fcc781ea276444c1a7d813cc7e6104b0" member_type: VOTER last_known_addr { host: "127.5.114.67" port: 40105 } }
I20260710 13:27:44.169669  5905 ts_tablet_manager.cc:1434] T 5012a429f5204cd5b7d6e693a45148ee P 6fed56bd62e7464694e1fc5215d815d9: Time spent starting tablet: real 0.006s	user 0.003s	sys 0.003s
I20260710 13:27:44.170396  5905 tablet_bootstrap.cc:492] T 53d6878fe3734aef9a925d61a346ee1f P 6fed56bd62e7464694e1fc5215d815d9: Bootstrap starting.
I20260710 13:27:44.159931  5906 tablet_bootstrap.cc:654] T 5012a429f5204cd5b7d6e693a45148ee P 9e4d75753f7f493d86dcb3e728c7814d: Neither blocks nor log segments found. Creating new log.
I20260710 13:27:44.176343  5905 tablet_bootstrap.cc:654] T 53d6878fe3734aef9a925d61a346ee1f P 6fed56bd62e7464694e1fc5215d815d9: Neither blocks nor log segments found. Creating new log.
I20260710 13:27:44.177735  5911 raft_consensus.cc:493] T 451e98e018a047fbb70d7b2e31b50246 P 9e4d75753f7f493d86dcb3e728c7814d [term 0 FOLLOWER]: Starting pre-election (no leader contacted us within the election timeout)
I20260710 13:27:44.178970  5910 tablet_bootstrap.cc:492] T 293db4ea9a094d3298656fcd6f52c6a6 P fcc781ea276444c1a7d813cc7e6104b0: No bootstrap required, opened a new log
I20260710 13:27:44.178388  5911 raft_consensus.cc:515] T 451e98e018a047fbb70d7b2e31b50246 P 9e4d75753f7f493d86dcb3e728c7814d [term 0 FOLLOWER]: Starting pre-election with config: opid_index: -1 OBSOLETE_local: false peers { permanent_uuid: "6fed56bd62e7464694e1fc5215d815d9" member_type: VOTER last_known_addr { host: "127.5.114.65" port: 35003 } } peers { permanent_uuid: "9e4d75753f7f493d86dcb3e728c7814d" member_type: VOTER last_known_addr { host: "127.5.114.66" port: 35067 } } peers { permanent_uuid: "fcc781ea276444c1a7d813cc7e6104b0" member_type: VOTER last_known_addr { host: "127.5.114.67" port: 40105 } }
I20260710 13:27:44.181906  5911 leader_election.cc:290] T 451e98e018a047fbb70d7b2e31b50246 P 9e4d75753f7f493d86dcb3e728c7814d [CANDIDATE]: Term 1 pre-election: Requested pre-vote from peers 6fed56bd62e7464694e1fc5215d815d9 (127.5.114.65:35003), fcc781ea276444c1a7d813cc7e6104b0 (127.5.114.67:40105)
I20260710 13:27:44.190771  5910 ts_tablet_manager.cc:1403] T 293db4ea9a094d3298656fcd6f52c6a6 P fcc781ea276444c1a7d813cc7e6104b0: Time spent bootstrapping tablet: real 0.058s	user 0.017s	sys 0.003s
I20260710 13:27:44.194029  5910 raft_consensus.cc:359] T 293db4ea9a094d3298656fcd6f52c6a6 P fcc781ea276444c1a7d813cc7e6104b0 [term 0 FOLLOWER]: Replica starting. Triggering 0 pending ops. Active config: opid_index: -1 OBSOLETE_local: false peers { permanent_uuid: "6fed56bd62e7464694e1fc5215d815d9" member_type: VOTER last_known_addr { host: "127.5.114.65" port: 35003 } } peers { permanent_uuid: "9e4d75753f7f493d86dcb3e728c7814d" member_type: VOTER last_known_addr { host: "127.5.114.66" port: 35067 } } peers { permanent_uuid: "fcc781ea276444c1a7d813cc7e6104b0" member_type: VOTER last_known_addr { host: "127.5.114.67" port: 40105 } }
I20260710 13:27:44.194957  5910 raft_consensus.cc:385] T 293db4ea9a094d3298656fcd6f52c6a6 P fcc781ea276444c1a7d813cc7e6104b0 [term 0 FOLLOWER]: Consensus starting up: Expiring failure detector timer to make a prompt election more likely
I20260710 13:27:44.195307  5910 raft_consensus.cc:740] T 293db4ea9a094d3298656fcd6f52c6a6 P fcc781ea276444c1a7d813cc7e6104b0 [term 0 FOLLOWER]: Becoming Follower/Learner. State: Replica: fcc781ea276444c1a7d813cc7e6104b0, State: Initialized, Role: FOLLOWER
I20260710 13:27:44.198139  5910 consensus_queue.cc:260] T 293db4ea9a094d3298656fcd6f52c6a6 P fcc781ea276444c1a7d813cc7e6104b0 [NON_LEADER]: Queue going to NON_LEADER mode. State: All replicated index: 0, Majority replicated index: 0, Committed index: 0, Last appended: 0.0, Last appended by leader: 0, Current term: 0, Majority size: -1, State: 0, Mode: NON_LEADER, active raft config: opid_index: -1 OBSOLETE_local: false peers { permanent_uuid: "6fed56bd62e7464694e1fc5215d815d9" member_type: VOTER last_known_addr { host: "127.5.114.65" port: 35003 } } peers { permanent_uuid: "9e4d75753f7f493d86dcb3e728c7814d" member_type: VOTER last_known_addr { host: "127.5.114.66" port: 35067 } } peers { permanent_uuid: "fcc781ea276444c1a7d813cc7e6104b0" member_type: VOTER last_known_addr { host: "127.5.114.67" port: 40105 } }
I20260710 13:27:44.208592  5906 tablet_bootstrap.cc:492] T 5012a429f5204cd5b7d6e693a45148ee P 9e4d75753f7f493d86dcb3e728c7814d: No bootstrap required, opened a new log
I20260710 13:27:44.209265  5906 ts_tablet_manager.cc:1403] T 5012a429f5204cd5b7d6e693a45148ee P 9e4d75753f7f493d86dcb3e728c7814d: Time spent bootstrapping tablet: real 0.059s	user 0.017s	sys 0.007s
I20260710 13:27:44.214684  5918 raft_consensus.cc:493] T 293db4ea9a094d3298656fcd6f52c6a6 P fcc781ea276444c1a7d813cc7e6104b0 [term 0 FOLLOWER]: Starting pre-election (no leader contacted us within the election timeout)
I20260710 13:27:44.214778  5887 heartbeater.cc:499] Master 127.5.114.126:44679 was elected leader, sending a full tablet report...
I20260710 13:27:44.218918  5918 raft_consensus.cc:515] T 293db4ea9a094d3298656fcd6f52c6a6 P fcc781ea276444c1a7d813cc7e6104b0 [term 0 FOLLOWER]: Starting pre-election with config: opid_index: -1 OBSOLETE_local: false peers { permanent_uuid: "6fed56bd62e7464694e1fc5215d815d9" member_type: VOTER last_known_addr { host: "127.5.114.65" port: 35003 } } peers { permanent_uuid: "9e4d75753f7f493d86dcb3e728c7814d" member_type: VOTER last_known_addr { host: "127.5.114.66" port: 35067 } } peers { permanent_uuid: "fcc781ea276444c1a7d813cc7e6104b0" member_type: VOTER last_known_addr { host: "127.5.114.67" port: 40105 } }
I20260710 13:27:44.223855  5712 tablet_service.cc:1917] Received RequestConsensusVote() RPC: tablet_id: "451e98e018a047fbb70d7b2e31b50246" candidate_uuid: "9e4d75753f7f493d86dcb3e728c7814d" candidate_term: 1 candidate_status { last_received { term: 0 index: 0 } } ignore_live_leader: false dest_uuid: "6fed56bd62e7464694e1fc5215d815d9" is_pre_election: true
I20260710 13:27:44.219830  5905 tablet_bootstrap.cc:492] T 53d6878fe3734aef9a925d61a346ee1f P 6fed56bd62e7464694e1fc5215d815d9: No bootstrap required, opened a new log
I20260710 13:27:44.224803  5905 ts_tablet_manager.cc:1403] T 53d6878fe3734aef9a925d61a346ee1f P 6fed56bd62e7464694e1fc5215d815d9: Time spent bootstrapping tablet: real 0.055s	user 0.020s	sys 0.027s
W20260710 13:27:44.226231  5752 leader_election.cc:343] T 451e98e018a047fbb70d7b2e31b50246 P 9e4d75753f7f493d86dcb3e728c7814d [CANDIDATE]: Term 1 pre-election: Tablet error from VoteRequest() call to peer 6fed56bd62e7464694e1fc5215d815d9 (127.5.114.65:35003): Illegal state: must be running to vote when last-logged opid is not known
I20260710 13:27:44.227205  5906 raft_consensus.cc:359] T 5012a429f5204cd5b7d6e693a45148ee P 9e4d75753f7f493d86dcb3e728c7814d [term 0 FOLLOWER]: Replica starting. Triggering 0 pending ops. Active config: opid_index: -1 OBSOLETE_local: false peers { permanent_uuid: "6fed56bd62e7464694e1fc5215d815d9" member_type: VOTER last_known_addr { host: "127.5.114.65" port: 35003 } } peers { permanent_uuid: "9e4d75753f7f493d86dcb3e728c7814d" member_type: VOTER last_known_addr { host: "127.5.114.66" port: 35067 } } peers { permanent_uuid: "fcc781ea276444c1a7d813cc7e6104b0" member_type: VOTER last_known_addr { host: "127.5.114.67" port: 40105 } }
I20260710 13:27:44.228113  5906 raft_consensus.cc:385] T 5012a429f5204cd5b7d6e693a45148ee P 9e4d75753f7f493d86dcb3e728c7814d [term 0 FOLLOWER]: Consensus starting up: Expiring failure detector timer to make a prompt election more likely
I20260710 13:27:44.228065  5905 raft_consensus.cc:359] T 53d6878fe3734aef9a925d61a346ee1f P 6fed56bd62e7464694e1fc5215d815d9 [term 0 FOLLOWER]: Replica starting. Triggering 0 pending ops. Active config: opid_index: -1 OBSOLETE_local: false peers { permanent_uuid: "6fed56bd62e7464694e1fc5215d815d9" member_type: VOTER last_known_addr { host: "127.5.114.65" port: 35003 } } peers { permanent_uuid: "9e4d75753f7f493d86dcb3e728c7814d" member_type: VOTER last_known_addr { host: "127.5.114.66" port: 35067 } } peers { permanent_uuid: "fcc781ea276444c1a7d813cc7e6104b0" member_type: VOTER last_known_addr { host: "127.5.114.67" port: 40105 } }
I20260710 13:27:44.228596  5906 raft_consensus.cc:740] T 5012a429f5204cd5b7d6e693a45148ee P 9e4d75753f7f493d86dcb3e728c7814d [term 0 FOLLOWER]: Becoming Follower/Learner. State: Replica: 9e4d75753f7f493d86dcb3e728c7814d, State: Initialized, Role: FOLLOWER
I20260710 13:27:44.228920  5905 raft_consensus.cc:385] T 53d6878fe3734aef9a925d61a346ee1f P 6fed56bd62e7464694e1fc5215d815d9 [term 0 FOLLOWER]: Consensus starting up: Expiring failure detector timer to make a prompt election more likely
I20260710 13:27:44.229300  5905 raft_consensus.cc:740] T 53d6878fe3734aef9a925d61a346ee1f P 6fed56bd62e7464694e1fc5215d815d9 [term 0 FOLLOWER]: Becoming Follower/Learner. State: Replica: 6fed56bd62e7464694e1fc5215d815d9, State: Initialized, Role: FOLLOWER
I20260710 13:27:44.229655  5906 consensus_queue.cc:260] T 5012a429f5204cd5b7d6e693a45148ee P 9e4d75753f7f493d86dcb3e728c7814d [NON_LEADER]: Queue going to NON_LEADER mode. State: All replicated index: 0, Majority replicated index: 0, Committed index: 0, Last appended: 0.0, Last appended by leader: 0, Current term: 0, Majority size: -1, State: 0, Mode: NON_LEADER, active raft config: opid_index: -1 OBSOLETE_local: false peers { permanent_uuid: "6fed56bd62e7464694e1fc5215d815d9" member_type: VOTER last_known_addr { host: "127.5.114.65" port: 35003 } } peers { permanent_uuid: "9e4d75753f7f493d86dcb3e728c7814d" member_type: VOTER last_known_addr { host: "127.5.114.66" port: 35067 } } peers { permanent_uuid: "fcc781ea276444c1a7d813cc7e6104b0" member_type: VOTER last_known_addr { host: "127.5.114.67" port: 40105 } }
I20260710 13:27:44.230063  5905 consensus_queue.cc:260] T 53d6878fe3734aef9a925d61a346ee1f P 6fed56bd62e7464694e1fc5215d815d9 [NON_LEADER]: Queue going to NON_LEADER mode. State: All replicated index: 0, Majority replicated index: 0, Committed index: 0, Last appended: 0.0, Last appended by leader: 0, Current term: 0, Majority size: -1, State: 0, Mode: NON_LEADER, active raft config: opid_index: -1 OBSOLETE_local: false peers { permanent_uuid: "6fed56bd62e7464694e1fc5215d815d9" member_type: VOTER last_known_addr { host: "127.5.114.65" port: 35003 } } peers { permanent_uuid: "9e4d75753f7f493d86dcb3e728c7814d" member_type: VOTER last_known_addr { host: "127.5.114.66" port: 35067 } } peers { permanent_uuid: "fcc781ea276444c1a7d813cc7e6104b0" member_type: VOTER last_known_addr { host: "127.5.114.67" port: 40105 } }
I20260710 13:27:44.232897  5906 ts_tablet_manager.cc:1434] T 5012a429f5204cd5b7d6e693a45148ee P 9e4d75753f7f493d86dcb3e728c7814d: Time spent starting tablet: real 0.023s	user 0.007s	sys 0.001s
I20260710 13:27:44.233920  5906 tablet_bootstrap.cc:492] T 293db4ea9a094d3298656fcd6f52c6a6 P 9e4d75753f7f493d86dcb3e728c7814d: Bootstrap starting.
I20260710 13:27:44.234006  5905 ts_tablet_manager.cc:1434] T 53d6878fe3734aef9a925d61a346ee1f P 6fed56bd62e7464694e1fc5215d815d9: Time spent starting tablet: real 0.009s	user 0.005s	sys 0.002s
I20260710 13:27:44.234727  5911 raft_consensus.cc:493] T 5012a429f5204cd5b7d6e693a45148ee P 9e4d75753f7f493d86dcb3e728c7814d [term 0 FOLLOWER]: Starting pre-election (no leader contacted us within the election timeout)
I20260710 13:27:44.234966  5905 tablet_bootstrap.cc:492] T ce057bc5e4c7427d8e169ea6422058b5 P 6fed56bd62e7464694e1fc5215d815d9: Bootstrap starting.
I20260710 13:27:44.235181  5911 raft_consensus.cc:515] T 5012a429f5204cd5b7d6e693a45148ee P 9e4d75753f7f493d86dcb3e728c7814d [term 0 FOLLOWER]: Starting pre-election with config: opid_index: -1 OBSOLETE_local: false peers { permanent_uuid: "6fed56bd62e7464694e1fc5215d815d9" member_type: VOTER last_known_addr { host: "127.5.114.65" port: 35003 } } peers { permanent_uuid: "9e4d75753f7f493d86dcb3e728c7814d" member_type: VOTER last_known_addr { host: "127.5.114.66" port: 35067 } } peers { permanent_uuid: "fcc781ea276444c1a7d813cc7e6104b0" member_type: VOTER last_known_addr { host: "127.5.114.67" port: 40105 } }
I20260710 13:27:44.237231  5911 leader_election.cc:290] T 5012a429f5204cd5b7d6e693a45148ee P 9e4d75753f7f493d86dcb3e728c7814d [CANDIDATE]: Term 1 pre-election: Requested pre-vote from peers 6fed56bd62e7464694e1fc5215d815d9 (127.5.114.65:35003), fcc781ea276444c1a7d813cc7e6104b0 (127.5.114.67:40105)
I20260710 13:27:44.239089  5712 tablet_service.cc:1917] Received RequestConsensusVote() RPC: tablet_id: "5012a429f5204cd5b7d6e693a45148ee" candidate_uuid: "9e4d75753f7f493d86dcb3e728c7814d" candidate_term: 1 candidate_status { last_received { term: 0 index: 0 } } ignore_live_leader: false dest_uuid: "6fed56bd62e7464694e1fc5215d815d9" is_pre_election: true
I20260710 13:27:44.239802  5712 raft_consensus.cc:2468] T 5012a429f5204cd5b7d6e693a45148ee P 6fed56bd62e7464694e1fc5215d815d9 [term 0 FOLLOWER]: Leader pre-election vote request: Granting yes vote for candidate 9e4d75753f7f493d86dcb3e728c7814d in term 0.
I20260710 13:27:44.241423  5752 leader_election.cc:304] T 5012a429f5204cd5b7d6e693a45148ee P 9e4d75753f7f493d86dcb3e728c7814d [CANDIDATE]: Term 1 pre-election: Election decided. Result: candidate won. Election summary: received 2 responses out of 3 voters: 2 yes votes; 0 no votes. yes voters: 6fed56bd62e7464694e1fc5215d815d9, 9e4d75753f7f493d86dcb3e728c7814d; no voters: 
I20260710 13:27:44.241751  5905 tablet_bootstrap.cc:654] T ce057bc5e4c7427d8e169ea6422058b5 P 6fed56bd62e7464694e1fc5215d815d9: Neither blocks nor log segments found. Creating new log.
I20260710 13:27:44.242496  5911 raft_consensus.cc:2804] T 5012a429f5204cd5b7d6e693a45148ee P 9e4d75753f7f493d86dcb3e728c7814d [term 0 FOLLOWER]: Leader pre-election won for term 1
I20260710 13:27:44.242945  5911 raft_consensus.cc:493] T 5012a429f5204cd5b7d6e693a45148ee P 9e4d75753f7f493d86dcb3e728c7814d [term 0 FOLLOWER]: Starting leader election (no leader contacted us within the election timeout)
I20260710 13:27:44.243345  5911 raft_consensus.cc:3060] T 5012a429f5204cd5b7d6e693a45148ee P 9e4d75753f7f493d86dcb3e728c7814d [term 0 FOLLOWER]: Advancing to term 1
I20260710 13:27:44.250126  5918 leader_election.cc:290] T 293db4ea9a094d3298656fcd6f52c6a6 P fcc781ea276444c1a7d813cc7e6104b0 [CANDIDATE]: Term 1 pre-election: Requested pre-vote from peers 6fed56bd62e7464694e1fc5215d815d9 (127.5.114.65:35003), 9e4d75753f7f493d86dcb3e728c7814d (127.5.114.66:35067)
I20260710 13:27:44.251876  5910 ts_tablet_manager.cc:1434] T 293db4ea9a094d3298656fcd6f52c6a6 P fcc781ea276444c1a7d813cc7e6104b0: Time spent starting tablet: real 0.060s	user 0.009s	sys 0.001s
I20260710 13:27:44.252977  5910 tablet_bootstrap.cc:492] T 451e98e018a047fbb70d7b2e31b50246 P fcc781ea276444c1a7d813cc7e6104b0: Bootstrap starting.
I20260710 13:27:44.253676  5905 tablet_bootstrap.cc:492] T ce057bc5e4c7427d8e169ea6422058b5 P 6fed56bd62e7464694e1fc5215d815d9: No bootstrap required, opened a new log
I20260710 13:27:44.254292  5905 ts_tablet_manager.cc:1403] T ce057bc5e4c7427d8e169ea6422058b5 P 6fed56bd62e7464694e1fc5215d815d9: Time spent bootstrapping tablet: real 0.020s	user 0.012s	sys 0.004s
I20260710 13:27:44.265511  5911 raft_consensus.cc:515] T 5012a429f5204cd5b7d6e693a45148ee P 9e4d75753f7f493d86dcb3e728c7814d [term 1 FOLLOWER]: Starting leader election with config: opid_index: -1 OBSOLETE_local: false peers { permanent_uuid: "6fed56bd62e7464694e1fc5215d815d9" member_type: VOTER last_known_addr { host: "127.5.114.65" port: 35003 } } peers { permanent_uuid: "9e4d75753f7f493d86dcb3e728c7814d" member_type: VOTER last_known_addr { host: "127.5.114.66" port: 35067 } } peers { permanent_uuid: "fcc781ea276444c1a7d813cc7e6104b0" member_type: VOTER last_known_addr { host: "127.5.114.67" port: 40105 } }
I20260710 13:27:44.266572  5905 raft_consensus.cc:359] T ce057bc5e4c7427d8e169ea6422058b5 P 6fed56bd62e7464694e1fc5215d815d9 [term 0 FOLLOWER]: Replica starting. Triggering 0 pending ops. Active config: opid_index: -1 OBSOLETE_local: false peers { permanent_uuid: "6fed56bd62e7464694e1fc5215d815d9" member_type: VOTER last_known_addr { host: "127.5.114.65" port: 35003 } } peers { permanent_uuid: "9e4d75753f7f493d86dcb3e728c7814d" member_type: VOTER last_known_addr { host: "127.5.114.66" port: 35067 } } peers { permanent_uuid: "fcc781ea276444c1a7d813cc7e6104b0" member_type: VOTER last_known_addr { host: "127.5.114.67" port: 40105 } }
I20260710 13:27:44.271699  5910 tablet_bootstrap.cc:654] T 451e98e018a047fbb70d7b2e31b50246 P fcc781ea276444c1a7d813cc7e6104b0: Neither blocks nor log segments found. Creating new log.
I20260710 13:27:44.275107  5905 raft_consensus.cc:385] T ce057bc5e4c7427d8e169ea6422058b5 P 6fed56bd62e7464694e1fc5215d815d9 [term 0 FOLLOWER]: Consensus starting up: Expiring failure detector timer to make a prompt election more likely
I20260710 13:27:44.274971  5862 tablet_service.cc:1917] Received RequestConsensusVote() RPC: tablet_id: "451e98e018a047fbb70d7b2e31b50246" candidate_uuid: "9e4d75753f7f493d86dcb3e728c7814d" candidate_term: 1 candidate_status { last_received { term: 0 index: 0 } } ignore_live_leader: false dest_uuid: "fcc781ea276444c1a7d813cc7e6104b0" is_pre_election: true
I20260710 13:27:44.275454  5905 raft_consensus.cc:740] T ce057bc5e4c7427d8e169ea6422058b5 P 6fed56bd62e7464694e1fc5215d815d9 [term 0 FOLLOWER]: Becoming Follower/Learner. State: Replica: 6fed56bd62e7464694e1fc5215d815d9, State: Initialized, Role: FOLLOWER
I20260710 13:27:44.276230  5905 consensus_queue.cc:260] T ce057bc5e4c7427d8e169ea6422058b5 P 6fed56bd62e7464694e1fc5215d815d9 [NON_LEADER]: Queue going to NON_LEADER mode. State: All replicated index: 0, Majority replicated index: 0, Committed index: 0, Last appended: 0.0, Last appended by leader: 0, Current term: 0, Majority size: -1, State: 0, Mode: NON_LEADER, active raft config: opid_index: -1 OBSOLETE_local: false peers { permanent_uuid: "6fed56bd62e7464694e1fc5215d815d9" member_type: VOTER last_known_addr { host: "127.5.114.65" port: 35003 } } peers { permanent_uuid: "9e4d75753f7f493d86dcb3e728c7814d" member_type: VOTER last_known_addr { host: "127.5.114.66" port: 35067 } } peers { permanent_uuid: "fcc781ea276444c1a7d813cc7e6104b0" member_type: VOTER last_known_addr { host: "127.5.114.67" port: 40105 } }
I20260710 13:27:44.276804  5861 tablet_service.cc:1917] Received RequestConsensusVote() RPC: tablet_id: "5012a429f5204cd5b7d6e693a45148ee" candidate_uuid: "9e4d75753f7f493d86dcb3e728c7814d" candidate_term: 1 candidate_status { last_received { term: 0 index: 0 } } ignore_live_leader: false dest_uuid: "fcc781ea276444c1a7d813cc7e6104b0" is_pre_election: true
I20260710 13:27:44.278620  5905 ts_tablet_manager.cc:1434] T ce057bc5e4c7427d8e169ea6422058b5 P 6fed56bd62e7464694e1fc5215d815d9: Time spent starting tablet: real 0.024s	user 0.012s	sys 0.005s
I20260710 13:27:44.279579  5905 tablet_bootstrap.cc:492] T 293db4ea9a094d3298656fcd6f52c6a6 P 6fed56bd62e7464694e1fc5215d815d9: Bootstrap starting.
I20260710 13:27:44.282181  5712 tablet_service.cc:1917] Received RequestConsensusVote() RPC: tablet_id: "5012a429f5204cd5b7d6e693a45148ee" candidate_uuid: "9e4d75753f7f493d86dcb3e728c7814d" candidate_term: 1 candidate_status { last_received { term: 0 index: 0 } } ignore_live_leader: false dest_uuid: "6fed56bd62e7464694e1fc5215d815d9"
I20260710 13:27:44.282786  5712 raft_consensus.cc:3060] T 5012a429f5204cd5b7d6e693a45148ee P 6fed56bd62e7464694e1fc5215d815d9 [term 0 FOLLOWER]: Advancing to term 1
I20260710 13:27:44.273365  5906 tablet_bootstrap.cc:654] T 293db4ea9a094d3298656fcd6f52c6a6 P 9e4d75753f7f493d86dcb3e728c7814d: Neither blocks nor log segments found. Creating new log.
I20260710 13:27:44.286733  5905 tablet_bootstrap.cc:654] T 293db4ea9a094d3298656fcd6f52c6a6 P 6fed56bd62e7464694e1fc5215d815d9: Neither blocks nor log segments found. Creating new log.
W20260710 13:27:44.291774  5752 leader_election.cc:343] T 451e98e018a047fbb70d7b2e31b50246 P 9e4d75753f7f493d86dcb3e728c7814d [CANDIDATE]: Term 1 pre-election: Tablet error from VoteRequest() call to peer fcc781ea276444c1a7d813cc7e6104b0 (127.5.114.67:40105): Illegal state: must be running to vote when last-logged opid is not known
I20260710 13:27:44.293074  5910 tablet_bootstrap.cc:492] T 451e98e018a047fbb70d7b2e31b50246 P fcc781ea276444c1a7d813cc7e6104b0: No bootstrap required, opened a new log
I20260710 13:27:44.295737  5910 ts_tablet_manager.cc:1403] T 451e98e018a047fbb70d7b2e31b50246 P fcc781ea276444c1a7d813cc7e6104b0: Time spent bootstrapping tablet: real 0.043s	user 0.002s	sys 0.012s
I20260710 13:27:44.295465  5752 leader_election.cc:304] T 451e98e018a047fbb70d7b2e31b50246 P 9e4d75753f7f493d86dcb3e728c7814d [CANDIDATE]: Term 1 pre-election: Election decided. Result: candidate lost. Election summary: received 3 responses out of 3 voters: 1 yes votes; 2 no votes. yes voters: 9e4d75753f7f493d86dcb3e728c7814d; no voters: 6fed56bd62e7464694e1fc5215d815d9, fcc781ea276444c1a7d813cc7e6104b0
I20260710 13:27:44.299820  5787 tablet_service.cc:1917] Received RequestConsensusVote() RPC: tablet_id: "293db4ea9a094d3298656fcd6f52c6a6" candidate_uuid: "fcc781ea276444c1a7d813cc7e6104b0" candidate_term: 1 candidate_status { last_received { term: 0 index: 0 } } ignore_live_leader: false dest_uuid: "9e4d75753f7f493d86dcb3e728c7814d" is_pre_election: true
I20260710 13:27:44.300817  5910 raft_consensus.cc:359] T 451e98e018a047fbb70d7b2e31b50246 P fcc781ea276444c1a7d813cc7e6104b0 [term 0 FOLLOWER]: Replica starting. Triggering 0 pending ops. Active config: opid_index: -1 OBSOLETE_local: false peers { permanent_uuid: "6fed56bd62e7464694e1fc5215d815d9" member_type: VOTER last_known_addr { host: "127.5.114.65" port: 35003 } } peers { permanent_uuid: "9e4d75753f7f493d86dcb3e728c7814d" member_type: VOTER last_known_addr { host: "127.5.114.66" port: 35067 } } peers { permanent_uuid: "fcc781ea276444c1a7d813cc7e6104b0" member_type: VOTER last_known_addr { host: "127.5.114.67" port: 40105 } }
I20260710 13:27:44.290254  5712 raft_consensus.cc:2468] T 5012a429f5204cd5b7d6e693a45148ee P 6fed56bd62e7464694e1fc5215d815d9 [term 1 FOLLOWER]: Leader election vote request: Granting yes vote for candidate 9e4d75753f7f493d86dcb3e728c7814d in term 1.
I20260710 13:27:44.301774  5711 tablet_service.cc:1917] Received RequestConsensusVote() RPC: tablet_id: "293db4ea9a094d3298656fcd6f52c6a6" candidate_uuid: "fcc781ea276444c1a7d813cc7e6104b0" candidate_term: 1 candidate_status { last_received { term: 0 index: 0 } } ignore_live_leader: false dest_uuid: "6fed56bd62e7464694e1fc5215d815d9" is_pre_election: true
I20260710 13:27:44.302805  5911 leader_election.cc:290] T 5012a429f5204cd5b7d6e693a45148ee P 9e4d75753f7f493d86dcb3e728c7814d [CANDIDATE]: Term 1 election: Requested vote from peers 6fed56bd62e7464694e1fc5215d815d9 (127.5.114.65:35003), fcc781ea276444c1a7d813cc7e6104b0 (127.5.114.67:40105)
I20260710 13:27:44.303545  5911 raft_consensus.cc:2749] T 451e98e018a047fbb70d7b2e31b50246 P 9e4d75753f7f493d86dcb3e728c7814d [term 0 FOLLOWER]: Leader pre-election lost for term 1. Reason: could not achieve majority
W20260710 13:27:44.303834  5827 leader_election.cc:343] T 293db4ea9a094d3298656fcd6f52c6a6 P fcc781ea276444c1a7d813cc7e6104b0 [CANDIDATE]: Term 1 pre-election: Tablet error from VoteRequest() call to peer 6fed56bd62e7464694e1fc5215d815d9 (127.5.114.65:35003): Illegal state: must be running to vote when last-logged opid is not known
I20260710 13:27:44.301780  5910 raft_consensus.cc:385] T 451e98e018a047fbb70d7b2e31b50246 P fcc781ea276444c1a7d813cc7e6104b0 [term 0 FOLLOWER]: Consensus starting up: Expiring failure detector timer to make a prompt election more likely
W20260710 13:27:44.304693  5827 leader_election.cc:343] T 293db4ea9a094d3298656fcd6f52c6a6 P fcc781ea276444c1a7d813cc7e6104b0 [CANDIDATE]: Term 1 pre-election: Tablet error from VoteRequest() call to peer 9e4d75753f7f493d86dcb3e728c7814d (127.5.114.66:35067): Illegal state: must be running to vote when last-logged opid is not known
I20260710 13:27:44.304745  5910 raft_consensus.cc:740] T 451e98e018a047fbb70d7b2e31b50246 P fcc781ea276444c1a7d813cc7e6104b0 [term 0 FOLLOWER]: Becoming Follower/Learner. State: Replica: fcc781ea276444c1a7d813cc7e6104b0, State: Initialized, Role: FOLLOWER
I20260710 13:27:44.305284  5827 leader_election.cc:304] T 293db4ea9a094d3298656fcd6f52c6a6 P fcc781ea276444c1a7d813cc7e6104b0 [CANDIDATE]: Term 1 pre-election: Election decided. Result: candidate lost. Election summary: received 3 responses out of 3 voters: 1 yes votes; 2 no votes. yes voters: fcc781ea276444c1a7d813cc7e6104b0; no voters: 6fed56bd62e7464694e1fc5215d815d9, 9e4d75753f7f493d86dcb3e728c7814d
I20260710 13:27:44.306210  5918 raft_consensus.cc:2749] T 293db4ea9a094d3298656fcd6f52c6a6 P fcc781ea276444c1a7d813cc7e6104b0 [term 0 FOLLOWER]: Leader pre-election lost for term 1. Reason: could not achieve majority
I20260710 13:27:44.306404  5910 consensus_queue.cc:260] T 451e98e018a047fbb70d7b2e31b50246 P fcc781ea276444c1a7d813cc7e6104b0 [NON_LEADER]: Queue going to NON_LEADER mode. State: All replicated index: 0, Majority replicated index: 0, Committed index: 0, Last appended: 0.0, Last appended by leader: 0, Current term: 0, Majority size: -1, State: 0, Mode: NON_LEADER, active raft config: opid_index: -1 OBSOLETE_local: false peers { permanent_uuid: "6fed56bd62e7464694e1fc5215d815d9" member_type: VOTER last_known_addr { host: "127.5.114.65" port: 35003 } } peers { permanent_uuid: "9e4d75753f7f493d86dcb3e728c7814d" member_type: VOTER last_known_addr { host: "127.5.114.66" port: 35067 } } peers { permanent_uuid: "fcc781ea276444c1a7d813cc7e6104b0" member_type: VOTER last_known_addr { host: "127.5.114.67" port: 40105 } }
I20260710 13:27:44.309288  5910 ts_tablet_manager.cc:1434] T 451e98e018a047fbb70d7b2e31b50246 P fcc781ea276444c1a7d813cc7e6104b0: Time spent starting tablet: real 0.013s	user 0.008s	sys 0.001s
I20260710 13:27:44.310565  5910 tablet_bootstrap.cc:492] T 7d69d3d529624ca7bcc3d5dcb1301bf4 P fcc781ea276444c1a7d813cc7e6104b0: Bootstrap starting.
I20260710 13:27:44.316704  5752 leader_election.cc:304] T 5012a429f5204cd5b7d6e693a45148ee P 9e4d75753f7f493d86dcb3e728c7814d [CANDIDATE]: Term 1 election: Election decided. Result: candidate won. Election summary: received 2 responses out of 3 voters: 2 yes votes; 0 no votes. yes voters: 6fed56bd62e7464694e1fc5215d815d9, 9e4d75753f7f493d86dcb3e728c7814d; no voters: 
W20260710 13:27:44.317651  5752 leader_election.cc:343] T 5012a429f5204cd5b7d6e693a45148ee P 9e4d75753f7f493d86dcb3e728c7814d [CANDIDATE]: Term 1 pre-election: Tablet error from VoteRequest() call to peer fcc781ea276444c1a7d813cc7e6104b0 (127.5.114.67:40105): Illegal state: must be running to vote when last-logged opid is not known
I20260710 13:27:44.317555  5861 tablet_service.cc:1917] Received RequestConsensusVote() RPC: tablet_id: "5012a429f5204cd5b7d6e693a45148ee" candidate_uuid: "9e4d75753f7f493d86dcb3e728c7814d" candidate_term: 1 candidate_status { last_received { term: 0 index: 0 } } ignore_live_leader: false dest_uuid: "fcc781ea276444c1a7d813cc7e6104b0"
I20260710 13:27:44.316839  5909 raft_consensus.cc:493] T deabf9ecba9a467ea6b772a0c931075f P 6fed56bd62e7464694e1fc5215d815d9 [term 0 FOLLOWER]: Starting pre-election (no leader contacted us within the election timeout)
I20260710 13:27:44.318797  5909 raft_consensus.cc:515] T deabf9ecba9a467ea6b772a0c931075f P 6fed56bd62e7464694e1fc5215d815d9 [term 0 FOLLOWER]: Starting pre-election with config: opid_index: -1 OBSOLETE_local: false peers { permanent_uuid: "6fed56bd62e7464694e1fc5215d815d9" member_type: VOTER last_known_addr { host: "127.5.114.65" port: 35003 } } peers { permanent_uuid: "9e4d75753f7f493d86dcb3e728c7814d" member_type: VOTER last_known_addr { host: "127.5.114.66" port: 35067 } } peers { permanent_uuid: "fcc781ea276444c1a7d813cc7e6104b0" member_type: VOTER last_known_addr { host: "127.5.114.67" port: 40105 } }
W20260710 13:27:44.320302  5752 leader_election.cc:343] T 5012a429f5204cd5b7d6e693a45148ee P 9e4d75753f7f493d86dcb3e728c7814d [CANDIDATE]: Term 1 election: Tablet error from VoteRequest() call to peer fcc781ea276444c1a7d813cc7e6104b0 (127.5.114.67:40105): Illegal state: must be running to vote when last-logged opid is not known
I20260710 13:27:44.321182  5906 tablet_bootstrap.cc:492] T 293db4ea9a094d3298656fcd6f52c6a6 P 9e4d75753f7f493d86dcb3e728c7814d: No bootstrap required, opened a new log
I20260710 13:27:44.321635  5906 ts_tablet_manager.cc:1403] T 293db4ea9a094d3298656fcd6f52c6a6 P 9e4d75753f7f493d86dcb3e728c7814d: Time spent bootstrapping tablet: real 0.088s	user 0.019s	sys 0.003s
I20260710 13:27:44.324476  5906 raft_consensus.cc:359] T 293db4ea9a094d3298656fcd6f52c6a6 P 9e4d75753f7f493d86dcb3e728c7814d [term 0 FOLLOWER]: Replica starting. Triggering 0 pending ops. Active config: opid_index: -1 OBSOLETE_local: false peers { permanent_uuid: "6fed56bd62e7464694e1fc5215d815d9" member_type: VOTER last_known_addr { host: "127.5.114.65" port: 35003 } } peers { permanent_uuid: "9e4d75753f7f493d86dcb3e728c7814d" member_type: VOTER last_known_addr { host: "127.5.114.66" port: 35067 } } peers { permanent_uuid: "fcc781ea276444c1a7d813cc7e6104b0" member_type: VOTER last_known_addr { host: "127.5.114.67" port: 40105 } }
I20260710 13:27:44.325785  5909 leader_election.cc:290] T deabf9ecba9a467ea6b772a0c931075f P 6fed56bd62e7464694e1fc5215d815d9 [CANDIDATE]: Term 1 pre-election: Requested pre-vote from peers 9e4d75753f7f493d86dcb3e728c7814d (127.5.114.66:35067), fcc781ea276444c1a7d813cc7e6104b0 (127.5.114.67:40105)
I20260710 13:27:44.325073  5906 raft_consensus.cc:385] T 293db4ea9a094d3298656fcd6f52c6a6 P 9e4d75753f7f493d86dcb3e728c7814d [term 0 FOLLOWER]: Consensus starting up: Expiring failure detector timer to make a prompt election more likely
I20260710 13:27:44.327682  5906 raft_consensus.cc:740] T 293db4ea9a094d3298656fcd6f52c6a6 P 9e4d75753f7f493d86dcb3e728c7814d [term 0 FOLLOWER]: Becoming Follower/Learner. State: Replica: 9e4d75753f7f493d86dcb3e728c7814d, State: Initialized, Role: FOLLOWER
I20260710 13:27:44.328450  5906 consensus_queue.cc:260] T 293db4ea9a094d3298656fcd6f52c6a6 P 9e4d75753f7f493d86dcb3e728c7814d [NON_LEADER]: Queue going to NON_LEADER mode. State: All replicated index: 0, Majority replicated index: 0, Committed index: 0, Last appended: 0.0, Last appended by leader: 0, Current term: 0, Majority size: -1, State: 0, Mode: NON_LEADER, active raft config: opid_index: -1 OBSOLETE_local: false peers { permanent_uuid: "6fed56bd62e7464694e1fc5215d815d9" member_type: VOTER last_known_addr { host: "127.5.114.65" port: 35003 } } peers { permanent_uuid: "9e4d75753f7f493d86dcb3e728c7814d" member_type: VOTER last_known_addr { host: "127.5.114.66" port: 35067 } } peers { permanent_uuid: "fcc781ea276444c1a7d813cc7e6104b0" member_type: VOTER last_known_addr { host: "127.5.114.67" port: 40105 } }
I20260710 13:27:44.330533  5906 ts_tablet_manager.cc:1434] T 293db4ea9a094d3298656fcd6f52c6a6 P 9e4d75753f7f493d86dcb3e728c7814d: Time spent starting tablet: real 0.009s	user 0.005s	sys 0.000s
I20260710 13:27:44.331434  5906 tablet_bootstrap.cc:492] T ce057bc5e4c7427d8e169ea6422058b5 P 9e4d75753f7f493d86dcb3e728c7814d: Bootstrap starting.
I20260710 13:27:44.332094  5905 tablet_bootstrap.cc:492] T 293db4ea9a094d3298656fcd6f52c6a6 P 6fed56bd62e7464694e1fc5215d815d9: No bootstrap required, opened a new log
I20260710 13:27:44.332623  5905 ts_tablet_manager.cc:1403] T 293db4ea9a094d3298656fcd6f52c6a6 P 6fed56bd62e7464694e1fc5215d815d9: Time spent bootstrapping tablet: real 0.053s	user 0.029s	sys 0.007s
I20260710 13:27:44.327867  5926 raft_consensus.cc:2804] T 5012a429f5204cd5b7d6e693a45148ee P 9e4d75753f7f493d86dcb3e728c7814d [term 1 FOLLOWER]: Leader election won for term 1
I20260710 13:27:44.334782  5926 raft_consensus.cc:697] T 5012a429f5204cd5b7d6e693a45148ee P 9e4d75753f7f493d86dcb3e728c7814d [term 1 LEADER]: Becoming Leader. State: Replica: 9e4d75753f7f493d86dcb3e728c7814d, State: Running, Role: LEADER
I20260710 13:27:44.336614  5910 tablet_bootstrap.cc:654] T 7d69d3d529624ca7bcc3d5dcb1301bf4 P fcc781ea276444c1a7d813cc7e6104b0: Neither blocks nor log segments found. Creating new log.
I20260710 13:27:44.336997  5905 raft_consensus.cc:359] T 293db4ea9a094d3298656fcd6f52c6a6 P 6fed56bd62e7464694e1fc5215d815d9 [term 0 FOLLOWER]: Replica starting. Triggering 0 pending ops. Active config: opid_index: -1 OBSOLETE_local: false peers { permanent_uuid: "6fed56bd62e7464694e1fc5215d815d9" member_type: VOTER last_known_addr { host: "127.5.114.65" port: 35003 } } peers { permanent_uuid: "9e4d75753f7f493d86dcb3e728c7814d" member_type: VOTER last_known_addr { host: "127.5.114.66" port: 35067 } } peers { permanent_uuid: "fcc781ea276444c1a7d813cc7e6104b0" member_type: VOTER last_known_addr { host: "127.5.114.67" port: 40105 } }
I20260710 13:27:44.337950  5905 raft_consensus.cc:385] T 293db4ea9a094d3298656fcd6f52c6a6 P 6fed56bd62e7464694e1fc5215d815d9 [term 0 FOLLOWER]: Consensus starting up: Expiring failure detector timer to make a prompt election more likely
I20260710 13:27:44.337314  5926 consensus_queue.cc:237] T 5012a429f5204cd5b7d6e693a45148ee P 9e4d75753f7f493d86dcb3e728c7814d [LEADER]: Queue going to LEADER mode. State: All replicated index: 0, Majority replicated index: 0, Committed index: 0, Last appended: 0.0, Last appended by leader: 0, Current term: 1, Majority size: 2, State: 0, Mode: LEADER, active raft config: opid_index: -1 OBSOLETE_local: false peers { permanent_uuid: "6fed56bd62e7464694e1fc5215d815d9" member_type: VOTER last_known_addr { host: "127.5.114.65" port: 35003 } } peers { permanent_uuid: "9e4d75753f7f493d86dcb3e728c7814d" member_type: VOTER last_known_addr { host: "127.5.114.66" port: 35067 } } peers { permanent_uuid: "fcc781ea276444c1a7d813cc7e6104b0" member_type: VOTER last_known_addr { host: "127.5.114.67" port: 40105 } }
I20260710 13:27:44.338323  5905 raft_consensus.cc:740] T 293db4ea9a094d3298656fcd6f52c6a6 P 6fed56bd62e7464694e1fc5215d815d9 [term 0 FOLLOWER]: Becoming Follower/Learner. State: Replica: 6fed56bd62e7464694e1fc5215d815d9, State: Initialized, Role: FOLLOWER
I20260710 13:27:44.339429  5905 consensus_queue.cc:260] T 293db4ea9a094d3298656fcd6f52c6a6 P 6fed56bd62e7464694e1fc5215d815d9 [NON_LEADER]: Queue going to NON_LEADER mode. State: All replicated index: 0, Majority replicated index: 0, Committed index: 0, Last appended: 0.0, Last appended by leader: 0, Current term: 0, Majority size: -1, State: 0, Mode: NON_LEADER, active raft config: opid_index: -1 OBSOLETE_local: false peers { permanent_uuid: "6fed56bd62e7464694e1fc5215d815d9" member_type: VOTER last_known_addr { host: "127.5.114.65" port: 35003 } } peers { permanent_uuid: "9e4d75753f7f493d86dcb3e728c7814d" member_type: VOTER last_known_addr { host: "127.5.114.66" port: 35067 } } peers { permanent_uuid: "fcc781ea276444c1a7d813cc7e6104b0" member_type: VOTER last_known_addr { host: "127.5.114.67" port: 40105 } }
I20260710 13:27:44.343876  5905 ts_tablet_manager.cc:1434] T 293db4ea9a094d3298656fcd6f52c6a6 P 6fed56bd62e7464694e1fc5215d815d9: Time spent starting tablet: real 0.011s	user 0.007s	sys 0.000s
I20260710 13:27:44.345544  5905 tablet_bootstrap.cc:492] T 7d69d3d529624ca7bcc3d5dcb1301bf4 P 6fed56bd62e7464694e1fc5215d815d9: Bootstrap starting.
I20260710 13:27:44.352875  5906 tablet_bootstrap.cc:654] T ce057bc5e4c7427d8e169ea6422058b5 P 9e4d75753f7f493d86dcb3e728c7814d: Neither blocks nor log segments found. Creating new log.
I20260710 13:27:44.372946  5905 tablet_bootstrap.cc:654] T 7d69d3d529624ca7bcc3d5dcb1301bf4 P 6fed56bd62e7464694e1fc5215d815d9: Neither blocks nor log segments found. Creating new log.
I20260710 13:27:44.374414  5910 tablet_bootstrap.cc:492] T 7d69d3d529624ca7bcc3d5dcb1301bf4 P fcc781ea276444c1a7d813cc7e6104b0: No bootstrap required, opened a new log
I20260710 13:27:44.375113  5910 ts_tablet_manager.cc:1403] T 7d69d3d529624ca7bcc3d5dcb1301bf4 P fcc781ea276444c1a7d813cc7e6104b0: Time spent bootstrapping tablet: real 0.065s	user 0.003s	sys 0.023s
I20260710 13:27:44.378082  5910 raft_consensus.cc:359] T 7d69d3d529624ca7bcc3d5dcb1301bf4 P fcc781ea276444c1a7d813cc7e6104b0 [term 0 FOLLOWER]: Replica starting. Triggering 0 pending ops. Active config: opid_index: -1 OBSOLETE_local: false peers { permanent_uuid: "6fed56bd62e7464694e1fc5215d815d9" member_type: VOTER last_known_addr { host: "127.5.114.65" port: 35003 } } peers { permanent_uuid: "9e4d75753f7f493d86dcb3e728c7814d" member_type: VOTER last_known_addr { host: "127.5.114.66" port: 35067 } } peers { permanent_uuid: "fcc781ea276444c1a7d813cc7e6104b0" member_type: VOTER last_known_addr { host: "127.5.114.67" port: 40105 } }
I20260710 13:27:44.378778  5910 raft_consensus.cc:385] T 7d69d3d529624ca7bcc3d5dcb1301bf4 P fcc781ea276444c1a7d813cc7e6104b0 [term 0 FOLLOWER]: Consensus starting up: Expiring failure detector timer to make a prompt election more likely
I20260710 13:27:44.379494  5910 raft_consensus.cc:740] T 7d69d3d529624ca7bcc3d5dcb1301bf4 P fcc781ea276444c1a7d813cc7e6104b0 [term 0 FOLLOWER]: Becoming Follower/Learner. State: Replica: fcc781ea276444c1a7d813cc7e6104b0, State: Initialized, Role: FOLLOWER
I20260710 13:27:44.385131  5910 consensus_queue.cc:260] T 7d69d3d529624ca7bcc3d5dcb1301bf4 P fcc781ea276444c1a7d813cc7e6104b0 [NON_LEADER]: Queue going to NON_LEADER mode. State: All replicated index: 0, Majority replicated index: 0, Committed index: 0, Last appended: 0.0, Last appended by leader: 0, Current term: 0, Majority size: -1, State: 0, Mode: NON_LEADER, active raft config: opid_index: -1 OBSOLETE_local: false peers { permanent_uuid: "6fed56bd62e7464694e1fc5215d815d9" member_type: VOTER last_known_addr { host: "127.5.114.65" port: 35003 } } peers { permanent_uuid: "9e4d75753f7f493d86dcb3e728c7814d" member_type: VOTER last_known_addr { host: "127.5.114.66" port: 35067 } } peers { permanent_uuid: "fcc781ea276444c1a7d813cc7e6104b0" member_type: VOTER last_known_addr { host: "127.5.114.67" port: 40105 } }
I20260710 13:27:44.382261  5609 catalog_manager.cc:5697] T 5012a429f5204cd5b7d6e693a45148ee P 9e4d75753f7f493d86dcb3e728c7814d reported cstate change: term changed from 0 to 1, leader changed from <none> to 9e4d75753f7f493d86dcb3e728c7814d (127.5.114.66). New cstate: current_term: 1 leader_uuid: "9e4d75753f7f493d86dcb3e728c7814d" committed_config { opid_index: -1 OBSOLETE_local: false peers { permanent_uuid: "6fed56bd62e7464694e1fc5215d815d9" member_type: VOTER last_known_addr { host: "127.5.114.65" port: 35003 } health_report { overall_health: UNKNOWN } } peers { permanent_uuid: "9e4d75753f7f493d86dcb3e728c7814d" member_type: VOTER last_known_addr { host: "127.5.114.66" port: 35067 } health_report { overall_health: HEALTHY } } peers { permanent_uuid: "fcc781ea276444c1a7d813cc7e6104b0" member_type: VOTER last_known_addr { host: "127.5.114.67" port: 40105 } health_report { overall_health: UNKNOWN } } }
I20260710 13:27:44.389494  5787 tablet_service.cc:1917] Received RequestConsensusVote() RPC: tablet_id: "deabf9ecba9a467ea6b772a0c931075f" candidate_uuid: "6fed56bd62e7464694e1fc5215d815d9" candidate_term: 1 candidate_status { last_received { term: 0 index: 0 } } ignore_live_leader: false dest_uuid: "9e4d75753f7f493d86dcb3e728c7814d" is_pre_election: true
I20260710 13:27:44.393292  5906 tablet_bootstrap.cc:492] T ce057bc5e4c7427d8e169ea6422058b5 P 9e4d75753f7f493d86dcb3e728c7814d: No bootstrap required, opened a new log
I20260710 13:27:44.394222  5906 ts_tablet_manager.cc:1403] T ce057bc5e4c7427d8e169ea6422058b5 P 9e4d75753f7f493d86dcb3e728c7814d: Time spent bootstrapping tablet: real 0.063s	user 0.012s	sys 0.016s
W20260710 13:27:44.394188  5677 leader_election.cc:343] T deabf9ecba9a467ea6b772a0c931075f P 6fed56bd62e7464694e1fc5215d815d9 [CANDIDATE]: Term 1 pre-election: Tablet error from VoteRequest() call to peer 9e4d75753f7f493d86dcb3e728c7814d (127.5.114.66:35067): Illegal state: must be running to vote when last-logged opid is not known
I20260710 13:27:44.398499  5906 raft_consensus.cc:359] T ce057bc5e4c7427d8e169ea6422058b5 P 9e4d75753f7f493d86dcb3e728c7814d [term 0 FOLLOWER]: Replica starting. Triggering 0 pending ops. Active config: opid_index: -1 OBSOLETE_local: false peers { permanent_uuid: "6fed56bd62e7464694e1fc5215d815d9" member_type: VOTER last_known_addr { host: "127.5.114.65" port: 35003 } } peers { permanent_uuid: "9e4d75753f7f493d86dcb3e728c7814d" member_type: VOTER last_known_addr { host: "127.5.114.66" port: 35067 } } peers { permanent_uuid: "fcc781ea276444c1a7d813cc7e6104b0" member_type: VOTER last_known_addr { host: "127.5.114.67" port: 40105 } }
I20260710 13:27:44.399214  5906 raft_consensus.cc:385] T ce057bc5e4c7427d8e169ea6422058b5 P 9e4d75753f7f493d86dcb3e728c7814d [term 0 FOLLOWER]: Consensus starting up: Expiring failure detector timer to make a prompt election more likely
I20260710 13:27:44.399482  5906 raft_consensus.cc:740] T ce057bc5e4c7427d8e169ea6422058b5 P 9e4d75753f7f493d86dcb3e728c7814d [term 0 FOLLOWER]: Becoming Follower/Learner. State: Replica: 9e4d75753f7f493d86dcb3e728c7814d, State: Initialized, Role: FOLLOWER
I20260710 13:27:44.400171  5906 consensus_queue.cc:260] T ce057bc5e4c7427d8e169ea6422058b5 P 9e4d75753f7f493d86dcb3e728c7814d [NON_LEADER]: Queue going to NON_LEADER mode. State: All replicated index: 0, Majority replicated index: 0, Committed index: 0, Last appended: 0.0, Last appended by leader: 0, Current term: 0, Majority size: -1, State: 0, Mode: NON_LEADER, active raft config: opid_index: -1 OBSOLETE_local: false peers { permanent_uuid: "6fed56bd62e7464694e1fc5215d815d9" member_type: VOTER last_known_addr { host: "127.5.114.65" port: 35003 } } peers { permanent_uuid: "9e4d75753f7f493d86dcb3e728c7814d" member_type: VOTER last_known_addr { host: "127.5.114.66" port: 35067 } } peers { permanent_uuid: "fcc781ea276444c1a7d813cc7e6104b0" member_type: VOTER last_known_addr { host: "127.5.114.67" port: 40105 } }
I20260710 13:27:44.402290  5910 ts_tablet_manager.cc:1434] T 7d69d3d529624ca7bcc3d5dcb1301bf4 P fcc781ea276444c1a7d813cc7e6104b0: Time spent starting tablet: real 0.027s	user 0.005s	sys 0.003s
I20260710 13:27:44.405335  5906 ts_tablet_manager.cc:1434] T ce057bc5e4c7427d8e169ea6422058b5 P 9e4d75753f7f493d86dcb3e728c7814d: Time spent starting tablet: real 0.010s	user 0.006s	sys 0.000s
I20260710 13:27:44.407783  5906 tablet_bootstrap.cc:492] T 53d6878fe3734aef9a925d61a346ee1f P 9e4d75753f7f493d86dcb3e728c7814d: Bootstrap starting.
I20260710 13:27:44.409155  5910 tablet_bootstrap.cc:492] T a769e7bb09894bdba807679d8c67b1db P fcc781ea276444c1a7d813cc7e6104b0: Bootstrap starting.
I20260710 13:27:44.415288  5906 tablet_bootstrap.cc:654] T 53d6878fe3734aef9a925d61a346ee1f P 9e4d75753f7f493d86dcb3e728c7814d: Neither blocks nor log segments found. Creating new log.
I20260710 13:27:44.421484  5861 tablet_service.cc:1917] Received RequestConsensusVote() RPC: tablet_id: "deabf9ecba9a467ea6b772a0c931075f" candidate_uuid: "6fed56bd62e7464694e1fc5215d815d9" candidate_term: 1 candidate_status { last_received { term: 0 index: 0 } } ignore_live_leader: false dest_uuid: "fcc781ea276444c1a7d813cc7e6104b0" is_pre_election: true
W20260710 13:27:44.423271  5677 leader_election.cc:343] T deabf9ecba9a467ea6b772a0c931075f P 6fed56bd62e7464694e1fc5215d815d9 [CANDIDATE]: Term 1 pre-election: Tablet error from VoteRequest() call to peer fcc781ea276444c1a7d813cc7e6104b0 (127.5.114.67:40105): Illegal state: must be running to vote when last-logged opid is not known
I20260710 13:27:44.423708  5677 leader_election.cc:304] T deabf9ecba9a467ea6b772a0c931075f P 6fed56bd62e7464694e1fc5215d815d9 [CANDIDATE]: Term 1 pre-election: Election decided. Result: candidate lost. Election summary: received 3 responses out of 3 voters: 1 yes votes; 2 no votes. yes voters: 6fed56bd62e7464694e1fc5215d815d9; no voters: 9e4d75753f7f493d86dcb3e728c7814d, fcc781ea276444c1a7d813cc7e6104b0
I20260710 13:27:44.426426  5905 tablet_bootstrap.cc:492] T 7d69d3d529624ca7bcc3d5dcb1301bf4 P 6fed56bd62e7464694e1fc5215d815d9: No bootstrap required, opened a new log
I20260710 13:27:44.426448  5910 tablet_bootstrap.cc:654] T a769e7bb09894bdba807679d8c67b1db P fcc781ea276444c1a7d813cc7e6104b0: Neither blocks nor log segments found. Creating new log.
I20260710 13:27:44.427016  5905 ts_tablet_manager.cc:1403] T 7d69d3d529624ca7bcc3d5dcb1301bf4 P 6fed56bd62e7464694e1fc5215d815d9: Time spent bootstrapping tablet: real 0.082s	user 0.013s	sys 0.011s
I20260710 13:27:44.429718  5909 raft_consensus.cc:2749] T deabf9ecba9a467ea6b772a0c931075f P 6fed56bd62e7464694e1fc5215d815d9 [term 0 FOLLOWER]: Leader pre-election lost for term 1. Reason: could not achieve majority
I20260710 13:27:44.431663  5905 raft_consensus.cc:359] T 7d69d3d529624ca7bcc3d5dcb1301bf4 P 6fed56bd62e7464694e1fc5215d815d9 [term 0 FOLLOWER]: Replica starting. Triggering 0 pending ops. Active config: opid_index: -1 OBSOLETE_local: false peers { permanent_uuid: "6fed56bd62e7464694e1fc5215d815d9" member_type: VOTER last_known_addr { host: "127.5.114.65" port: 35003 } } peers { permanent_uuid: "9e4d75753f7f493d86dcb3e728c7814d" member_type: VOTER last_known_addr { host: "127.5.114.66" port: 35067 } } peers { permanent_uuid: "fcc781ea276444c1a7d813cc7e6104b0" member_type: VOTER last_known_addr { host: "127.5.114.67" port: 40105 } }
I20260710 13:27:44.432690  5905 raft_consensus.cc:385] T 7d69d3d529624ca7bcc3d5dcb1301bf4 P 6fed56bd62e7464694e1fc5215d815d9 [term 0 FOLLOWER]: Consensus starting up: Expiring failure detector timer to make a prompt election more likely
I20260710 13:27:44.433051  5905 raft_consensus.cc:740] T 7d69d3d529624ca7bcc3d5dcb1301bf4 P 6fed56bd62e7464694e1fc5215d815d9 [term 0 FOLLOWER]: Becoming Follower/Learner. State: Replica: 6fed56bd62e7464694e1fc5215d815d9, State: Initialized, Role: FOLLOWER
I20260710 13:27:44.436422  5910 tablet_bootstrap.cc:492] T a769e7bb09894bdba807679d8c67b1db P fcc781ea276444c1a7d813cc7e6104b0: No bootstrap required, opened a new log
I20260710 13:27:44.437019  5910 ts_tablet_manager.cc:1403] T a769e7bb09894bdba807679d8c67b1db P fcc781ea276444c1a7d813cc7e6104b0: Time spent bootstrapping tablet: real 0.028s	user 0.012s	sys 0.007s
I20260710 13:27:44.436483  5905 consensus_queue.cc:260] T 7d69d3d529624ca7bcc3d5dcb1301bf4 P 6fed56bd62e7464694e1fc5215d815d9 [NON_LEADER]: Queue going to NON_LEADER mode. State: All replicated index: 0, Majority replicated index: 0, Committed index: 0, Last appended: 0.0, Last appended by leader: 0, Current term: 0, Majority size: -1, State: 0, Mode: NON_LEADER, active raft config: opid_index: -1 OBSOLETE_local: false peers { permanent_uuid: "6fed56bd62e7464694e1fc5215d815d9" member_type: VOTER last_known_addr { host: "127.5.114.65" port: 35003 } } peers { permanent_uuid: "9e4d75753f7f493d86dcb3e728c7814d" member_type: VOTER last_known_addr { host: "127.5.114.66" port: 35067 } } peers { permanent_uuid: "fcc781ea276444c1a7d813cc7e6104b0" member_type: VOTER last_known_addr { host: "127.5.114.67" port: 40105 } }
I20260710 13:27:44.439242  5905 ts_tablet_manager.cc:1434] T 7d69d3d529624ca7bcc3d5dcb1301bf4 P 6fed56bd62e7464694e1fc5215d815d9: Time spent starting tablet: real 0.012s	user 0.008s	sys 0.000s
I20260710 13:27:44.440196  5905 tablet_bootstrap.cc:492] T 451e98e018a047fbb70d7b2e31b50246 P 6fed56bd62e7464694e1fc5215d815d9: Bootstrap starting.
I20260710 13:27:44.442823  5910 raft_consensus.cc:359] T a769e7bb09894bdba807679d8c67b1db P fcc781ea276444c1a7d813cc7e6104b0 [term 0 FOLLOWER]: Replica starting. Triggering 0 pending ops. Active config: opid_index: -1 OBSOLETE_local: false peers { permanent_uuid: "6fed56bd62e7464694e1fc5215d815d9" member_type: VOTER last_known_addr { host: "127.5.114.65" port: 35003 } } peers { permanent_uuid: "9e4d75753f7f493d86dcb3e728c7814d" member_type: VOTER last_known_addr { host: "127.5.114.66" port: 35067 } } peers { permanent_uuid: "fcc781ea276444c1a7d813cc7e6104b0" member_type: VOTER last_known_addr { host: "127.5.114.67" port: 40105 } }
