I20260710 13:28:16.650892  7297 raft_consensus.cc:2243] T dd3a8fa844e9409a97eef6439625a190 P 02a11dbce892495d8690643299ed8176 [term 1 FOLLOWER]: Raft consensus shutting down.
I20260710 13:28:16.651549  7297 raft_consensus.cc:2272] T dd3a8fa844e9409a97eef6439625a190 P 02a11dbce892495d8690643299ed8176 [term 1 FOLLOWER]: Raft consensus is shut down!
I20260710 13:28:16.655772  7297 ts_tablet_manager.cc:1916] T dd3a8fa844e9409a97eef6439625a190 P 02a11dbce892495d8690643299ed8176: Deleting tablet data with delete state TABLET_DATA_TOMBSTONED
I20260710 13:28:16.668051  7297 ts_tablet_manager.cc:1929] T dd3a8fa844e9409a97eef6439625a190 P 02a11dbce892495d8690643299ed8176: tablet deleted with delete type TABLET_DATA_TOMBSTONED: last-logged OpId 1.3
I20260710 13:28:16.668401  7297 log.cc:1199] T dd3a8fa844e9409a97eef6439625a190 P 02a11dbce892495d8690643299ed8176: Deleting WAL directory at /tmp/dist-test-taskYQsWqY/test-tmp/auto_leader_rebalancer-test.0.LeaderRebalancerTest.AddTserver.1783690061225395-5577-0/minicluster-data/ts-1-root/wals/dd3a8fa844e9409a97eef6439625a190
I20260710 13:28:16.669504  6602 catalog_manager.cc:5028] TS 02a11dbce892495d8690643299ed8176 (127.5.114.66:41603): tablet dd3a8fa844e9409a97eef6439625a190 (table test-workload [id=cdf31376beb64054ae06add2d8be8bf7]) successfully deleted
I20260710 13:28:17.692878  6792 consensus_queue.cc:237] T 40a10993a2734bd884dfc3d534d0cd25 P 02a11dbce892495d8690643299ed8176 [LEADER]: Queue going to LEADER mode. State: All replicated index: 0, Majority replicated index: 1, Committed index: 1, Last appended: 1.1, Last appended by leader: 0, Current term: 1, Majority size: 2, State: 0, Mode: LEADER, active raft config: opid_index: 2 OBSOLETE_local: false peers { permanent_uuid: "5fb747c1afd440db8434fb794d7afed9" member_type: VOTER last_known_addr { host: "127.5.114.65" port: 44497 } } peers { permanent_uuid: "02a11dbce892495d8690643299ed8176" member_type: VOTER last_known_addr { host: "127.5.114.66" port: 41603 } } peers { permanent_uuid: "5b53a785860c4ce1b466f11da8f8e4d5" member_type: VOTER last_known_addr { host: "127.5.114.67" port: 37489 } attrs { replace: true } } peers { permanent_uuid: "5e8c6d298f4a4f9aa89b1d53c9b7b48f" member_type: NON_VOTER last_known_addr { host: "127.5.114.68" port: 41763 } attrs { promote: true } }
I20260710 13:28:17.705489  6865 raft_consensus.cc:1275] T 40a10993a2734bd884dfc3d534d0cd25 P 5b53a785860c4ce1b466f11da8f8e4d5 [term 1 FOLLOWER]: Refusing update from remote peer 02a11dbce892495d8690643299ed8176: Log matching property violated. Preceding OpId in replica: term: 1 index: 1. Preceding OpId from leader: term: 1 index: 2. (index mismatch)
W20260710 13:28:17.705534  6759 consensus_peers.cc:597] T 40a10993a2734bd884dfc3d534d0cd25 P 02a11dbce892495d8690643299ed8176 -> Peer 5e8c6d298f4a4f9aa89b1d53c9b7b48f (127.5.114.68:41763): Couldn't send request to peer 5e8c6d298f4a4f9aa89b1d53c9b7b48f. Error code: TABLET_NOT_FOUND (6). Status: Not found: Tablet not found: 40a10993a2734bd884dfc3d534d0cd25. This is attempt 1: this message will repeat every 5th retry.
I20260710 13:28:17.706926  7309 consensus_queue.cc:1048] T 40a10993a2734bd884dfc3d534d0cd25 P 02a11dbce892495d8690643299ed8176 [LEADER]: Connected to new peer: Peer: permanent_uuid: "5b53a785860c4ce1b466f11da8f8e4d5" member_type: VOTER last_known_addr { host: "127.5.114.67" port: 37489 } attrs { replace: true }, Status: LMP_MISMATCH, Last received: 0.0, Next index: 2, Last known committed idx: 1, Time since last communication: 0.000s
I20260710 13:28:17.707957  6717 raft_consensus.cc:1275] T 40a10993a2734bd884dfc3d534d0cd25 P 5fb747c1afd440db8434fb794d7afed9 [term 1 FOLLOWER]: Refusing update from remote peer 02a11dbce892495d8690643299ed8176: Log matching property violated. Preceding OpId in replica: term: 1 index: 1. Preceding OpId from leader: term: 1 index: 2. (index mismatch)
I20260710 13:28:17.709532  7309 consensus_queue.cc:1048] T 40a10993a2734bd884dfc3d534d0cd25 P 02a11dbce892495d8690643299ed8176 [LEADER]: Connected to new peer: Peer: permanent_uuid: "5fb747c1afd440db8434fb794d7afed9" member_type: VOTER last_known_addr { host: "127.5.114.65" port: 44497 }, Status: LMP_MISMATCH, Last received: 0.0, Next index: 2, Last known committed idx: 1, Time since last communication: 0.000s
I20260710 13:28:17.714964  7300 raft_consensus.cc:2955] T 40a10993a2734bd884dfc3d534d0cd25 P 02a11dbce892495d8690643299ed8176 [term 1 LEADER]: Committing config change with OpId 1.2: config changed from index -1 to 2, NON_VOTER 5e8c6d298f4a4f9aa89b1d53c9b7b48f (127.5.114.68) added. New config: { opid_index: 2 OBSOLETE_local: false peers { permanent_uuid: "5fb747c1afd440db8434fb794d7afed9" member_type: VOTER last_known_addr { host: "127.5.114.65" port: 44497 } } peers { permanent_uuid: "02a11dbce892495d8690643299ed8176" member_type: VOTER last_known_addr { host: "127.5.114.66" port: 41603 } } peers { permanent_uuid: "5b53a785860c4ce1b466f11da8f8e4d5" member_type: VOTER last_known_addr { host: "127.5.114.67" port: 37489 } attrs { replace: true } } peers { permanent_uuid: "5e8c6d298f4a4f9aa89b1d53c9b7b48f" member_type: NON_VOTER last_known_addr { host: "127.5.114.68" port: 41763 } attrs { promote: true } } }
I20260710 13:28:17.716480  6865 raft_consensus.cc:2955] T 40a10993a2734bd884dfc3d534d0cd25 P 5b53a785860c4ce1b466f11da8f8e4d5 [term 1 FOLLOWER]: Committing config change with OpId 1.2: config changed from index -1 to 2, NON_VOTER 5e8c6d298f4a4f9aa89b1d53c9b7b48f (127.5.114.68) added. New config: { opid_index: 2 OBSOLETE_local: false peers { permanent_uuid: "5fb747c1afd440db8434fb794d7afed9" member_type: VOTER last_known_addr { host: "127.5.114.65" port: 44497 } } peers { permanent_uuid: "02a11dbce892495d8690643299ed8176" member_type: VOTER last_known_addr { host: "127.5.114.66" port: 41603 } } peers { permanent_uuid: "5b53a785860c4ce1b466f11da8f8e4d5" member_type: VOTER last_known_addr { host: "127.5.114.67" port: 37489 } attrs { replace: true } } peers { permanent_uuid: "5e8c6d298f4a4f9aa89b1d53c9b7b48f" member_type: NON_VOTER last_known_addr { host: "127.5.114.68" port: 41763 } attrs { promote: true } } }
I20260710 13:28:17.722887  6717 raft_consensus.cc:2955] T 40a10993a2734bd884dfc3d534d0cd25 P 5fb747c1afd440db8434fb794d7afed9 [term 1 FOLLOWER]: Committing config change with OpId 1.2: config changed from index -1 to 2, NON_VOTER 5e8c6d298f4a4f9aa89b1d53c9b7b48f (127.5.114.68) added. New config: { opid_index: 2 OBSOLETE_local: false peers { permanent_uuid: "5fb747c1afd440db8434fb794d7afed9" member_type: VOTER last_known_addr { host: "127.5.114.65" port: 44497 } } peers { permanent_uuid: "02a11dbce892495d8690643299ed8176" member_type: VOTER last_known_addr { host: "127.5.114.66" port: 41603 } } peers { permanent_uuid: "5b53a785860c4ce1b466f11da8f8e4d5" member_type: VOTER last_known_addr { host: "127.5.114.67" port: 37489 } attrs { replace: true } } peers { permanent_uuid: "5e8c6d298f4a4f9aa89b1d53c9b7b48f" member_type: NON_VOTER last_known_addr { host: "127.5.114.68" port: 41763 } attrs { promote: true } } }
I20260710 13:28:17.730126  6614 catalog_manager.cc:5697] T 40a10993a2734bd884dfc3d534d0cd25 P 5b53a785860c4ce1b466f11da8f8e4d5 reported cstate change: config changed from index -1 to 2, NON_VOTER 5e8c6d298f4a4f9aa89b1d53c9b7b48f (127.5.114.68) added. New cstate: current_term: 1 leader_uuid: "02a11dbce892495d8690643299ed8176" committed_config { opid_index: 2 OBSOLETE_local: false peers { permanent_uuid: "5fb747c1afd440db8434fb794d7afed9" member_type: VOTER last_known_addr { host: "127.5.114.65" port: 44497 } } peers { permanent_uuid: "02a11dbce892495d8690643299ed8176" member_type: VOTER last_known_addr { host: "127.5.114.66" port: 41603 } } peers { permanent_uuid: "5b53a785860c4ce1b466f11da8f8e4d5" member_type: VOTER last_known_addr { host: "127.5.114.67" port: 37489 } attrs { replace: true } } peers { permanent_uuid: "5e8c6d298f4a4f9aa89b1d53c9b7b48f" member_type: NON_VOTER last_known_addr { host: "127.5.114.68" port: 41763 } attrs { promote: true } } }
I20260710 13:28:17.735631  6716 consensus_queue.cc:237] T ba0afd12e32a4a95bbd688dc3b87e3b4 P 5fb747c1afd440db8434fb794d7afed9 [LEADER]: Queue going to LEADER mode. State: All replicated index: 0, Majority replicated index: 1, Committed index: 1, Last appended: 1.1, Last appended by leader: 0, Current term: 1, Majority size: 2, State: 0, Mode: LEADER, active raft config: opid_index: 2 OBSOLETE_local: false peers { permanent_uuid: "5fb747c1afd440db8434fb794d7afed9" member_type: VOTER last_known_addr { host: "127.5.114.65" port: 44497 } } peers { permanent_uuid: "02a11dbce892495d8690643299ed8176" member_type: VOTER last_known_addr { host: "127.5.114.66" port: 41603 } attrs { replace: true } } peers { permanent_uuid: "5b53a785860c4ce1b466f11da8f8e4d5" member_type: VOTER last_known_addr { host: "127.5.114.67" port: 37489 } } peers { permanent_uuid: "5e8c6d298f4a4f9aa89b1d53c9b7b48f" member_type: NON_VOTER last_known_addr { host: "127.5.114.68" port: 41763 } attrs { promote: true } }
W20260710 13:28:17.754235  6684 consensus_peers.cc:597] T ba0afd12e32a4a95bbd688dc3b87e3b4 P 5fb747c1afd440db8434fb794d7afed9 -> Peer 5e8c6d298f4a4f9aa89b1d53c9b7b48f (127.5.114.68:41763): Couldn't send request to peer 5e8c6d298f4a4f9aa89b1d53c9b7b48f. Error code: TABLET_NOT_FOUND (6). Status: Not found: Tablet not found: ba0afd12e32a4a95bbd688dc3b87e3b4. This is attempt 1: this message will repeat every 5th retry.
I20260710 13:28:17.759825  6865 raft_consensus.cc:1275] T ba0afd12e32a4a95bbd688dc3b87e3b4 P 5b53a785860c4ce1b466f11da8f8e4d5 [term 1 FOLLOWER]: Refusing update from remote peer 5fb747c1afd440db8434fb794d7afed9: Log matching property violated. Preceding OpId in replica: term: 1 index: 1. Preceding OpId from leader: term: 1 index: 2. (index mismatch)
I20260710 13:28:17.762156  7317 consensus_queue.cc:1048] T ba0afd12e32a4a95bbd688dc3b87e3b4 P 5fb747c1afd440db8434fb794d7afed9 [LEADER]: Connected to new peer: Peer: permanent_uuid: "5b53a785860c4ce1b466f11da8f8e4d5" member_type: VOTER last_known_addr { host: "127.5.114.67" port: 37489 }, Status: LMP_MISMATCH, Last received: 0.0, Next index: 2, Last known committed idx: 1, Time since last communication: 0.001s
I20260710 13:28:17.769981  6792 raft_consensus.cc:1275] T ba0afd12e32a4a95bbd688dc3b87e3b4 P 02a11dbce892495d8690643299ed8176 [term 1 FOLLOWER]: Refusing update from remote peer 5fb747c1afd440db8434fb794d7afed9: Log matching property violated. Preceding OpId in replica: term: 1 index: 1. Preceding OpId from leader: term: 1 index: 2. (index mismatch)
I20260710 13:28:17.772132  7317 consensus_queue.cc:1048] T ba0afd12e32a4a95bbd688dc3b87e3b4 P 5fb747c1afd440db8434fb794d7afed9 [LEADER]: Connected to new peer: Peer: permanent_uuid: "02a11dbce892495d8690643299ed8176" member_type: VOTER last_known_addr { host: "127.5.114.66" port: 41603 } attrs { replace: true }, Status: LMP_MISMATCH, Last received: 0.0, Next index: 2, Last known committed idx: 1, Time since last communication: 0.001s
I20260710 13:28:17.790944  7271 raft_consensus.cc:2955] T ba0afd12e32a4a95bbd688dc3b87e3b4 P 5fb747c1afd440db8434fb794d7afed9 [term 1 LEADER]: Committing config change with OpId 1.2: config changed from index -1 to 2, NON_VOTER 5e8c6d298f4a4f9aa89b1d53c9b7b48f (127.5.114.68) added. New config: { opid_index: 2 OBSOLETE_local: false peers { permanent_uuid: "5fb747c1afd440db8434fb794d7afed9" member_type: VOTER last_known_addr { host: "127.5.114.65" port: 44497 } } peers { permanent_uuid: "02a11dbce892495d8690643299ed8176" member_type: VOTER last_known_addr { host: "127.5.114.66" port: 41603 } attrs { replace: true } } peers { permanent_uuid: "5b53a785860c4ce1b466f11da8f8e4d5" member_type: VOTER last_known_addr { host: "127.5.114.67" port: 37489 } } peers { permanent_uuid: "5e8c6d298f4a4f9aa89b1d53c9b7b48f" member_type: NON_VOTER last_known_addr { host: "127.5.114.68" port: 41763 } attrs { promote: true } } }
I20260710 13:28:17.796960  6792 raft_consensus.cc:2955] T ba0afd12e32a4a95bbd688dc3b87e3b4 P 02a11dbce892495d8690643299ed8176 [term 1 FOLLOWER]: Committing config change with OpId 1.2: config changed from index -1 to 2, NON_VOTER 5e8c6d298f4a4f9aa89b1d53c9b7b48f (127.5.114.68) added. New config: { opid_index: 2 OBSOLETE_local: false peers { permanent_uuid: "5fb747c1afd440db8434fb794d7afed9" member_type: VOTER last_known_addr { host: "127.5.114.65" port: 44497 } } peers { permanent_uuid: "02a11dbce892495d8690643299ed8176" member_type: VOTER last_known_addr { host: "127.5.114.66" port: 41603 } attrs { replace: true } } peers { permanent_uuid: "5b53a785860c4ce1b466f11da8f8e4d5" member_type: VOTER last_known_addr { host: "127.5.114.67" port: 37489 } } peers { permanent_uuid: "5e8c6d298f4a4f9aa89b1d53c9b7b48f" member_type: NON_VOTER last_known_addr { host: "127.5.114.68" port: 41763 } attrs { promote: true } } }
I20260710 13:28:17.813364  6612 catalog_manager.cc:5697] T ba0afd12e32a4a95bbd688dc3b87e3b4 P 02a11dbce892495d8690643299ed8176 reported cstate change: config changed from index -1 to 2, NON_VOTER 5e8c6d298f4a4f9aa89b1d53c9b7b48f (127.5.114.68) added. New cstate: current_term: 1 leader_uuid: "5fb747c1afd440db8434fb794d7afed9" committed_config { opid_index: 2 OBSOLETE_local: false peers { permanent_uuid: "5fb747c1afd440db8434fb794d7afed9" member_type: VOTER last_known_addr { host: "127.5.114.65" port: 44497 } } peers { permanent_uuid: "02a11dbce892495d8690643299ed8176" member_type: VOTER last_known_addr { host: "127.5.114.66" port: 41603 } attrs { replace: true } } peers { permanent_uuid: "5b53a785860c4ce1b466f11da8f8e4d5" member_type: VOTER last_known_addr { host: "127.5.114.67" port: 37489 } } peers { permanent_uuid: "5e8c6d298f4a4f9aa89b1d53c9b7b48f" member_type: NON_VOTER last_known_addr { host: "127.5.114.68" port: 41763 } attrs { promote: true } } }
I20260710 13:28:17.812454  6865 raft_consensus.cc:2955] T ba0afd12e32a4a95bbd688dc3b87e3b4 P 5b53a785860c4ce1b466f11da8f8e4d5 [term 1 FOLLOWER]: Committing config change with OpId 1.2: config changed from index -1 to 2, NON_VOTER 5e8c6d298f4a4f9aa89b1d53c9b7b48f (127.5.114.68) added. New config: { opid_index: 2 OBSOLETE_local: false peers { permanent_uuid: "5fb747c1afd440db8434fb794d7afed9" member_type: VOTER last_known_addr { host: "127.5.114.65" port: 44497 } } peers { permanent_uuid: "02a11dbce892495d8690643299ed8176" member_type: VOTER last_known_addr { host: "127.5.114.66" port: 41603 } attrs { replace: true } } peers { permanent_uuid: "5b53a785860c4ce1b466f11da8f8e4d5" member_type: VOTER last_known_addr { host: "127.5.114.67" port: 37489 } } peers { permanent_uuid: "5e8c6d298f4a4f9aa89b1d53c9b7b48f" member_type: NON_VOTER last_known_addr { host: "127.5.114.68" port: 41763 } attrs { promote: true } } }
I20260710 13:28:17.826099  6790 consensus_queue.cc:237] T 86e79f6972f7469793a8ddb5103d9562 P 02a11dbce892495d8690643299ed8176 [LEADER]: Queue going to LEADER mode. State: All replicated index: 0, Majority replicated index: 1, Committed index: 1, Last appended: 1.1, Last appended by leader: 0, Current term: 1, Majority size: 2, State: 0, Mode: LEADER, active raft config: opid_index: 2 OBSOLETE_local: false peers { permanent_uuid: "5fb747c1afd440db8434fb794d7afed9" member_type: VOTER last_known_addr { host: "127.5.114.65" port: 44497 } } peers { permanent_uuid: "02a11dbce892495d8690643299ed8176" member_type: VOTER last_known_addr { host: "127.5.114.66" port: 41603 } } peers { permanent_uuid: "5b53a785860c4ce1b466f11da8f8e4d5" member_type: VOTER last_known_addr { host: "127.5.114.67" port: 37489 } attrs { replace: true } } peers { permanent_uuid: "5e8c6d298f4a4f9aa89b1d53c9b7b48f" member_type: NON_VOTER last_known_addr { host: "127.5.114.68" port: 41763 } attrs { promote: true } }
I20260710 13:28:17.842602  6716 raft_consensus.cc:1275] T 86e79f6972f7469793a8ddb5103d9562 P 5fb747c1afd440db8434fb794d7afed9 [term 1 FOLLOWER]: Refusing update from remote peer 02a11dbce892495d8690643299ed8176: Log matching property violated. Preceding OpId in replica: term: 1 index: 1. Preceding OpId from leader: term: 1 index: 2. (index mismatch)
W20260710 13:28:17.845445  6759 consensus_peers.cc:597] T 86e79f6972f7469793a8ddb5103d9562 P 02a11dbce892495d8690643299ed8176 -> Peer 5e8c6d298f4a4f9aa89b1d53c9b7b48f (127.5.114.68:41763): Couldn't send request to peer 5e8c6d298f4a4f9aa89b1d53c9b7b48f. Error code: TABLET_NOT_FOUND (6). Status: Not found: Tablet not found: 86e79f6972f7469793a8ddb5103d9562. This is attempt 1: this message will repeat every 5th retry.
I20260710 13:28:17.845878  7309 consensus_queue.cc:1048] T 86e79f6972f7469793a8ddb5103d9562 P 02a11dbce892495d8690643299ed8176 [LEADER]: Connected to new peer: Peer: permanent_uuid: "5fb747c1afd440db8434fb794d7afed9" member_type: VOTER last_known_addr { host: "127.5.114.65" port: 44497 }, Status: LMP_MISMATCH, Last received: 0.0, Next index: 2, Last known committed idx: 1, Time since last communication: 0.000s
I20260710 13:28:17.845474  6867 raft_consensus.cc:1275] T 86e79f6972f7469793a8ddb5103d9562 P 5b53a785860c4ce1b466f11da8f8e4d5 [term 1 FOLLOWER]: Refusing update from remote peer 02a11dbce892495d8690643299ed8176: Log matching property violated. Preceding OpId in replica: term: 1 index: 1. Preceding OpId from leader: term: 1 index: 2. (index mismatch)
I20260710 13:28:17.850082  7313 consensus_queue.cc:1048] T 86e79f6972f7469793a8ddb5103d9562 P 02a11dbce892495d8690643299ed8176 [LEADER]: Connected to new peer: Peer: permanent_uuid: "5b53a785860c4ce1b466f11da8f8e4d5" member_type: VOTER last_known_addr { host: "127.5.114.67" port: 37489 } attrs { replace: true }, Status: LMP_MISMATCH, Last received: 0.0, Next index: 2, Last known committed idx: 1, Time since last communication: 0.001s
I20260710 13:28:17.861816  7313 raft_consensus.cc:2955] T 86e79f6972f7469793a8ddb5103d9562 P 02a11dbce892495d8690643299ed8176 [term 1 LEADER]: Committing config change with OpId 1.2: config changed from index -1 to 2, NON_VOTER 5e8c6d298f4a4f9aa89b1d53c9b7b48f (127.5.114.68) added. New config: { opid_index: 2 OBSOLETE_local: false peers { permanent_uuid: "5fb747c1afd440db8434fb794d7afed9" member_type: VOTER last_known_addr { host: "127.5.114.65" port: 44497 } } peers { permanent_uuid: "02a11dbce892495d8690643299ed8176" member_type: VOTER last_known_addr { host: "127.5.114.66" port: 41603 } } peers { permanent_uuid: "5b53a785860c4ce1b466f11da8f8e4d5" member_type: VOTER last_known_addr { host: "127.5.114.67" port: 37489 } attrs { replace: true } } peers { permanent_uuid: "5e8c6d298f4a4f9aa89b1d53c9b7b48f" member_type: NON_VOTER last_known_addr { host: "127.5.114.68" port: 41763 } attrs { promote: true } } }
I20260710 13:28:17.865653  6865 raft_consensus.cc:2955] T 86e79f6972f7469793a8ddb5103d9562 P 5b53a785860c4ce1b466f11da8f8e4d5 [term 1 FOLLOWER]: Committing config change with OpId 1.2: config changed from index -1 to 2, NON_VOTER 5e8c6d298f4a4f9aa89b1d53c9b7b48f (127.5.114.68) added. New config: { opid_index: 2 OBSOLETE_local: false peers { permanent_uuid: "5fb747c1afd440db8434fb794d7afed9" member_type: VOTER last_known_addr { host: "127.5.114.65" port: 44497 } } peers { permanent_uuid: "02a11dbce892495d8690643299ed8176" member_type: VOTER last_known_addr { host: "127.5.114.66" port: 41603 } } peers { permanent_uuid: "5b53a785860c4ce1b466f11da8f8e4d5" member_type: VOTER last_known_addr { host: "127.5.114.67" port: 37489 } attrs { replace: true } } peers { permanent_uuid: "5e8c6d298f4a4f9aa89b1d53c9b7b48f" member_type: NON_VOTER last_known_addr { host: "127.5.114.68" port: 41763 } attrs { promote: true } } }
I20260710 13:28:17.873268  6717 raft_consensus.cc:2955] T 86e79f6972f7469793a8ddb5103d9562 P 5fb747c1afd440db8434fb794d7afed9 [term 1 FOLLOWER]: Committing config change with OpId 1.2: config changed from index -1 to 2, NON_VOTER 5e8c6d298f4a4f9aa89b1d53c9b7b48f (127.5.114.68) added. New config: { opid_index: 2 OBSOLETE_local: false peers { permanent_uuid: "5fb747c1afd440db8434fb794d7afed9" member_type: VOTER last_known_addr { host: "127.5.114.65" port: 44497 } } peers { permanent_uuid: "02a11dbce892495d8690643299ed8176" member_type: VOTER last_known_addr { host: "127.5.114.66" port: 41603 } } peers { permanent_uuid: "5b53a785860c4ce1b466f11da8f8e4d5" member_type: VOTER last_known_addr { host: "127.5.114.67" port: 37489 } attrs { replace: true } } peers { permanent_uuid: "5e8c6d298f4a4f9aa89b1d53c9b7b48f" member_type: NON_VOTER last_known_addr { host: "127.5.114.68" port: 41763 } attrs { promote: true } } }
I20260710 13:28:17.883065  6612 catalog_manager.cc:5697] T 86e79f6972f7469793a8ddb5103d9562 P 02a11dbce892495d8690643299ed8176 reported cstate change: config changed from index -1 to 2, NON_VOTER 5e8c6d298f4a4f9aa89b1d53c9b7b48f (127.5.114.68) added. New cstate: current_term: 1 leader_uuid: "02a11dbce892495d8690643299ed8176" committed_config { opid_index: 2 OBSOLETE_local: false peers { permanent_uuid: "5fb747c1afd440db8434fb794d7afed9" member_type: VOTER last_known_addr { host: "127.5.114.65" port: 44497 } health_report { overall_health: HEALTHY } } peers { permanent_uuid: "02a11dbce892495d8690643299ed8176" member_type: VOTER last_known_addr { host: "127.5.114.66" port: 41603 } health_report { overall_health: HEALTHY } } peers { permanent_uuid: "5b53a785860c4ce1b466f11da8f8e4d5" member_type: VOTER last_known_addr { host: "127.5.114.67" port: 37489 } attrs { replace: true } health_report { overall_health: HEALTHY } } peers { permanent_uuid: "5e8c6d298f4a4f9aa89b1d53c9b7b48f" member_type: NON_VOTER last_known_addr { host: "127.5.114.68" port: 41763 } attrs { promote: true } health_report { overall_health: UNKNOWN } } }
I20260710 13:28:17.884824  6865 consensus_queue.cc:237] T 48bf0b91880b4528bc7ddced26d2e1bd P 5b53a785860c4ce1b466f11da8f8e4d5 [LEADER]: Queue going to LEADER mode. State: All replicated index: 0, Majority replicated index: 1, Committed index: 1, Last appended: 1.1, Last appended by leader: 0, Current term: 1, Majority size: 2, State: 0, Mode: LEADER, active raft config: opid_index: 2 OBSOLETE_local: false peers { permanent_uuid: "5fb747c1afd440db8434fb794d7afed9" member_type: VOTER last_known_addr { host: "127.5.114.65" port: 44497 } attrs { replace: true } } peers { permanent_uuid: "02a11dbce892495d8690643299ed8176" member_type: VOTER last_known_addr { host: "127.5.114.66" port: 41603 } } peers { permanent_uuid: "5b53a785860c4ce1b466f11da8f8e4d5" member_type: VOTER last_known_addr { host: "127.5.114.67" port: 37489 } } peers { permanent_uuid: "5e8c6d298f4a4f9aa89b1d53c9b7b48f" member_type: NON_VOTER last_known_addr { host: "127.5.114.68" port: 41763 } attrs { promote: true } }
I20260710 13:28:17.896562  6790 raft_consensus.cc:1275] T 48bf0b91880b4528bc7ddced26d2e1bd P 02a11dbce892495d8690643299ed8176 [term 1 FOLLOWER]: Refusing update from remote peer 5b53a785860c4ce1b466f11da8f8e4d5: Log matching property violated. Preceding OpId in replica: term: 1 index: 1. Preceding OpId from leader: term: 1 index: 2. (index mismatch)
W20260710 13:28:17.897771  6833 consensus_peers.cc:597] T 48bf0b91880b4528bc7ddced26d2e1bd P 5b53a785860c4ce1b466f11da8f8e4d5 -> Peer 5e8c6d298f4a4f9aa89b1d53c9b7b48f (127.5.114.68:41763): Couldn't send request to peer 5e8c6d298f4a4f9aa89b1d53c9b7b48f. Error code: TABLET_NOT_FOUND (6). Status: Not found: Tablet not found: 48bf0b91880b4528bc7ddced26d2e1bd. This is attempt 1: this message will repeat every 5th retry.
I20260710 13:28:17.898867  7285 consensus_queue.cc:1048] T 48bf0b91880b4528bc7ddced26d2e1bd P 5b53a785860c4ce1b466f11da8f8e4d5 [LEADER]: Connected to new peer: Peer: permanent_uuid: "02a11dbce892495d8690643299ed8176" member_type: VOTER last_known_addr { host: "127.5.114.66" port: 41603 }, Status: LMP_MISMATCH, Last received: 0.0, Next index: 2, Last known committed idx: 1, Time since last communication: 0.000s
I20260710 13:28:17.909348  6717 raft_consensus.cc:1275] T 48bf0b91880b4528bc7ddced26d2e1bd P 5fb747c1afd440db8434fb794d7afed9 [term 1 FOLLOWER]: Refusing update from remote peer 5b53a785860c4ce1b466f11da8f8e4d5: Log matching property violated. Preceding OpId in replica: term: 1 index: 1. Preceding OpId from leader: term: 1 index: 2. (index mismatch)
I20260710 13:28:17.911870  7328 consensus_queue.cc:1048] T 48bf0b91880b4528bc7ddced26d2e1bd P 5b53a785860c4ce1b466f11da8f8e4d5 [LEADER]: Connected to new peer: Peer: permanent_uuid: "5fb747c1afd440db8434fb794d7afed9" member_type: VOTER last_known_addr { host: "127.5.114.65" port: 44497 } attrs { replace: true }, Status: LMP_MISMATCH, Last received: 0.0, Next index: 2, Last known committed idx: 1, Time since last communication: 0.001s
I20260710 13:28:17.914727  7330 raft_consensus.cc:2955] T 48bf0b91880b4528bc7ddced26d2e1bd P 5b53a785860c4ce1b466f11da8f8e4d5 [term 1 LEADER]: Committing config change with OpId 1.2: config changed from index -1 to 2, NON_VOTER 5e8c6d298f4a4f9aa89b1d53c9b7b48f (127.5.114.68) added. New config: { opid_index: 2 OBSOLETE_local: false peers { permanent_uuid: "5fb747c1afd440db8434fb794d7afed9" member_type: VOTER last_known_addr { host: "127.5.114.65" port: 44497 } attrs { replace: true } } peers { permanent_uuid: "02a11dbce892495d8690643299ed8176" member_type: VOTER last_known_addr { host: "127.5.114.66" port: 41603 } } peers { permanent_uuid: "5b53a785860c4ce1b466f11da8f8e4d5" member_type: VOTER last_known_addr { host: "127.5.114.67" port: 37489 } } peers { permanent_uuid: "5e8c6d298f4a4f9aa89b1d53c9b7b48f" member_type: NON_VOTER last_known_addr { host: "127.5.114.68" port: 41763 } attrs { promote: true } } }
I20260710 13:28:17.916429  6790 raft_consensus.cc:2955] T 48bf0b91880b4528bc7ddced26d2e1bd P 02a11dbce892495d8690643299ed8176 [term 1 FOLLOWER]: Committing config change with OpId 1.2: config changed from index -1 to 2, NON_VOTER 5e8c6d298f4a4f9aa89b1d53c9b7b48f (127.5.114.68) added. New config: { opid_index: 2 OBSOLETE_local: false peers { permanent_uuid: "5fb747c1afd440db8434fb794d7afed9" member_type: VOTER last_known_addr { host: "127.5.114.65" port: 44497 } attrs { replace: true } } peers { permanent_uuid: "02a11dbce892495d8690643299ed8176" member_type: VOTER last_known_addr { host: "127.5.114.66" port: 41603 } } peers { permanent_uuid: "5b53a785860c4ce1b466f11da8f8e4d5" member_type: VOTER last_known_addr { host: "127.5.114.67" port: 37489 } } peers { permanent_uuid: "5e8c6d298f4a4f9aa89b1d53c9b7b48f" member_type: NON_VOTER last_known_addr { host: "127.5.114.68" port: 41763 } attrs { promote: true } } }
I20260710 13:28:17.939149  6614 catalog_manager.cc:5697] T 48bf0b91880b4528bc7ddced26d2e1bd P 02a11dbce892495d8690643299ed8176 reported cstate change: config changed from index -1 to 2, NON_VOTER 5e8c6d298f4a4f9aa89b1d53c9b7b48f (127.5.114.68) added. New cstate: current_term: 1 leader_uuid: "5b53a785860c4ce1b466f11da8f8e4d5" committed_config { opid_index: 2 OBSOLETE_local: false peers { permanent_uuid: "5fb747c1afd440db8434fb794d7afed9" member_type: VOTER last_known_addr { host: "127.5.114.65" port: 44497 } attrs { replace: true } } peers { permanent_uuid: "02a11dbce892495d8690643299ed8176" member_type: VOTER last_known_addr { host: "127.5.114.66" port: 41603 } } peers { permanent_uuid: "5b53a785860c4ce1b466f11da8f8e4d5" member_type: VOTER last_known_addr { host: "127.5.114.67" port: 37489 } } peers { permanent_uuid: "5e8c6d298f4a4f9aa89b1d53c9b7b48f" member_type: NON_VOTER last_known_addr { host: "127.5.114.68" port: 41763 } attrs { promote: true } } }
I20260710 13:28:17.953078  6717 raft_consensus.cc:2955] T 48bf0b91880b4528bc7ddced26d2e1bd P 5fb747c1afd440db8434fb794d7afed9 [term 1 FOLLOWER]: Committing config change with OpId 1.2: config changed from index -1 to 2, NON_VOTER 5e8c6d298f4a4f9aa89b1d53c9b7b48f (127.5.114.68) added. New config: { opid_index: 2 OBSOLETE_local: false peers { permanent_uuid: "5fb747c1afd440db8434fb794d7afed9" member_type: VOTER last_known_addr { host: "127.5.114.65" port: 44497 } attrs { replace: true } } peers { permanent_uuid: "02a11dbce892495d8690643299ed8176" member_type: VOTER last_known_addr { host: "127.5.114.66" port: 41603 } } peers { permanent_uuid: "5b53a785860c4ce1b466f11da8f8e4d5" member_type: VOTER last_known_addr { host: "127.5.114.67" port: 37489 } } peers { permanent_uuid: "5e8c6d298f4a4f9aa89b1d53c9b7b48f" member_type: NON_VOTER last_known_addr { host: "127.5.114.68" port: 41763 } attrs { promote: true } } }
I20260710 13:28:18.153613  7333 ts_tablet_manager.cc:933] T ba0afd12e32a4a95bbd688dc3b87e3b4 P 5e8c6d298f4a4f9aa89b1d53c9b7b48f: Initiating tablet copy from peer 5fb747c1afd440db8434fb794d7afed9 (127.5.114.65:44497)
I20260710 13:28:18.155884  7333 tablet_copy_client.cc:323] T ba0afd12e32a4a95bbd688dc3b87e3b4 P 5e8c6d298f4a4f9aa89b1d53c9b7b48f: tablet copy: Beginning tablet copy session from remote peer at address 127.5.114.65:44497
I20260710 13:28:18.159283  6727 tablet_copy_service.cc:140] P 5fb747c1afd440db8434fb794d7afed9: Received BeginTabletCopySession request for tablet ba0afd12e32a4a95bbd688dc3b87e3b4 from peer 5e8c6d298f4a4f9aa89b1d53c9b7b48f ({username='slave'} at 127.0.0.1:49988)
I20260710 13:28:18.159863  6727 tablet_copy_service.cc:161] P 5fb747c1afd440db8434fb794d7afed9: Beginning new tablet copy session on tablet ba0afd12e32a4a95bbd688dc3b87e3b4 from peer 5e8c6d298f4a4f9aa89b1d53c9b7b48f at {username='slave'} at 127.0.0.1:49988: session id = 5e8c6d298f4a4f9aa89b1d53c9b7b48f-ba0afd12e32a4a95bbd688dc3b87e3b4
I20260710 13:28:18.167335  6727 tablet_copy_source_session.cc:215] T ba0afd12e32a4a95bbd688dc3b87e3b4 P 5fb747c1afd440db8434fb794d7afed9: Tablet Copy: opened 0 blocks and 1 log segments
I20260710 13:28:18.170892  7333 data_dirs.cc:400] Could only allocate 1 dirs of requested 3 for tablet ba0afd12e32a4a95bbd688dc3b87e3b4. 1 dirs total, 0 dirs full, 0 dirs failed
I20260710 13:28:18.192437  7333 tablet_copy_client.cc:806] T ba0afd12e32a4a95bbd688dc3b87e3b4 P 5e8c6d298f4a4f9aa89b1d53c9b7b48f: tablet copy: Starting download of 0 data blocks...
I20260710 13:28:18.193188  7333 tablet_copy_client.cc:670] T ba0afd12e32a4a95bbd688dc3b87e3b4 P 5e8c6d298f4a4f9aa89b1d53c9b7b48f: tablet copy: Starting download of 1 WAL segments...
I20260710 13:28:18.197247  7333 tablet_copy_client.cc:538] T ba0afd12e32a4a95bbd688dc3b87e3b4 P 5e8c6d298f4a4f9aa89b1d53c9b7b48f: tablet copy: Tablet Copy complete. Replacing tablet superblock.
I20260710 13:28:18.207512  7333 tablet_bootstrap.cc:492] T ba0afd12e32a4a95bbd688dc3b87e3b4 P 5e8c6d298f4a4f9aa89b1d53c9b7b48f: Bootstrap starting.
I20260710 13:28:18.231246  7333 tablet_bootstrap.cc:492] T ba0afd12e32a4a95bbd688dc3b87e3b4 P 5e8c6d298f4a4f9aa89b1d53c9b7b48f: Bootstrap replayed 1/1 log segments. Stats: ops{read=2 overwritten=0 applied=2 ignored=0} inserts{seen=0 ignored=0} mutations{seen=0 ignored=0} orphaned_commits=0. Pending: 0 replicates
I20260710 13:28:18.232271  7333 tablet_bootstrap.cc:492] T ba0afd12e32a4a95bbd688dc3b87e3b4 P 5e8c6d298f4a4f9aa89b1d53c9b7b48f: Bootstrap complete.
I20260710 13:28:18.233098  7333 ts_tablet_manager.cc:1403] T ba0afd12e32a4a95bbd688dc3b87e3b4 P 5e8c6d298f4a4f9aa89b1d53c9b7b48f: Time spent bootstrapping tablet: real 0.026s	user 0.017s	sys 0.008s
I20260710 13:28:18.236217  7333 raft_consensus.cc:359] T ba0afd12e32a4a95bbd688dc3b87e3b4 P 5e8c6d298f4a4f9aa89b1d53c9b7b48f [term 1 LEARNER]: Replica starting. Triggering 0 pending ops. Active config: opid_index: 2 OBSOLETE_local: false peers { permanent_uuid: "5fb747c1afd440db8434fb794d7afed9" member_type: VOTER last_known_addr { host: "127.5.114.65" port: 44497 } } peers { permanent_uuid: "02a11dbce892495d8690643299ed8176" member_type: VOTER last_known_addr { host: "127.5.114.66" port: 41603 } attrs { replace: true } } peers { permanent_uuid: "5b53a785860c4ce1b466f11da8f8e4d5" member_type: VOTER last_known_addr { host: "127.5.114.67" port: 37489 } } peers { permanent_uuid: "5e8c6d298f4a4f9aa89b1d53c9b7b48f" member_type: NON_VOTER last_known_addr { host: "127.5.114.68" port: 41763 } attrs { promote: true } }
I20260710 13:28:18.237231  7333 raft_consensus.cc:740] T ba0afd12e32a4a95bbd688dc3b87e3b4 P 5e8c6d298f4a4f9aa89b1d53c9b7b48f [term 1 LEARNER]: Becoming Follower/Learner. State: Replica: 5e8c6d298f4a4f9aa89b1d53c9b7b48f, State: Initialized, Role: LEARNER
I20260710 13:28:18.237991  7333 consensus_queue.cc:260] T ba0afd12e32a4a95bbd688dc3b87e3b4 P 5e8c6d298f4a4f9aa89b1d53c9b7b48f [NON_LEADER]: Queue going to NON_LEADER mode. State: All replicated index: 0, Majority replicated index: 0, Committed index: 2, Last appended: 1.2, Last appended by leader: 2, Current term: 0, Majority size: -1, State: 0, Mode: NON_LEADER, active raft config: opid_index: 2 OBSOLETE_local: false peers { permanent_uuid: "5fb747c1afd440db8434fb794d7afed9" member_type: VOTER last_known_addr { host: "127.5.114.65" port: 44497 } } peers { permanent_uuid: "02a11dbce892495d8690643299ed8176" member_type: VOTER last_known_addr { host: "127.5.114.66" port: 41603 } attrs { replace: true } } peers { permanent_uuid: "5b53a785860c4ce1b466f11da8f8e4d5" member_type: VOTER last_known_addr { host: "127.5.114.67" port: 37489 } } peers { permanent_uuid: "5e8c6d298f4a4f9aa89b1d53c9b7b48f" member_type: NON_VOTER last_known_addr { host: "127.5.114.68" port: 41763 } attrs { promote: true } }
I20260710 13:28:18.244088  7333 ts_tablet_manager.cc:1434] T ba0afd12e32a4a95bbd688dc3b87e3b4 P 5e8c6d298f4a4f9aa89b1d53c9b7b48f: Time spent starting tablet: real 0.011s	user 0.007s	sys 0.000s
I20260710 13:28:18.246915  6727 tablet_copy_service.cc:342] P 5fb747c1afd440db8434fb794d7afed9: Request end of tablet copy session 5e8c6d298f4a4f9aa89b1d53c9b7b48f-ba0afd12e32a4a95bbd688dc3b87e3b4 received from {username='slave'} at 127.0.0.1:49988
I20260710 13:28:18.247375  6727 tablet_copy_service.cc:434] P 5fb747c1afd440db8434fb794d7afed9: ending tablet copy session 5e8c6d298f4a4f9aa89b1d53c9b7b48f-ba0afd12e32a4a95bbd688dc3b87e3b4 on tablet ba0afd12e32a4a95bbd688dc3b87e3b4 with peer 5e8c6d298f4a4f9aa89b1d53c9b7b48f
I20260710 13:28:18.280232  7333 ts_tablet_manager.cc:933] T 40a10993a2734bd884dfc3d534d0cd25 P 5e8c6d298f4a4f9aa89b1d53c9b7b48f: Initiating tablet copy from peer 02a11dbce892495d8690643299ed8176 (127.5.114.66:41603)
I20260710 13:28:18.284231  7333 tablet_copy_client.cc:323] T 40a10993a2734bd884dfc3d534d0cd25 P 5e8c6d298f4a4f9aa89b1d53c9b7b48f: tablet copy: Beginning tablet copy session from remote peer at address 127.5.114.66:41603
I20260710 13:28:18.285748  6803 tablet_copy_service.cc:140] P 02a11dbce892495d8690643299ed8176: Received BeginTabletCopySession request for tablet 40a10993a2734bd884dfc3d534d0cd25 from peer 5e8c6d298f4a4f9aa89b1d53c9b7b48f ({username='slave'} at 127.0.0.1:57608)
I20260710 13:28:18.286201  6803 tablet_copy_service.cc:161] P 02a11dbce892495d8690643299ed8176: Beginning new tablet copy session on tablet 40a10993a2734bd884dfc3d534d0cd25 from peer 5e8c6d298f4a4f9aa89b1d53c9b7b48f at {username='slave'} at 127.0.0.1:57608: session id = 5e8c6d298f4a4f9aa89b1d53c9b7b48f-40a10993a2734bd884dfc3d534d0cd25
I20260710 13:28:18.292733  6803 tablet_copy_source_session.cc:215] T 40a10993a2734bd884dfc3d534d0cd25 P 02a11dbce892495d8690643299ed8176: Tablet Copy: opened 0 blocks and 1 log segments
I20260710 13:28:18.295284  7333 data_dirs.cc:400] Could only allocate 1 dirs of requested 3 for tablet 40a10993a2734bd884dfc3d534d0cd25. 1 dirs total, 0 dirs full, 0 dirs failed
I20260710 13:28:18.310074  7333 tablet_copy_client.cc:806] T 40a10993a2734bd884dfc3d534d0cd25 P 5e8c6d298f4a4f9aa89b1d53c9b7b48f: tablet copy: Starting download of 0 data blocks...
I20260710 13:28:18.310700  7333 tablet_copy_client.cc:670] T 40a10993a2734bd884dfc3d534d0cd25 P 5e8c6d298f4a4f9aa89b1d53c9b7b48f: tablet copy: Starting download of 1 WAL segments...
I20260710 13:28:18.314869  7333 tablet_copy_client.cc:538] T 40a10993a2734bd884dfc3d534d0cd25 P 5e8c6d298f4a4f9aa89b1d53c9b7b48f: tablet copy: Tablet Copy complete. Replacing tablet superblock.
I20260710 13:28:18.325212  7333 tablet_bootstrap.cc:492] T 40a10993a2734bd884dfc3d534d0cd25 P 5e8c6d298f4a4f9aa89b1d53c9b7b48f: Bootstrap starting.
I20260710 13:28:18.371260  7338 ts_tablet_manager.cc:933] T 48bf0b91880b4528bc7ddced26d2e1bd P 5e8c6d298f4a4f9aa89b1d53c9b7b48f: Initiating tablet copy from peer 5b53a785860c4ce1b466f11da8f8e4d5 (127.5.114.67:37489)
I20260710 13:28:18.375195  7338 tablet_copy_client.cc:323] T 48bf0b91880b4528bc7ddced26d2e1bd P 5e8c6d298f4a4f9aa89b1d53c9b7b48f: tablet copy: Beginning tablet copy session from remote peer at address 127.5.114.67:37489
I20260710 13:28:18.377079  6877 tablet_copy_service.cc:140] P 5b53a785860c4ce1b466f11da8f8e4d5: Received BeginTabletCopySession request for tablet 48bf0b91880b4528bc7ddced26d2e1bd from peer 5e8c6d298f4a4f9aa89b1d53c9b7b48f ({username='slave'} at 127.0.0.1:56152)
I20260710 13:28:18.377650  6877 tablet_copy_service.cc:161] P 5b53a785860c4ce1b466f11da8f8e4d5: Beginning new tablet copy session on tablet 48bf0b91880b4528bc7ddced26d2e1bd from peer 5e8c6d298f4a4f9aa89b1d53c9b7b48f at {username='slave'} at 127.0.0.1:56152: session id = 5e8c6d298f4a4f9aa89b1d53c9b7b48f-48bf0b91880b4528bc7ddced26d2e1bd
I20260710 13:28:18.380872  7333 tablet_bootstrap.cc:492] T 40a10993a2734bd884dfc3d534d0cd25 P 5e8c6d298f4a4f9aa89b1d53c9b7b48f: Bootstrap replayed 1/1 log segments. Stats: ops{read=2 overwritten=0 applied=2 ignored=0} inserts{seen=0 ignored=0} mutations{seen=0 ignored=0} orphaned_commits=0. Pending: 0 replicates
I20260710 13:28:18.381783  7333 tablet_bootstrap.cc:492] T 40a10993a2734bd884dfc3d534d0cd25 P 5e8c6d298f4a4f9aa89b1d53c9b7b48f: Bootstrap complete.
I20260710 13:28:18.382515  7333 ts_tablet_manager.cc:1403] T 40a10993a2734bd884dfc3d534d0cd25 P 5e8c6d298f4a4f9aa89b1d53c9b7b48f: Time spent bootstrapping tablet: real 0.058s	user 0.033s	sys 0.021s
I20260710 13:28:18.386300  6877 tablet_copy_source_session.cc:215] T 48bf0b91880b4528bc7ddced26d2e1bd P 5b53a785860c4ce1b466f11da8f8e4d5: Tablet Copy: opened 0 blocks and 1 log segments
I20260710 13:28:18.385939  7333 raft_consensus.cc:359] T 40a10993a2734bd884dfc3d534d0cd25 P 5e8c6d298f4a4f9aa89b1d53c9b7b48f [term 1 LEARNER]: Replica starting. Triggering 0 pending ops. Active config: opid_index: 2 OBSOLETE_local: false peers { permanent_uuid: "5fb747c1afd440db8434fb794d7afed9" member_type: VOTER last_known_addr { host: "127.5.114.65" port: 44497 } } peers { permanent_uuid: "02a11dbce892495d8690643299ed8176" member_type: VOTER last_known_addr { host: "127.5.114.66" port: 41603 } } peers { permanent_uuid: "5b53a785860c4ce1b466f11da8f8e4d5" member_type: VOTER last_known_addr { host: "127.5.114.67" port: 37489 } attrs { replace: true } } peers { permanent_uuid: "5e8c6d298f4a4f9aa89b1d53c9b7b48f" member_type: NON_VOTER last_known_addr { host: "127.5.114.68" port: 41763 } attrs { promote: true } }
I20260710 13:28:18.386963  7333 raft_consensus.cc:740] T 40a10993a2734bd884dfc3d534d0cd25 P 5e8c6d298f4a4f9aa89b1d53c9b7b48f [term 1 LEARNER]: Becoming Follower/Learner. State: Replica: 5e8c6d298f4a4f9aa89b1d53c9b7b48f, State: Initialized, Role: LEARNER
I20260710 13:28:18.387714  7333 consensus_queue.cc:260] T 40a10993a2734bd884dfc3d534d0cd25 P 5e8c6d298f4a4f9aa89b1d53c9b7b48f [NON_LEADER]: Queue going to NON_LEADER mode. State: All replicated index: 0, Majority replicated index: 0, Committed index: 2, Last appended: 1.2, Last appended by leader: 2, Current term: 0, Majority size: -1, State: 0, Mode: NON_LEADER, active raft config: opid_index: 2 OBSOLETE_local: false peers { permanent_uuid: "5fb747c1afd440db8434fb794d7afed9" member_type: VOTER last_known_addr { host: "127.5.114.65" port: 44497 } } peers { permanent_uuid: "02a11dbce892495d8690643299ed8176" member_type: VOTER last_known_addr { host: "127.5.114.66" port: 41603 } } peers { permanent_uuid: "5b53a785860c4ce1b466f11da8f8e4d5" member_type: VOTER last_known_addr { host: "127.5.114.67" port: 37489 } attrs { replace: true } } peers { permanent_uuid: "5e8c6d298f4a4f9aa89b1d53c9b7b48f" member_type: NON_VOTER last_known_addr { host: "127.5.114.68" port: 41763 } attrs { promote: true } }
I20260710 13:28:18.390120  7333 ts_tablet_manager.cc:1434] T 40a10993a2734bd884dfc3d534d0cd25 P 5e8c6d298f4a4f9aa89b1d53c9b7b48f: Time spent starting tablet: real 0.007s	user 0.008s	sys 0.000s
I20260710 13:28:18.392217  6803 tablet_copy_service.cc:342] P 02a11dbce892495d8690643299ed8176: Request end of tablet copy session 5e8c6d298f4a4f9aa89b1d53c9b7b48f-40a10993a2734bd884dfc3d534d0cd25 received from {username='slave'} at 127.0.0.1:57608
I20260710 13:28:18.392668  6803 tablet_copy_service.cc:434] P 02a11dbce892495d8690643299ed8176: ending tablet copy session 5e8c6d298f4a4f9aa89b1d53c9b7b48f-40a10993a2734bd884dfc3d534d0cd25 on tablet 40a10993a2734bd884dfc3d534d0cd25 with peer 5e8c6d298f4a4f9aa89b1d53c9b7b48f
I20260710 13:28:18.399938  7338 data_dirs.cc:400] Could only allocate 1 dirs of requested 3 for tablet 48bf0b91880b4528bc7ddced26d2e1bd. 1 dirs total, 0 dirs full, 0 dirs failed
I20260710 13:28:18.414705  7338 tablet_copy_client.cc:806] T 48bf0b91880b4528bc7ddced26d2e1bd P 5e8c6d298f4a4f9aa89b1d53c9b7b48f: tablet copy: Starting download of 0 data blocks...
I20260710 13:28:18.415685  7338 tablet_copy_client.cc:670] T 48bf0b91880b4528bc7ddced26d2e1bd P 5e8c6d298f4a4f9aa89b1d53c9b7b48f: tablet copy: Starting download of 1 WAL segments...
I20260710 13:28:18.418407  7333 ts_tablet_manager.cc:933] T 86e79f6972f7469793a8ddb5103d9562 P 5e8c6d298f4a4f9aa89b1d53c9b7b48f: Initiating tablet copy from peer 02a11dbce892495d8690643299ed8176 (127.5.114.66:41603)
I20260710 13:28:18.425091  7338 tablet_copy_client.cc:538] T 48bf0b91880b4528bc7ddced26d2e1bd P 5e8c6d298f4a4f9aa89b1d53c9b7b48f: tablet copy: Tablet Copy complete. Replacing tablet superblock.
I20260710 13:28:18.449208  7333 tablet_copy_client.cc:323] T 86e79f6972f7469793a8ddb5103d9562 P 5e8c6d298f4a4f9aa89b1d53c9b7b48f: tablet copy: Beginning tablet copy session from remote peer at address 127.5.114.66:41603
I20260710 13:28:18.451002  6803 tablet_copy_service.cc:140] P 02a11dbce892495d8690643299ed8176: Received BeginTabletCopySession request for tablet 86e79f6972f7469793a8ddb5103d9562 from peer 5e8c6d298f4a4f9aa89b1d53c9b7b48f ({username='slave'} at 127.0.0.1:57608)
I20260710 13:28:18.451539  6803 tablet_copy_service.cc:161] P 02a11dbce892495d8690643299ed8176: Beginning new tablet copy session on tablet 86e79f6972f7469793a8ddb5103d9562 from peer 5e8c6d298f4a4f9aa89b1d53c9b7b48f at {username='slave'} at 127.0.0.1:57608: session id = 5e8c6d298f4a4f9aa89b1d53c9b7b48f-86e79f6972f7469793a8ddb5103d9562
I20260710 13:28:18.456209  7338 tablet_bootstrap.cc:492] T 48bf0b91880b4528bc7ddced26d2e1bd P 5e8c6d298f4a4f9aa89b1d53c9b7b48f: Bootstrap starting.
I20260710 13:28:18.464709  6803 tablet_copy_source_session.cc:215] T 86e79f6972f7469793a8ddb5103d9562 P 02a11dbce892495d8690643299ed8176: Tablet Copy: opened 0 blocks and 1 log segments
I20260710 13:28:18.468525  7333 data_dirs.cc:400] Could only allocate 1 dirs of requested 3 for tablet 86e79f6972f7469793a8ddb5103d9562. 1 dirs total, 0 dirs full, 0 dirs failed
I20260710 13:28:18.492887  7333 tablet_copy_client.cc:806] T 86e79f6972f7469793a8ddb5103d9562 P 5e8c6d298f4a4f9aa89b1d53c9b7b48f: tablet copy: Starting download of 0 data blocks...
I20260710 13:28:18.493563  7333 tablet_copy_client.cc:670] T 86e79f6972f7469793a8ddb5103d9562 P 5e8c6d298f4a4f9aa89b1d53c9b7b48f: tablet copy: Starting download of 1 WAL segments...
I20260710 13:28:18.497259  7333 tablet_copy_client.cc:538] T 86e79f6972f7469793a8ddb5103d9562 P 5e8c6d298f4a4f9aa89b1d53c9b7b48f: tablet copy: Tablet Copy complete. Replacing tablet superblock.
I20260710 13:28:18.503578  7338 tablet_bootstrap.cc:492] T 48bf0b91880b4528bc7ddced26d2e1bd P 5e8c6d298f4a4f9aa89b1d53c9b7b48f: Bootstrap replayed 1/1 log segments. Stats: ops{read=2 overwritten=0 applied=2 ignored=0} inserts{seen=0 ignored=0} mutations{seen=0 ignored=0} orphaned_commits=0. Pending: 0 replicates
I20260710 13:28:18.504540  7338 tablet_bootstrap.cc:492] T 48bf0b91880b4528bc7ddced26d2e1bd P 5e8c6d298f4a4f9aa89b1d53c9b7b48f: Bootstrap complete.
I20260710 13:28:18.505213  7338 ts_tablet_manager.cc:1403] T 48bf0b91880b4528bc7ddced26d2e1bd P 5e8c6d298f4a4f9aa89b1d53c9b7b48f: Time spent bootstrapping tablet: real 0.049s	user 0.013s	sys 0.021s
I20260710 13:28:18.505868  7333 tablet_bootstrap.cc:492] T 86e79f6972f7469793a8ddb5103d9562 P 5e8c6d298f4a4f9aa89b1d53c9b7b48f: Bootstrap starting.
I20260710 13:28:18.508345  7338 raft_consensus.cc:359] T 48bf0b91880b4528bc7ddced26d2e1bd P 5e8c6d298f4a4f9aa89b1d53c9b7b48f [term 1 LEARNER]: Replica starting. Triggering 0 pending ops. Active config: opid_index: 2 OBSOLETE_local: false peers { permanent_uuid: "5fb747c1afd440db8434fb794d7afed9" member_type: VOTER last_known_addr { host: "127.5.114.65" port: 44497 } attrs { replace: true } } peers { permanent_uuid: "02a11dbce892495d8690643299ed8176" member_type: VOTER last_known_addr { host: "127.5.114.66" port: 41603 } } peers { permanent_uuid: "5b53a785860c4ce1b466f11da8f8e4d5" member_type: VOTER last_known_addr { host: "127.5.114.67" port: 37489 } } peers { permanent_uuid: "5e8c6d298f4a4f9aa89b1d53c9b7b48f" member_type: NON_VOTER last_known_addr { host: "127.5.114.68" port: 41763 } attrs { promote: true } }
I20260710 13:28:18.509270  7338 raft_consensus.cc:740] T 48bf0b91880b4528bc7ddced26d2e1bd P 5e8c6d298f4a4f9aa89b1d53c9b7b48f [term 1 LEARNER]: Becoming Follower/Learner. State: Replica: 5e8c6d298f4a4f9aa89b1d53c9b7b48f, State: Initialized, Role: LEARNER
I20260710 13:28:18.510005  7338 consensus_queue.cc:260] T 48bf0b91880b4528bc7ddced26d2e1bd P 5e8c6d298f4a4f9aa89b1d53c9b7b48f [NON_LEADER]: Queue going to NON_LEADER mode. State: All replicated index: 0, Majority replicated index: 0, Committed index: 2, Last appended: 1.2, Last appended by leader: 2, Current term: 0, Majority size: -1, State: 0, Mode: NON_LEADER, active raft config: opid_index: 2 OBSOLETE_local: false peers { permanent_uuid: "5fb747c1afd440db8434fb794d7afed9" member_type: VOTER last_known_addr { host: "127.5.114.65" port: 44497 } attrs { replace: true } } peers { permanent_uuid: "02a11dbce892495d8690643299ed8176" member_type: VOTER last_known_addr { host: "127.5.114.66" port: 41603 } } peers { permanent_uuid: "5b53a785860c4ce1b466f11da8f8e4d5" member_type: VOTER last_known_addr { host: "127.5.114.67" port: 37489 } } peers { permanent_uuid: "5e8c6d298f4a4f9aa89b1d53c9b7b48f" member_type: NON_VOTER last_known_addr { host: "127.5.114.68" port: 41763 } attrs { promote: true } }
I20260710 13:28:18.512503  7338 ts_tablet_manager.cc:1434] T 48bf0b91880b4528bc7ddced26d2e1bd P 5e8c6d298f4a4f9aa89b1d53c9b7b48f: Time spent starting tablet: real 0.007s	user 0.008s	sys 0.000s
I20260710 13:28:18.514770  6877 tablet_copy_service.cc:342] P 5b53a785860c4ce1b466f11da8f8e4d5: Request end of tablet copy session 5e8c6d298f4a4f9aa89b1d53c9b7b48f-48bf0b91880b4528bc7ddced26d2e1bd received from {username='slave'} at 127.0.0.1:56152
I20260710 13:28:18.515240  6877 tablet_copy_service.cc:434] P 5b53a785860c4ce1b466f11da8f8e4d5: ending tablet copy session 5e8c6d298f4a4f9aa89b1d53c9b7b48f-48bf0b91880b4528bc7ddced26d2e1bd on tablet 48bf0b91880b4528bc7ddced26d2e1bd with peer 5e8c6d298f4a4f9aa89b1d53c9b7b48f
I20260710 13:28:18.528249  7333 tablet_bootstrap.cc:492] T 86e79f6972f7469793a8ddb5103d9562 P 5e8c6d298f4a4f9aa89b1d53c9b7b48f: Bootstrap replayed 1/1 log segments. Stats: ops{read=2 overwritten=0 applied=2 ignored=0} inserts{seen=0 ignored=0} mutations{seen=0 ignored=0} orphaned_commits=0. Pending: 0 replicates
I20260710 13:28:18.529243  7333 tablet_bootstrap.cc:492] T 86e79f6972f7469793a8ddb5103d9562 P 5e8c6d298f4a4f9aa89b1d53c9b7b48f: Bootstrap complete.
I20260710 13:28:18.529893  7333 ts_tablet_manager.cc:1403] T 86e79f6972f7469793a8ddb5103d9562 P 5e8c6d298f4a4f9aa89b1d53c9b7b48f: Time spent bootstrapping tablet: real 0.024s	user 0.019s	sys 0.001s
I20260710 13:28:18.531778  7333 raft_consensus.cc:359] T 86e79f6972f7469793a8ddb5103d9562 P 5e8c6d298f4a4f9aa89b1d53c9b7b48f [term 1 LEARNER]: Replica starting. Triggering 0 pending ops. Active config: opid_index: 2 OBSOLETE_local: false peers { permanent_uuid: "5fb747c1afd440db8434fb794d7afed9" member_type: VOTER last_known_addr { host: "127.5.114.65" port: 44497 } } peers { permanent_uuid: "02a11dbce892495d8690643299ed8176" member_type: VOTER last_known_addr { host: "127.5.114.66" port: 41603 } } peers { permanent_uuid: "5b53a785860c4ce1b466f11da8f8e4d5" member_type: VOTER last_known_addr { host: "127.5.114.67" port: 37489 } attrs { replace: true } } peers { permanent_uuid: "5e8c6d298f4a4f9aa89b1d53c9b7b48f" member_type: NON_VOTER last_known_addr { host: "127.5.114.68" port: 41763 } attrs { promote: true } }
I20260710 13:28:18.532332  7333 raft_consensus.cc:740] T 86e79f6972f7469793a8ddb5103d9562 P 5e8c6d298f4a4f9aa89b1d53c9b7b48f [term 1 LEARNER]: Becoming Follower/Learner. State: Replica: 5e8c6d298f4a4f9aa89b1d53c9b7b48f, State: Initialized, Role: LEARNER
I20260710 13:28:18.532845  7333 consensus_queue.cc:260] T 86e79f6972f7469793a8ddb5103d9562 P 5e8c6d298f4a4f9aa89b1d53c9b7b48f [NON_LEADER]: Queue going to NON_LEADER mode. State: All replicated index: 0, Majority replicated index: 0, Committed index: 2, Last appended: 1.2, Last appended by leader: 2, Current term: 0, Majority size: -1, State: 0, Mode: NON_LEADER, active raft config: opid_index: 2 OBSOLETE_local: false peers { permanent_uuid: "5fb747c1afd440db8434fb794d7afed9" member_type: VOTER last_known_addr { host: "127.5.114.65" port: 44497 } } peers { permanent_uuid: "02a11dbce892495d8690643299ed8176" member_type: VOTER last_known_addr { host: "127.5.114.66" port: 41603 } } peers { permanent_uuid: "5b53a785860c4ce1b466f11da8f8e4d5" member_type: VOTER last_known_addr { host: "127.5.114.67" port: 37489 } attrs { replace: true } } peers { permanent_uuid: "5e8c6d298f4a4f9aa89b1d53c9b7b48f" member_type: NON_VOTER last_known_addr { host: "127.5.114.68" port: 41763 } attrs { promote: true } }
I20260710 13:28:18.536775  7333 ts_tablet_manager.cc:1434] T 86e79f6972f7469793a8ddb5103d9562 P 5e8c6d298f4a4f9aa89b1d53c9b7b48f: Time spent starting tablet: real 0.007s	user 0.003s	sys 0.003s
