I20260710 13:28:09.223981  1413 ts_tablet_manager.cc:1403] T 05b16f4be1bf4186bd06ae4acd48826e P 42030485308244fab290dab8bd5a0136: Time spent bootstrapping tablet: real 0.101s	user 0.042s	sys 0.005s
I20260710 13:28:09.223917  1501 consensus_queue.cc:237] T af2d115c282d4c71872a726f68f845e4 P 5a267b8dc1f94fe8843b4928f886e948 [LEADER]: Queue going to LEADER mode. State: All replicated index: 0, Majority replicated index: 0, Committed index: 0, Last appended: 0.0, Last appended by leader: 0, Current term: 1, Majority size: 2, State: 0, Mode: LEADER, active raft config: opid_index: -1 OBSOLETE_local: false peers { permanent_uuid: "582e3392a65645499eb60acd5c7ca1ae" member_type: VOTER last_known_addr { host: "127.31.204.129" port: 37105 } } peers { permanent_uuid: "5a267b8dc1f94fe8843b4928f886e948" member_type: VOTER last_known_addr { host: "127.31.204.130" port: 45275 } } peers { permanent_uuid: "42030485308244fab290dab8bd5a0136" member_type: VOTER last_known_addr { host: "127.31.204.131" port: 37615 } }
I20260710 13:28:09.225859  1414 tablet_bootstrap.cc:654] T 9bb91c48cee5498a883f4b2403d9d5de P 5a267b8dc1f94fe8843b4928f886e948: Neither blocks nor log segments found. Creating new log.
I20260710 13:28:09.229161  1413 raft_consensus.cc:359] T 05b16f4be1bf4186bd06ae4acd48826e P 42030485308244fab290dab8bd5a0136 [term 0 FOLLOWER]: Replica starting. Triggering 0 pending ops. Active config: opid_index: -1 OBSOLETE_local: false peers { permanent_uuid: "582e3392a65645499eb60acd5c7ca1ae" member_type: VOTER last_known_addr { host: "127.31.204.129" port: 37105 } } peers { permanent_uuid: "5a267b8dc1f94fe8843b4928f886e948" member_type: VOTER last_known_addr { host: "127.31.204.130" port: 45275 } } peers { permanent_uuid: "42030485308244fab290dab8bd5a0136" member_type: VOTER last_known_addr { host: "127.31.204.131" port: 37615 } }
I20260710 13:28:09.229827  1413 raft_consensus.cc:385] T 05b16f4be1bf4186bd06ae4acd48826e P 42030485308244fab290dab8bd5a0136 [term 0 FOLLOWER]: Consensus starting up: Expiring failure detector timer to make a prompt election more likely
I20260710 13:28:09.230094  1413 raft_consensus.cc:740] T 05b16f4be1bf4186bd06ae4acd48826e P 42030485308244fab290dab8bd5a0136 [term 0 FOLLOWER]: Becoming Follower/Learner. State: Replica: 42030485308244fab290dab8bd5a0136, State: Initialized, Role: FOLLOWER
I20260710 13:28:09.230788  1413 consensus_queue.cc:260] T 05b16f4be1bf4186bd06ae4acd48826e P 42030485308244fab290dab8bd5a0136 [NON_LEADER]: Queue going to NON_LEADER mode. State: All replicated index: 0, Majority replicated index: 0, Committed index: 0, Last appended: 0.0, Last appended by leader: 0, Current term: 0, Majority size: -1, State: 0, Mode: NON_LEADER, active raft config: opid_index: -1 OBSOLETE_local: false peers { permanent_uuid: "582e3392a65645499eb60acd5c7ca1ae" member_type: VOTER last_known_addr { host: "127.31.204.129" port: 37105 } } peers { permanent_uuid: "5a267b8dc1f94fe8843b4928f886e948" member_type: VOTER last_known_addr { host: "127.31.204.130" port: 45275 } } peers { permanent_uuid: "42030485308244fab290dab8bd5a0136" member_type: VOTER last_known_addr { host: "127.31.204.131" port: 37615 } }
I20260710 13:28:09.232718  1413 ts_tablet_manager.cc:1434] T 05b16f4be1bf4186bd06ae4acd48826e P 42030485308244fab290dab8bd5a0136: Time spent starting tablet: real 0.008s	user 0.007s	sys 0.000s
I20260710 13:28:09.233637  1413 tablet_bootstrap.cc:492] T 31f07abf5f2d4b97bc1fda2d6bb6e184 P 42030485308244fab290dab8bd5a0136: Bootstrap starting.
I20260710 13:28:09.242029  1413 tablet_bootstrap.cc:654] T 31f07abf5f2d4b97bc1fda2d6bb6e184 P 42030485308244fab290dab8bd5a0136: Neither blocks nor log segments found. Creating new log.
I20260710 13:28:09.253059  1421 raft_consensus.cc:493] T 05b16f4be1bf4186bd06ae4acd48826e P 42030485308244fab290dab8bd5a0136 [term 0 FOLLOWER]: Starting pre-election (no leader contacted us within the election timeout)
I20260710 13:28:09.253597  1421 raft_consensus.cc:515] T 05b16f4be1bf4186bd06ae4acd48826e P 42030485308244fab290dab8bd5a0136 [term 0 FOLLOWER]: Starting pre-election with config: opid_index: -1 OBSOLETE_local: false peers { permanent_uuid: "582e3392a65645499eb60acd5c7ca1ae" member_type: VOTER last_known_addr { host: "127.31.204.129" port: 37105 } } peers { permanent_uuid: "5a267b8dc1f94fe8843b4928f886e948" member_type: VOTER last_known_addr { host: "127.31.204.130" port: 45275 } } peers { permanent_uuid: "42030485308244fab290dab8bd5a0136" member_type: VOTER last_known_addr { host: "127.31.204.131" port: 37615 } }
I20260710 13:28:09.255805  1421 leader_election.cc:290] T 05b16f4be1bf4186bd06ae4acd48826e P 42030485308244fab290dab8bd5a0136 [CANDIDATE]: Term 1 pre-election: Requested pre-vote from peers 582e3392a65645499eb60acd5c7ca1ae (127.31.204.129:37105), 5a267b8dc1f94fe8843b4928f886e948 (127.31.204.130:45275)
I20260710 13:28:09.254221  1119 catalog_manager.cc:5697] T af2d115c282d4c71872a726f68f845e4 P 5a267b8dc1f94fe8843b4928f886e948 reported cstate change: term changed from 0 to 1, leader changed from <none> to 5a267b8dc1f94fe8843b4928f886e948 (127.31.204.130). New cstate: current_term: 1 leader_uuid: "5a267b8dc1f94fe8843b4928f886e948" committed_config { opid_index: -1 OBSOLETE_local: false peers { permanent_uuid: "582e3392a65645499eb60acd5c7ca1ae" member_type: VOTER last_known_addr { host: "127.31.204.129" port: 37105 } health_report { overall_health: UNKNOWN } } peers { permanent_uuid: "5a267b8dc1f94fe8843b4928f886e948" member_type: VOTER last_known_addr { host: "127.31.204.130" port: 45275 } health_report { overall_health: HEALTHY } } peers { permanent_uuid: "42030485308244fab290dab8bd5a0136" member_type: VOTER last_known_addr { host: "127.31.204.131" port: 37615 } health_report { overall_health: UNKNOWN } } }
I20260710 13:28:09.256580  1224 tablet_service.cc:1917] Received RequestConsensusVote() RPC: tablet_id: "05b16f4be1bf4186bd06ae4acd48826e" candidate_uuid: "42030485308244fab290dab8bd5a0136" candidate_term: 1 candidate_status { last_received { term: 0 index: 0 } } ignore_live_leader: false dest_uuid: "582e3392a65645499eb60acd5c7ca1ae" is_pre_election: true
I20260710 13:28:09.257205  1224 raft_consensus.cc:2468] T 05b16f4be1bf4186bd06ae4acd48826e P 582e3392a65645499eb60acd5c7ca1ae [term 0 FOLLOWER]: Leader pre-election vote request: Granting yes vote for candidate 42030485308244fab290dab8bd5a0136 in term 0.
I20260710 13:28:09.258390  1298 tablet_service.cc:1917] Received RequestConsensusVote() RPC: tablet_id: "05b16f4be1bf4186bd06ae4acd48826e" candidate_uuid: "42030485308244fab290dab8bd5a0136" candidate_term: 1 candidate_status { last_received { term: 0 index: 0 } } ignore_live_leader: false dest_uuid: "5a267b8dc1f94fe8843b4928f886e948" is_pre_election: true
W20260710 13:28:09.259928  1338 leader_election.cc:343] T 05b16f4be1bf4186bd06ae4acd48826e P 42030485308244fab290dab8bd5a0136 [CANDIDATE]: Term 1 pre-election: Tablet error from VoteRequest() call to peer 5a267b8dc1f94fe8843b4928f886e948 (127.31.204.130:45275): Illegal state: must be running to vote when last-logged opid is not known
I20260710 13:28:09.261166  1339 leader_election.cc:304] T 05b16f4be1bf4186bd06ae4acd48826e P 42030485308244fab290dab8bd5a0136 [CANDIDATE]: Term 1 pre-election: Election decided. Result: candidate won. Election summary: received 3 responses out of 3 voters: 2 yes votes; 1 no votes. yes voters: 42030485308244fab290dab8bd5a0136, 582e3392a65645499eb60acd5c7ca1ae; no voters: 5a267b8dc1f94fe8843b4928f886e948
I20260710 13:28:09.262558  1421 raft_consensus.cc:2804] T 05b16f4be1bf4186bd06ae4acd48826e P 42030485308244fab290dab8bd5a0136 [term 0 FOLLOWER]: Leader pre-election won for term 1
I20260710 13:28:09.262941  1421 raft_consensus.cc:493] T 05b16f4be1bf4186bd06ae4acd48826e P 42030485308244fab290dab8bd5a0136 [term 0 FOLLOWER]: Starting leader election (no leader contacted us within the election timeout)
I20260710 13:28:09.263258  1421 raft_consensus.cc:3060] T 05b16f4be1bf4186bd06ae4acd48826e P 42030485308244fab290dab8bd5a0136 [term 0 FOLLOWER]: Advancing to term 1
I20260710 13:28:09.270684  1221 raft_consensus.cc:2468] T af2d115c282d4c71872a726f68f845e4 P 582e3392a65645499eb60acd5c7ca1ae [term 1 FOLLOWER]: Leader election vote request: Granting yes vote for candidate 5a267b8dc1f94fe8843b4928f886e948 in term 1.
I20260710 13:28:09.272989  1414 tablet_bootstrap.cc:492] T 9bb91c48cee5498a883f4b2403d9d5de P 5a267b8dc1f94fe8843b4928f886e948: No bootstrap required, opened a new log
I20260710 13:28:09.273464  1414 ts_tablet_manager.cc:1403] T 9bb91c48cee5498a883f4b2403d9d5de P 5a267b8dc1f94fe8843b4928f886e948: Time spent bootstrapping tablet: real 0.056s	user 0.037s	sys 0.015s
I20260710 13:28:09.270680  1421 raft_consensus.cc:515] T 05b16f4be1bf4186bd06ae4acd48826e P 42030485308244fab290dab8bd5a0136 [term 1 FOLLOWER]: Starting leader election with config: opid_index: -1 OBSOLETE_local: false peers { permanent_uuid: "582e3392a65645499eb60acd5c7ca1ae" member_type: VOTER last_known_addr { host: "127.31.204.129" port: 37105 } } peers { permanent_uuid: "5a267b8dc1f94fe8843b4928f886e948" member_type: VOTER last_known_addr { host: "127.31.204.130" port: 45275 } } peers { permanent_uuid: "42030485308244fab290dab8bd5a0136" member_type: VOTER last_known_addr { host: "127.31.204.131" port: 37615 } }
I20260710 13:28:09.275544  1414 raft_consensus.cc:359] T 9bb91c48cee5498a883f4b2403d9d5de P 5a267b8dc1f94fe8843b4928f886e948 [term 0 FOLLOWER]: Replica starting. Triggering 0 pending ops. Active config: opid_index: -1 OBSOLETE_local: false peers { permanent_uuid: "582e3392a65645499eb60acd5c7ca1ae" member_type: VOTER last_known_addr { host: "127.31.204.129" port: 37105 } } peers { permanent_uuid: "5a267b8dc1f94fe8843b4928f886e948" member_type: VOTER last_known_addr { host: "127.31.204.130" port: 45275 } } peers { permanent_uuid: "42030485308244fab290dab8bd5a0136" member_type: VOTER last_known_addr { host: "127.31.204.131" port: 37615 } }
I20260710 13:28:09.275861  1412 tablet_bootstrap.cc:492] T 8f90b3baff0e41afb9000ae498472fc4 P 582e3392a65645499eb60acd5c7ca1ae: No bootstrap required, opened a new log
I20260710 13:28:09.276033  1414 raft_consensus.cc:385] T 9bb91c48cee5498a883f4b2403d9d5de P 5a267b8dc1f94fe8843b4928f886e948 [term 0 FOLLOWER]: Consensus starting up: Expiring failure detector timer to make a prompt election more likely
I20260710 13:28:09.276381  1412 ts_tablet_manager.cc:1403] T 8f90b3baff0e41afb9000ae498472fc4 P 582e3392a65645499eb60acd5c7ca1ae: Time spent bootstrapping tablet: real 0.060s	user 0.014s	sys 0.011s
I20260710 13:28:09.276352  1414 raft_consensus.cc:740] T 9bb91c48cee5498a883f4b2403d9d5de P 5a267b8dc1f94fe8843b4928f886e948 [term 0 FOLLOWER]: Becoming Follower/Learner. State: Replica: 5a267b8dc1f94fe8843b4928f886e948, State: Initialized, Role: FOLLOWER
I20260710 13:28:09.277288  1221 tablet_service.cc:1917] Received RequestConsensusVote() RPC: tablet_id: "05b16f4be1bf4186bd06ae4acd48826e" candidate_uuid: "42030485308244fab290dab8bd5a0136" candidate_term: 1 candidate_status { last_received { term: 0 index: 0 } } ignore_live_leader: false dest_uuid: "582e3392a65645499eb60acd5c7ca1ae"
I20260710 13:28:09.277185  1414 consensus_queue.cc:260] T 9bb91c48cee5498a883f4b2403d9d5de P 5a267b8dc1f94fe8843b4928f886e948 [NON_LEADER]: Queue going to NON_LEADER mode. State: All replicated index: 0, Majority replicated index: 0, Committed index: 0, Last appended: 0.0, Last appended by leader: 0, Current term: 0, Majority size: -1, State: 0, Mode: NON_LEADER, active raft config: opid_index: -1 OBSOLETE_local: false peers { permanent_uuid: "582e3392a65645499eb60acd5c7ca1ae" member_type: VOTER last_known_addr { host: "127.31.204.129" port: 37105 } } peers { permanent_uuid: "5a267b8dc1f94fe8843b4928f886e948" member_type: VOTER last_known_addr { host: "127.31.204.130" port: 45275 } } peers { permanent_uuid: "42030485308244fab290dab8bd5a0136" member_type: VOTER last_known_addr { host: "127.31.204.131" port: 37615 } }
I20260710 13:28:09.277829  1221 raft_consensus.cc:3060] T 05b16f4be1bf4186bd06ae4acd48826e P 582e3392a65645499eb60acd5c7ca1ae [term 0 FOLLOWER]: Advancing to term 1
I20260710 13:28:09.278609  1298 tablet_service.cc:1917] Received RequestConsensusVote() RPC: tablet_id: "05b16f4be1bf4186bd06ae4acd48826e" candidate_uuid: "42030485308244fab290dab8bd5a0136" candidate_term: 1 candidate_status { last_received { term: 0 index: 0 } } ignore_live_leader: false dest_uuid: "5a267b8dc1f94fe8843b4928f886e948"
I20260710 13:28:09.279136  1412 raft_consensus.cc:359] T 8f90b3baff0e41afb9000ae498472fc4 P 582e3392a65645499eb60acd5c7ca1ae [term 0 FOLLOWER]: Replica starting. Triggering 0 pending ops. Active config: opid_index: -1 OBSOLETE_local: false peers { permanent_uuid: "582e3392a65645499eb60acd5c7ca1ae" member_type: VOTER last_known_addr { host: "127.31.204.129" port: 37105 } } peers { permanent_uuid: "5a267b8dc1f94fe8843b4928f886e948" member_type: VOTER last_known_addr { host: "127.31.204.130" port: 45275 } } peers { permanent_uuid: "42030485308244fab290dab8bd5a0136" member_type: VOTER last_known_addr { host: "127.31.204.131" port: 37615 } }
I20260710 13:28:09.279790  1412 raft_consensus.cc:385] T 8f90b3baff0e41afb9000ae498472fc4 P 582e3392a65645499eb60acd5c7ca1ae [term 0 FOLLOWER]: Consensus starting up: Expiring failure detector timer to make a prompt election more likely
I20260710 13:28:09.280049  1412 raft_consensus.cc:740] T 8f90b3baff0e41afb9000ae498472fc4 P 582e3392a65645499eb60acd5c7ca1ae [term 0 FOLLOWER]: Becoming Follower/Learner. State: Replica: 582e3392a65645499eb60acd5c7ca1ae, State: Initialized, Role: FOLLOWER
W20260710 13:28:09.280550  1338 leader_election.cc:343] T 05b16f4be1bf4186bd06ae4acd48826e P 42030485308244fab290dab8bd5a0136 [CANDIDATE]: Term 1 election: Tablet error from VoteRequest() call to peer 5a267b8dc1f94fe8843b4928f886e948 (127.31.204.130:45275): Illegal state: must be running to vote when last-logged opid is not known
I20260710 13:28:09.280855  1412 consensus_queue.cc:260] T 8f90b3baff0e41afb9000ae498472fc4 P 582e3392a65645499eb60acd5c7ca1ae [NON_LEADER]: Queue going to NON_LEADER mode. State: All replicated index: 0, Majority replicated index: 0, Committed index: 0, Last appended: 0.0, Last appended by leader: 0, Current term: 0, Majority size: -1, State: 0, Mode: NON_LEADER, active raft config: opid_index: -1 OBSOLETE_local: false peers { permanent_uuid: "582e3392a65645499eb60acd5c7ca1ae" member_type: VOTER last_known_addr { host: "127.31.204.129" port: 37105 } } peers { permanent_uuid: "5a267b8dc1f94fe8843b4928f886e948" member_type: VOTER last_known_addr { host: "127.31.204.130" port: 45275 } } peers { permanent_uuid: "42030485308244fab290dab8bd5a0136" member_type: VOTER last_known_addr { host: "127.31.204.131" port: 37615 } }
I20260710 13:28:09.282038  1414 ts_tablet_manager.cc:1434] T 9bb91c48cee5498a883f4b2403d9d5de P 5a267b8dc1f94fe8843b4928f886e948: Time spent starting tablet: real 0.008s	user 0.002s	sys 0.003s
I20260710 13:28:09.282955  1414 tablet_bootstrap.cc:492] T ea8d61d4426d4e9f863f4d15e4e95ae3 P 5a267b8dc1f94fe8843b4928f886e948: Bootstrap starting.
I20260710 13:28:09.285038  1221 raft_consensus.cc:2468] T 05b16f4be1bf4186bd06ae4acd48826e P 582e3392a65645499eb60acd5c7ca1ae [term 1 FOLLOWER]: Leader election vote request: Granting yes vote for candidate 42030485308244fab290dab8bd5a0136 in term 1.
I20260710 13:28:09.286300  1339 leader_election.cc:304] T 05b16f4be1bf4186bd06ae4acd48826e P 42030485308244fab290dab8bd5a0136 [CANDIDATE]: Term 1 election: Election decided. Result: candidate won. Election summary: received 3 responses out of 3 voters: 2 yes votes; 1 no votes. yes voters: 42030485308244fab290dab8bd5a0136, 582e3392a65645499eb60acd5c7ca1ae; no voters: 5a267b8dc1f94fe8843b4928f886e948
I20260710 13:28:09.287034  1412 ts_tablet_manager.cc:1434] T 8f90b3baff0e41afb9000ae498472fc4 P 582e3392a65645499eb60acd5c7ca1ae: Time spent starting tablet: real 0.010s	user 0.005s	sys 0.000s
I20260710 13:28:09.287168  1439 raft_consensus.cc:2804] T 05b16f4be1bf4186bd06ae4acd48826e P 42030485308244fab290dab8bd5a0136 [term 1 FOLLOWER]: Leader election won for term 1
I20260710 13:28:09.287649  1439 raft_consensus.cc:697] T 05b16f4be1bf4186bd06ae4acd48826e P 42030485308244fab290dab8bd5a0136 [term 1 LEADER]: Becoming Leader. State: Replica: 42030485308244fab290dab8bd5a0136, State: Running, Role: LEADER
I20260710 13:28:09.288558  1414 tablet_bootstrap.cc:654] T ea8d61d4426d4e9f863f4d15e4e95ae3 P 5a267b8dc1f94fe8843b4928f886e948: Neither blocks nor log segments found. Creating new log.
I20260710 13:28:09.289400  1412 tablet_bootstrap.cc:492] T 28140a16d2be4c6e81217403e95950e3 P 582e3392a65645499eb60acd5c7ca1ae: Bootstrap starting.
I20260710 13:28:09.289255  1439 consensus_queue.cc:237] T 05b16f4be1bf4186bd06ae4acd48826e P 42030485308244fab290dab8bd5a0136 [LEADER]: Queue going to LEADER mode. State: All replicated index: 0, Majority replicated index: 0, Committed index: 0, Last appended: 0.0, Last appended by leader: 0, Current term: 1, Majority size: 2, State: 0, Mode: LEADER, active raft config: opid_index: -1 OBSOLETE_local: false peers { permanent_uuid: "582e3392a65645499eb60acd5c7ca1ae" member_type: VOTER last_known_addr { host: "127.31.204.129" port: 37105 } } peers { permanent_uuid: "5a267b8dc1f94fe8843b4928f886e948" member_type: VOTER last_known_addr { host: "127.31.204.130" port: 45275 } } peers { permanent_uuid: "42030485308244fab290dab8bd5a0136" member_type: VOTER last_known_addr { host: "127.31.204.131" port: 37615 } }
I20260710 13:28:09.293877  1421 leader_election.cc:290] T 05b16f4be1bf4186bd06ae4acd48826e P 42030485308244fab290dab8bd5a0136 [CANDIDATE]: Term 1 election: Requested vote from peers 582e3392a65645499eb60acd5c7ca1ae (127.31.204.129:37105), 5a267b8dc1f94fe8843b4928f886e948 (127.31.204.130:45275)
I20260710 13:28:09.298058  1413 tablet_bootstrap.cc:492] T 31f07abf5f2d4b97bc1fda2d6bb6e184 P 42030485308244fab290dab8bd5a0136: No bootstrap required, opened a new log
I20260710 13:28:09.298445  1413 ts_tablet_manager.cc:1403] T 31f07abf5f2d4b97bc1fda2d6bb6e184 P 42030485308244fab290dab8bd5a0136: Time spent bootstrapping tablet: real 0.065s	user 0.012s	sys 0.009s
I20260710 13:28:09.300336  1413 raft_consensus.cc:359] T 31f07abf5f2d4b97bc1fda2d6bb6e184 P 42030485308244fab290dab8bd5a0136 [term 0 FOLLOWER]: Replica starting. Triggering 0 pending ops. Active config: opid_index: -1 OBSOLETE_local: false peers { permanent_uuid: "582e3392a65645499eb60acd5c7ca1ae" member_type: VOTER last_known_addr { host: "127.31.204.129" port: 37105 } } peers { permanent_uuid: "5a267b8dc1f94fe8843b4928f886e948" member_type: VOTER last_known_addr { host: "127.31.204.130" port: 45275 } } peers { permanent_uuid: "42030485308244fab290dab8bd5a0136" member_type: VOTER last_known_addr { host: "127.31.204.131" port: 37615 } }
I20260710 13:28:09.300827  1413 raft_consensus.cc:385] T 31f07abf5f2d4b97bc1fda2d6bb6e184 P 42030485308244fab290dab8bd5a0136 [term 0 FOLLOWER]: Consensus starting up: Expiring failure detector timer to make a prompt election more likely
I20260710 13:28:09.301019  1413 raft_consensus.cc:740] T 31f07abf5f2d4b97bc1fda2d6bb6e184 P 42030485308244fab290dab8bd5a0136 [term 0 FOLLOWER]: Becoming Follower/Learner. State: Replica: 42030485308244fab290dab8bd5a0136, State: Initialized, Role: FOLLOWER
I20260710 13:28:09.301551  1413 consensus_queue.cc:260] T 31f07abf5f2d4b97bc1fda2d6bb6e184 P 42030485308244fab290dab8bd5a0136 [NON_LEADER]: Queue going to NON_LEADER mode. State: All replicated index: 0, Majority replicated index: 0, Committed index: 0, Last appended: 0.0, Last appended by leader: 0, Current term: 0, Majority size: -1, State: 0, Mode: NON_LEADER, active raft config: opid_index: -1 OBSOLETE_local: false peers { permanent_uuid: "582e3392a65645499eb60acd5c7ca1ae" member_type: VOTER last_known_addr { host: "127.31.204.129" port: 37105 } } peers { permanent_uuid: "5a267b8dc1f94fe8843b4928f886e948" member_type: VOTER last_known_addr { host: "127.31.204.130" port: 45275 } } peers { permanent_uuid: "42030485308244fab290dab8bd5a0136" member_type: VOTER last_known_addr { host: "127.31.204.131" port: 37615 } }
I20260710 13:28:09.303130  1413 ts_tablet_manager.cc:1434] T 31f07abf5f2d4b97bc1fda2d6bb6e184 P 42030485308244fab290dab8bd5a0136: Time spent starting tablet: real 0.004s	user 0.004s	sys 0.000s
I20260710 13:28:09.303791  1413 tablet_bootstrap.cc:492] T 28140a16d2be4c6e81217403e95950e3 P 42030485308244fab290dab8bd5a0136: Bootstrap starting.
I20260710 13:28:09.307873  1413 tablet_bootstrap.cc:654] T 28140a16d2be4c6e81217403e95950e3 P 42030485308244fab290dab8bd5a0136: Neither blocks nor log segments found. Creating new log.
I20260710 13:28:09.308205  1462 raft_consensus.cc:493] T 8f90b3baff0e41afb9000ae498472fc4 P 582e3392a65645499eb60acd5c7ca1ae [term 0 FOLLOWER]: Starting pre-election (no leader contacted us within the election timeout)
I20260710 13:28:09.307873  1412 tablet_bootstrap.cc:654] T 28140a16d2be4c6e81217403e95950e3 P 582e3392a65645499eb60acd5c7ca1ae: Neither blocks nor log segments found. Creating new log.
I20260710 13:28:09.308883  1462 raft_consensus.cc:515] T 8f90b3baff0e41afb9000ae498472fc4 P 582e3392a65645499eb60acd5c7ca1ae [term 0 FOLLOWER]: Starting pre-election with config: opid_index: -1 OBSOLETE_local: false peers { permanent_uuid: "582e3392a65645499eb60acd5c7ca1ae" member_type: VOTER last_known_addr { host: "127.31.204.129" port: 37105 } } peers { permanent_uuid: "5a267b8dc1f94fe8843b4928f886e948" member_type: VOTER last_known_addr { host: "127.31.204.130" port: 45275 } } peers { permanent_uuid: "42030485308244fab290dab8bd5a0136" member_type: VOTER last_known_addr { host: "127.31.204.131" port: 37615 } }
I20260710 13:28:09.311187  1462 leader_election.cc:290] T 8f90b3baff0e41afb9000ae498472fc4 P 582e3392a65645499eb60acd5c7ca1ae [CANDIDATE]: Term 1 pre-election: Requested pre-vote from peers 5a267b8dc1f94fe8843b4928f886e948 (127.31.204.130:45275), 42030485308244fab290dab8bd5a0136 (127.31.204.131:37615)
I20260710 13:28:09.313477  1414 tablet_bootstrap.cc:492] T ea8d61d4426d4e9f863f4d15e4e95ae3 P 5a267b8dc1f94fe8843b4928f886e948: No bootstrap required, opened a new log
I20260710 13:28:09.313383  1372 tablet_service.cc:1917] Received RequestConsensusVote() RPC: tablet_id: "8f90b3baff0e41afb9000ae498472fc4" candidate_uuid: "582e3392a65645499eb60acd5c7ca1ae" candidate_term: 1 candidate_status { last_received { term: 0 index: 0 } } ignore_live_leader: false dest_uuid: "42030485308244fab290dab8bd5a0136" is_pre_election: true
I20260710 13:28:09.314107  1414 ts_tablet_manager.cc:1403] T ea8d61d4426d4e9f863f4d15e4e95ae3 P 5a267b8dc1f94fe8843b4928f886e948: Time spent bootstrapping tablet: real 0.031s	user 0.014s	sys 0.014s
I20260710 13:28:09.313350  1298 tablet_service.cc:1917] Received RequestConsensusVote() RPC: tablet_id: "8f90b3baff0e41afb9000ae498472fc4" candidate_uuid: "582e3392a65645499eb60acd5c7ca1ae" candidate_term: 1 candidate_status { last_received { term: 0 index: 0 } } ignore_live_leader: false dest_uuid: "5a267b8dc1f94fe8843b4928f886e948" is_pre_election: true
I20260710 13:28:09.316720  1414 raft_consensus.cc:359] T ea8d61d4426d4e9f863f4d15e4e95ae3 P 5a267b8dc1f94fe8843b4928f886e948 [term 0 FOLLOWER]: Replica starting. Triggering 0 pending ops. Active config: opid_index: -1 OBSOLETE_local: false peers { permanent_uuid: "582e3392a65645499eb60acd5c7ca1ae" member_type: VOTER last_known_addr { host: "127.31.204.129" port: 37105 } } peers { permanent_uuid: "5a267b8dc1f94fe8843b4928f886e948" member_type: VOTER last_known_addr { host: "127.31.204.130" port: 45275 } } peers { permanent_uuid: "42030485308244fab290dab8bd5a0136" member_type: VOTER last_known_addr { host: "127.31.204.131" port: 37615 } }
I20260710 13:28:09.317408  1414 raft_consensus.cc:385] T ea8d61d4426d4e9f863f4d15e4e95ae3 P 5a267b8dc1f94fe8843b4928f886e948 [term 0 FOLLOWER]: Consensus starting up: Expiring failure detector timer to make a prompt election more likely
W20260710 13:28:09.317987  1189 leader_election.cc:343] T 8f90b3baff0e41afb9000ae498472fc4 P 582e3392a65645499eb60acd5c7ca1ae [CANDIDATE]: Term 1 pre-election: Tablet error from VoteRequest() call to peer 5a267b8dc1f94fe8843b4928f886e948 (127.31.204.130:45275): Illegal state: must be running to vote when last-logged opid is not known
I20260710 13:28:09.317674  1119 catalog_manager.cc:5697] T 05b16f4be1bf4186bd06ae4acd48826e P 42030485308244fab290dab8bd5a0136 reported cstate change: term changed from 0 to 1, leader changed from <none> to 42030485308244fab290dab8bd5a0136 (127.31.204.131). New cstate: current_term: 1 leader_uuid: "42030485308244fab290dab8bd5a0136" committed_config { opid_index: -1 OBSOLETE_local: false peers { permanent_uuid: "582e3392a65645499eb60acd5c7ca1ae" member_type: VOTER last_known_addr { host: "127.31.204.129" port: 37105 } health_report { overall_health: UNKNOWN } } peers { permanent_uuid: "5a267b8dc1f94fe8843b4928f886e948" member_type: VOTER last_known_addr { host: "127.31.204.130" port: 45275 } health_report { overall_health: UNKNOWN } } peers { permanent_uuid: "42030485308244fab290dab8bd5a0136" member_type: VOTER last_known_addr { host: "127.31.204.131" port: 37615 } health_report { overall_health: HEALTHY } } }
W20260710 13:28:09.318615  1189 leader_election.cc:343] T 8f90b3baff0e41afb9000ae498472fc4 P 582e3392a65645499eb60acd5c7ca1ae [CANDIDATE]: Term 1 pre-election: Tablet error from VoteRequest() call to peer 42030485308244fab290dab8bd5a0136 (127.31.204.131:37615): Illegal state: must be running to vote when last-logged opid is not known
I20260710 13:28:09.318979  1189 leader_election.cc:304] T 8f90b3baff0e41afb9000ae498472fc4 P 582e3392a65645499eb60acd5c7ca1ae [CANDIDATE]: Term 1 pre-election: Election decided. Result: candidate lost. Election summary: received 3 responses out of 3 voters: 1 yes votes; 2 no votes. yes voters: 582e3392a65645499eb60acd5c7ca1ae; no voters: 42030485308244fab290dab8bd5a0136, 5a267b8dc1f94fe8843b4928f886e948
I20260710 13:28:09.320029  1462 raft_consensus.cc:2749] T 8f90b3baff0e41afb9000ae498472fc4 P 582e3392a65645499eb60acd5c7ca1ae [term 0 FOLLOWER]: Leader pre-election lost for term 1. Reason: could not achieve majority
I20260710 13:28:09.317708  1414 raft_consensus.cc:740] T ea8d61d4426d4e9f863f4d15e4e95ae3 P 5a267b8dc1f94fe8843b4928f886e948 [term 0 FOLLOWER]: Becoming Follower/Learner. State: Replica: 5a267b8dc1f94fe8843b4928f886e948, State: Initialized, Role: FOLLOWER
I20260710 13:28:09.321542  1414 consensus_queue.cc:260] T ea8d61d4426d4e9f863f4d15e4e95ae3 P 5a267b8dc1f94fe8843b4928f886e948 [NON_LEADER]: Queue going to NON_LEADER mode. State: All replicated index: 0, Majority replicated index: 0, Committed index: 0, Last appended: 0.0, Last appended by leader: 0, Current term: 0, Majority size: -1, State: 0, Mode: NON_LEADER, active raft config: opid_index: -1 OBSOLETE_local: false peers { permanent_uuid: "582e3392a65645499eb60acd5c7ca1ae" member_type: VOTER last_known_addr { host: "127.31.204.129" port: 37105 } } peers { permanent_uuid: "5a267b8dc1f94fe8843b4928f886e948" member_type: VOTER last_known_addr { host: "127.31.204.130" port: 45275 } } peers { permanent_uuid: "42030485308244fab290dab8bd5a0136" member_type: VOTER last_known_addr { host: "127.31.204.131" port: 37615 } }
I20260710 13:28:09.323452  1414 ts_tablet_manager.cc:1434] T ea8d61d4426d4e9f863f4d15e4e95ae3 P 5a267b8dc1f94fe8843b4928f886e948: Time spent starting tablet: real 0.009s	user 0.004s	sys 0.000s
I20260710 13:28:09.324136  1413 tablet_bootstrap.cc:492] T 28140a16d2be4c6e81217403e95950e3 P 42030485308244fab290dab8bd5a0136: No bootstrap required, opened a new log
I20260710 13:28:09.324060  1501 raft_consensus.cc:493] T 9bb91c48cee5498a883f4b2403d9d5de P 5a267b8dc1f94fe8843b4928f886e948 [term 0 FOLLOWER]: Starting pre-election (no leader contacted us within the election timeout)
I20260710 13:28:09.324649  1413 ts_tablet_manager.cc:1403] T 28140a16d2be4c6e81217403e95950e3 P 42030485308244fab290dab8bd5a0136: Time spent bootstrapping tablet: real 0.021s	user 0.008s	sys 0.006s
I20260710 13:28:09.324646  1501 raft_consensus.cc:515] T 9bb91c48cee5498a883f4b2403d9d5de P 5a267b8dc1f94fe8843b4928f886e948 [term 0 FOLLOWER]: Starting pre-election with config: opid_index: -1 OBSOLETE_local: false peers { permanent_uuid: "582e3392a65645499eb60acd5c7ca1ae" member_type: VOTER last_known_addr { host: "127.31.204.129" port: 37105 } } peers { permanent_uuid: "5a267b8dc1f94fe8843b4928f886e948" member_type: VOTER last_known_addr { host: "127.31.204.130" port: 45275 } } peers { permanent_uuid: "42030485308244fab290dab8bd5a0136" member_type: VOTER last_known_addr { host: "127.31.204.131" port: 37615 } }
I20260710 13:28:09.325397  1412 tablet_bootstrap.cc:492] T 28140a16d2be4c6e81217403e95950e3 P 582e3392a65645499eb60acd5c7ca1ae: No bootstrap required, opened a new log
I20260710 13:28:09.325914  1412 ts_tablet_manager.cc:1403] T 28140a16d2be4c6e81217403e95950e3 P 582e3392a65645499eb60acd5c7ca1ae: Time spent bootstrapping tablet: real 0.037s	user 0.017s	sys 0.004s
I20260710 13:28:09.327371  1413 raft_consensus.cc:359] T 28140a16d2be4c6e81217403e95950e3 P 42030485308244fab290dab8bd5a0136 [term 0 FOLLOWER]: Replica starting. Triggering 0 pending ops. Active config: opid_index: -1 OBSOLETE_local: false peers { permanent_uuid: "582e3392a65645499eb60acd5c7ca1ae" member_type: VOTER last_known_addr { host: "127.31.204.129" port: 37105 } } peers { permanent_uuid: "5a267b8dc1f94fe8843b4928f886e948" member_type: VOTER last_known_addr { host: "127.31.204.130" port: 45275 } } peers { permanent_uuid: "42030485308244fab290dab8bd5a0136" member_type: VOTER last_known_addr { host: "127.31.204.131" port: 37615 } }
I20260710 13:28:09.327982  1413 raft_consensus.cc:385] T 28140a16d2be4c6e81217403e95950e3 P 42030485308244fab290dab8bd5a0136 [term 0 FOLLOWER]: Consensus starting up: Expiring failure detector timer to make a prompt election more likely
I20260710 13:28:09.328224  1413 raft_consensus.cc:740] T 28140a16d2be4c6e81217403e95950e3 P 42030485308244fab290dab8bd5a0136 [term 0 FOLLOWER]: Becoming Follower/Learner. State: Replica: 42030485308244fab290dab8bd5a0136, State: Initialized, Role: FOLLOWER
I20260710 13:28:09.328173  1221 tablet_service.cc:1917] Received RequestConsensusVote() RPC: tablet_id: "9bb91c48cee5498a883f4b2403d9d5de" candidate_uuid: "5a267b8dc1f94fe8843b4928f886e948" candidate_term: 1 candidate_status { last_received { term: 0 index: 0 } } ignore_live_leader: false dest_uuid: "582e3392a65645499eb60acd5c7ca1ae" is_pre_election: true
I20260710 13:28:09.328425  1412 raft_consensus.cc:359] T 28140a16d2be4c6e81217403e95950e3 P 582e3392a65645499eb60acd5c7ca1ae [term 0 FOLLOWER]: Replica starting. Triggering 0 pending ops. Active config: opid_index: -1 OBSOLETE_local: false peers { permanent_uuid: "582e3392a65645499eb60acd5c7ca1ae" member_type: VOTER last_known_addr { host: "127.31.204.129" port: 37105 } } peers { permanent_uuid: "5a267b8dc1f94fe8843b4928f886e948" member_type: VOTER last_known_addr { host: "127.31.204.130" port: 45275 } } peers { permanent_uuid: "42030485308244fab290dab8bd5a0136" member_type: VOTER last_known_addr { host: "127.31.204.131" port: 37615 } }
I20260710 13:28:09.328872  1221 raft_consensus.cc:2468] T 9bb91c48cee5498a883f4b2403d9d5de P 582e3392a65645499eb60acd5c7ca1ae [term 0 FOLLOWER]: Leader pre-election vote request: Granting yes vote for candidate 5a267b8dc1f94fe8843b4928f886e948 in term 0.
I20260710 13:28:09.329113  1412 raft_consensus.cc:385] T 28140a16d2be4c6e81217403e95950e3 P 582e3392a65645499eb60acd5c7ca1ae [term 0 FOLLOWER]: Consensus starting up: Expiring failure detector timer to make a prompt election more likely
I20260710 13:28:09.329413  1412 raft_consensus.cc:740] T 28140a16d2be4c6e81217403e95950e3 P 582e3392a65645499eb60acd5c7ca1ae [term 0 FOLLOWER]: Becoming Follower/Learner. State: Replica: 582e3392a65645499eb60acd5c7ca1ae, State: Initialized, Role: FOLLOWER
I20260710 13:28:09.328926  1413 consensus_queue.cc:260] T 28140a16d2be4c6e81217403e95950e3 P 42030485308244fab290dab8bd5a0136 [NON_LEADER]: Queue going to NON_LEADER mode. State: All replicated index: 0, Majority replicated index: 0, Committed index: 0, Last appended: 0.0, Last appended by leader: 0, Current term: 0, Majority size: -1, State: 0, Mode: NON_LEADER, active raft config: opid_index: -1 OBSOLETE_local: false peers { permanent_uuid: "582e3392a65645499eb60acd5c7ca1ae" member_type: VOTER last_known_addr { host: "127.31.204.129" port: 37105 } } peers { permanent_uuid: "5a267b8dc1f94fe8843b4928f886e948" member_type: VOTER last_known_addr { host: "127.31.204.130" port: 45275 } } peers { permanent_uuid: "42030485308244fab290dab8bd5a0136" member_type: VOTER last_known_addr { host: "127.31.204.131" port: 37615 } }
I20260710 13:28:09.330096  1412 consensus_queue.cc:260] T 28140a16d2be4c6e81217403e95950e3 P 582e3392a65645499eb60acd5c7ca1ae [NON_LEADER]: Queue going to NON_LEADER mode. State: All replicated index: 0, Majority replicated index: 0, Committed index: 0, Last appended: 0.0, Last appended by leader: 0, Current term: 0, Majority size: -1, State: 0, Mode: NON_LEADER, active raft config: opid_index: -1 OBSOLETE_local: false peers { permanent_uuid: "582e3392a65645499eb60acd5c7ca1ae" member_type: VOTER last_known_addr { host: "127.31.204.129" port: 37105 } } peers { permanent_uuid: "5a267b8dc1f94fe8843b4928f886e948" member_type: VOTER last_known_addr { host: "127.31.204.130" port: 45275 } } peers { permanent_uuid: "42030485308244fab290dab8bd5a0136" member_type: VOTER last_known_addr { host: "127.31.204.131" port: 37615 } }
I20260710 13:28:09.330328  1265 leader_election.cc:304] T 9bb91c48cee5498a883f4b2403d9d5de P 5a267b8dc1f94fe8843b4928f886e948 [CANDIDATE]: Term 1 pre-election: Election decided. Result: candidate won. Election summary: received 2 responses out of 3 voters: 2 yes votes; 0 no votes. yes voters: 582e3392a65645499eb60acd5c7ca1ae, 5a267b8dc1f94fe8843b4928f886e948; no voters: 
I20260710 13:28:09.330616  1372 tablet_service.cc:1917] Received RequestConsensusVote() RPC: tablet_id: "9bb91c48cee5498a883f4b2403d9d5de" candidate_uuid: "5a267b8dc1f94fe8843b4928f886e948" candidate_term: 1 candidate_status { last_received { term: 0 index: 0 } } ignore_live_leader: false dest_uuid: "42030485308244fab290dab8bd5a0136" is_pre_election: true
I20260710 13:28:09.331458  1413 ts_tablet_manager.cc:1434] T 28140a16d2be4c6e81217403e95950e3 P 42030485308244fab290dab8bd5a0136: Time spent starting tablet: real 0.006s	user 0.005s	sys 0.000s
I20260710 13:28:09.331532  1429 raft_consensus.cc:2804] T 9bb91c48cee5498a883f4b2403d9d5de P 5a267b8dc1f94fe8843b4928f886e948 [term 0 FOLLOWER]: Leader pre-election won for term 1
I20260710 13:28:09.331918  1429 raft_consensus.cc:493] T 9bb91c48cee5498a883f4b2403d9d5de P 5a267b8dc1f94fe8843b4928f886e948 [term 0 FOLLOWER]: Starting leader election (no leader contacted us within the election timeout)
I20260710 13:28:09.332239  1429 raft_consensus.cc:3060] T 9bb91c48cee5498a883f4b2403d9d5de P 5a267b8dc1f94fe8843b4928f886e948 [term 0 FOLLOWER]: Advancing to term 1
I20260710 13:28:09.332312  1414 tablet_bootstrap.cc:492] T 0344aa39bd4a49738d6dcf0634282d84 P 5a267b8dc1f94fe8843b4928f886e948: Bootstrap starting.
I20260710 13:28:09.336061  1412 ts_tablet_manager.cc:1434] T 28140a16d2be4c6e81217403e95950e3 P 582e3392a65645499eb60acd5c7ca1ae: Time spent starting tablet: real 0.010s	user 0.005s	sys 0.000s
I20260710 13:28:09.337100  1412 tablet_bootstrap.cc:492] T 4ca05f6cc7134c9eae1a09bb7671db16 P 582e3392a65645499eb60acd5c7ca1ae: Bootstrap starting.
W20260710 13:28:09.337212  1264 leader_election.cc:343] T 9bb91c48cee5498a883f4b2403d9d5de P 5a267b8dc1f94fe8843b4928f886e948 [CANDIDATE]: Term 1 pre-election: Tablet error from VoteRequest() call to peer 42030485308244fab290dab8bd5a0136 (127.31.204.131:37615): Illegal state: must be running to vote when last-logged opid is not known
I20260710 13:28:09.341074  1414 tablet_bootstrap.cc:654] T 0344aa39bd4a49738d6dcf0634282d84 P 5a267b8dc1f94fe8843b4928f886e948: Neither blocks nor log segments found. Creating new log.
I20260710 13:28:09.343732  1412 tablet_bootstrap.cc:654] T 4ca05f6cc7134c9eae1a09bb7671db16 P 582e3392a65645499eb60acd5c7ca1ae: Neither blocks nor log segments found. Creating new log.
I20260710 13:28:09.352563  1413 tablet_bootstrap.cc:492] T 9bb91c48cee5498a883f4b2403d9d5de P 42030485308244fab290dab8bd5a0136: Bootstrap starting.
I20260710 13:28:09.354552  1457 raft_consensus.cc:493] T 90de50704e7743b780bc94437a839ef9 P 5a267b8dc1f94fe8843b4928f886e948 [term 0 FOLLOWER]: Starting pre-election (no leader contacted us within the election timeout)
I20260710 13:28:09.355064  1457 raft_consensus.cc:515] T 90de50704e7743b780bc94437a839ef9 P 5a267b8dc1f94fe8843b4928f886e948 [term 0 FOLLOWER]: Starting pre-election with config: opid_index: -1 OBSOLETE_local: false peers { permanent_uuid: "582e3392a65645499eb60acd5c7ca1ae" member_type: VOTER last_known_addr { host: "127.31.204.129" port: 37105 } } peers { permanent_uuid: "5a267b8dc1f94fe8843b4928f886e948" member_type: VOTER last_known_addr { host: "127.31.204.130" port: 45275 } } peers { permanent_uuid: "42030485308244fab290dab8bd5a0136" member_type: VOTER last_known_addr { host: "127.31.204.131" port: 37615 } }
I20260710 13:28:09.355432  1501 leader_election.cc:290] T 9bb91c48cee5498a883f4b2403d9d5de P 5a267b8dc1f94fe8843b4928f886e948 [CANDIDATE]: Term 1 pre-election: Requested pre-vote from peers 582e3392a65645499eb60acd5c7ca1ae (127.31.204.129:37105), 42030485308244fab290dab8bd5a0136 (127.31.204.131:37615)
I20260710 13:28:09.357157  1457 leader_election.cc:290] T 90de50704e7743b780bc94437a839ef9 P 5a267b8dc1f94fe8843b4928f886e948 [CANDIDATE]: Term 1 pre-election: Requested pre-vote from peers 582e3392a65645499eb60acd5c7ca1ae (127.31.204.129:37105), 42030485308244fab290dab8bd5a0136 (127.31.204.131:37615)
I20260710 13:28:09.357940  1413 tablet_bootstrap.cc:654] T 9bb91c48cee5498a883f4b2403d9d5de P 42030485308244fab290dab8bd5a0136: Neither blocks nor log segments found. Creating new log.
I20260710 13:28:09.359146  1482 consensus_queue.cc:1048] T 274073719f3447a88194feba70916ce5 P 582e3392a65645499eb60acd5c7ca1ae [LEADER]: Connected to new peer: Peer: permanent_uuid: "5a267b8dc1f94fe8843b4928f886e948" member_type: VOTER last_known_addr { host: "127.31.204.130" port: 45275 }, Status: LMP_MISMATCH, Last received: 0.0, Next index: 1, Last known committed idx: 0, Time since last communication: 0.000s
I20260710 13:28:09.360482  1370 raft_consensus.cc:3060] T 274073719f3447a88194feba70916ce5 P 42030485308244fab290dab8bd5a0136 [term 0 FOLLOWER]: Advancing to term 1
I20260710 13:28:09.361064  1221 tablet_service.cc:1917] Received RequestConsensusVote() RPC: tablet_id: "90de50704e7743b780bc94437a839ef9" candidate_uuid: "5a267b8dc1f94fe8843b4928f886e948" candidate_term: 1 candidate_status { last_received { term: 0 index: 0 } } ignore_live_leader: false dest_uuid: "582e3392a65645499eb60acd5c7ca1ae" is_pre_election: true
I20260710 13:28:09.361756  1221 raft_consensus.cc:2468] T 90de50704e7743b780bc94437a839ef9 P 582e3392a65645499eb60acd5c7ca1ae [term 0 FOLLOWER]: Leader pre-election vote request: Granting yes vote for candidate 5a267b8dc1f94fe8843b4928f886e948 in term 0.
I20260710 13:28:09.363312  1265 leader_election.cc:304] T 90de50704e7743b780bc94437a839ef9 P 5a267b8dc1f94fe8843b4928f886e948 [CANDIDATE]: Term 1 pre-election: Election decided. Result: candidate won. Election summary: received 2 responses out of 3 voters: 2 yes votes; 0 no votes. yes voters: 582e3392a65645499eb60acd5c7ca1ae, 5a267b8dc1f94fe8843b4928f886e948; no voters: 
I20260710 13:28:09.364763  1372 tablet_service.cc:1917] Received RequestConsensusVote() RPC: tablet_id: "90de50704e7743b780bc94437a839ef9" candidate_uuid: "5a267b8dc1f94fe8843b4928f886e948" candidate_term: 1 candidate_status { last_received { term: 0 index: 0 } } ignore_live_leader: false dest_uuid: "42030485308244fab290dab8bd5a0136" is_pre_election: true
I20260710 13:28:09.365355  1457 raft_consensus.cc:2804] T 90de50704e7743b780bc94437a839ef9 P 5a267b8dc1f94fe8843b4928f886e948 [term 0 FOLLOWER]: Leader pre-election won for term 1
I20260710 13:28:09.365747  1457 raft_consensus.cc:493] T 90de50704e7743b780bc94437a839ef9 P 5a267b8dc1f94fe8843b4928f886e948 [term 0 FOLLOWER]: Starting leader election (no leader contacted us within the election timeout)
I20260710 13:28:09.366091  1457 raft_consensus.cc:3060] T 90de50704e7743b780bc94437a839ef9 P 5a267b8dc1f94fe8843b4928f886e948 [term 0 FOLLOWER]: Advancing to term 1
W20260710 13:28:09.369671  1264 leader_election.cc:343] T 90de50704e7743b780bc94437a839ef9 P 5a267b8dc1f94fe8843b4928f886e948 [CANDIDATE]: Term 1 pre-election: Tablet error from VoteRequest() call to peer 42030485308244fab290dab8bd5a0136 (127.31.204.131:37615): Illegal state: must be running to vote when last-logged opid is not known
I20260710 13:28:09.371734  1372 raft_consensus.cc:3060] T b13a74815df849cf999049509d694cd3 P 42030485308244fab290dab8bd5a0136 [term 0 FOLLOWER]: Advancing to term 1
I20260710 13:28:09.386289  1482 consensus_queue.cc:1048] T 274073719f3447a88194feba70916ce5 P 582e3392a65645499eb60acd5c7ca1ae [LEADER]: Connected to new peer: Peer: permanent_uuid: "42030485308244fab290dab8bd5a0136" member_type: VOTER last_known_addr { host: "127.31.204.131" port: 37615 }, Status: LMP_MISMATCH, Last received: 0.0, Next index: 1, Last known committed idx: 0, Time since last communication: 0.000s
I20260710 13:28:09.387517  1457 raft_consensus.cc:515] T 90de50704e7743b780bc94437a839ef9 P 5a267b8dc1f94fe8843b4928f886e948 [term 1 FOLLOWER]: Starting leader election with config: opid_index: -1 OBSOLETE_local: false peers { permanent_uuid: "582e3392a65645499eb60acd5c7ca1ae" member_type: VOTER last_known_addr { host: "127.31.204.129" port: 37105 } } peers { permanent_uuid: "5a267b8dc1f94fe8843b4928f886e948" member_type: VOTER last_known_addr { host: "127.31.204.130" port: 45275 } } peers { permanent_uuid: "42030485308244fab290dab8bd5a0136" member_type: VOTER last_known_addr { host: "127.31.204.131" port: 37615 } }
I20260710 13:28:09.371600  1429 raft_consensus.cc:515] T 9bb91c48cee5498a883f4b2403d9d5de P 5a267b8dc1f94fe8843b4928f886e948 [term 1 FOLLOWER]: Starting leader election with config: opid_index: -1 OBSOLETE_local: false peers { permanent_uuid: "582e3392a65645499eb60acd5c7ca1ae" member_type: VOTER last_known_addr { host: "127.31.204.129" port: 37105 } } peers { permanent_uuid: "5a267b8dc1f94fe8843b4928f886e948" member_type: VOTER last_known_addr { host: "127.31.204.130" port: 45275 } } peers { permanent_uuid: "42030485308244fab290dab8bd5a0136" member_type: VOTER last_known_addr { host: "127.31.204.131" port: 37615 } }
I20260710 13:28:09.390820  1221 tablet_service.cc:1917] Received RequestConsensusVote() RPC: tablet_id: "9bb91c48cee5498a883f4b2403d9d5de" candidate_uuid: "5a267b8dc1f94fe8843b4928f886e948" candidate_term: 1 candidate_status { last_received { term: 0 index: 0 } } ignore_live_leader: false dest_uuid: "582e3392a65645499eb60acd5c7ca1ae"
I20260710 13:28:09.391449  1221 raft_consensus.cc:3060] T 9bb91c48cee5498a883f4b2403d9d5de P 582e3392a65645499eb60acd5c7ca1ae [term 0 FOLLOWER]: Advancing to term 1
I20260710 13:28:09.396324  1482 consensus_queue.cc:1048] T 043a0355f4a54df1a5dbc53cb55b13f5 P 582e3392a65645499eb60acd5c7ca1ae [LEADER]: Connected to new peer: Peer: permanent_uuid: "5a267b8dc1f94fe8843b4928f886e948" member_type: VOTER last_known_addr { host: "127.31.204.130" port: 45275 }, Status: LMP_MISMATCH, Last received: 0.0, Next index: 1, Last known committed idx: 0, Time since last communication: 0.000s
I20260710 13:28:09.398478  1221 raft_consensus.cc:2468] T 9bb91c48cee5498a883f4b2403d9d5de P 582e3392a65645499eb60acd5c7ca1ae [term 1 FOLLOWER]: Leader election vote request: Granting yes vote for candidate 5a267b8dc1f94fe8843b4928f886e948 in term 1.
I20260710 13:28:09.400499  1265 leader_election.cc:304] T 9bb91c48cee5498a883f4b2403d9d5de P 5a267b8dc1f94fe8843b4928f886e948 [CANDIDATE]: Term 1 election: Election decided. Result: candidate won. Election summary: received 2 responses out of 3 voters: 2 yes votes; 0 no votes. yes voters: 582e3392a65645499eb60acd5c7ca1ae, 5a267b8dc1f94fe8843b4928f886e948; no voters: 
I20260710 13:28:09.401568  1433 raft_consensus.cc:2804] T 9bb91c48cee5498a883f4b2403d9d5de P 5a267b8dc1f94fe8843b4928f886e948 [term 1 FOLLOWER]: Leader election won for term 1
I20260710 13:28:09.402065  1433 raft_consensus.cc:697] T 9bb91c48cee5498a883f4b2403d9d5de P 5a267b8dc1f94fe8843b4928f886e948 [term 1 LEADER]: Becoming Leader. State: Replica: 5a267b8dc1f94fe8843b4928f886e948, State: Running, Role: LEADER
I20260710 13:28:09.402896  1433 consensus_queue.cc:237] T 9bb91c48cee5498a883f4b2403d9d5de P 5a267b8dc1f94fe8843b4928f886e948 [LEADER]: Queue going to LEADER mode. State: All replicated index: 0, Majority replicated index: 0, Committed index: 0, Last appended: 0.0, Last appended by leader: 0, Current term: 1, Majority size: 2, State: 0, Mode: LEADER, active raft config: opid_index: -1 OBSOLETE_local: false peers { permanent_uuid: "582e3392a65645499eb60acd5c7ca1ae" member_type: VOTER last_known_addr { host: "127.31.204.129" port: 37105 } } peers { permanent_uuid: "5a267b8dc1f94fe8843b4928f886e948" member_type: VOTER last_known_addr { host: "127.31.204.130" port: 45275 } } peers { permanent_uuid: "42030485308244fab290dab8bd5a0136" member_type: VOTER last_known_addr { host: "127.31.204.131" port: 37615 } }
I20260710 13:28:09.408948  1429 leader_election.cc:290] T 9bb91c48cee5498a883f4b2403d9d5de P 5a267b8dc1f94fe8843b4928f886e948 [CANDIDATE]: Term 1 election: Requested vote from peers 582e3392a65645499eb60acd5c7ca1ae (127.31.204.129:37105), 42030485308244fab290dab8bd5a0136 (127.31.204.131:37615)
I20260710 13:28:09.410413  1373 tablet_service.cc:1917] Received RequestConsensusVote() RPC: tablet_id: "9bb91c48cee5498a883f4b2403d9d5de" candidate_uuid: "5a267b8dc1f94fe8843b4928f886e948" candidate_term: 1 candidate_status { last_received { term: 0 index: 0 } } ignore_live_leader: false dest_uuid: "42030485308244fab290dab8bd5a0136"
W20260710 13:28:09.412074  1264 leader_election.cc:343] T 9bb91c48cee5498a883f4b2403d9d5de P 5a267b8dc1f94fe8843b4928f886e948 [CANDIDATE]: Term 1 election: Tablet error from VoteRequest() call to peer 42030485308244fab290dab8bd5a0136 (127.31.204.131:37615): Illegal state: must be running to vote when last-logged opid is not known
I20260710 13:28:09.417444  1224 tablet_service.cc:1917] Received RequestConsensusVote() RPC: tablet_id: "90de50704e7743b780bc94437a839ef9" candidate_uuid: "5a267b8dc1f94fe8843b4928f886e948" candidate_term: 1 candidate_status { last_received { term: 0 index: 0 } } ignore_live_leader: false dest_uuid: "582e3392a65645499eb60acd5c7ca1ae"
I20260710 13:28:09.418118  1224 raft_consensus.cc:3060] T 90de50704e7743b780bc94437a839ef9 P 582e3392a65645499eb60acd5c7ca1ae [term 0 FOLLOWER]: Advancing to term 1
I20260710 13:28:09.420223  1457 leader_election.cc:290] T 90de50704e7743b780bc94437a839ef9 P 5a267b8dc1f94fe8843b4928f886e948 [CANDIDATE]: Term 1 election: Requested vote from peers 582e3392a65645499eb60acd5c7ca1ae (127.31.204.129:37105), 42030485308244fab290dab8bd5a0136 (127.31.204.131:37615)
I20260710 13:28:09.425741  1299 raft_consensus.cc:3060] T ea8d61d4426d4e9f863f4d15e4e95ae3 P 5a267b8dc1f94fe8843b4928f886e948 [term 0 FOLLOWER]: Advancing to term 1
I20260710 13:28:09.432329  1498 raft_consensus.cc:493] T 28140a16d2be4c6e81217403e95950e3 P 42030485308244fab290dab8bd5a0136 [term 0 FOLLOWER]: Starting pre-election (no leader contacted us within the election timeout)
I20260710 13:28:09.432845  1498 raft_consensus.cc:515] T 28140a16d2be4c6e81217403e95950e3 P 42030485308244fab290dab8bd5a0136 [term 0 FOLLOWER]: Starting pre-election with config: opid_index: -1 OBSOLETE_local: false peers { permanent_uuid: "582e3392a65645499eb60acd5c7ca1ae" member_type: VOTER last_known_addr { host: "127.31.204.129" port: 37105 } } peers { permanent_uuid: "5a267b8dc1f94fe8843b4928f886e948" member_type: VOTER last_known_addr { host: "127.31.204.130" port: 45275 } } peers { permanent_uuid: "42030485308244fab290dab8bd5a0136" member_type: VOTER last_known_addr { host: "127.31.204.131" port: 37615 } }
I20260710 13:28:09.444455  1421 consensus_queue.cc:1048] T edf3abc345e54c76be30457e81558f68 P 42030485308244fab290dab8bd5a0136 [LEADER]: Connected to new peer: Peer: permanent_uuid: "5a267b8dc1f94fe8843b4928f886e948" member_type: VOTER last_known_addr { host: "127.31.204.130" port: 45275 }, Status: LMP_MISMATCH, Last received: 0.0, Next index: 1, Last known committed idx: 0, Time since last communication: 0.000s
I20260710 13:28:09.455471  1481 consensus_queue.cc:1048] T 043a0355f4a54df1a5dbc53cb55b13f5 P 582e3392a65645499eb60acd5c7ca1ae [LEADER]: Connected to new peer: Peer: permanent_uuid: "42030485308244fab290dab8bd5a0136" member_type: VOTER last_known_addr { host: "127.31.204.131" port: 37615 }, Status: LMP_MISMATCH, Last received: 0.0, Next index: 1, Last known committed idx: 0, Time since last communication: 0.000s
W20260710 13:28:09.467737  1264 outbound_call.cc:321] RPC callback for RPC call kudu.consensus.ConsensusService.RequestConsensusVote -> {remote=127.31.204.131:37615, user_credentials={real_user=slave}} blocked reactor thread for 55703.1us
I20260710 13:28:09.469632  1371 tablet_service.cc:1917] Received RequestConsensusVote() RPC: tablet_id: "90de50704e7743b780bc94437a839ef9" candidate_uuid: "5a267b8dc1f94fe8843b4928f886e948" candidate_term: 1 candidate_status { last_received { term: 0 index: 0 } } ignore_live_leader: false dest_uuid: "42030485308244fab290dab8bd5a0136"
I20260710 13:28:09.471251  1457 raft_consensus.cc:493] T ea86c012ef614073871eff2647b14344 P 5a267b8dc1f94fe8843b4928f886e948 [term 0 FOLLOWER]: Starting pre-election (no leader contacted us within the election timeout)
