I20260710 13:27:38.524379 27905 raft_consensus.cc:2468] T c64a10b784c947619902a7641247c7ca P ce6ce240f6954b3296f727342fe3564b [term 1 FOLLOWER]: Leader election vote request: Granting yes vote for candidate 139c805370c141a88893b218c668fd32 in term 1.
I20260710 13:27:38.527338 27973 raft_consensus.cc:2804] T 741b8e202c8d46e4a2cc73f2a40f06ee P 139c805370c141a88893b218c668fd32 [term 1 FOLLOWER]: Leader election won for term 1
I20260710 13:27:38.528280 27973 raft_consensus.cc:697] T 741b8e202c8d46e4a2cc73f2a40f06ee P 139c805370c141a88893b218c668fd32 [term 1 LEADER]: Becoming Leader. State: Replica: 139c805370c141a88893b218c668fd32, State: Running, Role: LEADER
I20260710 13:27:38.529523 27973 consensus_queue.cc:237] T 741b8e202c8d46e4a2cc73f2a40f06ee P 139c805370c141a88893b218c668fd32 [LEADER]: Queue going to LEADER mode. State: All replicated index: 0, Majority replicated index: 0, Committed index: 0, Last appended: 0.0, Last appended by leader: 0, Current term: 1, Majority size: 2, State: 0, Mode: LEADER, active raft config: opid_index: -1 OBSOLETE_local: false peers { permanent_uuid: "56caacfbf2ab46d7ae593f84ceea76aa" member_type: VOTER last_known_addr { host: "127.26.249.193" port: 41901 } } peers { permanent_uuid: "139c805370c141a88893b218c668fd32" member_type: VOTER last_known_addr { host: "127.26.249.194" port: 44119 } } peers { permanent_uuid: "ce6ce240f6954b3296f727342fe3564b" member_type: VOTER last_known_addr { host: "127.26.249.195" port: 40363 } }
I20260710 13:27:38.532800 27796 leader_election.cc:304] T c64a10b784c947619902a7641247c7ca P 139c805370c141a88893b218c668fd32 [CANDIDATE]: Term 1 election: Election decided. Result: candidate won. Election summary: received 3 responses out of 3 voters: 2 yes votes; 1 no votes. yes voters: 139c805370c141a88893b218c668fd32, ce6ce240f6954b3296f727342fe3564b; no voters: 56caacfbf2ab46d7ae593f84ceea76aa
I20260710 13:27:38.534399 27958 raft_consensus.cc:2804] T c64a10b784c947619902a7641247c7ca P 139c805370c141a88893b218c668fd32 [term 1 FOLLOWER]: Leader election won for term 1
I20260710 13:27:38.535053 27958 raft_consensus.cc:697] T c64a10b784c947619902a7641247c7ca P 139c805370c141a88893b218c668fd32 [term 1 LEADER]: Becoming Leader. State: Replica: 139c805370c141a88893b218c668fd32, State: Running, Role: LEADER
I20260710 13:27:38.536145 27958 consensus_queue.cc:237] T c64a10b784c947619902a7641247c7ca P 139c805370c141a88893b218c668fd32 [LEADER]: Queue going to LEADER mode. State: All replicated index: 0, Majority replicated index: 0, Committed index: 0, Last appended: 0.0, Last appended by leader: 0, Current term: 1, Majority size: 2, State: 0, Mode: LEADER, active raft config: opid_index: -1 OBSOLETE_local: false peers { permanent_uuid: "56caacfbf2ab46d7ae593f84ceea76aa" member_type: VOTER last_known_addr { host: "127.26.249.193" port: 41901 } } peers { permanent_uuid: "139c805370c141a88893b218c668fd32" member_type: VOTER last_known_addr { host: "127.26.249.194" port: 44119 } } peers { permanent_uuid: "ce6ce240f6954b3296f727342fe3564b" member_type: VOTER last_known_addr { host: "127.26.249.195" port: 40363 } }
I20260710 13:27:38.560214 27953 tablet_bootstrap.cc:492] T f9099393d5ce4d2794f0f29ce566abf2 P 139c805370c141a88893b218c668fd32: No bootstrap required, opened a new log
I20260710 13:27:38.560755 27953 ts_tablet_manager.cc:1403] T f9099393d5ce4d2794f0f29ce566abf2 P 139c805370c141a88893b218c668fd32: Time spent bootstrapping tablet: real 0.073s	user 0.030s	sys 0.029s
I20260710 13:27:38.564316 27953 raft_consensus.cc:359] T f9099393d5ce4d2794f0f29ce566abf2 P 139c805370c141a88893b218c668fd32 [term 0 FOLLOWER]: Replica starting. Triggering 0 pending ops. Active config: opid_index: -1 OBSOLETE_local: false peers { permanent_uuid: "56caacfbf2ab46d7ae593f84ceea76aa" member_type: VOTER last_known_addr { host: "127.26.249.193" port: 41901 } } peers { permanent_uuid: "139c805370c141a88893b218c668fd32" member_type: VOTER last_known_addr { host: "127.26.249.194" port: 44119 } } peers { permanent_uuid: "ce6ce240f6954b3296f727342fe3564b" member_type: VOTER last_known_addr { host: "127.26.249.195" port: 40363 } }
I20260710 13:27:38.565199 27953 raft_consensus.cc:385] T f9099393d5ce4d2794f0f29ce566abf2 P 139c805370c141a88893b218c668fd32 [term 0 FOLLOWER]: Consensus starting up: Expiring failure detector timer to make a prompt election more likely
I20260710 13:27:38.565533 27953 raft_consensus.cc:740] T f9099393d5ce4d2794f0f29ce566abf2 P 139c805370c141a88893b218c668fd32 [term 0 FOLLOWER]: Becoming Follower/Learner. State: Replica: 139c805370c141a88893b218c668fd32, State: Initialized, Role: FOLLOWER
I20260710 13:27:38.566316 27953 consensus_queue.cc:260] T f9099393d5ce4d2794f0f29ce566abf2 P 139c805370c141a88893b218c668fd32 [NON_LEADER]: Queue going to NON_LEADER mode. State: All replicated index: 0, Majority replicated index: 0, Committed index: 0, Last appended: 0.0, Last appended by leader: 0, Current term: 0, Majority size: -1, State: 0, Mode: NON_LEADER, active raft config: opid_index: -1 OBSOLETE_local: false peers { permanent_uuid: "56caacfbf2ab46d7ae593f84ceea76aa" member_type: VOTER last_known_addr { host: "127.26.249.193" port: 41901 } } peers { permanent_uuid: "139c805370c141a88893b218c668fd32" member_type: VOTER last_known_addr { host: "127.26.249.194" port: 44119 } } peers { permanent_uuid: "ce6ce240f6954b3296f727342fe3564b" member_type: VOTER last_known_addr { host: "127.26.249.195" port: 40363 } }
I20260710 13:27:38.566985 27951 tablet_bootstrap.cc:492] T c64a10b784c947619902a7641247c7ca P 56caacfbf2ab46d7ae593f84ceea76aa: No bootstrap required, opened a new log
I20260710 13:27:38.567499 27951 ts_tablet_manager.cc:1403] T c64a10b784c947619902a7641247c7ca P 56caacfbf2ab46d7ae593f84ceea76aa: Time spent bootstrapping tablet: real 0.063s	user 0.026s	sys 0.022s
I20260710 13:27:38.567647 27980 raft_consensus.cc:493] T 91b83461c39e46258f53b70ec703b465 P ce6ce240f6954b3296f727342fe3564b [term 0 FOLLOWER]: Starting pre-election (no leader contacted us within the election timeout)
I20260710 13:27:38.568140 27980 raft_consensus.cc:515] T 91b83461c39e46258f53b70ec703b465 P ce6ce240f6954b3296f727342fe3564b [term 0 FOLLOWER]: Starting pre-election with config: opid_index: -1 OBSOLETE_local: false peers { permanent_uuid: "56caacfbf2ab46d7ae593f84ceea76aa" member_type: VOTER last_known_addr { host: "127.26.249.193" port: 41901 } } peers { permanent_uuid: "139c805370c141a88893b218c668fd32" member_type: VOTER last_known_addr { host: "127.26.249.194" port: 44119 } } peers { permanent_uuid: "ce6ce240f6954b3296f727342fe3564b" member_type: VOTER last_known_addr { host: "127.26.249.195" port: 40363 } }
I20260710 13:27:38.568898 27953 ts_tablet_manager.cc:1434] T f9099393d5ce4d2794f0f29ce566abf2 P 139c805370c141a88893b218c668fd32: Time spent starting tablet: real 0.008s	user 0.008s	sys 0.001s
I20260710 13:27:38.570345 27980 leader_election.cc:290] T 91b83461c39e46258f53b70ec703b465 P ce6ce240f6954b3296f727342fe3564b [CANDIDATE]: Term 1 pre-election: Requested pre-vote from peers 56caacfbf2ab46d7ae593f84ceea76aa (127.26.249.193:41901), 139c805370c141a88893b218c668fd32 (127.26.249.194:44119)
I20260710 13:27:38.571687 27758 tablet_service.cc:1917] Received RequestConsensusVote() RPC: tablet_id: "91b83461c39e46258f53b70ec703b465" candidate_uuid: "ce6ce240f6954b3296f727342fe3564b" candidate_term: 1 candidate_status { last_received { term: 0 index: 0 } } ignore_live_leader: false dest_uuid: "56caacfbf2ab46d7ae593f84ceea76aa" is_pre_election: true
I20260710 13:27:38.571452 27951 raft_consensus.cc:359] T c64a10b784c947619902a7641247c7ca P 56caacfbf2ab46d7ae593f84ceea76aa [term 0 FOLLOWER]: Replica starting. Triggering 0 pending ops. Active config: opid_index: -1 OBSOLETE_local: false peers { permanent_uuid: "56caacfbf2ab46d7ae593f84ceea76aa" member_type: VOTER last_known_addr { host: "127.26.249.193" port: 41901 } } peers { permanent_uuid: "139c805370c141a88893b218c668fd32" member_type: VOTER last_known_addr { host: "127.26.249.194" port: 44119 } } peers { permanent_uuid: "ce6ce240f6954b3296f727342fe3564b" member_type: VOTER last_known_addr { host: "127.26.249.195" port: 40363 } }
I20260710 13:27:38.572239 27951 raft_consensus.cc:385] T c64a10b784c947619902a7641247c7ca P 56caacfbf2ab46d7ae593f84ceea76aa [term 0 FOLLOWER]: Consensus starting up: Expiring failure detector timer to make a prompt election more likely
I20260710 13:27:38.572554 27951 raft_consensus.cc:740] T c64a10b784c947619902a7641247c7ca P 56caacfbf2ab46d7ae593f84ceea76aa [term 0 FOLLOWER]: Becoming Follower/Learner. State: Replica: 56caacfbf2ab46d7ae593f84ceea76aa, State: Initialized, Role: FOLLOWER
I20260710 13:27:38.573139 27959 raft_consensus.cc:493] T f392ca177d3a42ddae3e0ab663e2d4c2 P 56caacfbf2ab46d7ae593f84ceea76aa [term 0 FOLLOWER]: Starting pre-election (no leader contacted us within the election timeout)
I20260710 13:27:38.572461 27655 catalog_manager.cc:5697] T 741b8e202c8d46e4a2cc73f2a40f06ee P 139c805370c141a88893b218c668fd32 reported cstate change: term changed from 0 to 1, leader changed from <none> to 139c805370c141a88893b218c668fd32 (127.26.249.194). New cstate: current_term: 1 leader_uuid: "139c805370c141a88893b218c668fd32" committed_config { opid_index: -1 OBSOLETE_local: false peers { permanent_uuid: "56caacfbf2ab46d7ae593f84ceea76aa" member_type: VOTER last_known_addr { host: "127.26.249.193" port: 41901 } health_report { overall_health: UNKNOWN } } peers { permanent_uuid: "139c805370c141a88893b218c668fd32" member_type: VOTER last_known_addr { host: "127.26.249.194" port: 44119 } health_report { overall_health: HEALTHY } } peers { permanent_uuid: "ce6ce240f6954b3296f727342fe3564b" member_type: VOTER last_known_addr { host: "127.26.249.195" port: 40363 } health_report { overall_health: UNKNOWN } } }
I20260710 13:27:38.573415 27951 consensus_queue.cc:260] T c64a10b784c947619902a7641247c7ca P 56caacfbf2ab46d7ae593f84ceea76aa [NON_LEADER]: Queue going to NON_LEADER mode. State: All replicated index: 0, Majority replicated index: 0, Committed index: 0, Last appended: 0.0, Last appended by leader: 0, Current term: 0, Majority size: -1, State: 0, Mode: NON_LEADER, active raft config: opid_index: -1 OBSOLETE_local: false peers { permanent_uuid: "56caacfbf2ab46d7ae593f84ceea76aa" member_type: VOTER last_known_addr { host: "127.26.249.193" port: 41901 } } peers { permanent_uuid: "139c805370c141a88893b218c668fd32" member_type: VOTER last_known_addr { host: "127.26.249.194" port: 44119 } } peers { permanent_uuid: "ce6ce240f6954b3296f727342fe3564b" member_type: VOTER last_known_addr { host: "127.26.249.195" port: 40363 } }
I20260710 13:27:38.573737 27959 raft_consensus.cc:515] T f392ca177d3a42ddae3e0ab663e2d4c2 P 56caacfbf2ab46d7ae593f84ceea76aa [term 0 FOLLOWER]: Starting pre-election with config: opid_index: -1 OBSOLETE_local: false peers { permanent_uuid: "ce6ce240f6954b3296f727342fe3564b" member_type: VOTER last_known_addr { host: "127.26.249.195" port: 40363 } } peers { permanent_uuid: "139c805370c141a88893b218c668fd32" member_type: VOTER last_known_addr { host: "127.26.249.194" port: 44119 } } peers { permanent_uuid: "56caacfbf2ab46d7ae593f84ceea76aa" member_type: VOTER last_known_addr { host: "127.26.249.193" port: 41901 } }
I20260710 13:27:38.574322 27655 catalog_manager.cc:5697] T c64a10b784c947619902a7641247c7ca P 139c805370c141a88893b218c668fd32 reported cstate change: term changed from 0 to 1, leader changed from <none> to 139c805370c141a88893b218c668fd32 (127.26.249.194). New cstate: current_term: 1 leader_uuid: "139c805370c141a88893b218c668fd32" committed_config { opid_index: -1 OBSOLETE_local: false peers { permanent_uuid: "56caacfbf2ab46d7ae593f84ceea76aa" member_type: VOTER last_known_addr { host: "127.26.249.193" port: 41901 } health_report { overall_health: UNKNOWN } } peers { permanent_uuid: "139c805370c141a88893b218c668fd32" member_type: VOTER last_known_addr { host: "127.26.249.194" port: 44119 } health_report { overall_health: HEALTHY } } peers { permanent_uuid: "ce6ce240f6954b3296f727342fe3564b" member_type: VOTER last_known_addr { host: "127.26.249.195" port: 40363 } health_report { overall_health: UNKNOWN } } }
W20260710 13:27:38.577492 27870 leader_election.cc:343] T 91b83461c39e46258f53b70ec703b465 P ce6ce240f6954b3296f727342fe3564b [CANDIDATE]: Term 1 pre-election: Tablet error from VoteRequest() call to peer 56caacfbf2ab46d7ae593f84ceea76aa (127.26.249.193:41901): Illegal state: must be running to vote when last-logged opid is not known
I20260710 13:27:38.579263 27832 tablet_service.cc:1917] Received RequestConsensusVote() RPC: tablet_id: "f392ca177d3a42ddae3e0ab663e2d4c2" candidate_uuid: "56caacfbf2ab46d7ae593f84ceea76aa" candidate_term: 1 candidate_status { last_received { term: 0 index: 0 } } ignore_live_leader: false dest_uuid: "139c805370c141a88893b218c668fd32" is_pre_election: true
I20260710 13:27:38.580353 27832 raft_consensus.cc:2393] T f392ca177d3a42ddae3e0ab663e2d4c2 P 139c805370c141a88893b218c668fd32 [term 1 FOLLOWER]: Leader pre-election vote request: Denying vote to candidate 56caacfbf2ab46d7ae593f84ceea76aa in current term 1: Already voted for candidate ce6ce240f6954b3296f727342fe3564b in this term.
I20260710 13:27:38.582242 27959 leader_election.cc:290] T f392ca177d3a42ddae3e0ab663e2d4c2 P 56caacfbf2ab46d7ae593f84ceea76aa [CANDIDATE]: Term 1 pre-election: Requested pre-vote from peers ce6ce240f6954b3296f727342fe3564b (127.26.249.195:40363), 139c805370c141a88893b218c668fd32 (127.26.249.194:44119)
I20260710 13:27:38.583503 27905 tablet_service.cc:1917] Received RequestConsensusVote() RPC: tablet_id: "f392ca177d3a42ddae3e0ab663e2d4c2" candidate_uuid: "56caacfbf2ab46d7ae593f84ceea76aa" candidate_term: 1 candidate_status { last_received { term: 0 index: 0 } } ignore_live_leader: false dest_uuid: "ce6ce240f6954b3296f727342fe3564b" is_pre_election: true
I20260710 13:27:38.585986 27721 leader_election.cc:304] T f392ca177d3a42ddae3e0ab663e2d4c2 P 56caacfbf2ab46d7ae593f84ceea76aa [CANDIDATE]: Term 1 pre-election: Election decided. Result: candidate lost. Election summary: received 3 responses out of 3 voters: 1 yes votes; 2 no votes. yes voters: 56caacfbf2ab46d7ae593f84ceea76aa; no voters: 139c805370c141a88893b218c668fd32, ce6ce240f6954b3296f727342fe3564b
I20260710 13:27:38.589500 27959 raft_consensus.cc:3060] T f392ca177d3a42ddae3e0ab663e2d4c2 P 56caacfbf2ab46d7ae593f84ceea76aa [term 0 FOLLOWER]: Advancing to term 1
I20260710 13:27:38.597334 27953 tablet_bootstrap.cc:492] T 91b83461c39e46258f53b70ec703b465 P 139c805370c141a88893b218c668fd32: Bootstrap starting.
I20260710 13:27:38.599856 27833 tablet_service.cc:1917] Received RequestConsensusVote() RPC: tablet_id: "91b83461c39e46258f53b70ec703b465" candidate_uuid: "ce6ce240f6954b3296f727342fe3564b" candidate_term: 1 candidate_status { last_received { term: 0 index: 0 } } ignore_live_leader: false dest_uuid: "139c805370c141a88893b218c668fd32" is_pre_election: true
W20260710 13:27:38.601433 27873 leader_election.cc:343] T 91b83461c39e46258f53b70ec703b465 P ce6ce240f6954b3296f727342fe3564b [CANDIDATE]: Term 1 pre-election: Tablet error from VoteRequest() call to peer 139c805370c141a88893b218c668fd32 (127.26.249.194:44119): Illegal state: must be running to vote when last-logged opid is not known
I20260710 13:27:38.601925 27873 leader_election.cc:304] T 91b83461c39e46258f53b70ec703b465 P ce6ce240f6954b3296f727342fe3564b [CANDIDATE]: Term 1 pre-election: Election decided. Result: candidate lost. Election summary: received 3 responses out of 3 voters: 1 yes votes; 2 no votes. yes voters: ce6ce240f6954b3296f727342fe3564b; no voters: 139c805370c141a88893b218c668fd32, 56caacfbf2ab46d7ae593f84ceea76aa
I20260710 13:27:38.602725 27980 raft_consensus.cc:2749] T 91b83461c39e46258f53b70ec703b465 P ce6ce240f6954b3296f727342fe3564b [term 0 FOLLOWER]: Leader pre-election lost for term 1. Reason: could not achieve majority
I20260710 13:27:38.607661 27959 raft_consensus.cc:2749] T f392ca177d3a42ddae3e0ab663e2d4c2 P 56caacfbf2ab46d7ae593f84ceea76aa [term 1 FOLLOWER]: Leader pre-election lost for term 1. Reason: could not achieve majority
I20260710 13:27:38.612649 27953 tablet_bootstrap.cc:654] T 91b83461c39e46258f53b70ec703b465 P 139c805370c141a88893b218c668fd32: Neither blocks nor log segments found. Creating new log.
I20260710 13:27:38.615849 27951 ts_tablet_manager.cc:1434] T c64a10b784c947619902a7641247c7ca P 56caacfbf2ab46d7ae593f84ceea76aa: Time spent starting tablet: real 0.048s	user 0.026s	sys 0.021s
I20260710 13:27:38.617005 27951 tablet_bootstrap.cc:492] T 91b83461c39e46258f53b70ec703b465 P 56caacfbf2ab46d7ae593f84ceea76aa: Bootstrap starting.
I20260710 13:27:38.623744 27951 tablet_bootstrap.cc:654] T 91b83461c39e46258f53b70ec703b465 P 56caacfbf2ab46d7ae593f84ceea76aa: Neither blocks nor log segments found. Creating new log.
I20260710 13:27:38.626413 27953 tablet_bootstrap.cc:492] T 91b83461c39e46258f53b70ec703b465 P 139c805370c141a88893b218c668fd32: No bootstrap required, opened a new log
I20260710 13:27:38.626910 27953 ts_tablet_manager.cc:1403] T 91b83461c39e46258f53b70ec703b465 P 139c805370c141a88893b218c668fd32: Time spent bootstrapping tablet: real 0.057s	user 0.006s	sys 0.014s
I20260710 13:27:38.628750 27951 tablet_bootstrap.cc:492] T 91b83461c39e46258f53b70ec703b465 P 56caacfbf2ab46d7ae593f84ceea76aa: No bootstrap required, opened a new log
I20260710 13:27:38.629253 27951 ts_tablet_manager.cc:1403] T 91b83461c39e46258f53b70ec703b465 P 56caacfbf2ab46d7ae593f84ceea76aa: Time spent bootstrapping tablet: real 0.012s	user 0.009s	sys 0.003s
I20260710 13:27:38.630184 27953 raft_consensus.cc:359] T 91b83461c39e46258f53b70ec703b465 P 139c805370c141a88893b218c668fd32 [term 0 FOLLOWER]: Replica starting. Triggering 0 pending ops. Active config: opid_index: -1 OBSOLETE_local: false peers { permanent_uuid: "56caacfbf2ab46d7ae593f84ceea76aa" member_type: VOTER last_known_addr { host: "127.26.249.193" port: 41901 } } peers { permanent_uuid: "139c805370c141a88893b218c668fd32" member_type: VOTER last_known_addr { host: "127.26.249.194" port: 44119 } } peers { permanent_uuid: "ce6ce240f6954b3296f727342fe3564b" member_type: VOTER last_known_addr { host: "127.26.249.195" port: 40363 } }
I20260710 13:27:38.630923 27953 raft_consensus.cc:385] T 91b83461c39e46258f53b70ec703b465 P 139c805370c141a88893b218c668fd32 [term 0 FOLLOWER]: Consensus starting up: Expiring failure detector timer to make a prompt election more likely
I20260710 13:27:38.631227 27953 raft_consensus.cc:740] T 91b83461c39e46258f53b70ec703b465 P 139c805370c141a88893b218c668fd32 [term 0 FOLLOWER]: Becoming Follower/Learner. State: Replica: 139c805370c141a88893b218c668fd32, State: Initialized, Role: FOLLOWER
I20260710 13:27:38.631594 27951 raft_consensus.cc:359] T 91b83461c39e46258f53b70ec703b465 P 56caacfbf2ab46d7ae593f84ceea76aa [term 0 FOLLOWER]: Replica starting. Triggering 0 pending ops. Active config: opid_index: -1 OBSOLETE_local: false peers { permanent_uuid: "56caacfbf2ab46d7ae593f84ceea76aa" member_type: VOTER last_known_addr { host: "127.26.249.193" port: 41901 } } peers { permanent_uuid: "139c805370c141a88893b218c668fd32" member_type: VOTER last_known_addr { host: "127.26.249.194" port: 44119 } } peers { permanent_uuid: "ce6ce240f6954b3296f727342fe3564b" member_type: VOTER last_known_addr { host: "127.26.249.195" port: 40363 } }
I20260710 13:27:38.632371 27951 raft_consensus.cc:385] T 91b83461c39e46258f53b70ec703b465 P 56caacfbf2ab46d7ae593f84ceea76aa [term 0 FOLLOWER]: Consensus starting up: Expiring failure detector timer to make a prompt election more likely
I20260710 13:27:38.632053 27953 consensus_queue.cc:260] T 91b83461c39e46258f53b70ec703b465 P 139c805370c141a88893b218c668fd32 [NON_LEADER]: Queue going to NON_LEADER mode. State: All replicated index: 0, Majority replicated index: 0, Committed index: 0, Last appended: 0.0, Last appended by leader: 0, Current term: 0, Majority size: -1, State: 0, Mode: NON_LEADER, active raft config: opid_index: -1 OBSOLETE_local: false peers { permanent_uuid: "56caacfbf2ab46d7ae593f84ceea76aa" member_type: VOTER last_known_addr { host: "127.26.249.193" port: 41901 } } peers { permanent_uuid: "139c805370c141a88893b218c668fd32" member_type: VOTER last_known_addr { host: "127.26.249.194" port: 44119 } } peers { permanent_uuid: "ce6ce240f6954b3296f727342fe3564b" member_type: VOTER last_known_addr { host: "127.26.249.195" port: 40363 } }
I20260710 13:27:38.632633 27951 raft_consensus.cc:740] T 91b83461c39e46258f53b70ec703b465 P 56caacfbf2ab46d7ae593f84ceea76aa [term 0 FOLLOWER]: Becoming Follower/Learner. State: Replica: 56caacfbf2ab46d7ae593f84ceea76aa, State: Initialized, Role: FOLLOWER
I20260710 13:27:38.633419 27951 consensus_queue.cc:260] T 91b83461c39e46258f53b70ec703b465 P 56caacfbf2ab46d7ae593f84ceea76aa [NON_LEADER]: Queue going to NON_LEADER mode. State: All replicated index: 0, Majority replicated index: 0, Committed index: 0, Last appended: 0.0, Last appended by leader: 0, Current term: 0, Majority size: -1, State: 0, Mode: NON_LEADER, active raft config: opid_index: -1 OBSOLETE_local: false peers { permanent_uuid: "56caacfbf2ab46d7ae593f84ceea76aa" member_type: VOTER last_known_addr { host: "127.26.249.193" port: 41901 } } peers { permanent_uuid: "139c805370c141a88893b218c668fd32" member_type: VOTER last_known_addr { host: "127.26.249.194" port: 44119 } } peers { permanent_uuid: "ce6ce240f6954b3296f727342fe3564b" member_type: VOTER last_known_addr { host: "127.26.249.195" port: 40363 } }
I20260710 13:27:38.634393 27953 ts_tablet_manager.cc:1434] T 91b83461c39e46258f53b70ec703b465 P 139c805370c141a88893b218c668fd32: Time spent starting tablet: real 0.007s	user 0.005s	sys 0.002s
I20260710 13:27:38.635380 27953 tablet_bootstrap.cc:492] T 0bd6e9b3fdc940e68ad33c1405d05941 P 139c805370c141a88893b218c668fd32: Bootstrap starting.
I20260710 13:27:38.635692 27951 ts_tablet_manager.cc:1434] T 91b83461c39e46258f53b70ec703b465 P 56caacfbf2ab46d7ae593f84ceea76aa: Time spent starting tablet: real 0.006s	user 0.004s	sys 0.000s
I20260710 13:27:38.636772 27951 tablet_bootstrap.cc:492] T 0bd6e9b3fdc940e68ad33c1405d05941 P 56caacfbf2ab46d7ae593f84ceea76aa: Bootstrap starting.
I20260710 13:27:38.641776 27953 tablet_bootstrap.cc:654] T 0bd6e9b3fdc940e68ad33c1405d05941 P 139c805370c141a88893b218c668fd32: Neither blocks nor log segments found. Creating new log.
I20260710 13:27:38.643441 27973 raft_consensus.cc:493] T f9099393d5ce4d2794f0f29ce566abf2 P 139c805370c141a88893b218c668fd32 [term 0 FOLLOWER]: Starting pre-election (no leader contacted us within the election timeout)
I20260710 13:27:38.643944 27973 raft_consensus.cc:515] T f9099393d5ce4d2794f0f29ce566abf2 P 139c805370c141a88893b218c668fd32 [term 0 FOLLOWER]: Starting pre-election with config: opid_index: -1 OBSOLETE_local: false peers { permanent_uuid: "56caacfbf2ab46d7ae593f84ceea76aa" member_type: VOTER last_known_addr { host: "127.26.249.193" port: 41901 } } peers { permanent_uuid: "139c805370c141a88893b218c668fd32" member_type: VOTER last_known_addr { host: "127.26.249.194" port: 44119 } } peers { permanent_uuid: "ce6ce240f6954b3296f727342fe3564b" member_type: VOTER last_known_addr { host: "127.26.249.195" port: 40363 } }
I20260710 13:27:38.645411 27951 tablet_bootstrap.cc:654] T 0bd6e9b3fdc940e68ad33c1405d05941 P 56caacfbf2ab46d7ae593f84ceea76aa: Neither blocks nor log segments found. Creating new log.
I20260710 13:27:38.646060 27973 leader_election.cc:290] T f9099393d5ce4d2794f0f29ce566abf2 P 139c805370c141a88893b218c668fd32 [CANDIDATE]: Term 1 pre-election: Requested pre-vote from peers 56caacfbf2ab46d7ae593f84ceea76aa (127.26.249.193:41901), ce6ce240f6954b3296f727342fe3564b (127.26.249.195:40363)
I20260710 13:27:38.648183 27905 tablet_service.cc:1917] Received RequestConsensusVote() RPC: tablet_id: "f9099393d5ce4d2794f0f29ce566abf2" candidate_uuid: "139c805370c141a88893b218c668fd32" candidate_term: 1 candidate_status { last_received { term: 0 index: 0 } } ignore_live_leader: false dest_uuid: "ce6ce240f6954b3296f727342fe3564b" is_pre_election: true
I20260710 13:27:38.650600 27758 tablet_service.cc:1917] Received RequestConsensusVote() RPC: tablet_id: "f9099393d5ce4d2794f0f29ce566abf2" candidate_uuid: "139c805370c141a88893b218c668fd32" candidate_term: 1 candidate_status { last_received { term: 0 index: 0 } } ignore_live_leader: false dest_uuid: "56caacfbf2ab46d7ae593f84ceea76aa" is_pre_election: true
I20260710 13:27:38.651726 27758 raft_consensus.cc:2393] T f9099393d5ce4d2794f0f29ce566abf2 P 56caacfbf2ab46d7ae593f84ceea76aa [term 1 FOLLOWER]: Leader pre-election vote request: Denying vote to candidate 139c805370c141a88893b218c668fd32 in current term 1: Already voted for candidate ce6ce240f6954b3296f727342fe3564b in this term.
I20260710 13:27:38.654923 27796 leader_election.cc:304] T f9099393d5ce4d2794f0f29ce566abf2 P 139c805370c141a88893b218c668fd32 [CANDIDATE]: Term 1 pre-election: Election decided. Result: candidate lost. Election summary: received 3 responses out of 3 voters: 1 yes votes; 2 no votes. yes voters: 139c805370c141a88893b218c668fd32; no voters: 56caacfbf2ab46d7ae593f84ceea76aa, ce6ce240f6954b3296f727342fe3564b
I20260710 13:27:38.655740 27973 raft_consensus.cc:3060] T f9099393d5ce4d2794f0f29ce566abf2 P 139c805370c141a88893b218c668fd32 [term 0 FOLLOWER]: Advancing to term 1
I20260710 13:27:38.662333 27973 raft_consensus.cc:2749] T f9099393d5ce4d2794f0f29ce566abf2 P 139c805370c141a88893b218c668fd32 [term 1 FOLLOWER]: Leader pre-election lost for term 1. Reason: could not achieve majority
I20260710 13:27:38.663775 27953 tablet_bootstrap.cc:492] T 0bd6e9b3fdc940e68ad33c1405d05941 P 139c805370c141a88893b218c668fd32: No bootstrap required, opened a new log
I20260710 13:27:38.664239 27953 ts_tablet_manager.cc:1403] T 0bd6e9b3fdc940e68ad33c1405d05941 P 139c805370c141a88893b218c668fd32: Time spent bootstrapping tablet: real 0.029s	user 0.015s	sys 0.011s
I20260710 13:27:38.664433 27951 tablet_bootstrap.cc:492] T 0bd6e9b3fdc940e68ad33c1405d05941 P 56caacfbf2ab46d7ae593f84ceea76aa: No bootstrap required, opened a new log
I20260710 13:27:38.664886 27951 ts_tablet_manager.cc:1403] T 0bd6e9b3fdc940e68ad33c1405d05941 P 56caacfbf2ab46d7ae593f84ceea76aa: Time spent bootstrapping tablet: real 0.028s	user 0.014s	sys 0.003s
I20260710 13:27:38.666678 27953 raft_consensus.cc:359] T 0bd6e9b3fdc940e68ad33c1405d05941 P 139c805370c141a88893b218c668fd32 [term 0 FOLLOWER]: Replica starting. Triggering 0 pending ops. Active config: opid_index: -1 OBSOLETE_local: false peers { permanent_uuid: "56caacfbf2ab46d7ae593f84ceea76aa" member_type: VOTER last_known_addr { host: "127.26.249.193" port: 41901 } } peers { permanent_uuid: "139c805370c141a88893b218c668fd32" member_type: VOTER last_known_addr { host: "127.26.249.194" port: 44119 } } peers { permanent_uuid: "ce6ce240f6954b3296f727342fe3564b" member_type: VOTER last_known_addr { host: "127.26.249.195" port: 40363 } }
I20260710 13:27:38.667310 27953 raft_consensus.cc:385] T 0bd6e9b3fdc940e68ad33c1405d05941 P 139c805370c141a88893b218c668fd32 [term 0 FOLLOWER]: Consensus starting up: Expiring failure detector timer to make a prompt election more likely
I20260710 13:27:38.667547 27953 raft_consensus.cc:740] T 0bd6e9b3fdc940e68ad33c1405d05941 P 139c805370c141a88893b218c668fd32 [term 0 FOLLOWER]: Becoming Follower/Learner. State: Replica: 139c805370c141a88893b218c668fd32, State: Initialized, Role: FOLLOWER
I20260710 13:27:38.667667 27951 raft_consensus.cc:359] T 0bd6e9b3fdc940e68ad33c1405d05941 P 56caacfbf2ab46d7ae593f84ceea76aa [term 0 FOLLOWER]: Replica starting. Triggering 0 pending ops. Active config: opid_index: -1 OBSOLETE_local: false peers { permanent_uuid: "56caacfbf2ab46d7ae593f84ceea76aa" member_type: VOTER last_known_addr { host: "127.26.249.193" port: 41901 } } peers { permanent_uuid: "139c805370c141a88893b218c668fd32" member_type: VOTER last_known_addr { host: "127.26.249.194" port: 44119 } } peers { permanent_uuid: "ce6ce240f6954b3296f727342fe3564b" member_type: VOTER last_known_addr { host: "127.26.249.195" port: 40363 } }
I20260710 13:27:38.668162 27953 consensus_queue.cc:260] T 0bd6e9b3fdc940e68ad33c1405d05941 P 139c805370c141a88893b218c668fd32 [NON_LEADER]: Queue going to NON_LEADER mode. State: All replicated index: 0, Majority replicated index: 0, Committed index: 0, Last appended: 0.0, Last appended by leader: 0, Current term: 0, Majority size: -1, State: 0, Mode: NON_LEADER, active raft config: opid_index: -1 OBSOLETE_local: false peers { permanent_uuid: "56caacfbf2ab46d7ae593f84ceea76aa" member_type: VOTER last_known_addr { host: "127.26.249.193" port: 41901 } } peers { permanent_uuid: "139c805370c141a88893b218c668fd32" member_type: VOTER last_known_addr { host: "127.26.249.194" port: 44119 } } peers { permanent_uuid: "ce6ce240f6954b3296f727342fe3564b" member_type: VOTER last_known_addr { host: "127.26.249.195" port: 40363 } }
I20260710 13:27:38.668679 27951 raft_consensus.cc:385] T 0bd6e9b3fdc940e68ad33c1405d05941 P 56caacfbf2ab46d7ae593f84ceea76aa [term 0 FOLLOWER]: Consensus starting up: Expiring failure detector timer to make a prompt election more likely
I20260710 13:27:38.669004 27951 raft_consensus.cc:740] T 0bd6e9b3fdc940e68ad33c1405d05941 P 56caacfbf2ab46d7ae593f84ceea76aa [term 0 FOLLOWER]: Becoming Follower/Learner. State: Replica: 56caacfbf2ab46d7ae593f84ceea76aa, State: Initialized, Role: FOLLOWER
I20260710 13:27:38.670282 27953 ts_tablet_manager.cc:1434] T 0bd6e9b3fdc940e68ad33c1405d05941 P 139c805370c141a88893b218c668fd32: Time spent starting tablet: real 0.006s	user 0.005s	sys 0.001s
I20260710 13:27:38.669811 27951 consensus_queue.cc:260] T 0bd6e9b3fdc940e68ad33c1405d05941 P 56caacfbf2ab46d7ae593f84ceea76aa [NON_LEADER]: Queue going to NON_LEADER mode. State: All replicated index: 0, Majority replicated index: 0, Committed index: 0, Last appended: 0.0, Last appended by leader: 0, Current term: 0, Majority size: -1, State: 0, Mode: NON_LEADER, active raft config: opid_index: -1 OBSOLETE_local: false peers { permanent_uuid: "56caacfbf2ab46d7ae593f84ceea76aa" member_type: VOTER last_known_addr { host: "127.26.249.193" port: 41901 } } peers { permanent_uuid: "139c805370c141a88893b218c668fd32" member_type: VOTER last_known_addr { host: "127.26.249.194" port: 44119 } } peers { permanent_uuid: "ce6ce240f6954b3296f727342fe3564b" member_type: VOTER last_known_addr { host: "127.26.249.195" port: 40363 } }
I20260710 13:27:38.671172 27953 tablet_bootstrap.cc:492] T c2fea8ce7b6d44a887ff51192061cae9 P 139c805370c141a88893b218c668fd32: Bootstrap starting.
I20260710 13:27:38.672904 27951 ts_tablet_manager.cc:1434] T 0bd6e9b3fdc940e68ad33c1405d05941 P 56caacfbf2ab46d7ae593f84ceea76aa: Time spent starting tablet: real 0.008s	user 0.006s	sys 0.000s
I20260710 13:27:38.674612 27951 tablet_bootstrap.cc:492] T 741b8e202c8d46e4a2cc73f2a40f06ee P 56caacfbf2ab46d7ae593f84ceea76aa: Bootstrap starting.
I20260710 13:27:38.677282 27953 tablet_bootstrap.cc:654] T c2fea8ce7b6d44a887ff51192061cae9 P 139c805370c141a88893b218c668fd32: Neither blocks nor log segments found. Creating new log.
I20260710 13:27:38.681596 27951 tablet_bootstrap.cc:654] T 741b8e202c8d46e4a2cc73f2a40f06ee P 56caacfbf2ab46d7ae593f84ceea76aa: Neither blocks nor log segments found. Creating new log.
I20260710 13:27:38.684137 27980 raft_consensus.cc:493] T 0bd6e9b3fdc940e68ad33c1405d05941 P ce6ce240f6954b3296f727342fe3564b [term 0 FOLLOWER]: Starting pre-election (no leader contacted us within the election timeout)
I20260710 13:27:38.684433 27973 raft_consensus.cc:493] T 91b83461c39e46258f53b70ec703b465 P 139c805370c141a88893b218c668fd32 [term 0 FOLLOWER]: Starting pre-election (no leader contacted us within the election timeout)
I20260710 13:27:38.684897 27980 raft_consensus.cc:515] T 0bd6e9b3fdc940e68ad33c1405d05941 P ce6ce240f6954b3296f727342fe3564b [term 0 FOLLOWER]: Starting pre-election with config: opid_index: -1 OBSOLETE_local: false peers { permanent_uuid: "56caacfbf2ab46d7ae593f84ceea76aa" member_type: VOTER last_known_addr { host: "127.26.249.193" port: 41901 } } peers { permanent_uuid: "139c805370c141a88893b218c668fd32" member_type: VOTER last_known_addr { host: "127.26.249.194" port: 44119 } } peers { permanent_uuid: "ce6ce240f6954b3296f727342fe3564b" member_type: VOTER last_known_addr { host: "127.26.249.195" port: 40363 } }
I20260710 13:27:38.685191 27973 raft_consensus.cc:515] T 91b83461c39e46258f53b70ec703b465 P 139c805370c141a88893b218c668fd32 [term 0 FOLLOWER]: Starting pre-election with config: opid_index: -1 OBSOLETE_local: false peers { permanent_uuid: "56caacfbf2ab46d7ae593f84ceea76aa" member_type: VOTER last_known_addr { host: "127.26.249.193" port: 41901 } } peers { permanent_uuid: "139c805370c141a88893b218c668fd32" member_type: VOTER last_known_addr { host: "127.26.249.194" port: 44119 } } peers { permanent_uuid: "ce6ce240f6954b3296f727342fe3564b" member_type: VOTER last_known_addr { host: "127.26.249.195" port: 40363 } }
I20260710 13:27:38.689636 27973 leader_election.cc:290] T 91b83461c39e46258f53b70ec703b465 P 139c805370c141a88893b218c668fd32 [CANDIDATE]: Term 1 pre-election: Requested pre-vote from peers 56caacfbf2ab46d7ae593f84ceea76aa (127.26.249.193:41901), ce6ce240f6954b3296f727342fe3564b (127.26.249.195:40363)
I20260710 13:27:38.689893 27833 tablet_service.cc:1917] Received RequestConsensusVote() RPC: tablet_id: "0bd6e9b3fdc940e68ad33c1405d05941" candidate_uuid: "ce6ce240f6954b3296f727342fe3564b" candidate_term: 1 candidate_status { last_received { term: 0 index: 0 } } ignore_live_leader: false dest_uuid: "139c805370c141a88893b218c668fd32" is_pre_election: true
I20260710 13:27:38.690909 27833 raft_consensus.cc:2468] T 0bd6e9b3fdc940e68ad33c1405d05941 P 139c805370c141a88893b218c668fd32 [term 0 FOLLOWER]: Leader pre-election vote request: Granting yes vote for candidate ce6ce240f6954b3296f727342fe3564b in term 0.
I20260710 13:27:38.691270 27758 tablet_service.cc:1917] Received RequestConsensusVote() RPC: tablet_id: "0bd6e9b3fdc940e68ad33c1405d05941" candidate_uuid: "ce6ce240f6954b3296f727342fe3564b" candidate_term: 1 candidate_status { last_received { term: 0 index: 0 } } ignore_live_leader: false dest_uuid: "56caacfbf2ab46d7ae593f84ceea76aa" is_pre_election: true
I20260710 13:27:38.691923 27758 raft_consensus.cc:2468] T 0bd6e9b3fdc940e68ad33c1405d05941 P 56caacfbf2ab46d7ae593f84ceea76aa [term 0 FOLLOWER]: Leader pre-election vote request: Granting yes vote for candidate ce6ce240f6954b3296f727342fe3564b in term 0.
I20260710 13:27:38.692703 27873 leader_election.cc:304] T 0bd6e9b3fdc940e68ad33c1405d05941 P ce6ce240f6954b3296f727342fe3564b [CANDIDATE]: Term 1 pre-election: Election decided. Result: candidate won. Election summary: received 2 responses out of 3 voters: 2 yes votes; 0 no votes. yes voters: 139c805370c141a88893b218c668fd32, ce6ce240f6954b3296f727342fe3564b; no voters: 
I20260710 13:27:38.693269 27951 tablet_bootstrap.cc:492] T 741b8e202c8d46e4a2cc73f2a40f06ee P 56caacfbf2ab46d7ae593f84ceea76aa: No bootstrap required, opened a new log
I20260710 13:27:38.693727 27951 ts_tablet_manager.cc:1403] T 741b8e202c8d46e4a2cc73f2a40f06ee P 56caacfbf2ab46d7ae593f84ceea76aa: Time spent bootstrapping tablet: real 0.019s	user 0.012s	sys 0.005s
I20260710 13:27:38.693938 27975 raft_consensus.cc:2804] T 0bd6e9b3fdc940e68ad33c1405d05941 P ce6ce240f6954b3296f727342fe3564b [term 0 FOLLOWER]: Leader pre-election won for term 1
I20260710 13:27:38.694410 27975 raft_consensus.cc:493] T 0bd6e9b3fdc940e68ad33c1405d05941 P ce6ce240f6954b3296f727342fe3564b [term 0 FOLLOWER]: Starting leader election (no leader contacted us within the election timeout)
I20260710 13:27:38.694878 27975 raft_consensus.cc:3060] T 0bd6e9b3fdc940e68ad33c1405d05941 P ce6ce240f6954b3296f727342fe3564b [term 0 FOLLOWER]: Advancing to term 1
I20260710 13:27:38.694950 27905 tablet_service.cc:1917] Received RequestConsensusVote() RPC: tablet_id: "91b83461c39e46258f53b70ec703b465" candidate_uuid: "139c805370c141a88893b218c668fd32" candidate_term: 1 candidate_status { last_received { term: 0 index: 0 } } ignore_live_leader: false dest_uuid: "ce6ce240f6954b3296f727342fe3564b" is_pre_election: true
I20260710 13:27:38.695665 27905 raft_consensus.cc:2468] T 91b83461c39e46258f53b70ec703b465 P ce6ce240f6954b3296f727342fe3564b [term 0 FOLLOWER]: Leader pre-election vote request: Granting yes vote for candidate 139c805370c141a88893b218c668fd32 in term 0.
I20260710 13:27:38.696415 27951 raft_consensus.cc:359] T 741b8e202c8d46e4a2cc73f2a40f06ee P 56caacfbf2ab46d7ae593f84ceea76aa [term 0 FOLLOWER]: Replica starting. Triggering 0 pending ops. Active config: opid_index: -1 OBSOLETE_local: false peers { permanent_uuid: "56caacfbf2ab46d7ae593f84ceea76aa" member_type: VOTER last_known_addr { host: "127.26.249.193" port: 41901 } } peers { permanent_uuid: "139c805370c141a88893b218c668fd32" member_type: VOTER last_known_addr { host: "127.26.249.194" port: 44119 } } peers { permanent_uuid: "ce6ce240f6954b3296f727342fe3564b" member_type: VOTER last_known_addr { host: "127.26.249.195" port: 40363 } }
I20260710 13:27:38.697079 27951 raft_consensus.cc:385] T 741b8e202c8d46e4a2cc73f2a40f06ee P 56caacfbf2ab46d7ae593f84ceea76aa [term 0 FOLLOWER]: Consensus starting up: Expiring failure detector timer to make a prompt election more likely
I20260710 13:27:38.697386 27951 raft_consensus.cc:740] T 741b8e202c8d46e4a2cc73f2a40f06ee P 56caacfbf2ab46d7ae593f84ceea76aa [term 0 FOLLOWER]: Becoming Follower/Learner. State: Replica: 56caacfbf2ab46d7ae593f84ceea76aa, State: Initialized, Role: FOLLOWER
I20260710 13:27:38.697772 27796 leader_election.cc:304] T 91b83461c39e46258f53b70ec703b465 P 139c805370c141a88893b218c668fd32 [CANDIDATE]: Term 1 pre-election: Election decided. Result: candidate won. Election summary: received 2 responses out of 3 voters: 2 yes votes; 0 no votes. yes voters: 139c805370c141a88893b218c668fd32, ce6ce240f6954b3296f727342fe3564b; no voters: 
I20260710 13:27:38.698025 27951 consensus_queue.cc:260] T 741b8e202c8d46e4a2cc73f2a40f06ee P 56caacfbf2ab46d7ae593f84ceea76aa [NON_LEADER]: Queue going to NON_LEADER mode. State: All replicated index: 0, Majority replicated index: 0, Committed index: 0, Last appended: 0.0, Last appended by leader: 0, Current term: 0, Majority size: -1, State: 0, Mode: NON_LEADER, active raft config: opid_index: -1 OBSOLETE_local: false peers { permanent_uuid: "56caacfbf2ab46d7ae593f84ceea76aa" member_type: VOTER last_known_addr { host: "127.26.249.193" port: 41901 } } peers { permanent_uuid: "139c805370c141a88893b218c668fd32" member_type: VOTER last_known_addr { host: "127.26.249.194" port: 44119 } } peers { permanent_uuid: "ce6ce240f6954b3296f727342fe3564b" member_type: VOTER last_known_addr { host: "127.26.249.195" port: 40363 } }
I20260710 13:27:38.698977 27758 tablet_service.cc:1917] Received RequestConsensusVote() RPC: tablet_id: "91b83461c39e46258f53b70ec703b465" candidate_uuid: "139c805370c141a88893b218c668fd32" candidate_term: 1 candidate_status { last_received { term: 0 index: 0 } } ignore_live_leader: false dest_uuid: "56caacfbf2ab46d7ae593f84ceea76aa" is_pre_election: true
I20260710 13:27:38.699564 27758 raft_consensus.cc:2468] T 91b83461c39e46258f53b70ec703b465 P 56caacfbf2ab46d7ae593f84ceea76aa [term 0 FOLLOWER]: Leader pre-election vote request: Granting yes vote for candidate 139c805370c141a88893b218c668fd32 in term 0.
I20260710 13:27:38.700382 27951 ts_tablet_manager.cc:1434] T 741b8e202c8d46e4a2cc73f2a40f06ee P 56caacfbf2ab46d7ae593f84ceea76aa: Time spent starting tablet: real 0.006s	user 0.000s	sys 0.006s
I20260710 13:27:38.701292 27951 tablet_bootstrap.cc:492] T c2fea8ce7b6d44a887ff51192061cae9 P 56caacfbf2ab46d7ae593f84ceea76aa: Bootstrap starting.
I20260710 13:27:38.701421 27973 raft_consensus.cc:2804] T 91b83461c39e46258f53b70ec703b465 P 139c805370c141a88893b218c668fd32 [term 0 FOLLOWER]: Leader pre-election won for term 1
I20260710 13:27:38.702108 27973 raft_consensus.cc:493] T 91b83461c39e46258f53b70ec703b465 P 139c805370c141a88893b218c668fd32 [term 0 FOLLOWER]: Starting leader election (no leader contacted us within the election timeout)
I20260710 13:27:38.702507 27973 raft_consensus.cc:3060] T 91b83461c39e46258f53b70ec703b465 P 139c805370c141a88893b218c668fd32 [term 0 FOLLOWER]: Advancing to term 1
I20260710 13:27:38.704066 27970 raft_consensus.cc:493] T c2fea8ce7b6d44a887ff51192061cae9 P ce6ce240f6954b3296f727342fe3564b [term 0 FOLLOWER]: Starting pre-election (no leader contacted us within the election timeout)
I20260710 13:27:38.704725 27970 raft_consensus.cc:515] T c2fea8ce7b6d44a887ff51192061cae9 P ce6ce240f6954b3296f727342fe3564b [term 0 FOLLOWER]: Starting pre-election with config: opid_index: -1 OBSOLETE_local: false peers { permanent_uuid: "56caacfbf2ab46d7ae593f84ceea76aa" member_type: VOTER last_known_addr { host: "127.26.249.193" port: 41901 } } peers { permanent_uuid: "139c805370c141a88893b218c668fd32" member_type: VOTER last_known_addr { host: "127.26.249.194" port: 44119 } } peers { permanent_uuid: "ce6ce240f6954b3296f727342fe3564b" member_type: VOTER last_known_addr { host: "127.26.249.195" port: 40363 } }
I20260710 13:27:38.707463 27951 tablet_bootstrap.cc:654] T c2fea8ce7b6d44a887ff51192061cae9 P 56caacfbf2ab46d7ae593f84ceea76aa: Neither blocks nor log segments found. Creating new log.
I20260710 13:27:38.707576 27970 leader_election.cc:290] T c2fea8ce7b6d44a887ff51192061cae9 P ce6ce240f6954b3296f727342fe3564b [CANDIDATE]: Term 1 pre-election: Requested pre-vote from peers 56caacfbf2ab46d7ae593f84ceea76aa (127.26.249.193:41901), 139c805370c141a88893b218c668fd32 (127.26.249.194:44119)
I20260710 13:27:38.709810 27833 tablet_service.cc:1917] Received RequestConsensusVote() RPC: tablet_id: "c2fea8ce7b6d44a887ff51192061cae9" candidate_uuid: "ce6ce240f6954b3296f727342fe3564b" candidate_term: 1 candidate_status { last_received { term: 0 index: 0 } } ignore_live_leader: false dest_uuid: "139c805370c141a88893b218c668fd32" is_pre_election: true
W20260710 13:27:38.712658 27873 leader_election.cc:343] T c2fea8ce7b6d44a887ff51192061cae9 P ce6ce240f6954b3296f727342fe3564b [CANDIDATE]: Term 1 pre-election: Tablet error from VoteRequest() call to peer 139c805370c141a88893b218c668fd32 (127.26.249.194:44119): Illegal state: must be running to vote when last-logged opid is not known
I20260710 13:27:38.713513 27980 leader_election.cc:290] T 0bd6e9b3fdc940e68ad33c1405d05941 P ce6ce240f6954b3296f727342fe3564b [CANDIDATE]: Term 1 pre-election: Requested pre-vote from peers 56caacfbf2ab46d7ae593f84ceea76aa (127.26.249.193:41901), 139c805370c141a88893b218c668fd32 (127.26.249.194:44119)
I20260710 13:27:38.715186 27758 tablet_service.cc:1917] Received RequestConsensusVote() RPC: tablet_id: "c2fea8ce7b6d44a887ff51192061cae9" candidate_uuid: "ce6ce240f6954b3296f727342fe3564b" candidate_term: 1 candidate_status { last_received { term: 0 index: 0 } } ignore_live_leader: false dest_uuid: "56caacfbf2ab46d7ae593f84ceea76aa" is_pre_election: true
W20260710 13:27:38.717136 27870 leader_election.cc:343] T c2fea8ce7b6d44a887ff51192061cae9 P ce6ce240f6954b3296f727342fe3564b [CANDIDATE]: Term 1 pre-election: Tablet error from VoteRequest() call to peer 56caacfbf2ab46d7ae593f84ceea76aa (127.26.249.193:41901): Illegal state: must be running to vote when last-logged opid is not known
I20260710 13:27:38.717792 27870 leader_election.cc:304] T c2fea8ce7b6d44a887ff51192061cae9 P ce6ce240f6954b3296f727342fe3564b [CANDIDATE]: Term 1 pre-election: Election decided. Result: candidate lost. Election summary: received 3 responses out of 3 voters: 1 yes votes; 2 no votes. yes voters: ce6ce240f6954b3296f727342fe3564b; no voters: 139c805370c141a88893b218c668fd32, 56caacfbf2ab46d7ae593f84ceea76aa
I20260710 13:27:38.718665 27951 tablet_bootstrap.cc:492] T c2fea8ce7b6d44a887ff51192061cae9 P 56caacfbf2ab46d7ae593f84ceea76aa: No bootstrap required, opened a new log
I20260710 13:27:38.719174 27951 ts_tablet_manager.cc:1403] T c2fea8ce7b6d44a887ff51192061cae9 P 56caacfbf2ab46d7ae593f84ceea76aa: Time spent bootstrapping tablet: real 0.018s	user 0.011s	sys 0.004s
I20260710 13:27:38.719545 27980 raft_consensus.cc:2749] T c2fea8ce7b6d44a887ff51192061cae9 P ce6ce240f6954b3296f727342fe3564b [term 0 FOLLOWER]: Leader pre-election lost for term 1. Reason: could not achieve majority
I20260710 13:27:38.721943 27951 raft_consensus.cc:359] T c2fea8ce7b6d44a887ff51192061cae9 P 56caacfbf2ab46d7ae593f84ceea76aa [term 0 FOLLOWER]: Replica starting. Triggering 0 pending ops. Active config: opid_index: -1 OBSOLETE_local: false peers { permanent_uuid: "56caacfbf2ab46d7ae593f84ceea76aa" member_type: VOTER last_known_addr { host: "127.26.249.193" port: 41901 } } peers { permanent_uuid: "139c805370c141a88893b218c668fd32" member_type: VOTER last_known_addr { host: "127.26.249.194" port: 44119 } } peers { permanent_uuid: "ce6ce240f6954b3296f727342fe3564b" member_type: VOTER last_known_addr { host: "127.26.249.195" port: 40363 } }
I20260710 13:27:38.722680 27951 raft_consensus.cc:385] T c2fea8ce7b6d44a887ff51192061cae9 P 56caacfbf2ab46d7ae593f84ceea76aa [term 0 FOLLOWER]: Consensus starting up: Expiring failure detector timer to make a prompt election more likely
I20260710 13:27:38.722958 27951 raft_consensus.cc:740] T c2fea8ce7b6d44a887ff51192061cae9 P 56caacfbf2ab46d7ae593f84ceea76aa [term 0 FOLLOWER]: Becoming Follower/Learner. State: Replica: 56caacfbf2ab46d7ae593f84ceea76aa, State: Initialized, Role: FOLLOWER
I20260710 13:27:38.723611 27951 consensus_queue.cc:260] T c2fea8ce7b6d44a887ff51192061cae9 P 56caacfbf2ab46d7ae593f84ceea76aa [NON_LEADER]: Queue going to NON_LEADER mode. State: All replicated index: 0, Majority replicated index: 0, Committed index: 0, Last appended: 0.0, Last appended by leader: 0, Current term: 0, Majority size: -1, State: 0, Mode: NON_LEADER, active raft config: opid_index: -1 OBSOLETE_local: false peers { permanent_uuid: "56caacfbf2ab46d7ae593f84ceea76aa" member_type: VOTER last_known_addr { host: "127.26.249.193" port: 41901 } } peers { permanent_uuid: "139c805370c141a88893b218c668fd32" member_type: VOTER last_known_addr { host: "127.26.249.194" port: 44119 } } peers { permanent_uuid: "ce6ce240f6954b3296f727342fe3564b" member_type: VOTER last_known_addr { host: "127.26.249.195" port: 40363 } }
I20260710 13:27:38.724213 27975 raft_consensus.cc:515] T 0bd6e9b3fdc940e68ad33c1405d05941 P ce6ce240f6954b3296f727342fe3564b [term 1 FOLLOWER]: Starting leader election with config: opid_index: -1 OBSOLETE_local: false peers { permanent_uuid: "56caacfbf2ab46d7ae593f84ceea76aa" member_type: VOTER last_known_addr { host: "127.26.249.193" port: 41901 } } peers { permanent_uuid: "139c805370c141a88893b218c668fd32" member_type: VOTER last_known_addr { host: "127.26.249.194" port: 44119 } } peers { permanent_uuid: "ce6ce240f6954b3296f727342fe3564b" member_type: VOTER last_known_addr { host: "127.26.249.195" port: 40363 } }
I20260710 13:27:38.726022 27951 ts_tablet_manager.cc:1434] T c2fea8ce7b6d44a887ff51192061cae9 P 56caacfbf2ab46d7ae593f84ceea76aa: Time spent starting tablet: real 0.007s	user 0.007s	sys 0.001s
I20260710 13:27:38.730705 27973 raft_consensus.cc:515] T 91b83461c39e46258f53b70ec703b465 P 139c805370c141a88893b218c668fd32 [term 1 FOLLOWER]: Starting leader election with config: opid_index: -1 OBSOLETE_local: false peers { permanent_uuid: "56caacfbf2ab46d7ae593f84ceea76aa" member_type: VOTER last_known_addr { host: "127.26.249.193" port: 41901 } } peers { permanent_uuid: "139c805370c141a88893b218c668fd32" member_type: VOTER last_known_addr { host: "127.26.249.194" port: 44119 } } peers { permanent_uuid: "ce6ce240f6954b3296f727342fe3564b" member_type: VOTER last_known_addr { host: "127.26.249.195" port: 40363 } }
I20260710 13:27:38.732916 27973 leader_election.cc:290] T 91b83461c39e46258f53b70ec703b465 P 139c805370c141a88893b218c668fd32 [CANDIDATE]: Term 1 election: Requested vote from peers 56caacfbf2ab46d7ae593f84ceea76aa (127.26.249.193:41901), ce6ce240f6954b3296f727342fe3564b (127.26.249.195:40363)
I20260710 13:27:38.735047 27758 tablet_service.cc:1917] Received RequestConsensusVote() RPC: tablet_id: "91b83461c39e46258f53b70ec703b465" candidate_uuid: "139c805370c141a88893b218c668fd32" candidate_term: 1 candidate_status { last_received { term: 0 index: 0 } } ignore_live_leader: false dest_uuid: "56caacfbf2ab46d7ae593f84ceea76aa"
I20260710 13:27:38.735869 27758 raft_consensus.cc:3060] T 91b83461c39e46258f53b70ec703b465 P 56caacfbf2ab46d7ae593f84ceea76aa [term 0 FOLLOWER]: Advancing to term 1
I20260710 13:27:38.737257 27756 tablet_service.cc:1917] Received RequestConsensusVote() RPC: tablet_id: "0bd6e9b3fdc940e68ad33c1405d05941" candidate_uuid: "ce6ce240f6954b3296f727342fe3564b" candidate_term: 1 candidate_status { last_received { term: 0 index: 0 } } ignore_live_leader: false dest_uuid: "56caacfbf2ab46d7ae593f84ceea76aa"
I20260710 13:27:38.737847 27756 raft_consensus.cc:3060] T 0bd6e9b3fdc940e68ad33c1405d05941 P 56caacfbf2ab46d7ae593f84ceea76aa [term 0 FOLLOWER]: Advancing to term 1
I20260710 13:27:38.743218 27758 raft_consensus.cc:2468] T 91b83461c39e46258f53b70ec703b465 P 56caacfbf2ab46d7ae593f84ceea76aa [term 1 FOLLOWER]: Leader election vote request: Granting yes vote for candidate 139c805370c141a88893b218c668fd32 in term 1.
I20260710 13:27:38.743870 27905 tablet_service.cc:1917] Received RequestConsensusVote() RPC: tablet_id: "91b83461c39e46258f53b70ec703b465" candidate_uuid: "139c805370c141a88893b218c668fd32" candidate_term: 1 candidate_status { last_received { term: 0 index: 0 } } ignore_live_leader: false dest_uuid: "ce6ce240f6954b3296f727342fe3564b"
I20260710 13:27:38.744509 27905 raft_consensus.cc:3060] T 91b83461c39e46258f53b70ec703b465 P ce6ce240f6954b3296f727342fe3564b [term 0 FOLLOWER]: Advancing to term 1
I20260710 13:27:38.744642 27756 raft_consensus.cc:2468] T 0bd6e9b3fdc940e68ad33c1405d05941 P 56caacfbf2ab46d7ae593f84ceea76aa [term 1 FOLLOWER]: Leader election vote request: Granting yes vote for candidate ce6ce240f6954b3296f727342fe3564b in term 1.
