I20260710 13:28:11.491379  2034 raft_consensus.cc:359] T fd07088c127444839a3edf9badc10a05 P ef45984a4fc747499330e95fa9ad3ab8 [term 1 LEARNER]: Replica starting. Triggering 0 pending ops. Active config: opid_index: 2 OBSOLETE_local: false peers { permanent_uuid: "ca8badbdb16342d1aaf5ff5c1001a994" member_type: VOTER last_known_addr { host: "127.31.232.193" port: 33429 } attrs { replace: true } } peers { permanent_uuid: "dbe8d0af04114871b3e6ce49abb49291" member_type: VOTER last_known_addr { host: "127.31.232.194" port: 40741 } } peers { permanent_uuid: "e4f866734cbb41dbabdd505a13153bd2" member_type: VOTER last_known_addr { host: "127.31.232.195" port: 44949 } } peers { permanent_uuid: "ef45984a4fc747499330e95fa9ad3ab8" member_type: NON_VOTER last_known_addr { host: "127.31.232.196" port: 35773 } attrs { promote: true } }
I20260710 13:28:11.492025  2034 raft_consensus.cc:740] T fd07088c127444839a3edf9badc10a05 P ef45984a4fc747499330e95fa9ad3ab8 [term 1 LEARNER]: Becoming Follower/Learner. State: Replica: ef45984a4fc747499330e95fa9ad3ab8, State: Initialized, Role: LEARNER
I20260710 13:28:11.492522  2034 consensus_queue.cc:260] T fd07088c127444839a3edf9badc10a05 P ef45984a4fc747499330e95fa9ad3ab8 [NON_LEADER]: Queue going to NON_LEADER mode. State: All replicated index: 0, Majority replicated index: 0, Committed index: 2, Last appended: 1.2, Last appended by leader: 2, Current term: 0, Majority size: -1, State: 0, Mode: NON_LEADER, active raft config: opid_index: 2 OBSOLETE_local: false peers { permanent_uuid: "ca8badbdb16342d1aaf5ff5c1001a994" member_type: VOTER last_known_addr { host: "127.31.232.193" port: 33429 } attrs { replace: true } } peers { permanent_uuid: "dbe8d0af04114871b3e6ce49abb49291" member_type: VOTER last_known_addr { host: "127.31.232.194" port: 40741 } } peers { permanent_uuid: "e4f866734cbb41dbabdd505a13153bd2" member_type: VOTER last_known_addr { host: "127.31.232.195" port: 44949 } } peers { permanent_uuid: "ef45984a4fc747499330e95fa9ad3ab8" member_type: NON_VOTER last_known_addr { host: "127.31.232.196" port: 35773 } attrs { promote: true } }
I20260710 13:28:11.494285  2034 ts_tablet_manager.cc:1434] T fd07088c127444839a3edf9badc10a05 P ef45984a4fc747499330e95fa9ad3ab8: Time spent starting tablet: real 0.005s	user 0.004s	sys 0.000s
I20260710 13:28:11.496119  1394 tablet_copy_service.cc:342] P dbe8d0af04114871b3e6ce49abb49291: Request end of tablet copy session ef45984a4fc747499330e95fa9ad3ab8-fd07088c127444839a3edf9badc10a05 received from {username='slave'} at 127.0.0.1:44910
I20260710 13:28:11.496513  1394 tablet_copy_service.cc:434] P dbe8d0af04114871b3e6ce49abb49291: ending tablet copy session ef45984a4fc747499330e95fa9ad3ab8-fd07088c127444839a3edf9badc10a05 on tablet fd07088c127444839a3edf9badc10a05 with peer ef45984a4fc747499330e95fa9ad3ab8
I20260710 13:28:11.807566  1727 raft_consensus.cc:1217] T 72af6095034e44ddb7670dcbed4c40b7 P ef45984a4fc747499330e95fa9ad3ab8 [term 1 LEARNER]: Deduplicated request from leader. Original: 1.1->[1.2-1.2]   Dedup: 1.2->[]
I20260710 13:28:11.907083  1727 raft_consensus.cc:1217] T fd07088c127444839a3edf9badc10a05 P ef45984a4fc747499330e95fa9ad3ab8 [term 1 LEARNER]: Deduplicated request from leader. Original: 1.1->[1.2-1.2]   Dedup: 1.2->[]
I20260710 13:28:12.243248  2022 raft_consensus.cc:1064] T 72af6095034e44ddb7670dcbed4c40b7 P dbe8d0af04114871b3e6ce49abb49291: attempting to promote NON_VOTER ef45984a4fc747499330e95fa9ad3ab8 to VOTER
I20260710 13:28:12.246253  2022 consensus_queue.cc:237] T 72af6095034e44ddb7670dcbed4c40b7 P dbe8d0af04114871b3e6ce49abb49291 [LEADER]: Queue going to LEADER mode. State: All replicated index: 0, Majority replicated index: 2, Committed index: 2, Last appended: 1.2, Last appended by leader: 0, Current term: 1, Majority size: 3, State: 0, Mode: LEADER, active raft config: opid_index: 3 OBSOLETE_local: false peers { permanent_uuid: "ca8badbdb16342d1aaf5ff5c1001a994" member_type: VOTER last_known_addr { host: "127.31.232.193" port: 33429 } } peers { permanent_uuid: "dbe8d0af04114871b3e6ce49abb49291" member_type: VOTER last_known_addr { host: "127.31.232.194" port: 40741 } } peers { permanent_uuid: "e4f866734cbb41dbabdd505a13153bd2" member_type: VOTER last_known_addr { host: "127.31.232.195" port: 44949 } attrs { replace: true } } peers { permanent_uuid: "ef45984a4fc747499330e95fa9ad3ab8" member_type: VOTER last_known_addr { host: "127.31.232.196" port: 35773 } attrs { promote: false } }
I20260710 13:28:12.254809  1456 raft_consensus.cc:1275] T 72af6095034e44ddb7670dcbed4c40b7 P e4f866734cbb41dbabdd505a13153bd2 [term 1 FOLLOWER]: Refusing update from remote peer dbe8d0af04114871b3e6ce49abb49291: Log matching property violated. Preceding OpId in replica: term: 1 index: 2. Preceding OpId from leader: term: 1 index: 3. (index mismatch)
I20260710 13:28:12.256666  2040 consensus_queue.cc:1048] T 72af6095034e44ddb7670dcbed4c40b7 P dbe8d0af04114871b3e6ce49abb49291 [LEADER]: Connected to new peer: Peer: permanent_uuid: "e4f866734cbb41dbabdd505a13153bd2" member_type: VOTER last_known_addr { host: "127.31.232.195" port: 44949 } attrs { replace: true }, Status: LMP_MISMATCH, Last received: 0.0, Next index: 3, Last known committed idx: 2, Time since last communication: 0.001s
I20260710 13:28:12.266326  1727 raft_consensus.cc:1275] T 72af6095034e44ddb7670dcbed4c40b7 P ef45984a4fc747499330e95fa9ad3ab8 [term 1 LEARNER]: Refusing update from remote peer dbe8d0af04114871b3e6ce49abb49291: Log matching property violated. Preceding OpId in replica: term: 1 index: 2. Preceding OpId from leader: term: 1 index: 3. (index mismatch)
I20260710 13:28:12.267011  1308 raft_consensus.cc:1275] T 72af6095034e44ddb7670dcbed4c40b7 P ca8badbdb16342d1aaf5ff5c1001a994 [term 1 FOLLOWER]: Refusing update from remote peer dbe8d0af04114871b3e6ce49abb49291: Log matching property violated. Preceding OpId in replica: term: 1 index: 2. Preceding OpId from leader: term: 1 index: 3. (index mismatch)
I20260710 13:28:12.268083  2030 consensus_queue.cc:1048] T 72af6095034e44ddb7670dcbed4c40b7 P dbe8d0af04114871b3e6ce49abb49291 [LEADER]: Connected to new peer: Peer: permanent_uuid: "ef45984a4fc747499330e95fa9ad3ab8" member_type: VOTER last_known_addr { host: "127.31.232.196" port: 35773 } attrs { promote: false }, Status: LMP_MISMATCH, Last received: 0.0, Next index: 3, Last known committed idx: 2, Time since last communication: 0.001s
I20260710 13:28:12.269376  2022 consensus_queue.cc:1048] T 72af6095034e44ddb7670dcbed4c40b7 P dbe8d0af04114871b3e6ce49abb49291 [LEADER]: Connected to new peer: Peer: permanent_uuid: "ca8badbdb16342d1aaf5ff5c1001a994" member_type: VOTER last_known_addr { host: "127.31.232.193" port: 33429 }, Status: LMP_MISMATCH, Last received: 0.0, Next index: 3, Last known committed idx: 2, Time since last communication: 0.000s
I20260710 13:28:12.277674  2022 raft_consensus.cc:2955] T 72af6095034e44ddb7670dcbed4c40b7 P dbe8d0af04114871b3e6ce49abb49291 [term 1 LEADER]: Committing config change with OpId 1.3: config changed from index 2 to 3, ef45984a4fc747499330e95fa9ad3ab8 (127.31.232.196) changed from NON_VOTER to VOTER. New config: { opid_index: 3 OBSOLETE_local: false peers { permanent_uuid: "ca8badbdb16342d1aaf5ff5c1001a994" member_type: VOTER last_known_addr { host: "127.31.232.193" port: 33429 } } peers { permanent_uuid: "dbe8d0af04114871b3e6ce49abb49291" member_type: VOTER last_known_addr { host: "127.31.232.194" port: 40741 } } peers { permanent_uuid: "e4f866734cbb41dbabdd505a13153bd2" member_type: VOTER last_known_addr { host: "127.31.232.195" port: 44949 } attrs { replace: true } } peers { permanent_uuid: "ef45984a4fc747499330e95fa9ad3ab8" member_type: VOTER last_known_addr { host: "127.31.232.196" port: 35773 } attrs { promote: false } } }
I20260710 13:28:12.279755  1308 raft_consensus.cc:2955] T 72af6095034e44ddb7670dcbed4c40b7 P ca8badbdb16342d1aaf5ff5c1001a994 [term 1 FOLLOWER]: Committing config change with OpId 1.3: config changed from index 2 to 3, ef45984a4fc747499330e95fa9ad3ab8 (127.31.232.196) changed from NON_VOTER to VOTER. New config: { opid_index: 3 OBSOLETE_local: false peers { permanent_uuid: "ca8badbdb16342d1aaf5ff5c1001a994" member_type: VOTER last_known_addr { host: "127.31.232.193" port: 33429 } } peers { permanent_uuid: "dbe8d0af04114871b3e6ce49abb49291" member_type: VOTER last_known_addr { host: "127.31.232.194" port: 40741 } } peers { permanent_uuid: "e4f866734cbb41dbabdd505a13153bd2" member_type: VOTER last_known_addr { host: "127.31.232.195" port: 44949 } attrs { replace: true } } peers { permanent_uuid: "ef45984a4fc747499330e95fa9ad3ab8" member_type: VOTER last_known_addr { host: "127.31.232.196" port: 35773 } attrs { promote: false } } }
I20260710 13:28:12.290735  1456 raft_consensus.cc:2955] T 72af6095034e44ddb7670dcbed4c40b7 P e4f866734cbb41dbabdd505a13153bd2 [term 1 FOLLOWER]: Committing config change with OpId 1.3: config changed from index 2 to 3, ef45984a4fc747499330e95fa9ad3ab8 (127.31.232.196) changed from NON_VOTER to VOTER. New config: { opid_index: 3 OBSOLETE_local: false peers { permanent_uuid: "ca8badbdb16342d1aaf5ff5c1001a994" member_type: VOTER last_known_addr { host: "127.31.232.193" port: 33429 } } peers { permanent_uuid: "dbe8d0af04114871b3e6ce49abb49291" member_type: VOTER last_known_addr { host: "127.31.232.194" port: 40741 } } peers { permanent_uuid: "e4f866734cbb41dbabdd505a13153bd2" member_type: VOTER last_known_addr { host: "127.31.232.195" port: 44949 } attrs { replace: true } } peers { permanent_uuid: "ef45984a4fc747499330e95fa9ad3ab8" member_type: VOTER last_known_addr { host: "127.31.232.196" port: 35773 } attrs { promote: false } } }
I20260710 13:28:12.288657  1727 raft_consensus.cc:2955] T 72af6095034e44ddb7670dcbed4c40b7 P ef45984a4fc747499330e95fa9ad3ab8 [term 1 FOLLOWER]: Committing config change with OpId 1.3: config changed from index 2 to 3, ef45984a4fc747499330e95fa9ad3ab8 (127.31.232.196) changed from NON_VOTER to VOTER. New config: { opid_index: 3 OBSOLETE_local: false peers { permanent_uuid: "ca8badbdb16342d1aaf5ff5c1001a994" member_type: VOTER last_known_addr { host: "127.31.232.193" port: 33429 } } peers { permanent_uuid: "dbe8d0af04114871b3e6ce49abb49291" member_type: VOTER last_known_addr { host: "127.31.232.194" port: 40741 } } peers { permanent_uuid: "e4f866734cbb41dbabdd505a13153bd2" member_type: VOTER last_known_addr { host: "127.31.232.195" port: 44949 } attrs { replace: true } } peers { permanent_uuid: "ef45984a4fc747499330e95fa9ad3ab8" member_type: VOTER last_known_addr { host: "127.31.232.196" port: 35773 } attrs { promote: false } } }
I20260710 13:28:12.294771  1205 catalog_manager.cc:5697] T 72af6095034e44ddb7670dcbed4c40b7 P ca8badbdb16342d1aaf5ff5c1001a994 reported cstate change: config changed from index 2 to 3, ef45984a4fc747499330e95fa9ad3ab8 (127.31.232.196) changed from NON_VOTER to VOTER. New cstate: current_term: 1 leader_uuid: "dbe8d0af04114871b3e6ce49abb49291" committed_config { opid_index: 3 OBSOLETE_local: false peers { permanent_uuid: "ca8badbdb16342d1aaf5ff5c1001a994" member_type: VOTER last_known_addr { host: "127.31.232.193" port: 33429 } } peers { permanent_uuid: "dbe8d0af04114871b3e6ce49abb49291" member_type: VOTER last_known_addr { host: "127.31.232.194" port: 40741 } } peers { permanent_uuid: "e4f866734cbb41dbabdd505a13153bd2" member_type: VOTER last_known_addr { host: "127.31.232.195" port: 44949 } attrs { replace: true } } peers { permanent_uuid: "ef45984a4fc747499330e95fa9ad3ab8" member_type: VOTER last_known_addr { host: "127.31.232.196" port: 35773 } attrs { promote: false } } }
I20260710 13:28:12.333346  1382 consensus_queue.cc:237] T 72af6095034e44ddb7670dcbed4c40b7 P dbe8d0af04114871b3e6ce49abb49291 [LEADER]: Queue going to LEADER mode. State: All replicated index: 0, Majority replicated index: 3, Committed index: 3, Last appended: 1.3, Last appended by leader: 0, Current term: 1, Majority size: 2, State: 0, Mode: LEADER, active raft config: opid_index: 4 OBSOLETE_local: false peers { permanent_uuid: "ca8badbdb16342d1aaf5ff5c1001a994" member_type: VOTER last_known_addr { host: "127.31.232.193" port: 33429 } } peers { permanent_uuid: "dbe8d0af04114871b3e6ce49abb49291" member_type: VOTER last_known_addr { host: "127.31.232.194" port: 40741 } } peers { permanent_uuid: "ef45984a4fc747499330e95fa9ad3ab8" member_type: VOTER last_known_addr { host: "127.31.232.196" port: 35773 } attrs { promote: false } }
I20260710 13:28:12.339335  1727 raft_consensus.cc:1275] T 72af6095034e44ddb7670dcbed4c40b7 P ef45984a4fc747499330e95fa9ad3ab8 [term 1 FOLLOWER]: Refusing update from remote peer dbe8d0af04114871b3e6ce49abb49291: Log matching property violated. Preceding OpId in replica: term: 1 index: 3. Preceding OpId from leader: term: 1 index: 4. (index mismatch)
I20260710 13:28:12.341300  2042 consensus_queue.cc:1048] T 72af6095034e44ddb7670dcbed4c40b7 P dbe8d0af04114871b3e6ce49abb49291 [LEADER]: Connected to new peer: Peer: permanent_uuid: "ef45984a4fc747499330e95fa9ad3ab8" member_type: VOTER last_known_addr { host: "127.31.232.196" port: 35773 } attrs { promote: false }, Status: LMP_MISMATCH, Last received: 0.0, Next index: 4, Last known committed idx: 3, Time since last communication: 0.001s
I20260710 13:28:12.345201  1308 raft_consensus.cc:1275] T 72af6095034e44ddb7670dcbed4c40b7 P ca8badbdb16342d1aaf5ff5c1001a994 [term 1 FOLLOWER]: Refusing update from remote peer dbe8d0af04114871b3e6ce49abb49291: Log matching property violated. Preceding OpId in replica: term: 1 index: 3. Preceding OpId from leader: term: 1 index: 4. (index mismatch)
I20260710 13:28:12.347105  2042 consensus_queue.cc:1048] T 72af6095034e44ddb7670dcbed4c40b7 P dbe8d0af04114871b3e6ce49abb49291 [LEADER]: Connected to new peer: Peer: permanent_uuid: "ca8badbdb16342d1aaf5ff5c1001a994" member_type: VOTER last_known_addr { host: "127.31.232.193" port: 33429 }, Status: LMP_MISMATCH, Last received: 0.0, Next index: 4, Last known committed idx: 3, Time since last communication: 0.000s
I20260710 13:28:12.348748  2042 raft_consensus.cc:2955] T 72af6095034e44ddb7670dcbed4c40b7 P dbe8d0af04114871b3e6ce49abb49291 [term 1 LEADER]: Committing config change with OpId 1.4: config changed from index 3 to 4, VOTER e4f866734cbb41dbabdd505a13153bd2 (127.31.232.195) evicted. New config: { opid_index: 4 OBSOLETE_local: false peers { permanent_uuid: "ca8badbdb16342d1aaf5ff5c1001a994" member_type: VOTER last_known_addr { host: "127.31.232.193" port: 33429 } } peers { permanent_uuid: "dbe8d0af04114871b3e6ce49abb49291" member_type: VOTER last_known_addr { host: "127.31.232.194" port: 40741 } } peers { permanent_uuid: "ef45984a4fc747499330e95fa9ad3ab8" member_type: VOTER last_known_addr { host: "127.31.232.196" port: 35773 } attrs { promote: false } } }
I20260710 13:28:12.350232  1727 raft_consensus.cc:2955] T 72af6095034e44ddb7670dcbed4c40b7 P ef45984a4fc747499330e95fa9ad3ab8 [term 1 FOLLOWER]: Committing config change with OpId 1.4: config changed from index 3 to 4, VOTER e4f866734cbb41dbabdd505a13153bd2 (127.31.232.195) evicted. New config: { opid_index: 4 OBSOLETE_local: false peers { permanent_uuid: "ca8badbdb16342d1aaf5ff5c1001a994" member_type: VOTER last_known_addr { host: "127.31.232.193" port: 33429 } } peers { permanent_uuid: "dbe8d0af04114871b3e6ce49abb49291" member_type: VOTER last_known_addr { host: "127.31.232.194" port: 40741 } } peers { permanent_uuid: "ef45984a4fc747499330e95fa9ad3ab8" member_type: VOTER last_known_addr { host: "127.31.232.196" port: 35773 } attrs { promote: false } } }
I20260710 13:28:12.356181  1308 raft_consensus.cc:2955] T 72af6095034e44ddb7670dcbed4c40b7 P ca8badbdb16342d1aaf5ff5c1001a994 [term 1 FOLLOWER]: Committing config change with OpId 1.4: config changed from index 3 to 4, VOTER e4f866734cbb41dbabdd505a13153bd2 (127.31.232.195) evicted. New config: { opid_index: 4 OBSOLETE_local: false peers { permanent_uuid: "ca8badbdb16342d1aaf5ff5c1001a994" member_type: VOTER last_known_addr { host: "127.31.232.193" port: 33429 } } peers { permanent_uuid: "dbe8d0af04114871b3e6ce49abb49291" member_type: VOTER last_known_addr { host: "127.31.232.194" port: 40741 } } peers { permanent_uuid: "ef45984a4fc747499330e95fa9ad3ab8" member_type: VOTER last_known_addr { host: "127.31.232.196" port: 35773 } attrs { promote: false } } }
I20260710 13:28:12.360895  1191 catalog_manager.cc:5210] ChangeConfig:REMOVE_PEER RPC for tablet 72af6095034e44ddb7670dcbed4c40b7 with cas_config_opid_index 3: ChangeConfig:REMOVE_PEER succeeded (attempt 1)
I20260710 13:28:12.367452  1207 catalog_manager.cc:5697] T 72af6095034e44ddb7670dcbed4c40b7 P dbe8d0af04114871b3e6ce49abb49291 reported cstate change: config changed from index 3 to 4, VOTER e4f866734cbb41dbabdd505a13153bd2 (127.31.232.195) evicted. New cstate: current_term: 1 leader_uuid: "dbe8d0af04114871b3e6ce49abb49291" committed_config { opid_index: 4 OBSOLETE_local: false peers { permanent_uuid: "ca8badbdb16342d1aaf5ff5c1001a994" member_type: VOTER last_known_addr { host: "127.31.232.193" port: 33429 } health_report { overall_health: HEALTHY } } peers { permanent_uuid: "dbe8d0af04114871b3e6ce49abb49291" member_type: VOTER last_known_addr { host: "127.31.232.194" port: 40741 } health_report { overall_health: HEALTHY } } peers { permanent_uuid: "ef45984a4fc747499330e95fa9ad3ab8" member_type: VOTER last_known_addr { host: "127.31.232.196" port: 35773 } attrs { promote: false } health_report { overall_health: HEALTHY } } }
I20260710 13:28:12.381923  1440 tablet_service.cc:1558] Processing DeleteTablet for tablet 72af6095034e44ddb7670dcbed4c40b7 with delete_type TABLET_DATA_TOMBSTONED (TS e4f866734cbb41dbabdd505a13153bd2 not found in new config with opid_index 4) from {username='slave'} at 127.0.0.1:39362
I20260710 13:28:12.386796  2051 tablet_replica.cc:333] T 72af6095034e44ddb7670dcbed4c40b7 P e4f866734cbb41dbabdd505a13153bd2: stopping tablet replica
I20260710 13:28:12.387800  2051 raft_consensus.cc:2243] T 72af6095034e44ddb7670dcbed4c40b7 P e4f866734cbb41dbabdd505a13153bd2 [term 1 FOLLOWER]: Raft consensus shutting down.
I20260710 13:28:12.388586  2051 raft_consensus.cc:2272] T 72af6095034e44ddb7670dcbed4c40b7 P e4f866734cbb41dbabdd505a13153bd2 [term 1 FOLLOWER]: Raft consensus is shut down!
I20260710 13:28:12.391561  2051 ts_tablet_manager.cc:1916] T 72af6095034e44ddb7670dcbed4c40b7 P e4f866734cbb41dbabdd505a13153bd2: Deleting tablet data with delete state TABLET_DATA_TOMBSTONED
I20260710 13:28:12.402921  2051 ts_tablet_manager.cc:1929] T 72af6095034e44ddb7670dcbed4c40b7 P e4f866734cbb41dbabdd505a13153bd2: tablet deleted with delete type TABLET_DATA_TOMBSTONED: last-logged OpId 1.3
I20260710 13:28:12.403451  2051 log.cc:1199] T 72af6095034e44ddb7670dcbed4c40b7 P e4f866734cbb41dbabdd505a13153bd2: Deleting WAL directory at /tmp/dist-test-taskW6GQ0l/test-tmp/auto_leader_rebalancer-test.0.LeaderRebalancerTest.AddTserver.1783690051291740-32675-0/minicluster-data/ts-2-root/wals/72af6095034e44ddb7670dcbed4c40b7
I20260710 13:28:12.405083  1193 catalog_manager.cc:5028] TS e4f866734cbb41dbabdd505a13153bd2 (127.31.232.195:44949): tablet 72af6095034e44ddb7670dcbed4c40b7 (table test-workload [id=24d1bbabd1794589b617b147e3ce88eb]) successfully deleted
I20260710 13:28:12.446187  2030 raft_consensus.cc:1064] T fd07088c127444839a3edf9badc10a05 P dbe8d0af04114871b3e6ce49abb49291: attempting to promote NON_VOTER ef45984a4fc747499330e95fa9ad3ab8 to VOTER
I20260710 13:28:12.448765  2030 consensus_queue.cc:237] T fd07088c127444839a3edf9badc10a05 P dbe8d0af04114871b3e6ce49abb49291 [LEADER]: Queue going to LEADER mode. State: All replicated index: 0, Majority replicated index: 2, Committed index: 2, Last appended: 1.2, Last appended by leader: 0, Current term: 1, Majority size: 3, State: 0, Mode: LEADER, active raft config: opid_index: 3 OBSOLETE_local: false peers { permanent_uuid: "ca8badbdb16342d1aaf5ff5c1001a994" member_type: VOTER last_known_addr { host: "127.31.232.193" port: 33429 } attrs { replace: true } } peers { permanent_uuid: "dbe8d0af04114871b3e6ce49abb49291" member_type: VOTER last_known_addr { host: "127.31.232.194" port: 40741 } } peers { permanent_uuid: "e4f866734cbb41dbabdd505a13153bd2" member_type: VOTER last_known_addr { host: "127.31.232.195" port: 44949 } } peers { permanent_uuid: "ef45984a4fc747499330e95fa9ad3ab8" member_type: VOTER last_known_addr { host: "127.31.232.196" port: 35773 } attrs { promote: false } }
I20260710 13:28:12.455400  1456 raft_consensus.cc:1275] T fd07088c127444839a3edf9badc10a05 P e4f866734cbb41dbabdd505a13153bd2 [term 1 FOLLOWER]: Refusing update from remote peer dbe8d0af04114871b3e6ce49abb49291: Log matching property violated. Preceding OpId in replica: term: 1 index: 2. Preceding OpId from leader: term: 1 index: 3. (index mismatch)
I20260710 13:28:12.455400  1727 raft_consensus.cc:1275] T fd07088c127444839a3edf9badc10a05 P ef45984a4fc747499330e95fa9ad3ab8 [term 1 LEARNER]: Refusing update from remote peer dbe8d0af04114871b3e6ce49abb49291: Log matching property violated. Preceding OpId in replica: term: 1 index: 2. Preceding OpId from leader: term: 1 index: 3. (index mismatch)
I20260710 13:28:12.456969  2030 consensus_queue.cc:1048] T fd07088c127444839a3edf9badc10a05 P dbe8d0af04114871b3e6ce49abb49291 [LEADER]: Connected to new peer: Peer: permanent_uuid: "e4f866734cbb41dbabdd505a13153bd2" member_type: VOTER last_known_addr { host: "127.31.232.195" port: 44949 }, Status: LMP_MISMATCH, Last received: 0.0, Next index: 3, Last known committed idx: 2, Time since last communication: 0.000s
I20260710 13:28:12.457171  1308 raft_consensus.cc:1275] T fd07088c127444839a3edf9badc10a05 P ca8badbdb16342d1aaf5ff5c1001a994 [term 1 FOLLOWER]: Refusing update from remote peer dbe8d0af04114871b3e6ce49abb49291: Log matching property violated. Preceding OpId in replica: term: 1 index: 2. Preceding OpId from leader: term: 1 index: 3. (index mismatch)
I20260710 13:28:12.457826  2042 consensus_queue.cc:1048] T fd07088c127444839a3edf9badc10a05 P dbe8d0af04114871b3e6ce49abb49291 [LEADER]: Connected to new peer: Peer: permanent_uuid: "ef45984a4fc747499330e95fa9ad3ab8" member_type: VOTER last_known_addr { host: "127.31.232.196" port: 35773 } attrs { promote: false }, Status: LMP_MISMATCH, Last received: 0.0, Next index: 3, Last known committed idx: 2, Time since last communication: 0.000s
I20260710 13:28:12.458601  2040 consensus_queue.cc:1048] T fd07088c127444839a3edf9badc10a05 P dbe8d0af04114871b3e6ce49abb49291 [LEADER]: Connected to new peer: Peer: permanent_uuid: "ca8badbdb16342d1aaf5ff5c1001a994" member_type: VOTER last_known_addr { host: "127.31.232.193" port: 33429 } attrs { replace: true }, Status: LMP_MISMATCH, Last received: 0.0, Next index: 3, Last known committed idx: 2, Time since last communication: 0.000s
I20260710 13:28:12.469348  2042 raft_consensus.cc:2955] T fd07088c127444839a3edf9badc10a05 P dbe8d0af04114871b3e6ce49abb49291 [term 1 LEADER]: Committing config change with OpId 1.3: config changed from index 2 to 3, ef45984a4fc747499330e95fa9ad3ab8 (127.31.232.196) changed from NON_VOTER to VOTER. New config: { opid_index: 3 OBSOLETE_local: false peers { permanent_uuid: "ca8badbdb16342d1aaf5ff5c1001a994" member_type: VOTER last_known_addr { host: "127.31.232.193" port: 33429 } attrs { replace: true } } peers { permanent_uuid: "dbe8d0af04114871b3e6ce49abb49291" member_type: VOTER last_known_addr { host: "127.31.232.194" port: 40741 } } peers { permanent_uuid: "e4f866734cbb41dbabdd505a13153bd2" member_type: VOTER last_known_addr { host: "127.31.232.195" port: 44949 } } peers { permanent_uuid: "ef45984a4fc747499330e95fa9ad3ab8" member_type: VOTER last_known_addr { host: "127.31.232.196" port: 35773 } attrs { promote: false } } }
I20260710 13:28:12.472002  1308 raft_consensus.cc:2955] T fd07088c127444839a3edf9badc10a05 P ca8badbdb16342d1aaf5ff5c1001a994 [term 1 FOLLOWER]: Committing config change with OpId 1.3: config changed from index 2 to 3, ef45984a4fc747499330e95fa9ad3ab8 (127.31.232.196) changed from NON_VOTER to VOTER. New config: { opid_index: 3 OBSOLETE_local: false peers { permanent_uuid: "ca8badbdb16342d1aaf5ff5c1001a994" member_type: VOTER last_known_addr { host: "127.31.232.193" port: 33429 } attrs { replace: true } } peers { permanent_uuid: "dbe8d0af04114871b3e6ce49abb49291" member_type: VOTER last_known_addr { host: "127.31.232.194" port: 40741 } } peers { permanent_uuid: "e4f866734cbb41dbabdd505a13153bd2" member_type: VOTER last_known_addr { host: "127.31.232.195" port: 44949 } } peers { permanent_uuid: "ef45984a4fc747499330e95fa9ad3ab8" member_type: VOTER last_known_addr { host: "127.31.232.196" port: 35773 } attrs { promote: false } } }
I20260710 13:28:12.472559  1456 raft_consensus.cc:2955] T fd07088c127444839a3edf9badc10a05 P e4f866734cbb41dbabdd505a13153bd2 [term 1 FOLLOWER]: Committing config change with OpId 1.3: config changed from index 2 to 3, ef45984a4fc747499330e95fa9ad3ab8 (127.31.232.196) changed from NON_VOTER to VOTER. New config: { opid_index: 3 OBSOLETE_local: false peers { permanent_uuid: "ca8badbdb16342d1aaf5ff5c1001a994" member_type: VOTER last_known_addr { host: "127.31.232.193" port: 33429 } attrs { replace: true } } peers { permanent_uuid: "dbe8d0af04114871b3e6ce49abb49291" member_type: VOTER last_known_addr { host: "127.31.232.194" port: 40741 } } peers { permanent_uuid: "e4f866734cbb41dbabdd505a13153bd2" member_type: VOTER last_known_addr { host: "127.31.232.195" port: 44949 } } peers { permanent_uuid: "ef45984a4fc747499330e95fa9ad3ab8" member_type: VOTER last_known_addr { host: "127.31.232.196" port: 35773 } attrs { promote: false } } }
I20260710 13:28:12.481887  1727 raft_consensus.cc:2955] T fd07088c127444839a3edf9badc10a05 P ef45984a4fc747499330e95fa9ad3ab8 [term 1 FOLLOWER]: Committing config change with OpId 1.3: config changed from index 2 to 3, ef45984a4fc747499330e95fa9ad3ab8 (127.31.232.196) changed from NON_VOTER to VOTER. New config: { opid_index: 3 OBSOLETE_local: false peers { permanent_uuid: "ca8badbdb16342d1aaf5ff5c1001a994" member_type: VOTER last_known_addr { host: "127.31.232.193" port: 33429 } attrs { replace: true } } peers { permanent_uuid: "dbe8d0af04114871b3e6ce49abb49291" member_type: VOTER last_known_addr { host: "127.31.232.194" port: 40741 } } peers { permanent_uuid: "e4f866734cbb41dbabdd505a13153bd2" member_type: VOTER last_known_addr { host: "127.31.232.195" port: 44949 } } peers { permanent_uuid: "ef45984a4fc747499330e95fa9ad3ab8" member_type: VOTER last_known_addr { host: "127.31.232.196" port: 35773 } attrs { promote: false } } }
I20260710 13:28:12.485773  1204 catalog_manager.cc:5697] T fd07088c127444839a3edf9badc10a05 P dbe8d0af04114871b3e6ce49abb49291 reported cstate change: config changed from index 2 to 3, ef45984a4fc747499330e95fa9ad3ab8 (127.31.232.196) changed from NON_VOTER to VOTER. New cstate: current_term: 1 leader_uuid: "dbe8d0af04114871b3e6ce49abb49291" committed_config { opid_index: 3 OBSOLETE_local: false peers { permanent_uuid: "ca8badbdb16342d1aaf5ff5c1001a994" member_type: VOTER last_known_addr { host: "127.31.232.193" port: 33429 } attrs { replace: true } health_report { overall_health: HEALTHY } } peers { permanent_uuid: "dbe8d0af04114871b3e6ce49abb49291" member_type: VOTER last_known_addr { host: "127.31.232.194" port: 40741 } health_report { overall_health: HEALTHY } } peers { permanent_uuid: "e4f866734cbb41dbabdd505a13153bd2" member_type: VOTER last_known_addr { host: "127.31.232.195" port: 44949 } health_report { overall_health: HEALTHY } } peers { permanent_uuid: "ef45984a4fc747499330e95fa9ad3ab8" member_type: VOTER last_known_addr { host: "127.31.232.196" port: 35773 } attrs { promote: false } health_report { overall_health: HEALTHY } } }
I20260710 13:28:12.500383  1382 consensus_queue.cc:237] T fd07088c127444839a3edf9badc10a05 P dbe8d0af04114871b3e6ce49abb49291 [LEADER]: Queue going to LEADER mode. State: All replicated index: 0, Majority replicated index: 3, Committed index: 3, Last appended: 1.3, Last appended by leader: 0, Current term: 1, Majority size: 2, State: 0, Mode: LEADER, active raft config: opid_index: 4 OBSOLETE_local: false peers { permanent_uuid: "dbe8d0af04114871b3e6ce49abb49291" member_type: VOTER last_known_addr { host: "127.31.232.194" port: 40741 } } peers { permanent_uuid: "e4f866734cbb41dbabdd505a13153bd2" member_type: VOTER last_known_addr { host: "127.31.232.195" port: 44949 } } peers { permanent_uuid: "ef45984a4fc747499330e95fa9ad3ab8" member_type: VOTER last_known_addr { host: "127.31.232.196" port: 35773 } attrs { promote: false } }
I20260710 13:28:12.505319  1456 raft_consensus.cc:1275] T fd07088c127444839a3edf9badc10a05 P e4f866734cbb41dbabdd505a13153bd2 [term 1 FOLLOWER]: Refusing update from remote peer dbe8d0af04114871b3e6ce49abb49291: Log matching property violated. Preceding OpId in replica: term: 1 index: 3. Preceding OpId from leader: term: 1 index: 4. (index mismatch)
I20260710 13:28:12.505686  1727 raft_consensus.cc:1275] T fd07088c127444839a3edf9badc10a05 P ef45984a4fc747499330e95fa9ad3ab8 [term 1 FOLLOWER]: Refusing update from remote peer dbe8d0af04114871b3e6ce49abb49291: Log matching property violated. Preceding OpId in replica: term: 1 index: 3. Preceding OpId from leader: term: 1 index: 4. (index mismatch)
I20260710 13:28:12.506691  2042 consensus_queue.cc:1048] T fd07088c127444839a3edf9badc10a05 P dbe8d0af04114871b3e6ce49abb49291 [LEADER]: Connected to new peer: Peer: permanent_uuid: "e4f866734cbb41dbabdd505a13153bd2" member_type: VOTER last_known_addr { host: "127.31.232.195" port: 44949 }, Status: LMP_MISMATCH, Last received: 0.0, Next index: 4, Last known committed idx: 3, Time since last communication: 0.000s
I20260710 13:28:12.507558  2030 consensus_queue.cc:1048] T fd07088c127444839a3edf9badc10a05 P dbe8d0af04114871b3e6ce49abb49291 [LEADER]: Connected to new peer: Peer: permanent_uuid: "ef45984a4fc747499330e95fa9ad3ab8" member_type: VOTER last_known_addr { host: "127.31.232.196" port: 35773 } attrs { promote: false }, Status: LMP_MISMATCH, Last received: 0.0, Next index: 4, Last known committed idx: 3, Time since last communication: 0.000s
I20260710 13:28:12.513183  2030 raft_consensus.cc:2955] T fd07088c127444839a3edf9badc10a05 P dbe8d0af04114871b3e6ce49abb49291 [term 1 LEADER]: Committing config change with OpId 1.4: config changed from index 3 to 4, VOTER ca8badbdb16342d1aaf5ff5c1001a994 (127.31.232.193) evicted. New config: { opid_index: 4 OBSOLETE_local: false peers { permanent_uuid: "dbe8d0af04114871b3e6ce49abb49291" member_type: VOTER last_known_addr { host: "127.31.232.194" port: 40741 } } peers { permanent_uuid: "e4f866734cbb41dbabdd505a13153bd2" member_type: VOTER last_known_addr { host: "127.31.232.195" port: 44949 } } peers { permanent_uuid: "ef45984a4fc747499330e95fa9ad3ab8" member_type: VOTER last_known_addr { host: "127.31.232.196" port: 35773 } attrs { promote: false } } }
I20260710 13:28:12.515738  1726 raft_consensus.cc:2955] T fd07088c127444839a3edf9badc10a05 P ef45984a4fc747499330e95fa9ad3ab8 [term 1 FOLLOWER]: Committing config change with OpId 1.4: config changed from index 3 to 4, VOTER ca8badbdb16342d1aaf5ff5c1001a994 (127.31.232.193) evicted. New config: { opid_index: 4 OBSOLETE_local: false peers { permanent_uuid: "dbe8d0af04114871b3e6ce49abb49291" member_type: VOTER last_known_addr { host: "127.31.232.194" port: 40741 } } peers { permanent_uuid: "e4f866734cbb41dbabdd505a13153bd2" member_type: VOTER last_known_addr { host: "127.31.232.195" port: 44949 } } peers { permanent_uuid: "ef45984a4fc747499330e95fa9ad3ab8" member_type: VOTER last_known_addr { host: "127.31.232.196" port: 35773 } attrs { promote: false } } }
I20260710 13:28:12.516083  1456 raft_consensus.cc:2955] T fd07088c127444839a3edf9badc10a05 P e4f866734cbb41dbabdd505a13153bd2 [term 1 FOLLOWER]: Committing config change with OpId 1.4: config changed from index 3 to 4, VOTER ca8badbdb16342d1aaf5ff5c1001a994 (127.31.232.193) evicted. New config: { opid_index: 4 OBSOLETE_local: false peers { permanent_uuid: "dbe8d0af04114871b3e6ce49abb49291" member_type: VOTER last_known_addr { host: "127.31.232.194" port: 40741 } } peers { permanent_uuid: "e4f866734cbb41dbabdd505a13153bd2" member_type: VOTER last_known_addr { host: "127.31.232.195" port: 44949 } } peers { permanent_uuid: "ef45984a4fc747499330e95fa9ad3ab8" member_type: VOTER last_known_addr { host: "127.31.232.196" port: 35773 } attrs { promote: false } } }
I20260710 13:28:12.528642  1191 catalog_manager.cc:5210] ChangeConfig:REMOVE_PEER RPC for tablet fd07088c127444839a3edf9badc10a05 with cas_config_opid_index 3: ChangeConfig:REMOVE_PEER succeeded (attempt 1)
I20260710 13:28:12.531651  1205 catalog_manager.cc:5697] T fd07088c127444839a3edf9badc10a05 P dbe8d0af04114871b3e6ce49abb49291 reported cstate change: config changed from index 3 to 4, VOTER ca8badbdb16342d1aaf5ff5c1001a994 (127.31.232.193) evicted. New cstate: current_term: 1 leader_uuid: "dbe8d0af04114871b3e6ce49abb49291" committed_config { opid_index: 4 OBSOLETE_local: false peers { permanent_uuid: "dbe8d0af04114871b3e6ce49abb49291" member_type: VOTER last_known_addr { host: "127.31.232.194" port: 40741 } health_report { overall_health: HEALTHY } } peers { permanent_uuid: "e4f866734cbb41dbabdd505a13153bd2" member_type: VOTER last_known_addr { host: "127.31.232.195" port: 44949 } health_report { overall_health: HEALTHY } } peers { permanent_uuid: "ef45984a4fc747499330e95fa9ad3ab8" member_type: VOTER last_known_addr { host: "127.31.232.196" port: 35773 } attrs { promote: false } health_report { overall_health: HEALTHY } } }
I20260710 13:28:12.544010  1299 tablet_service.cc:1558] Processing DeleteTablet for tablet fd07088c127444839a3edf9badc10a05 with delete_type TABLET_DATA_TOMBSTONED (TS ca8badbdb16342d1aaf5ff5c1001a994 not found in new config with opid_index 4) from {username='slave'} at 127.0.0.1:47568
I20260710 13:28:12.546564  2056 tablet_replica.cc:333] T fd07088c127444839a3edf9badc10a05 P ca8badbdb16342d1aaf5ff5c1001a994: stopping tablet replica
I20260710 13:28:12.547356  2056 raft_consensus.cc:2243] T fd07088c127444839a3edf9badc10a05 P ca8badbdb16342d1aaf5ff5c1001a994 [term 1 FOLLOWER]: Raft consensus shutting down.
I20260710 13:28:12.547979  2056 raft_consensus.cc:2272] T fd07088c127444839a3edf9badc10a05 P ca8badbdb16342d1aaf5ff5c1001a994 [term 1 FOLLOWER]: Raft consensus is shut down!
I20260710 13:28:12.551004  2056 ts_tablet_manager.cc:1916] T fd07088c127444839a3edf9badc10a05 P ca8badbdb16342d1aaf5ff5c1001a994: Deleting tablet data with delete state TABLET_DATA_TOMBSTONED
I20260710 13:28:12.562713  2056 ts_tablet_manager.cc:1929] T fd07088c127444839a3edf9badc10a05 P ca8badbdb16342d1aaf5ff5c1001a994: tablet deleted with delete type TABLET_DATA_TOMBSTONED: last-logged OpId 1.3
I20260710 13:28:12.563076  2056 log.cc:1199] T fd07088c127444839a3edf9badc10a05 P ca8badbdb16342d1aaf5ff5c1001a994: Deleting WAL directory at /tmp/dist-test-taskW6GQ0l/test-tmp/auto_leader_rebalancer-test.0.LeaderRebalancerTest.AddTserver.1783690051291740-32675-0/minicluster-data/ts-0-root/wals/fd07088c127444839a3edf9badc10a05
I20260710 13:28:12.564759  1193 catalog_manager.cc:5028] TS ca8badbdb16342d1aaf5ff5c1001a994 (127.31.232.193:33429): tablet fd07088c127444839a3edf9badc10a05 (table test-workload [id=24d1bbabd1794589b617b147e3ce88eb]) successfully deleted
I20260710 13:28:18.670120 32675 auto_leader_rebalancer.cc:141] leader rebalance for table test-workload
I20260710 13:28:18.704105  1308 tablet_service.cc:2072] Received LeaderStepDown RPC: tablet_id: "02650e149289484f9774b3b7fcfa4b74"
dest_uuid: "ca8badbdb16342d1aaf5ff5c1001a994"
mode: GRACEFUL
new_leader_uuid: "ef45984a4fc747499330e95fa9ad3ab8"
 from {username='slave'} at 127.0.0.1:53080
I20260710 13:28:18.704651  1308 raft_consensus.cc:606] T 02650e149289484f9774b3b7fcfa4b74 P ca8badbdb16342d1aaf5ff5c1001a994 [term 1 LEADER]: Received request to transfer leadership to TS ef45984a4fc747499330e95fa9ad3ab8
I20260710 13:28:18.706951  1308 tablet_service.cc:2072] Received LeaderStepDown RPC: tablet_id: "0750e991020c48d98c590ec097cd4e80"
dest_uuid: "ca8badbdb16342d1aaf5ff5c1001a994"
mode: GRACEFUL
new_leader_uuid: "dbe8d0af04114871b3e6ce49abb49291"
 from {username='slave'} at 127.0.0.1:53080
I20260710 13:28:18.707367  1308 raft_consensus.cc:606] T 0750e991020c48d98c590ec097cd4e80 P ca8badbdb16342d1aaf5ff5c1001a994 [term 1 LEADER]: Received request to transfer leadership to TS dbe8d0af04114871b3e6ce49abb49291
I20260710 13:28:18.709396  1308 tablet_service.cc:2072] Received LeaderStepDown RPC: tablet_id: "5b486ec40b3f44d4bdf5deb227322795"
dest_uuid: "ca8badbdb16342d1aaf5ff5c1001a994"
mode: GRACEFUL
new_leader_uuid: "dbe8d0af04114871b3e6ce49abb49291"
 from {username='slave'} at 127.0.0.1:53080
I20260710 13:28:18.709908  1308 raft_consensus.cc:606] T 5b486ec40b3f44d4bdf5deb227322795 P ca8badbdb16342d1aaf5ff5c1001a994 [term 1 LEADER]: Received request to transfer leadership to TS dbe8d0af04114871b3e6ce49abb49291
I20260710 13:28:18.711920  1308 tablet_service.cc:2072] Received LeaderStepDown RPC: tablet_id: "691ce495cf0a46d7a04b2e632be9e9ac"
dest_uuid: "ca8badbdb16342d1aaf5ff5c1001a994"
mode: GRACEFUL
new_leader_uuid: "dbe8d0af04114871b3e6ce49abb49291"
 from {username='slave'} at 127.0.0.1:53080
I20260710 13:28:18.712350  1308 raft_consensus.cc:606] T 691ce495cf0a46d7a04b2e632be9e9ac P ca8badbdb16342d1aaf5ff5c1001a994 [term 1 LEADER]: Received request to transfer leadership to TS dbe8d0af04114871b3e6ce49abb49291
I20260710 13:28:18.714416  1308 tablet_service.cc:2072] Received LeaderStepDown RPC: tablet_id: "a194c012ee7a41698b869d9402fb2925"
dest_uuid: "ca8badbdb16342d1aaf5ff5c1001a994"
mode: GRACEFUL
new_leader_uuid: "ef45984a4fc747499330e95fa9ad3ab8"
 from {username='slave'} at 127.0.0.1:53080
I20260710 13:28:18.714843  1308 raft_consensus.cc:606] T a194c012ee7a41698b869d9402fb2925 P ca8badbdb16342d1aaf5ff5c1001a994 [term 1 LEADER]: Received request to transfer leadership to TS ef45984a4fc747499330e95fa9ad3ab8
I20260710 13:28:18.726699  1455 tablet_service.cc:2072] Received LeaderStepDown RPC: tablet_id: "d824187dd09e4f92a2f548c54dad58be"
dest_uuid: "e4f866734cbb41dbabdd505a13153bd2"
mode: GRACEFUL
new_leader_uuid: "ef45984a4fc747499330e95fa9ad3ab8"
 from {username='slave'} at 127.0.0.1:60706
I20260710 13:28:18.727137  1455 raft_consensus.cc:606] T d824187dd09e4f92a2f548c54dad58be P e4f866734cbb41dbabdd505a13153bd2 [term 1 LEADER]: Received request to transfer leadership to TS ef45984a4fc747499330e95fa9ad3ab8
I20260710 13:28:18.728096 32675 auto_leader_rebalancer.cc:479] table: test-workload, leader rebalance finish, leader transfer count: 6
I20260710 13:28:18.728686 32675 auto_leader_rebalancer.cc:554] All tables' leader rebalancing finished this round
I20260710 13:28:18.811962  2067 raft_consensus.cc:993] T 0750e991020c48d98c590ec097cd4e80 P ca8badbdb16342d1aaf5ff5c1001a994: : Instructing follower dbe8d0af04114871b3e6ce49abb49291 to start an election
I20260710 13:28:18.812399  2067 raft_consensus.cc:1081] T 0750e991020c48d98c590ec097cd4e80 P ca8badbdb16342d1aaf5ff5c1001a994 [term 1 LEADER]: Signalling peer dbe8d0af04114871b3e6ce49abb49291 to start an election
I20260710 13:28:18.813767  1383 tablet_service.cc:2044] Received Run Leader Election RPC: tablet_id: "0750e991020c48d98c590ec097cd4e80"
dest_uuid: "dbe8d0af04114871b3e6ce49abb49291"
 from {username='slave'} at 127.0.0.1:52092
I20260710 13:28:18.814211  1383 raft_consensus.cc:493] T 0750e991020c48d98c590ec097cd4e80 P dbe8d0af04114871b3e6ce49abb49291 [term 1 FOLLOWER]: Starting forced leader election (received explicit request)
I20260710 13:28:18.814482  1383 raft_consensus.cc:3060] T 0750e991020c48d98c590ec097cd4e80 P dbe8d0af04114871b3e6ce49abb49291 [term 1 FOLLOWER]: Advancing to term 2
I20260710 13:28:18.818822  1383 raft_consensus.cc:515] T 0750e991020c48d98c590ec097cd4e80 P dbe8d0af04114871b3e6ce49abb49291 [term 2 FOLLOWER]: Starting forced leader election with config: opid_index: -1 OBSOLETE_local: false peers { permanent_uuid: "ca8badbdb16342d1aaf5ff5c1001a994" member_type: VOTER last_known_addr { host: "127.31.232.193" port: 33429 } } peers { permanent_uuid: "dbe8d0af04114871b3e6ce49abb49291" member_type: VOTER last_known_addr { host: "127.31.232.194" port: 40741 } } peers { permanent_uuid: "e4f866734cbb41dbabdd505a13153bd2" member_type: VOTER last_known_addr { host: "127.31.232.195" port: 44949 } }
I20260710 13:28:18.820178  1383 leader_election.cc:290] T 0750e991020c48d98c590ec097cd4e80 P dbe8d0af04114871b3e6ce49abb49291 [CANDIDATE]: Term 2 election: Requested vote from peers ca8badbdb16342d1aaf5ff5c1001a994 (127.31.232.193:33429), e4f866734cbb41dbabdd505a13153bd2 (127.31.232.195:44949)
I20260710 13:28:18.821110  1455 tablet_service.cc:1917] Received RequestConsensusVote() RPC: tablet_id: "0750e991020c48d98c590ec097cd4e80" candidate_uuid: "dbe8d0af04114871b3e6ce49abb49291" candidate_term: 2 candidate_status { last_received { term: 1 index: 1 } } ignore_live_leader: true dest_uuid: "e4f866734cbb41dbabdd505a13153bd2"
I20260710 13:28:18.820999  1308 tablet_service.cc:1917] Received RequestConsensusVote() RPC: tablet_id: "0750e991020c48d98c590ec097cd4e80" candidate_uuid: "dbe8d0af04114871b3e6ce49abb49291" candidate_term: 2 candidate_status { last_received { term: 1 index: 1 } } ignore_live_leader: true dest_uuid: "ca8badbdb16342d1aaf5ff5c1001a994"
I20260710 13:28:18.821784  1455 raft_consensus.cc:3060] T 0750e991020c48d98c590ec097cd4e80 P e4f866734cbb41dbabdd505a13153bd2 [term 1 FOLLOWER]: Advancing to term 2
I20260710 13:28:18.821843  1308 raft_consensus.cc:3055] T 0750e991020c48d98c590ec097cd4e80 P ca8badbdb16342d1aaf5ff5c1001a994 [term 1 LEADER]: Stepping down as leader of term 1
I20260710 13:28:18.822240  1308 raft_consensus.cc:740] T 0750e991020c48d98c590ec097cd4e80 P ca8badbdb16342d1aaf5ff5c1001a994 [term 1 LEADER]: Becoming Follower/Learner. State: Replica: ca8badbdb16342d1aaf5ff5c1001a994, State: Running, Role: LEADER
I20260710 13:28:18.823016  1308 consensus_queue.cc:260] T 0750e991020c48d98c590ec097cd4e80 P ca8badbdb16342d1aaf5ff5c1001a994 [NON_LEADER]: Queue going to NON_LEADER mode. State: All replicated index: 0, Majority replicated index: 1, Committed index: 1, Last appended: 1.1, Last appended by leader: 1, Current term: 1, Majority size: -1, State: 0, Mode: NON_LEADER, active raft config: opid_index: -1 OBSOLETE_local: false peers { permanent_uuid: "ca8badbdb16342d1aaf5ff5c1001a994" member_type: VOTER last_known_addr { host: "127.31.232.193" port: 33429 } } peers { permanent_uuid: "dbe8d0af04114871b3e6ce49abb49291" member_type: VOTER last_known_addr { host: "127.31.232.194" port: 40741 } } peers { permanent_uuid: "e4f866734cbb41dbabdd505a13153bd2" member_type: VOTER last_known_addr { host: "127.31.232.195" port: 44949 } }
I20260710 13:28:18.824136  1308 raft_consensus.cc:3060] T 0750e991020c48d98c590ec097cd4e80 P ca8badbdb16342d1aaf5ff5c1001a994 [term 1 FOLLOWER]: Advancing to term 2
I20260710 13:28:18.827035  1455 raft_consensus.cc:2468] T 0750e991020c48d98c590ec097cd4e80 P e4f866734cbb41dbabdd505a13153bd2 [term 2 FOLLOWER]: Leader election vote request: Granting yes vote for candidate dbe8d0af04114871b3e6ce49abb49291 in term 2.
I20260710 13:28:18.828107  1349 leader_election.cc:304] T 0750e991020c48d98c590ec097cd4e80 P dbe8d0af04114871b3e6ce49abb49291 [CANDIDATE]: Term 2 election: Election decided. Result: candidate won. Election summary: received 2 responses out of 3 voters: 2 yes votes; 0 no votes. yes voters: dbe8d0af04114871b3e6ce49abb49291, e4f866734cbb41dbabdd505a13153bd2; no voters: 
I20260710 13:28:18.828745  2064 raft_consensus.cc:2804] T 0750e991020c48d98c590ec097cd4e80 P dbe8d0af04114871b3e6ce49abb49291 [term 2 FOLLOWER]: Leader election won for term 2
I20260710 13:28:18.828739  1308 raft_consensus.cc:2468] T 0750e991020c48d98c590ec097cd4e80 P ca8badbdb16342d1aaf5ff5c1001a994 [term 2 FOLLOWER]: Leader election vote request: Granting yes vote for candidate dbe8d0af04114871b3e6ce49abb49291 in term 2.
I20260710 13:28:18.829212  2064 raft_consensus.cc:697] T 0750e991020c48d98c590ec097cd4e80 P dbe8d0af04114871b3e6ce49abb49291 [term 2 LEADER]: Becoming Leader. State: Replica: dbe8d0af04114871b3e6ce49abb49291, State: Running, Role: LEADER
I20260710 13:28:18.830155  2064 consensus_queue.cc:237] T 0750e991020c48d98c590ec097cd4e80 P dbe8d0af04114871b3e6ce49abb49291 [LEADER]: Queue going to LEADER mode. State: All replicated index: 0, Majority replicated index: 1, Committed index: 1, Last appended: 1.1, Last appended by leader: 1, Current term: 2, Majority size: 2, State: 0, Mode: LEADER, active raft config: opid_index: -1 OBSOLETE_local: false peers { permanent_uuid: "ca8badbdb16342d1aaf5ff5c1001a994" member_type: VOTER last_known_addr { host: "127.31.232.193" port: 33429 } } peers { permanent_uuid: "dbe8d0af04114871b3e6ce49abb49291" member_type: VOTER last_known_addr { host: "127.31.232.194" port: 40741 } } peers { permanent_uuid: "e4f866734cbb41dbabdd505a13153bd2" member_type: VOTER last_known_addr { host: "127.31.232.195" port: 44949 } }
I20260710 13:28:18.837354  1207 catalog_manager.cc:5697] T 0750e991020c48d98c590ec097cd4e80 P dbe8d0af04114871b3e6ce49abb49291 reported cstate change: term changed from 1 to 2, leader changed from ca8badbdb16342d1aaf5ff5c1001a994 (127.31.232.193) to dbe8d0af04114871b3e6ce49abb49291 (127.31.232.194). New cstate: current_term: 2 leader_uuid: "dbe8d0af04114871b3e6ce49abb49291" committed_config { opid_index: -1 OBSOLETE_local: false peers { permanent_uuid: "ca8badbdb16342d1aaf5ff5c1001a994" member_type: VOTER last_known_addr { host: "127.31.232.193" port: 33429 } health_report { overall_health: UNKNOWN } } peers { permanent_uuid: "dbe8d0af04114871b3e6ce49abb49291" member_type: VOTER last_known_addr { host: "127.31.232.194" port: 40741 } health_report { overall_health: HEALTHY } } peers { permanent_uuid: "e4f866734cbb41dbabdd505a13153bd2" member_type: VOTER last_known_addr { host: "127.31.232.195" port: 44949 } health_report { overall_health: UNKNOWN } } }
I20260710 13:28:18.913997  2074 raft_consensus.cc:993] T a194c012ee7a41698b869d9402fb2925 P ca8badbdb16342d1aaf5ff5c1001a994: : Instructing follower ef45984a4fc747499330e95fa9ad3ab8 to start an election
I20260710 13:28:18.914510  2067 raft_consensus.cc:1081] T a194c012ee7a41698b869d9402fb2925 P ca8badbdb16342d1aaf5ff5c1001a994 [term 1 LEADER]: Signalling peer ef45984a4fc747499330e95fa9ad3ab8 to start an election
I20260710 13:28:18.915782  1726 tablet_service.cc:2044] Received Run Leader Election RPC: tablet_id: "a194c012ee7a41698b869d9402fb2925"
dest_uuid: "ef45984a4fc747499330e95fa9ad3ab8"
 from {username='slave'} at 127.0.0.1:53252
I20260710 13:28:18.916173  1726 raft_consensus.cc:493] T a194c012ee7a41698b869d9402fb2925 P ef45984a4fc747499330e95fa9ad3ab8 [term 1 FOLLOWER]: Starting forced leader election (received explicit request)
I20260710 13:28:18.916388  1726 raft_consensus.cc:3060] T a194c012ee7a41698b869d9402fb2925 P ef45984a4fc747499330e95fa9ad3ab8 [term 1 FOLLOWER]: Advancing to term 2
I20260710 13:28:18.921618  1726 raft_consensus.cc:515] T a194c012ee7a41698b869d9402fb2925 P ef45984a4fc747499330e95fa9ad3ab8 [term 2 FOLLOWER]: Starting forced leader election with config: opid_index: 4 OBSOLETE_local: false peers { permanent_uuid: "ca8badbdb16342d1aaf5ff5c1001a994" member_type: VOTER last_known_addr { host: "127.31.232.193" port: 33429 } } peers { permanent_uuid: "dbe8d0af04114871b3e6ce49abb49291" member_type: VOTER last_known_addr { host: "127.31.232.194" port: 40741 } } peers { permanent_uuid: "ef45984a4fc747499330e95fa9ad3ab8" member_type: VOTER last_known_addr { host: "127.31.232.196" port: 35773 } attrs { promote: false } }
I20260710 13:28:18.923604  1726 leader_election.cc:290] T a194c012ee7a41698b869d9402fb2925 P ef45984a4fc747499330e95fa9ad3ab8 [CANDIDATE]: Term 2 election: Requested vote from peers ca8badbdb16342d1aaf5ff5c1001a994 (127.31.232.193:33429), dbe8d0af04114871b3e6ce49abb49291 (127.31.232.194:40741)
I20260710 13:28:18.924113  1308 tablet_service.cc:1917] Received RequestConsensusVote() RPC: tablet_id: "a194c012ee7a41698b869d9402fb2925" candidate_uuid: "ef45984a4fc747499330e95fa9ad3ab8" candidate_term: 2 candidate_status { last_received { term: 1 index: 4 } } ignore_live_leader: true dest_uuid: "ca8badbdb16342d1aaf5ff5c1001a994"
I20260710 13:28:18.924695  1308 raft_consensus.cc:3055] T a194c012ee7a41698b869d9402fb2925 P ca8badbdb16342d1aaf5ff5c1001a994 [term 1 LEADER]: Stepping down as leader of term 1
I20260710 13:28:18.924870  1382 tablet_service.cc:1917] Received RequestConsensusVote() RPC: tablet_id: "a194c012ee7a41698b869d9402fb2925" candidate_uuid: "ef45984a4fc747499330e95fa9ad3ab8" candidate_term: 2 candidate_status { last_received { term: 1 index: 4 } } ignore_live_leader: true dest_uuid: "dbe8d0af04114871b3e6ce49abb49291"
I20260710 13:28:18.924966  1308 raft_consensus.cc:740] T a194c012ee7a41698b869d9402fb2925 P ca8badbdb16342d1aaf5ff5c1001a994 [term 1 LEADER]: Becoming Follower/Learner. State: Replica: ca8badbdb16342d1aaf5ff5c1001a994, State: Running, Role: LEADER
I20260710 13:28:18.925547  1382 raft_consensus.cc:3060] T a194c012ee7a41698b869d9402fb2925 P dbe8d0af04114871b3e6ce49abb49291 [term 1 FOLLOWER]: Advancing to term 2
I20260710 13:28:18.925992  1308 consensus_queue.cc:260] T a194c012ee7a41698b869d9402fb2925 P ca8badbdb16342d1aaf5ff5c1001a994 [NON_LEADER]: Queue going to NON_LEADER mode. State: All replicated index: 0, Majority replicated index: 4, Committed index: 4, Last appended: 1.4, Last appended by leader: 4, Current term: 1, Majority size: -1, State: 0, Mode: NON_LEADER, active raft config: opid_index: 4 OBSOLETE_local: false peers { permanent_uuid: "ca8badbdb16342d1aaf5ff5c1001a994" member_type: VOTER last_known_addr { host: "127.31.232.193" port: 33429 } } peers { permanent_uuid: "dbe8d0af04114871b3e6ce49abb49291" member_type: VOTER last_known_addr { host: "127.31.232.194" port: 40741 } } peers { permanent_uuid: "ef45984a4fc747499330e95fa9ad3ab8" member_type: VOTER last_known_addr { host: "127.31.232.196" port: 35773 } attrs { promote: false } }
