I20260710 13:27:57.013324  1274 raft_consensus.cc:515] T 50ea54bc96f647cbab0ae88fbee484c9 P 08b6c7f996bf477b95d4180b85d8ac73 [term 1 FOLLOWER]: Starting leader election with config: opid_index: -1 OBSOLETE_local: false peers { permanent_uuid: "08b6c7f996bf477b95d4180b85d8ac73" member_type: VOTER last_known_addr { host: "127.31.158.65" port: 41175 } } peers { permanent_uuid: "62a78982db7d4783929e217035bd7fda" member_type: VOTER last_known_addr { host: "127.31.158.66" port: 38653 } } peers { permanent_uuid: "6ca9043e30e84f8a809475b78c4cf24e" member_type: VOTER last_known_addr { host: "127.31.158.67" port: 41081 } }
I20260710 13:27:57.018428  1227 tablet_bootstrap.cc:492] T b3006ec42ca54f5fbd600979092cd466 P 6ca9043e30e84f8a809475b78c4cf24e: No bootstrap required, opened a new log
I20260710 13:27:57.019025  1227 ts_tablet_manager.cc:1403] T b3006ec42ca54f5fbd600979092cd466 P 6ca9043e30e84f8a809475b78c4cf24e: Time spent bootstrapping tablet: real 0.030s	user 0.009s	sys 0.007s
I20260710 13:27:57.019066  1228 ts_tablet_manager.cc:1434] T c7b40820e7de4de488d13702145666f0 P 08b6c7f996bf477b95d4180b85d8ac73: Time spent starting tablet: real 0.014s	user 0.006s	sys 0.001s
I20260710 13:27:57.022370  1227 raft_consensus.cc:359] T b3006ec42ca54f5fbd600979092cd466 P 6ca9043e30e84f8a809475b78c4cf24e [term 0 FOLLOWER]: Replica starting. Triggering 0 pending ops. Active config: opid_index: -1 OBSOLETE_local: false peers { permanent_uuid: "08b6c7f996bf477b95d4180b85d8ac73" member_type: VOTER last_known_addr { host: "127.31.158.65" port: 41175 } } peers { permanent_uuid: "62a78982db7d4783929e217035bd7fda" member_type: VOTER last_known_addr { host: "127.31.158.66" port: 38653 } } peers { permanent_uuid: "6ca9043e30e84f8a809475b78c4cf24e" member_type: VOTER last_known_addr { host: "127.31.158.67" port: 41081 } }
I20260710 13:27:57.023245  1227 raft_consensus.cc:385] T b3006ec42ca54f5fbd600979092cd466 P 6ca9043e30e84f8a809475b78c4cf24e [term 0 FOLLOWER]: Consensus starting up: Expiring failure detector timer to make a prompt election more likely
I20260710 13:27:57.023561  1227 raft_consensus.cc:740] T b3006ec42ca54f5fbd600979092cd466 P 6ca9043e30e84f8a809475b78c4cf24e [term 0 FOLLOWER]: Becoming Follower/Learner. State: Replica: 6ca9043e30e84f8a809475b78c4cf24e, State: Initialized, Role: FOLLOWER
I20260710 13:27:57.024745  1227 consensus_queue.cc:260] T b3006ec42ca54f5fbd600979092cd466 P 6ca9043e30e84f8a809475b78c4cf24e [NON_LEADER]: Queue going to NON_LEADER mode. State: All replicated index: 0, Majority replicated index: 0, Committed index: 0, Last appended: 0.0, Last appended by leader: 0, Current term: 0, Majority size: -1, State: 0, Mode: NON_LEADER, active raft config: opid_index: -1 OBSOLETE_local: false peers { permanent_uuid: "08b6c7f996bf477b95d4180b85d8ac73" member_type: VOTER last_known_addr { host: "127.31.158.65" port: 41175 } } peers { permanent_uuid: "62a78982db7d4783929e217035bd7fda" member_type: VOTER last_known_addr { host: "127.31.158.66" port: 38653 } } peers { permanent_uuid: "6ca9043e30e84f8a809475b78c4cf24e" member_type: VOTER last_known_addr { host: "127.31.158.67" port: 41081 } }
I20260710 13:27:57.027568  1228 tablet_bootstrap.cc:492] T fb796d7dc0674dceafb37bea6fd1750c P 08b6c7f996bf477b95d4180b85d8ac73: Bootstrap starting.
I20260710 13:27:57.030599  1246 consensus_queue.cc:1048] T f7175a2afc3a459fbcf66882a2b2893d P 6ca9043e30e84f8a809475b78c4cf24e [LEADER]: Connected to new peer: Peer: permanent_uuid: "08b6c7f996bf477b95d4180b85d8ac73" member_type: VOTER last_known_addr { host: "127.31.158.65" port: 41175 }, Status: LMP_MISMATCH, Last received: 0.0, Next index: 1, Last known committed idx: 0, Time since last communication: 0.001s
I20260710 13:27:57.029947  1111 tablet_service.cc:1917] Received RequestConsensusVote() RPC: tablet_id: "50ea54bc96f647cbab0ae88fbee484c9" candidate_uuid: "08b6c7f996bf477b95d4180b85d8ac73" candidate_term: 1 candidate_status { last_received { term: 0 index: 0 } } ignore_live_leader: false dest_uuid: "62a78982db7d4783929e217035bd7fda"
I20260710 13:27:57.032047  1186 tablet_service.cc:1917] Received RequestConsensusVote() RPC: tablet_id: "50ea54bc96f647cbab0ae88fbee484c9" candidate_uuid: "08b6c7f996bf477b95d4180b85d8ac73" candidate_term: 1 candidate_status { last_received { term: 0 index: 0 } } ignore_live_leader: false dest_uuid: "6ca9043e30e84f8a809475b78c4cf24e"
I20260710 13:27:57.032593  1186 raft_consensus.cc:3060] T 50ea54bc96f647cbab0ae88fbee484c9 P 6ca9043e30e84f8a809475b78c4cf24e [term 0 FOLLOWER]: Advancing to term 1
I20260710 13:27:57.033434  1236 raft_consensus.cc:493] T c5f785155a19482cbd31ee8ccad1eb76 P 08b6c7f996bf477b95d4180b85d8ac73 [term 0 FOLLOWER]: Starting pre-election (no leader contacted us within the election timeout)
I20260710 13:27:57.033876  1236 raft_consensus.cc:515] T c5f785155a19482cbd31ee8ccad1eb76 P 08b6c7f996bf477b95d4180b85d8ac73 [term 0 FOLLOWER]: Starting pre-election with config: opid_index: -1 OBSOLETE_local: false peers { permanent_uuid: "08b6c7f996bf477b95d4180b85d8ac73" member_type: VOTER last_known_addr { host: "127.31.158.65" port: 41175 } } peers { permanent_uuid: "62a78982db7d4783929e217035bd7fda" member_type: VOTER last_known_addr { host: "127.31.158.66" port: 38653 } } peers { permanent_uuid: "6ca9043e30e84f8a809475b78c4cf24e" member_type: VOTER last_known_addr { host: "127.31.158.67" port: 41081 } }
I20260710 13:27:57.038465  1228 tablet_bootstrap.cc:654] T fb796d7dc0674dceafb37bea6fd1750c P 08b6c7f996bf477b95d4180b85d8ac73: Neither blocks nor log segments found. Creating new log.
I20260710 13:27:57.039435  1111 tablet_service.cc:1917] Received RequestConsensusVote() RPC: tablet_id: "c5f785155a19482cbd31ee8ccad1eb76" candidate_uuid: "08b6c7f996bf477b95d4180b85d8ac73" candidate_term: 1 candidate_status { last_received { term: 0 index: 0 } } ignore_live_leader: false dest_uuid: "62a78982db7d4783929e217035bd7fda" is_pre_election: true
I20260710 13:27:57.039690  1186 raft_consensus.cc:2468] T 50ea54bc96f647cbab0ae88fbee484c9 P 6ca9043e30e84f8a809475b78c4cf24e [term 1 FOLLOWER]: Leader election vote request: Granting yes vote for candidate 08b6c7f996bf477b95d4180b85d8ac73 in term 1.
W20260710 13:27:57.039883  1003 leader_election.cc:343] T 50ea54bc96f647cbab0ae88fbee484c9 P 08b6c7f996bf477b95d4180b85d8ac73 [CANDIDATE]: Term 1 election: Tablet error from VoteRequest() call to peer 62a78982db7d4783929e217035bd7fda (127.31.158.66:38653): Illegal state: must be running to vote when last-logged opid is not known
I20260710 13:27:57.040300  1236 leader_election.cc:290] T c5f785155a19482cbd31ee8ccad1eb76 P 08b6c7f996bf477b95d4180b85d8ac73 [CANDIDATE]: Term 1 pre-election: Requested pre-vote from peers 62a78982db7d4783929e217035bd7fda (127.31.158.66:38653), 6ca9043e30e84f8a809475b78c4cf24e (127.31.158.67:41081)
I20260710 13:27:57.040611  1274 leader_election.cc:290] T 50ea54bc96f647cbab0ae88fbee484c9 P 08b6c7f996bf477b95d4180b85d8ac73 [CANDIDATE]: Term 1 election: Requested vote from peers 62a78982db7d4783929e217035bd7fda (127.31.158.66:38653), 6ca9043e30e84f8a809475b78c4cf24e (127.31.158.67:41081)
W20260710 13:27:57.041033  1003 leader_election.cc:343] T c5f785155a19482cbd31ee8ccad1eb76 P 08b6c7f996bf477b95d4180b85d8ac73 [CANDIDATE]: Term 1 pre-election: Tablet error from VoteRequest() call to peer 62a78982db7d4783929e217035bd7fda (127.31.158.66:38653): Illegal state: must be running to vote when last-logged opid is not known
I20260710 13:27:57.042937  1003 leader_election.cc:304] T 50ea54bc96f647cbab0ae88fbee484c9 P 08b6c7f996bf477b95d4180b85d8ac73 [CANDIDATE]: Term 1 election: Election decided. Result: candidate won. Election summary: received 3 responses out of 3 voters: 2 yes votes; 1 no votes. yes voters: 08b6c7f996bf477b95d4180b85d8ac73, 6ca9043e30e84f8a809475b78c4cf24e; no voters: 62a78982db7d4783929e217035bd7fda
I20260710 13:27:57.043269  1184 tablet_service.cc:1917] Received RequestConsensusVote() RPC: tablet_id: "c5f785155a19482cbd31ee8ccad1eb76" candidate_uuid: "08b6c7f996bf477b95d4180b85d8ac73" candidate_term: 1 candidate_status { last_received { term: 0 index: 0 } } ignore_live_leader: false dest_uuid: "6ca9043e30e84f8a809475b78c4cf24e" is_pre_election: true
I20260710 13:27:57.043908  1184 raft_consensus.cc:2468] T c5f785155a19482cbd31ee8ccad1eb76 P 6ca9043e30e84f8a809475b78c4cf24e [term 0 FOLLOWER]: Leader pre-election vote request: Granting yes vote for candidate 08b6c7f996bf477b95d4180b85d8ac73 in term 0.
I20260710 13:27:57.044158  1274 raft_consensus.cc:2804] T 50ea54bc96f647cbab0ae88fbee484c9 P 08b6c7f996bf477b95d4180b85d8ac73 [term 1 FOLLOWER]: Leader election won for term 1
I20260710 13:27:57.044878  1274 raft_consensus.cc:697] T 50ea54bc96f647cbab0ae88fbee484c9 P 08b6c7f996bf477b95d4180b85d8ac73 [term 1 LEADER]: Becoming Leader. State: Replica: 08b6c7f996bf477b95d4180b85d8ac73, State: Running, Role: LEADER
I20260710 13:27:57.045059  1003 leader_election.cc:304] T c5f785155a19482cbd31ee8ccad1eb76 P 08b6c7f996bf477b95d4180b85d8ac73 [CANDIDATE]: Term 1 pre-election: Election decided. Result: candidate won. Election summary: received 3 responses out of 3 voters: 2 yes votes; 1 no votes. yes voters: 08b6c7f996bf477b95d4180b85d8ac73, 6ca9043e30e84f8a809475b78c4cf24e; no voters: 62a78982db7d4783929e217035bd7fda
I20260710 13:27:57.045905  1236 raft_consensus.cc:2804] T c5f785155a19482cbd31ee8ccad1eb76 P 08b6c7f996bf477b95d4180b85d8ac73 [term 0 FOLLOWER]: Leader pre-election won for term 1
I20260710 13:27:57.046406  1236 raft_consensus.cc:493] T c5f785155a19482cbd31ee8ccad1eb76 P 08b6c7f996bf477b95d4180b85d8ac73 [term 0 FOLLOWER]: Starting leader election (no leader contacted us within the election timeout)
I20260710 13:27:57.046934  1236 raft_consensus.cc:3060] T c5f785155a19482cbd31ee8ccad1eb76 P 08b6c7f996bf477b95d4180b85d8ac73 [term 0 FOLLOWER]: Advancing to term 1
I20260710 13:27:57.047931  1227 ts_tablet_manager.cc:1434] T b3006ec42ca54f5fbd600979092cd466 P 6ca9043e30e84f8a809475b78c4cf24e: Time spent starting tablet: real 0.028s	user 0.006s	sys 0.000s
I20260710 13:27:57.052994  1227 tablet_bootstrap.cc:492] T b00444dfa310427b856d250175c2a185 P 6ca9043e30e84f8a809475b78c4cf24e: Bootstrap starting.
I20260710 13:27:57.053532  1274 consensus_queue.cc:237] T 50ea54bc96f647cbab0ae88fbee484c9 P 08b6c7f996bf477b95d4180b85d8ac73 [LEADER]: Queue going to LEADER mode. State: All replicated index: 0, Majority replicated index: 0, Committed index: 0, Last appended: 0.0, Last appended by leader: 0, Current term: 1, Majority size: 2, State: 0, Mode: LEADER, active raft config: opid_index: -1 OBSOLETE_local: false peers { permanent_uuid: "08b6c7f996bf477b95d4180b85d8ac73" member_type: VOTER last_known_addr { host: "127.31.158.65" port: 41175 } } peers { permanent_uuid: "62a78982db7d4783929e217035bd7fda" member_type: VOTER last_known_addr { host: "127.31.158.66" port: 38653 } } peers { permanent_uuid: "6ca9043e30e84f8a809475b78c4cf24e" member_type: VOTER last_known_addr { host: "127.31.158.67" port: 41081 } }
I20260710 13:27:57.061731  1230 raft_consensus.cc:493] T b00444dfa310427b856d250175c2a185 P 62a78982db7d4783929e217035bd7fda [term 0 FOLLOWER]: Starting pre-election (no leader contacted us within the election timeout)
I20260710 13:27:57.062511  1226 tablet_bootstrap.cc:492] T 6abcb4d95ed842c89051685ae7b273d6 P 62a78982db7d4783929e217035bd7fda: No bootstrap required, opened a new log
I20260710 13:27:57.062430  1230 raft_consensus.cc:515] T b00444dfa310427b856d250175c2a185 P 62a78982db7d4783929e217035bd7fda [term 0 FOLLOWER]: Starting pre-election with config: opid_index: -1 OBSOLETE_local: false peers { permanent_uuid: "08b6c7f996bf477b95d4180b85d8ac73" member_type: VOTER last_known_addr { host: "127.31.158.65" port: 41175 } } peers { permanent_uuid: "62a78982db7d4783929e217035bd7fda" member_type: VOTER last_known_addr { host: "127.31.158.66" port: 38653 } } peers { permanent_uuid: "6ca9043e30e84f8a809475b78c4cf24e" member_type: VOTER last_known_addr { host: "127.31.158.67" port: 41081 } }
I20260710 13:27:57.063235  1226 ts_tablet_manager.cc:1403] T 6abcb4d95ed842c89051685ae7b273d6 P 62a78982db7d4783929e217035bd7fda: Time spent bootstrapping tablet: real 0.058s	user 0.018s	sys 0.010s
I20260710 13:27:57.066884  1232 raft_consensus.cc:493] T c43115876f764ab0b4d30709f0b7966d P 6ca9043e30e84f8a809475b78c4cf24e [term 0 FOLLOWER]: Starting pre-election (no leader contacted us within the election timeout)
I20260710 13:27:57.068220  1232 raft_consensus.cc:515] T c43115876f764ab0b4d30709f0b7966d P 6ca9043e30e84f8a809475b78c4cf24e [term 0 FOLLOWER]: Starting pre-election with config: opid_index: -1 OBSOLETE_local: false peers { permanent_uuid: "08b6c7f996bf477b95d4180b85d8ac73" member_type: VOTER last_known_addr { host: "127.31.158.65" port: 41175 } } peers { permanent_uuid: "62a78982db7d4783929e217035bd7fda" member_type: VOTER last_known_addr { host: "127.31.158.66" port: 38653 } } peers { permanent_uuid: "6ca9043e30e84f8a809475b78c4cf24e" member_type: VOTER last_known_addr { host: "127.31.158.67" port: 41081 } }
I20260710 13:27:57.070883  1036 tablet_service.cc:1917] Received RequestConsensusVote() RPC: tablet_id: "b00444dfa310427b856d250175c2a185" candidate_uuid: "62a78982db7d4783929e217035bd7fda" candidate_term: 1 candidate_status { last_received { term: 0 index: 0 } } ignore_live_leader: false dest_uuid: "08b6c7f996bf477b95d4180b85d8ac73" is_pre_election: true
I20260710 13:27:57.072526  1232 leader_election.cc:290] T c43115876f764ab0b4d30709f0b7966d P 6ca9043e30e84f8a809475b78c4cf24e [CANDIDATE]: Term 1 pre-election: Requested pre-vote from peers 08b6c7f996bf477b95d4180b85d8ac73 (127.31.158.65:41175), 62a78982db7d4783929e217035bd7fda (127.31.158.66:38653)
I20260710 13:27:57.073596  1111 tablet_service.cc:1917] Received RequestConsensusVote() RPC: tablet_id: "c43115876f764ab0b4d30709f0b7966d" candidate_uuid: "6ca9043e30e84f8a809475b78c4cf24e" candidate_term: 1 candidate_status { last_received { term: 0 index: 0 } } ignore_live_leader: false dest_uuid: "62a78982db7d4783929e217035bd7fda" is_pre_election: true
W20260710 13:27:57.073890  1075 leader_election.cc:343] T b00444dfa310427b856d250175c2a185 P 62a78982db7d4783929e217035bd7fda [CANDIDATE]: Term 1 pre-election: Tablet error from VoteRequest() call to peer 08b6c7f996bf477b95d4180b85d8ac73 (127.31.158.65:41175): Illegal state: must be running to vote when last-logged opid is not known
I20260710 13:27:57.075039  1036 tablet_service.cc:1917] Received RequestConsensusVote() RPC: tablet_id: "c43115876f764ab0b4d30709f0b7966d" candidate_uuid: "6ca9043e30e84f8a809475b78c4cf24e" candidate_term: 1 candidate_status { last_received { term: 0 index: 0 } } ignore_live_leader: false dest_uuid: "08b6c7f996bf477b95d4180b85d8ac73" is_pre_election: true
I20260710 13:27:57.076694  1226 raft_consensus.cc:359] T 6abcb4d95ed842c89051685ae7b273d6 P 62a78982db7d4783929e217035bd7fda [term 0 FOLLOWER]: Replica starting. Triggering 0 pending ops. Active config: opid_index: -1 OBSOLETE_local: false peers { permanent_uuid: "08b6c7f996bf477b95d4180b85d8ac73" member_type: VOTER last_known_addr { host: "127.31.158.65" port: 41175 } } peers { permanent_uuid: "62a78982db7d4783929e217035bd7fda" member_type: VOTER last_known_addr { host: "127.31.158.66" port: 38653 } } peers { permanent_uuid: "6ca9043e30e84f8a809475b78c4cf24e" member_type: VOTER last_known_addr { host: "127.31.158.67" port: 41081 } }
I20260710 13:27:57.077534  1226 raft_consensus.cc:385] T 6abcb4d95ed842c89051685ae7b273d6 P 62a78982db7d4783929e217035bd7fda [term 0 FOLLOWER]: Consensus starting up: Expiring failure detector timer to make a prompt election more likely
I20260710 13:27:57.077845  1226 raft_consensus.cc:740] T 6abcb4d95ed842c89051685ae7b273d6 P 62a78982db7d4783929e217035bd7fda [term 0 FOLLOWER]: Becoming Follower/Learner. State: Replica: 62a78982db7d4783929e217035bd7fda, State: Initialized, Role: FOLLOWER
I20260710 13:27:57.078756  1186 tablet_service.cc:1917] Received RequestConsensusVote() RPC: tablet_id: "b00444dfa310427b856d250175c2a185" candidate_uuid: "62a78982db7d4783929e217035bd7fda" candidate_term: 1 candidate_status { last_received { term: 0 index: 0 } } ignore_live_leader: false dest_uuid: "6ca9043e30e84f8a809475b78c4cf24e" is_pre_election: true
W20260710 13:27:57.080292  1078 leader_election.cc:343] T b00444dfa310427b856d250175c2a185 P 62a78982db7d4783929e217035bd7fda [CANDIDATE]: Term 1 pre-election: Tablet error from VoteRequest() call to peer 6ca9043e30e84f8a809475b78c4cf24e (127.31.158.67:41081): Illegal state: must be running to vote when last-logged opid is not known
I20260710 13:27:57.080832  1078 leader_election.cc:304] T b00444dfa310427b856d250175c2a185 P 62a78982db7d4783929e217035bd7fda [CANDIDATE]: Term 1 pre-election: Election decided. Result: candidate lost. Election summary: received 3 responses out of 3 voters: 1 yes votes; 2 no votes. yes voters: 62a78982db7d4783929e217035bd7fda; no voters: 08b6c7f996bf477b95d4180b85d8ac73, 6ca9043e30e84f8a809475b78c4cf24e
I20260710 13:27:57.081609  1250 raft_consensus.cc:2749] T b00444dfa310427b856d250175c2a185 P 62a78982db7d4783929e217035bd7fda [term 0 FOLLOWER]: Leader pre-election lost for term 1. Reason: could not achieve majority
I20260710 13:27:57.067251  1230 leader_election.cc:290] T b00444dfa310427b856d250175c2a185 P 62a78982db7d4783929e217035bd7fda [CANDIDATE]: Term 1 pre-election: Requested pre-vote from peers 08b6c7f996bf477b95d4180b85d8ac73 (127.31.158.65:41175), 6ca9043e30e84f8a809475b78c4cf24e (127.31.158.67:41081)
I20260710 13:27:57.083765  1036 raft_consensus.cc:2393] T c43115876f764ab0b4d30709f0b7966d P 08b6c7f996bf477b95d4180b85d8ac73 [term 1 FOLLOWER]: Leader pre-election vote request: Denying vote to candidate 6ca9043e30e84f8a809475b78c4cf24e in current term 1: Already voted for candidate 62a78982db7d4783929e217035bd7fda in this term.
I20260710 13:27:57.087841  1149 leader_election.cc:304] T c43115876f764ab0b4d30709f0b7966d P 6ca9043e30e84f8a809475b78c4cf24e [CANDIDATE]: Term 1 pre-election: Election decided. Result: candidate lost. Election summary: received 3 responses out of 3 voters: 1 yes votes; 2 no votes. yes voters: 6ca9043e30e84f8a809475b78c4cf24e; no voters: 08b6c7f996bf477b95d4180b85d8ac73, 62a78982db7d4783929e217035bd7fda
I20260710 13:27:57.085588  1111 raft_consensus.cc:3060] T d486d4cc162d4d1f943d7d47487f9c09 P 62a78982db7d4783929e217035bd7fda [term 0 FOLLOWER]: Advancing to term 1
I20260710 13:27:57.088932  1232 raft_consensus.cc:3060] T c43115876f764ab0b4d30709f0b7966d P 6ca9043e30e84f8a809475b78c4cf24e [term 0 FOLLOWER]: Advancing to term 1
I20260710 13:27:57.090466  1246 raft_consensus.cc:493] T b3006ec42ca54f5fbd600979092cd466 P 6ca9043e30e84f8a809475b78c4cf24e [term 0 FOLLOWER]: Starting pre-election (no leader contacted us within the election timeout)
I20260710 13:27:57.090919  1272 raft_consensus.cc:493] T dd288934b33f4979bf2cbf4464563f0e P 08b6c7f996bf477b95d4180b85d8ac73 [term 0 FOLLOWER]: Starting pre-election (no leader contacted us within the election timeout)
I20260710 13:27:57.091099  1246 raft_consensus.cc:515] T b3006ec42ca54f5fbd600979092cd466 P 6ca9043e30e84f8a809475b78c4cf24e [term 0 FOLLOWER]: Starting pre-election with config: opid_index: -1 OBSOLETE_local: false peers { permanent_uuid: "08b6c7f996bf477b95d4180b85d8ac73" member_type: VOTER last_known_addr { host: "127.31.158.65" port: 41175 } } peers { permanent_uuid: "62a78982db7d4783929e217035bd7fda" member_type: VOTER last_known_addr { host: "127.31.158.66" port: 38653 } } peers { permanent_uuid: "6ca9043e30e84f8a809475b78c4cf24e" member_type: VOTER last_known_addr { host: "127.31.158.67" port: 41081 } }
I20260710 13:27:57.091639  1272 raft_consensus.cc:515] T dd288934b33f4979bf2cbf4464563f0e P 08b6c7f996bf477b95d4180b85d8ac73 [term 0 FOLLOWER]: Starting pre-election with config: opid_index: -1 OBSOLETE_local: false peers { permanent_uuid: "08b6c7f996bf477b95d4180b85d8ac73" member_type: VOTER last_known_addr { host: "127.31.158.65" port: 41175 } } peers { permanent_uuid: "62a78982db7d4783929e217035bd7fda" member_type: VOTER last_known_addr { host: "127.31.158.66" port: 38653 } } peers { permanent_uuid: "6ca9043e30e84f8a809475b78c4cf24e" member_type: VOTER last_known_addr { host: "127.31.158.67" port: 41081 } }
I20260710 13:27:57.095860  1036 tablet_service.cc:1917] Received RequestConsensusVote() RPC: tablet_id: "b3006ec42ca54f5fbd600979092cd466" candidate_uuid: "6ca9043e30e84f8a809475b78c4cf24e" candidate_term: 1 candidate_status { last_received { term: 0 index: 0 } } ignore_live_leader: false dest_uuid: "08b6c7f996bf477b95d4180b85d8ac73" is_pre_election: true
W20260710 13:27:57.097235  1149 leader_election.cc:343] T b3006ec42ca54f5fbd600979092cd466 P 6ca9043e30e84f8a809475b78c4cf24e [CANDIDATE]: Term 1 pre-election: Tablet error from VoteRequest() call to peer 08b6c7f996bf477b95d4180b85d8ac73 (127.31.158.65:41175): Illegal state: must be running to vote when last-logged opid is not known
I20260710 13:27:57.098927  1110 tablet_service.cc:1917] Received RequestConsensusVote() RPC: tablet_id: "b3006ec42ca54f5fbd600979092cd466" candidate_uuid: "6ca9043e30e84f8a809475b78c4cf24e" candidate_term: 1 candidate_status { last_received { term: 0 index: 0 } } ignore_live_leader: false dest_uuid: "62a78982db7d4783929e217035bd7fda" is_pre_election: true
I20260710 13:27:57.101052  1232 raft_consensus.cc:2749] T c43115876f764ab0b4d30709f0b7966d P 6ca9043e30e84f8a809475b78c4cf24e [term 1 FOLLOWER]: Leader pre-election lost for term 1. Reason: could not achieve majority
W20260710 13:27:57.102456  1152 leader_election.cc:343] T b3006ec42ca54f5fbd600979092cd466 P 6ca9043e30e84f8a809475b78c4cf24e [CANDIDATE]: Term 1 pre-election: Tablet error from VoteRequest() call to peer 62a78982db7d4783929e217035bd7fda (127.31.158.66:38653): Illegal state: must be running to vote when last-logged opid is not known
I20260710 13:27:57.103518  1152 leader_election.cc:304] T b3006ec42ca54f5fbd600979092cd466 P 6ca9043e30e84f8a809475b78c4cf24e [CANDIDATE]: Term 1 pre-election: Election decided. Result: candidate lost. Election summary: received 3 responses out of 3 voters: 1 yes votes; 2 no votes. yes voters: 6ca9043e30e84f8a809475b78c4cf24e; no voters: 08b6c7f996bf477b95d4180b85d8ac73, 62a78982db7d4783929e217035bd7fda
I20260710 13:27:57.103879  1227 tablet_bootstrap.cc:654] T b00444dfa310427b856d250175c2a185 P 6ca9043e30e84f8a809475b78c4cf24e: Neither blocks nor log segments found. Creating new log.
I20260710 13:27:57.105057  1226 consensus_queue.cc:260] T 6abcb4d95ed842c89051685ae7b273d6 P 62a78982db7d4783929e217035bd7fda [NON_LEADER]: Queue going to NON_LEADER mode. State: All replicated index: 0, Majority replicated index: 0, Committed index: 0, Last appended: 0.0, Last appended by leader: 0, Current term: 0, Majority size: -1, State: 0, Mode: NON_LEADER, active raft config: opid_index: -1 OBSOLETE_local: false peers { permanent_uuid: "08b6c7f996bf477b95d4180b85d8ac73" member_type: VOTER last_known_addr { host: "127.31.158.65" port: 41175 } } peers { permanent_uuid: "62a78982db7d4783929e217035bd7fda" member_type: VOTER last_known_addr { host: "127.31.158.66" port: 38653 } } peers { permanent_uuid: "6ca9043e30e84f8a809475b78c4cf24e" member_type: VOTER last_known_addr { host: "127.31.158.67" port: 41081 } }
I20260710 13:27:57.100113  1246 leader_election.cc:290] T b3006ec42ca54f5fbd600979092cd466 P 6ca9043e30e84f8a809475b78c4cf24e [CANDIDATE]: Term 1 pre-election: Requested pre-vote from peers 08b6c7f996bf477b95d4180b85d8ac73 (127.31.158.65:41175), 62a78982db7d4783929e217035bd7fda (127.31.158.66:38653)
I20260710 13:27:57.109455  1232 raft_consensus.cc:2749] T b3006ec42ca54f5fbd600979092cd466 P 6ca9043e30e84f8a809475b78c4cf24e [term 0 FOLLOWER]: Leader pre-election lost for term 1. Reason: could not achieve majority
I20260710 13:27:57.113449  1226 ts_tablet_manager.cc:1434] T 6abcb4d95ed842c89051685ae7b273d6 P 62a78982db7d4783929e217035bd7fda: Time spent starting tablet: real 0.050s	user 0.007s	sys 0.001s
I20260710 13:27:57.114565  1226 tablet_bootstrap.cc:492] T a75403845f3b4248a19428f4b8e21e32 P 62a78982db7d4783929e217035bd7fda: Bootstrap starting.
I20260710 13:27:57.115564  1110 tablet_service.cc:1917] Received RequestConsensusVote() RPC: tablet_id: "dd288934b33f4979bf2cbf4464563f0e" candidate_uuid: "08b6c7f996bf477b95d4180b85d8ac73" candidate_term: 1 candidate_status { last_received { term: 0 index: 0 } } ignore_live_leader: false dest_uuid: "62a78982db7d4783929e217035bd7fda" is_pre_election: true
I20260710 13:27:57.100323  1236 raft_consensus.cc:515] T c5f785155a19482cbd31ee8ccad1eb76 P 08b6c7f996bf477b95d4180b85d8ac73 [term 1 FOLLOWER]: Starting leader election with config: opid_index: -1 OBSOLETE_local: false peers { permanent_uuid: "08b6c7f996bf477b95d4180b85d8ac73" member_type: VOTER last_known_addr { host: "127.31.158.65" port: 41175 } } peers { permanent_uuid: "62a78982db7d4783929e217035bd7fda" member_type: VOTER last_known_addr { host: "127.31.158.66" port: 38653 } } peers { permanent_uuid: "6ca9043e30e84f8a809475b78c4cf24e" member_type: VOTER last_known_addr { host: "127.31.158.67" port: 41081 } }
I20260710 13:27:57.117237  1186 tablet_service.cc:1917] Received RequestConsensusVote() RPC: tablet_id: "dd288934b33f4979bf2cbf4464563f0e" candidate_uuid: "08b6c7f996bf477b95d4180b85d8ac73" candidate_term: 1 candidate_status { last_received { term: 0 index: 0 } } ignore_live_leader: false dest_uuid: "6ca9043e30e84f8a809475b78c4cf24e" is_pre_election: true
I20260710 13:27:57.110363  1272 leader_election.cc:290] T dd288934b33f4979bf2cbf4464563f0e P 08b6c7f996bf477b95d4180b85d8ac73 [CANDIDATE]: Term 1 pre-election: Requested pre-vote from peers 62a78982db7d4783929e217035bd7fda (127.31.158.66:38653), 6ca9043e30e84f8a809475b78c4cf24e (127.31.158.67:41081)
W20260710 13:27:57.123365  1003 leader_election.cc:343] T dd288934b33f4979bf2cbf4464563f0e P 08b6c7f996bf477b95d4180b85d8ac73 [CANDIDATE]: Term 1 pre-election: Tablet error from VoteRequest() call to peer 62a78982db7d4783929e217035bd7fda (127.31.158.66:38653): Illegal state: must be running to vote when last-logged opid is not known
W20260710 13:27:57.124744  1003 leader_election.cc:343] T dd288934b33f4979bf2cbf4464563f0e P 08b6c7f996bf477b95d4180b85d8ac73 [CANDIDATE]: Term 1 pre-election: Tablet error from VoteRequest() call to peer 6ca9043e30e84f8a809475b78c4cf24e (127.31.158.67:41081): Illegal state: must be running to vote when last-logged opid is not known
I20260710 13:27:57.125172  1003 leader_election.cc:304] T dd288934b33f4979bf2cbf4464563f0e P 08b6c7f996bf477b95d4180b85d8ac73 [CANDIDATE]: Term 1 pre-election: Election decided. Result: candidate lost. Election summary: received 3 responses out of 3 voters: 1 yes votes; 2 no votes. yes voters: 08b6c7f996bf477b95d4180b85d8ac73; no voters: 62a78982db7d4783929e217035bd7fda, 6ca9043e30e84f8a809475b78c4cf24e
I20260710 13:27:57.127738  1272 raft_consensus.cc:2749] T dd288934b33f4979bf2cbf4464563f0e P 08b6c7f996bf477b95d4180b85d8ac73 [term 0 FOLLOWER]: Leader pre-election lost for term 1. Reason: could not achieve majority
I20260710 13:27:57.129724  1186 tablet_service.cc:1917] Received RequestConsensusVote() RPC: tablet_id: "c5f785155a19482cbd31ee8ccad1eb76" candidate_uuid: "08b6c7f996bf477b95d4180b85d8ac73" candidate_term: 1 candidate_status { last_received { term: 0 index: 0 } } ignore_live_leader: false dest_uuid: "6ca9043e30e84f8a809475b78c4cf24e"
I20260710 13:27:57.130479  1186 raft_consensus.cc:3060] T c5f785155a19482cbd31ee8ccad1eb76 P 6ca9043e30e84f8a809475b78c4cf24e [term 0 FOLLOWER]: Advancing to term 1
I20260710 13:27:57.128027  1109 tablet_service.cc:1917] Received RequestConsensusVote() RPC: tablet_id: "c5f785155a19482cbd31ee8ccad1eb76" candidate_uuid: "08b6c7f996bf477b95d4180b85d8ac73" candidate_term: 1 candidate_status { last_received { term: 0 index: 0 } } ignore_live_leader: false dest_uuid: "62a78982db7d4783929e217035bd7fda"
I20260710 13:27:57.135573  1250 raft_consensus.cc:493] T fb796d7dc0674dceafb37bea6fd1750c P 62a78982db7d4783929e217035bd7fda [term 0 FOLLOWER]: Starting pre-election (no leader contacted us within the election timeout)
I20260710 13:27:57.136016  1250 raft_consensus.cc:515] T fb796d7dc0674dceafb37bea6fd1750c P 62a78982db7d4783929e217035bd7fda [term 0 FOLLOWER]: Starting pre-election with config: opid_index: -1 OBSOLETE_local: false peers { permanent_uuid: "08b6c7f996bf477b95d4180b85d8ac73" member_type: VOTER last_known_addr { host: "127.31.158.65" port: 41175 } } peers { permanent_uuid: "62a78982db7d4783929e217035bd7fda" member_type: VOTER last_known_addr { host: "127.31.158.66" port: 38653 } } peers { permanent_uuid: "6ca9043e30e84f8a809475b78c4cf24e" member_type: VOTER last_known_addr { host: "127.31.158.67" port: 41081 } }
W20260710 13:27:57.142141  1003 leader_election.cc:343] T c5f785155a19482cbd31ee8ccad1eb76 P 08b6c7f996bf477b95d4180b85d8ac73 [CANDIDATE]: Term 1 election: Tablet error from VoteRequest() call to peer 62a78982db7d4783929e217035bd7fda (127.31.158.66:38653): Illegal state: must be running to vote when last-logged opid is not known
I20260710 13:27:57.123518  1236 leader_election.cc:290] T c5f785155a19482cbd31ee8ccad1eb76 P 08b6c7f996bf477b95d4180b85d8ac73 [CANDIDATE]: Term 1 election: Requested vote from peers 62a78982db7d4783929e217035bd7fda (127.31.158.66:38653), 6ca9043e30e84f8a809475b78c4cf24e (127.31.158.67:41081)
I20260710 13:27:57.144629  1250 leader_election.cc:290] T fb796d7dc0674dceafb37bea6fd1750c P 62a78982db7d4783929e217035bd7fda [CANDIDATE]: Term 1 pre-election: Requested pre-vote from peers 08b6c7f996bf477b95d4180b85d8ac73 (127.31.158.65:41175), 6ca9043e30e84f8a809475b78c4cf24e (127.31.158.67:41081)
I20260710 13:27:57.145339  1036 tablet_service.cc:1917] Received RequestConsensusVote() RPC: tablet_id: "fb796d7dc0674dceafb37bea6fd1750c" candidate_uuid: "62a78982db7d4783929e217035bd7fda" candidate_term: 1 candidate_status { last_received { term: 0 index: 0 } } ignore_live_leader: false dest_uuid: "08b6c7f996bf477b95d4180b85d8ac73" is_pre_election: true
I20260710 13:27:57.146130  1184 tablet_service.cc:1917] Received RequestConsensusVote() RPC: tablet_id: "fb796d7dc0674dceafb37bea6fd1750c" candidate_uuid: "62a78982db7d4783929e217035bd7fda" candidate_term: 1 candidate_status { last_received { term: 0 index: 0 } } ignore_live_leader: false dest_uuid: "6ca9043e30e84f8a809475b78c4cf24e" is_pre_election: true
W20260710 13:27:57.146512  1075 leader_election.cc:343] T fb796d7dc0674dceafb37bea6fd1750c P 62a78982db7d4783929e217035bd7fda [CANDIDATE]: Term 1 pre-election: Tablet error from VoteRequest() call to peer 08b6c7f996bf477b95d4180b85d8ac73 (127.31.158.65:41175): Illegal state: must be running to vote when last-logged opid is not known
I20260710 13:27:57.146749  1184 raft_consensus.cc:2468] T fb796d7dc0674dceafb37bea6fd1750c P 6ca9043e30e84f8a809475b78c4cf24e [term 0 FOLLOWER]: Leader pre-election vote request: Granting yes vote for candidate 62a78982db7d4783929e217035bd7fda in term 0.
I20260710 13:27:57.148376  1228 tablet_bootstrap.cc:492] T fb796d7dc0674dceafb37bea6fd1750c P 08b6c7f996bf477b95d4180b85d8ac73: No bootstrap required, opened a new log
I20260710 13:27:57.148447  1078 leader_election.cc:304] T fb796d7dc0674dceafb37bea6fd1750c P 62a78982db7d4783929e217035bd7fda [CANDIDATE]: Term 1 pre-election: Election decided. Result: candidate won. Election summary: received 3 responses out of 3 voters: 2 yes votes; 1 no votes. yes voters: 62a78982db7d4783929e217035bd7fda, 6ca9043e30e84f8a809475b78c4cf24e; no voters: 08b6c7f996bf477b95d4180b85d8ac73
I20260710 13:27:57.149052  1228 ts_tablet_manager.cc:1403] T fb796d7dc0674dceafb37bea6fd1750c P 08b6c7f996bf477b95d4180b85d8ac73: Time spent bootstrapping tablet: real 0.122s	user 0.020s	sys 0.045s
I20260710 13:27:57.150874  1250 consensus_queue.cc:1048] T c43115876f764ab0b4d30709f0b7966d P 62a78982db7d4783929e217035bd7fda [LEADER]: Connected to new peer: Peer: permanent_uuid: "6ca9043e30e84f8a809475b78c4cf24e" member_type: VOTER last_known_addr { host: "127.31.158.67" port: 41081 }, Status: LMP_MISMATCH, Last received: 0.0, Next index: 1, Last known committed idx: 0, Time since last communication: 0.000s
I20260710 13:27:57.154098  1226 tablet_bootstrap.cc:654] T a75403845f3b4248a19428f4b8e21e32 P 62a78982db7d4783929e217035bd7fda: Neither blocks nor log segments found. Creating new log.
I20260710 13:27:57.152550  1250 raft_consensus.cc:2804] T fb796d7dc0674dceafb37bea6fd1750c P 62a78982db7d4783929e217035bd7fda [term 0 FOLLOWER]: Leader pre-election won for term 1
I20260710 13:27:57.159731  1250 raft_consensus.cc:493] T fb796d7dc0674dceafb37bea6fd1750c P 62a78982db7d4783929e217035bd7fda [term 0 FOLLOWER]: Starting leader election (no leader contacted us within the election timeout)
I20260710 13:27:57.160209  1250 raft_consensus.cc:3060] T fb796d7dc0674dceafb37bea6fd1750c P 62a78982db7d4783929e217035bd7fda [term 0 FOLLOWER]: Advancing to term 1
I20260710 13:27:57.157775   934 catalog_manager.cc:5697] T 50ea54bc96f647cbab0ae88fbee484c9 P 08b6c7f996bf477b95d4180b85d8ac73 reported cstate change: term changed from 0 to 1, leader changed from <none> to 08b6c7f996bf477b95d4180b85d8ac73 (127.31.158.65). New cstate: current_term: 1 leader_uuid: "08b6c7f996bf477b95d4180b85d8ac73" committed_config { opid_index: -1 OBSOLETE_local: false peers { permanent_uuid: "08b6c7f996bf477b95d4180b85d8ac73" member_type: VOTER last_known_addr { host: "127.31.158.65" port: 41175 } health_report { overall_health: HEALTHY } } peers { permanent_uuid: "62a78982db7d4783929e217035bd7fda" member_type: VOTER last_known_addr { host: "127.31.158.66" port: 38653 } health_report { overall_health: UNKNOWN } } peers { permanent_uuid: "6ca9043e30e84f8a809475b78c4cf24e" member_type: VOTER last_known_addr { host: "127.31.158.67" port: 41081 } health_report { overall_health: UNKNOWN } } }
I20260710 13:27:57.152451  1228 raft_consensus.cc:359] T fb796d7dc0674dceafb37bea6fd1750c P 08b6c7f996bf477b95d4180b85d8ac73 [term 0 FOLLOWER]: Replica starting. Triggering 0 pending ops. Active config: opid_index: -1 OBSOLETE_local: false peers { permanent_uuid: "08b6c7f996bf477b95d4180b85d8ac73" member_type: VOTER last_known_addr { host: "127.31.158.65" port: 41175 } } peers { permanent_uuid: "62a78982db7d4783929e217035bd7fda" member_type: VOTER last_known_addr { host: "127.31.158.66" port: 38653 } } peers { permanent_uuid: "6ca9043e30e84f8a809475b78c4cf24e" member_type: VOTER last_known_addr { host: "127.31.158.67" port: 41081 } }
I20260710 13:27:57.171550  1228 raft_consensus.cc:385] T fb796d7dc0674dceafb37bea6fd1750c P 08b6c7f996bf477b95d4180b85d8ac73 [term 0 FOLLOWER]: Consensus starting up: Expiring failure detector timer to make a prompt election more likely
I20260710 13:27:57.171950  1228 raft_consensus.cc:740] T fb796d7dc0674dceafb37bea6fd1750c P 08b6c7f996bf477b95d4180b85d8ac73 [term 0 FOLLOWER]: Becoming Follower/Learner. State: Replica: 08b6c7f996bf477b95d4180b85d8ac73, State: Initialized, Role: FOLLOWER
I20260710 13:27:57.153548  1186 raft_consensus.cc:2468] T c5f785155a19482cbd31ee8ccad1eb76 P 6ca9043e30e84f8a809475b78c4cf24e [term 1 FOLLOWER]: Leader election vote request: Granting yes vote for candidate 08b6c7f996bf477b95d4180b85d8ac73 in term 1.
I20260710 13:27:57.181938  1228 consensus_queue.cc:260] T fb796d7dc0674dceafb37bea6fd1750c P 08b6c7f996bf477b95d4180b85d8ac73 [NON_LEADER]: Queue going to NON_LEADER mode. State: All replicated index: 0, Majority replicated index: 0, Committed index: 0, Last appended: 0.0, Last appended by leader: 0, Current term: 0, Majority size: -1, State: 0, Mode: NON_LEADER, active raft config: opid_index: -1 OBSOLETE_local: false peers { permanent_uuid: "08b6c7f996bf477b95d4180b85d8ac73" member_type: VOTER last_known_addr { host: "127.31.158.65" port: 41175 } } peers { permanent_uuid: "62a78982db7d4783929e217035bd7fda" member_type: VOTER last_known_addr { host: "127.31.158.66" port: 38653 } } peers { permanent_uuid: "6ca9043e30e84f8a809475b78c4cf24e" member_type: VOTER last_known_addr { host: "127.31.158.67" port: 41081 } }
I20260710 13:27:57.191215  1003 leader_election.cc:304] T c5f785155a19482cbd31ee8ccad1eb76 P 08b6c7f996bf477b95d4180b85d8ac73 [CANDIDATE]: Term 1 election: Election decided. Result: candidate won. Election summary: received 3 responses out of 3 voters: 2 yes votes; 1 no votes. yes voters: 08b6c7f996bf477b95d4180b85d8ac73, 6ca9043e30e84f8a809475b78c4cf24e; no voters: 62a78982db7d4783929e217035bd7fda
I20260710 13:27:57.192276  1272 raft_consensus.cc:2804] T c5f785155a19482cbd31ee8ccad1eb76 P 08b6c7f996bf477b95d4180b85d8ac73 [term 1 FOLLOWER]: Leader election won for term 1
I20260710 13:27:57.192704  1272 raft_consensus.cc:697] T c5f785155a19482cbd31ee8ccad1eb76 P 08b6c7f996bf477b95d4180b85d8ac73 [term 1 LEADER]: Becoming Leader. State: Replica: 08b6c7f996bf477b95d4180b85d8ac73, State: Running, Role: LEADER
I20260710 13:27:57.193476  1272 consensus_queue.cc:237] T c5f785155a19482cbd31ee8ccad1eb76 P 08b6c7f996bf477b95d4180b85d8ac73 [LEADER]: Queue going to LEADER mode. State: All replicated index: 0, Majority replicated index: 0, Committed index: 0, Last appended: 0.0, Last appended by leader: 0, Current term: 1, Majority size: 2, State: 0, Mode: LEADER, active raft config: opid_index: -1 OBSOLETE_local: false peers { permanent_uuid: "08b6c7f996bf477b95d4180b85d8ac73" member_type: VOTER last_known_addr { host: "127.31.158.65" port: 41175 } } peers { permanent_uuid: "62a78982db7d4783929e217035bd7fda" member_type: VOTER last_known_addr { host: "127.31.158.66" port: 38653 } } peers { permanent_uuid: "6ca9043e30e84f8a809475b78c4cf24e" member_type: VOTER last_known_addr { host: "127.31.158.67" port: 41081 } }
I20260710 13:27:57.189864  1236 raft_consensus.cc:493] T fb796d7dc0674dceafb37bea6fd1750c P 08b6c7f996bf477b95d4180b85d8ac73 [term 0 FOLLOWER]: Starting pre-election (no leader contacted us within the election timeout)
I20260710 13:27:57.197831  1236 raft_consensus.cc:515] T fb796d7dc0674dceafb37bea6fd1750c P 08b6c7f996bf477b95d4180b85d8ac73 [term 0 FOLLOWER]: Starting pre-election with config: opid_index: -1 OBSOLETE_local: false peers { permanent_uuid: "08b6c7f996bf477b95d4180b85d8ac73" member_type: VOTER last_known_addr { host: "127.31.158.65" port: 41175 } } peers { permanent_uuid: "62a78982db7d4783929e217035bd7fda" member_type: VOTER last_known_addr { host: "127.31.158.66" port: 38653 } } peers { permanent_uuid: "6ca9043e30e84f8a809475b78c4cf24e" member_type: VOTER last_known_addr { host: "127.31.158.67" port: 41081 } }
I20260710 13:27:57.200778  1227 tablet_bootstrap.cc:492] T b00444dfa310427b856d250175c2a185 P 6ca9043e30e84f8a809475b78c4cf24e: No bootstrap required, opened a new log
I20260710 13:27:57.201215  1227 ts_tablet_manager.cc:1403] T b00444dfa310427b856d250175c2a185 P 6ca9043e30e84f8a809475b78c4cf24e: Time spent bootstrapping tablet: real 0.148s	user 0.025s	sys 0.017s
I20260710 13:27:57.210222  1344 consensus_queue.cc:1048] T c43115876f764ab0b4d30709f0b7966d P 62a78982db7d4783929e217035bd7fda [LEADER]: Connected to new peer: Peer: permanent_uuid: "08b6c7f996bf477b95d4180b85d8ac73" member_type: VOTER last_known_addr { host: "127.31.158.65" port: 41175 }, Status: LMP_MISMATCH, Last received: 0.0, Next index: 1, Last known committed idx: 0, Time since last communication: 0.001s
I20260710 13:27:57.213296  1227 raft_consensus.cc:359] T b00444dfa310427b856d250175c2a185 P 6ca9043e30e84f8a809475b78c4cf24e [term 0 FOLLOWER]: Replica starting. Triggering 0 pending ops. Active config: opid_index: -1 OBSOLETE_local: false peers { permanent_uuid: "08b6c7f996bf477b95d4180b85d8ac73" member_type: VOTER last_known_addr { host: "127.31.158.65" port: 41175 } } peers { permanent_uuid: "62a78982db7d4783929e217035bd7fda" member_type: VOTER last_known_addr { host: "127.31.158.66" port: 38653 } } peers { permanent_uuid: "6ca9043e30e84f8a809475b78c4cf24e" member_type: VOTER last_known_addr { host: "127.31.158.67" port: 41081 } }
I20260710 13:27:57.215957  1227 raft_consensus.cc:385] T b00444dfa310427b856d250175c2a185 P 6ca9043e30e84f8a809475b78c4cf24e [term 0 FOLLOWER]: Consensus starting up: Expiring failure detector timer to make a prompt election more likely
W20260710 13:27:57.216245  1346 log.cc:927] Time spent T c43115876f764ab0b4d30709f0b7966d P 6ca9043e30e84f8a809475b78c4cf24e: Append to log took a long time: real 0.057s	user 0.001s	sys 0.000s
I20260710 13:27:57.202837  1250 raft_consensus.cc:515] T fb796d7dc0674dceafb37bea6fd1750c P 62a78982db7d4783929e217035bd7fda [term 1 FOLLOWER]: Starting leader election with config: opid_index: -1 OBSOLETE_local: false peers { permanent_uuid: "08b6c7f996bf477b95d4180b85d8ac73" member_type: VOTER last_known_addr { host: "127.31.158.65" port: 41175 } } peers { permanent_uuid: "62a78982db7d4783929e217035bd7fda" member_type: VOTER last_known_addr { host: "127.31.158.66" port: 38653 } } peers { permanent_uuid: "6ca9043e30e84f8a809475b78c4cf24e" member_type: VOTER last_known_addr { host: "127.31.158.67" port: 41081 } }
I20260710 13:27:57.217392  1227 raft_consensus.cc:740] T b00444dfa310427b856d250175c2a185 P 6ca9043e30e84f8a809475b78c4cf24e [term 0 FOLLOWER]: Becoming Follower/Learner. State: Replica: 6ca9043e30e84f8a809475b78c4cf24e, State: Initialized, Role: FOLLOWER
I20260710 13:27:57.219264  1227 consensus_queue.cc:260] T b00444dfa310427b856d250175c2a185 P 6ca9043e30e84f8a809475b78c4cf24e [NON_LEADER]: Queue going to NON_LEADER mode. State: All replicated index: 0, Majority replicated index: 0, Committed index: 0, Last appended: 0.0, Last appended by leader: 0, Current term: 0, Majority size: -1, State: 0, Mode: NON_LEADER, active raft config: opid_index: -1 OBSOLETE_local: false peers { permanent_uuid: "08b6c7f996bf477b95d4180b85d8ac73" member_type: VOTER last_known_addr { host: "127.31.158.65" port: 41175 } } peers { permanent_uuid: "62a78982db7d4783929e217035bd7fda" member_type: VOTER last_known_addr { host: "127.31.158.66" port: 38653 } } peers { permanent_uuid: "6ca9043e30e84f8a809475b78c4cf24e" member_type: VOTER last_known_addr { host: "127.31.158.67" port: 41081 } }
I20260710 13:27:57.221308  1250 leader_election.cc:290] T fb796d7dc0674dceafb37bea6fd1750c P 62a78982db7d4783929e217035bd7fda [CANDIDATE]: Term 1 election: Requested vote from peers 08b6c7f996bf477b95d4180b85d8ac73 (127.31.158.65:41175), 6ca9043e30e84f8a809475b78c4cf24e (127.31.158.67:41081)
I20260710 13:27:57.221513  1227 ts_tablet_manager.cc:1434] T b00444dfa310427b856d250175c2a185 P 6ca9043e30e84f8a809475b78c4cf24e: Time spent starting tablet: real 0.020s	user 0.006s	sys 0.002s
I20260710 13:27:57.222471  1227 tablet_bootstrap.cc:492] T dd288934b33f4979bf2cbf4464563f0e P 6ca9043e30e84f8a809475b78c4cf24e: Bootstrap starting.
I20260710 13:27:57.222801  1236 leader_election.cc:290] T fb796d7dc0674dceafb37bea6fd1750c P 08b6c7f996bf477b95d4180b85d8ac73 [CANDIDATE]: Term 1 pre-election: Requested pre-vote from peers 62a78982db7d4783929e217035bd7fda (127.31.158.66:38653), 6ca9043e30e84f8a809475b78c4cf24e (127.31.158.67:41081)
I20260710 13:27:57.227558  1228 ts_tablet_manager.cc:1434] T fb796d7dc0674dceafb37bea6fd1750c P 08b6c7f996bf477b95d4180b85d8ac73: Time spent starting tablet: real 0.078s	user 0.012s	sys 0.012s
I20260710 13:27:57.229063  1228 tablet_bootstrap.cc:492] T b3006ec42ca54f5fbd600979092cd466 P 08b6c7f996bf477b95d4180b85d8ac73: Bootstrap starting.
I20260710 13:27:57.227537  1184 tablet_service.cc:1917] Received RequestConsensusVote() RPC: tablet_id: "fb796d7dc0674dceafb37bea6fd1750c" candidate_uuid: "62a78982db7d4783929e217035bd7fda" candidate_term: 1 candidate_status { last_received { term: 0 index: 0 } } ignore_live_leader: false dest_uuid: "6ca9043e30e84f8a809475b78c4cf24e"
I20260710 13:27:57.232961  1186 tablet_service.cc:1917] Received RequestConsensusVote() RPC: tablet_id: "fb796d7dc0674dceafb37bea6fd1750c" candidate_uuid: "08b6c7f996bf477b95d4180b85d8ac73" candidate_term: 1 candidate_status { last_received { term: 0 index: 0 } } ignore_live_leader: false dest_uuid: "6ca9043e30e84f8a809475b78c4cf24e" is_pre_election: true
I20260710 13:27:57.233525  1186 raft_consensus.cc:2468] T fb796d7dc0674dceafb37bea6fd1750c P 6ca9043e30e84f8a809475b78c4cf24e [term 0 FOLLOWER]: Leader pre-election vote request: Granting yes vote for candidate 08b6c7f996bf477b95d4180b85d8ac73 in term 0.
I20260710 13:27:57.233965  1109 tablet_service.cc:1917] Received RequestConsensusVote() RPC: tablet_id: "fb796d7dc0674dceafb37bea6fd1750c" candidate_uuid: "08b6c7f996bf477b95d4180b85d8ac73" candidate_term: 1 candidate_status { last_received { term: 0 index: 0 } } ignore_live_leader: false dest_uuid: "62a78982db7d4783929e217035bd7fda" is_pre_election: true
I20260710 13:27:57.234731  1109 raft_consensus.cc:2393] T fb796d7dc0674dceafb37bea6fd1750c P 62a78982db7d4783929e217035bd7fda [term 1 FOLLOWER]: Leader pre-election vote request: Denying vote to candidate 08b6c7f996bf477b95d4180b85d8ac73 in current term 1: Already voted for candidate 62a78982db7d4783929e217035bd7fda in this term.
I20260710 13:27:57.232050  1034 tablet_service.cc:1917] Received RequestConsensusVote() RPC: tablet_id: "fb796d7dc0674dceafb37bea6fd1750c" candidate_uuid: "62a78982db7d4783929e217035bd7fda" candidate_term: 1 candidate_status { last_received { term: 0 index: 0 } } ignore_live_leader: false dest_uuid: "08b6c7f996bf477b95d4180b85d8ac73"
I20260710 13:27:57.237587  1034 raft_consensus.cc:3060] T fb796d7dc0674dceafb37bea6fd1750c P 08b6c7f996bf477b95d4180b85d8ac73 [term 0 FOLLOWER]: Advancing to term 1
I20260710 13:27:57.239847  1003 leader_election.cc:304] T fb796d7dc0674dceafb37bea6fd1750c P 08b6c7f996bf477b95d4180b85d8ac73 [CANDIDATE]: Term 1 pre-election: Election decided. Result: candidate won. Election summary: received 2 responses out of 3 voters: 2 yes votes; 0 no votes. yes voters: 08b6c7f996bf477b95d4180b85d8ac73, 6ca9043e30e84f8a809475b78c4cf24e; no voters: 
I20260710 13:27:57.238893  1184 raft_consensus.cc:3060] T fb796d7dc0674dceafb37bea6fd1750c P 6ca9043e30e84f8a809475b78c4cf24e [term 0 FOLLOWER]: Advancing to term 1
I20260710 13:27:57.252019  1226 tablet_bootstrap.cc:492] T a75403845f3b4248a19428f4b8e21e32 P 62a78982db7d4783929e217035bd7fda: No bootstrap required, opened a new log
I20260710 13:27:57.252578  1226 ts_tablet_manager.cc:1403] T a75403845f3b4248a19428f4b8e21e32 P 62a78982db7d4783929e217035bd7fda: Time spent bootstrapping tablet: real 0.138s	user 0.009s	sys 0.037s
I20260710 13:27:57.255317  1227 tablet_bootstrap.cc:654] T dd288934b33f4979bf2cbf4464563f0e P 6ca9043e30e84f8a809475b78c4cf24e: Neither blocks nor log segments found. Creating new log.
I20260710 13:27:57.255831  1230 raft_consensus.cc:493] T d486d4cc162d4d1f943d7d47487f9c09 P 62a78982db7d4783929e217035bd7fda [term 1 FOLLOWER]: Starting pre-election (detected failure of leader 08b6c7f996bf477b95d4180b85d8ac73)
I20260710 13:27:57.256340  1230 raft_consensus.cc:515] T d486d4cc162d4d1f943d7d47487f9c09 P 62a78982db7d4783929e217035bd7fda [term 1 FOLLOWER]: Starting pre-election with config: opid_index: -1 OBSOLETE_local: false peers { permanent_uuid: "08b6c7f996bf477b95d4180b85d8ac73" member_type: VOTER last_known_addr { host: "127.31.158.65" port: 41175 } } peers { permanent_uuid: "62a78982db7d4783929e217035bd7fda" member_type: VOTER last_known_addr { host: "127.31.158.66" port: 38653 } } peers { permanent_uuid: "6ca9043e30e84f8a809475b78c4cf24e" member_type: VOTER last_known_addr { host: "127.31.158.67" port: 41081 } }
I20260710 13:27:57.257272  1236 raft_consensus.cc:493] T c7b40820e7de4de488d13702145666f0 P 08b6c7f996bf477b95d4180b85d8ac73 [term 0 FOLLOWER]: Starting pre-election (no leader contacted us within the election timeout)
I20260710 13:27:57.257710  1236 raft_consensus.cc:515] T c7b40820e7de4de488d13702145666f0 P 08b6c7f996bf477b95d4180b85d8ac73 [term 0 FOLLOWER]: Starting pre-election with config: opid_index: -1 OBSOLETE_local: false peers { permanent_uuid: "08b6c7f996bf477b95d4180b85d8ac73" member_type: VOTER last_known_addr { host: "127.31.158.65" port: 41175 } } peers { permanent_uuid: "62a78982db7d4783929e217035bd7fda" member_type: VOTER last_known_addr { host: "127.31.158.66" port: 38653 } } peers { permanent_uuid: "6ca9043e30e84f8a809475b78c4cf24e" member_type: VOTER last_known_addr { host: "127.31.158.67" port: 41081 } }
I20260710 13:27:57.257848  1344 raft_consensus.cc:493] T 6abcb4d95ed842c89051685ae7b273d6 P 62a78982db7d4783929e217035bd7fda [term 0 FOLLOWER]: Starting pre-election (no leader contacted us within the election timeout)
I20260710 13:27:57.270653  1344 raft_consensus.cc:515] T 6abcb4d95ed842c89051685ae7b273d6 P 62a78982db7d4783929e217035bd7fda [term 0 FOLLOWER]: Starting pre-election with config: opid_index: -1 OBSOLETE_local: false peers { permanent_uuid: "08b6c7f996bf477b95d4180b85d8ac73" member_type: VOTER last_known_addr { host: "127.31.158.65" port: 41175 } } peers { permanent_uuid: "62a78982db7d4783929e217035bd7fda" member_type: VOTER last_known_addr { host: "127.31.158.66" port: 38653 } } peers { permanent_uuid: "6ca9043e30e84f8a809475b78c4cf24e" member_type: VOTER last_known_addr { host: "127.31.158.67" port: 41081 } }
I20260710 13:27:57.272357  1236 leader_election.cc:290] T c7b40820e7de4de488d13702145666f0 P 08b6c7f996bf477b95d4180b85d8ac73 [CANDIDATE]: Term 1 pre-election: Requested pre-vote from peers 62a78982db7d4783929e217035bd7fda (127.31.158.66:38653), 6ca9043e30e84f8a809475b78c4cf24e (127.31.158.67:41081)
