I20260710 13:28:02.313340 29229 ts_tablet_manager.cc:1929] T e3831ad6272e4dc38dd6e3348388df99 P 79be5b66c3b84f85af54cf46771d49e2: tablet deleted with delete type TABLET_DATA_TOMBSTONED: last-logged OpId 1.3
I20260710 13:28:02.314044 29229 log.cc:1199] T e3831ad6272e4dc38dd6e3348388df99 P 79be5b66c3b84f85af54cf46771d49e2: Deleting WAL directory at /tmp/dist-test-task0cVkhb/test-tmp/auto_leader_rebalancer-test.0.LeaderRebalancerTest.AddTserver.1783690047819530-27535-0/minicluster-data/ts-0-root/wals/e3831ad6272e4dc38dd6e3348388df99
I20260710 13:28:02.315090 28556 catalog_manager.cc:5697] T d44c37cdc99841ae9ecad41caa340c4d P 79be5b66c3b84f85af54cf46771d49e2 reported cstate change: config changed from index 3 to 4, VOTER b98cdc0945f043b8bd25d1ebb9385a81 (127.26.227.194) evicted. New cstate: current_term: 1 leader_uuid: "920f506739604c6587d7c9099165cbcc" committed_config { opid_index: 4 OBSOLETE_local: false peers { permanent_uuid: "920f506739604c6587d7c9099165cbcc" member_type: VOTER last_known_addr { host: "127.26.227.195" port: 44915 } } peers { permanent_uuid: "79be5b66c3b84f85af54cf46771d49e2" member_type: VOTER last_known_addr { host: "127.26.227.193" port: 38541 } } peers { permanent_uuid: "b1251fe570144fe0b1b1382f62ec64ec" member_type: VOTER last_known_addr { host: "127.26.227.196" port: 45373 } attrs { promote: false } } }
I20260710 13:28:02.315912 28545 catalog_manager.cc:5028] TS 79be5b66c3b84f85af54cf46771d49e2 (127.26.227.193:38541): tablet e3831ad6272e4dc38dd6e3348388df99 (table test-workload [id=03014ad9f5a84ae686afe4e50e802076]) successfully deleted
I20260710 13:28:02.320519 29076 raft_consensus.cc:2955] T a84178ad561646a5845cbfdcbaf46222 P b1251fe570144fe0b1b1382f62ec64ec [term 1 FOLLOWER]: Committing config change with OpId 1.3: config changed from index 2 to 3, b1251fe570144fe0b1b1382f62ec64ec (127.26.227.196) changed from NON_VOTER to VOTER. New config: { opid_index: 3 OBSOLETE_local: false peers { permanent_uuid: "79be5b66c3b84f85af54cf46771d49e2" member_type: VOTER last_known_addr { host: "127.26.227.193" port: 38541 } } peers { permanent_uuid: "b98cdc0945f043b8bd25d1ebb9385a81" member_type: VOTER last_known_addr { host: "127.26.227.194" port: 33723 } } peers { permanent_uuid: "920f506739604c6587d7c9099165cbcc" member_type: VOTER last_known_addr { host: "127.26.227.195" port: 44915 } attrs { replace: true } } peers { permanent_uuid: "b1251fe570144fe0b1b1382f62ec64ec" member_type: VOTER last_known_addr { host: "127.26.227.196" port: 45373 } attrs { promote: false } } }
I20260710 13:28:02.323174 28737 raft_consensus.cc:1275] T 9666b5db6793466f9bd615a11176dd5e P b98cdc0945f043b8bd25d1ebb9385a81 [term 1 FOLLOWER]: Refusing update from remote peer 920f506739604c6587d7c9099165cbcc: Log matching property violated. Preceding OpId in replica: term: 1 index: 2. Preceding OpId from leader: term: 1 index: 3. (index mismatch)
I20260710 13:28:02.328315 29206 consensus_queue.cc:1048] T 9666b5db6793466f9bd615a11176dd5e P 920f506739604c6587d7c9099165cbcc [LEADER]: Connected to new peer: Peer: permanent_uuid: "b98cdc0945f043b8bd25d1ebb9385a81" member_type: VOTER last_known_addr { host: "127.26.227.194" port: 33723 }, Status: LMP_MISMATCH, Last received: 0.0, Next index: 3, Last known committed idx: 2, Time since last communication: 0.000s
I20260710 13:28:02.330643 28737 consensus_queue.cc:237] T a84178ad561646a5845cbfdcbaf46222 P b98cdc0945f043b8bd25d1ebb9385a81 [LEADER]: Queue going to LEADER mode. State: All replicated index: 0, Majority replicated index: 3, Committed index: 3, Last appended: 1.3, Last appended by leader: 0, Current term: 1, Majority size: 2, State: 0, Mode: LEADER, active raft config: opid_index: 4 OBSOLETE_local: false peers { permanent_uuid: "79be5b66c3b84f85af54cf46771d49e2" member_type: VOTER last_known_addr { host: "127.26.227.193" port: 38541 } } peers { permanent_uuid: "b98cdc0945f043b8bd25d1ebb9385a81" member_type: VOTER last_known_addr { host: "127.26.227.194" port: 33723 } } peers { permanent_uuid: "b1251fe570144fe0b1b1382f62ec64ec" member_type: VOTER last_known_addr { host: "127.26.227.196" port: 45373 } attrs { promote: false } }
W20260710 13:28:02.334314 28775 outbound_call.cc:321] RPC callback for RPC call kudu.consensus.ConsensusService.UpdateConsensus -> {remote=127.26.227.193:38541, user_credentials={real_user=slave}} blocked reactor thread for 47027.1us
I20260710 13:28:02.349594 29074 raft_consensus.cc:1275] T 9666b5db6793466f9bd615a11176dd5e P b1251fe570144fe0b1b1382f62ec64ec [term 1 LEARNER]: Refusing update from remote peer 920f506739604c6587d7c9099165cbcc: Log matching property violated. Preceding OpId in replica: term: 1 index: 2. Preceding OpId from leader: term: 1 index: 3. (index mismatch)
I20260710 13:28:02.351897 28662 raft_consensus.cc:1275] T 9666b5db6793466f9bd615a11176dd5e P 79be5b66c3b84f85af54cf46771d49e2 [term 1 FOLLOWER]: Refusing update from remote peer 920f506739604c6587d7c9099165cbcc: Log matching property violated. Preceding OpId in replica: term: 1 index: 2. Preceding OpId from leader: term: 1 index: 3. (index mismatch)
I20260710 13:28:02.345623 29077 raft_consensus.cc:2955] T d44c37cdc99841ae9ecad41caa340c4d P b1251fe570144fe0b1b1382f62ec64ec [term 1 FOLLOWER]: Committing config change with OpId 1.4: config changed from index 3 to 4, VOTER b98cdc0945f043b8bd25d1ebb9385a81 (127.26.227.194) evicted. New config: { opid_index: 4 OBSOLETE_local: false peers { permanent_uuid: "920f506739604c6587d7c9099165cbcc" member_type: VOTER last_known_addr { host: "127.26.227.195" port: 44915 } } peers { permanent_uuid: "79be5b66c3b84f85af54cf46771d49e2" member_type: VOTER last_known_addr { host: "127.26.227.193" port: 38541 } } peers { permanent_uuid: "b1251fe570144fe0b1b1382f62ec64ec" member_type: VOTER last_known_addr { host: "127.26.227.196" port: 45373 } attrs { promote: false } } }
I20260710 13:28:02.366365 29154 consensus_queue.cc:1048] T 9666b5db6793466f9bd615a11176dd5e P 920f506739604c6587d7c9099165cbcc [LEADER]: Connected to new peer: Peer: permanent_uuid: "b1251fe570144fe0b1b1382f62ec64ec" member_type: VOTER last_known_addr { host: "127.26.227.196" port: 45373 } attrs { promote: false }, Status: LMP_MISMATCH, Last received: 0.0, Next index: 3, Last known committed idx: 2, Time since last communication: 0.001s
I20260710 13:28:02.368058 28726 tablet_service.cc:1558] Processing DeleteTablet for tablet d44c37cdc99841ae9ecad41caa340c4d with delete_type TABLET_DATA_TOMBSTONED (TS b98cdc0945f043b8bd25d1ebb9385a81 not found in new config with opid_index 4) from {username='slave'} at 127.0.0.1:46046
I20260710 13:28:02.371380 29206 consensus_queue.cc:1048] T 9666b5db6793466f9bd615a11176dd5e P 920f506739604c6587d7c9099165cbcc [LEADER]: Connected to new peer: Peer: permanent_uuid: "79be5b66c3b84f85af54cf46771d49e2" member_type: VOTER last_known_addr { host: "127.26.227.193" port: 38541 } attrs { replace: true }, Status: LMP_MISMATCH, Last received: 0.0, Next index: 3, Last known committed idx: 2, Time since last communication: 0.000s
I20260710 13:28:02.372032 29074 raft_consensus.cc:1275] T a84178ad561646a5845cbfdcbaf46222 P b1251fe570144fe0b1b1382f62ec64ec [term 1 FOLLOWER]: Refusing update from remote peer b98cdc0945f043b8bd25d1ebb9385a81: Log matching property violated. Preceding OpId in replica: term: 1 index: 3. Preceding OpId from leader: term: 1 index: 4. (index mismatch)
I20260710 13:28:02.373756 29176 consensus_queue.cc:1048] T a84178ad561646a5845cbfdcbaf46222 P b98cdc0945f043b8bd25d1ebb9385a81 [LEADER]: Connected to new peer: Peer: permanent_uuid: "b1251fe570144fe0b1b1382f62ec64ec" member_type: VOTER last_known_addr { host: "127.26.227.196" port: 45373 } attrs { promote: false }, Status: LMP_MISMATCH, Last received: 0.0, Next index: 4, Last known committed idx: 3, Time since last communication: 0.000s
I20260710 13:28:02.376890 28662 raft_consensus.cc:1275] T a84178ad561646a5845cbfdcbaf46222 P 79be5b66c3b84f85af54cf46771d49e2 [term 1 FOLLOWER]: Refusing update from remote peer b98cdc0945f043b8bd25d1ebb9385a81: Log matching property violated. Preceding OpId in replica: term: 1 index: 3. Preceding OpId from leader: term: 1 index: 4. (index mismatch)
I20260710 13:28:02.382841 29176 consensus_queue.cc:1048] T a84178ad561646a5845cbfdcbaf46222 P b98cdc0945f043b8bd25d1ebb9385a81 [LEADER]: Connected to new peer: Peer: permanent_uuid: "79be5b66c3b84f85af54cf46771d49e2" member_type: VOTER last_known_addr { host: "127.26.227.193" port: 38541 }, Status: LMP_MISMATCH, Last received: 0.0, Next index: 4, Last known committed idx: 3, Time since last communication: 0.000s
I20260710 13:28:02.414171 29219 raft_consensus.cc:2955] T a84178ad561646a5845cbfdcbaf46222 P b98cdc0945f043b8bd25d1ebb9385a81 [term 1 LEADER]: Committing config change with OpId 1.4: config changed from index 3 to 4, VOTER 920f506739604c6587d7c9099165cbcc (127.26.227.195) evicted. New config: { opid_index: 4 OBSOLETE_local: false peers { permanent_uuid: "79be5b66c3b84f85af54cf46771d49e2" member_type: VOTER last_known_addr { host: "127.26.227.193" port: 38541 } } peers { permanent_uuid: "b98cdc0945f043b8bd25d1ebb9385a81" member_type: VOTER last_known_addr { host: "127.26.227.194" port: 33723 } } peers { permanent_uuid: "b1251fe570144fe0b1b1382f62ec64ec" member_type: VOTER last_known_addr { host: "127.26.227.196" port: 45373 } attrs { promote: false } } }
I20260710 13:28:02.421896 28659 raft_consensus.cc:2955] T a84178ad561646a5845cbfdcbaf46222 P 79be5b66c3b84f85af54cf46771d49e2 [term 1 FOLLOWER]: Committing config change with OpId 1.4: config changed from index 3 to 4, VOTER 920f506739604c6587d7c9099165cbcc (127.26.227.195) evicted. New config: { opid_index: 4 OBSOLETE_local: false peers { permanent_uuid: "79be5b66c3b84f85af54cf46771d49e2" member_type: VOTER last_known_addr { host: "127.26.227.193" port: 38541 } } peers { permanent_uuid: "b98cdc0945f043b8bd25d1ebb9385a81" member_type: VOTER last_known_addr { host: "127.26.227.194" port: 33723 } } peers { permanent_uuid: "b1251fe570144fe0b1b1382f62ec64ec" member_type: VOTER last_known_addr { host: "127.26.227.196" port: 45373 } attrs { promote: false } } }
I20260710 13:28:02.437260 29076 raft_consensus.cc:2955] T a84178ad561646a5845cbfdcbaf46222 P b1251fe570144fe0b1b1382f62ec64ec [term 1 FOLLOWER]: Committing config change with OpId 1.4: config changed from index 3 to 4, VOTER 920f506739604c6587d7c9099165cbcc (127.26.227.195) evicted. New config: { opid_index: 4 OBSOLETE_local: false peers { permanent_uuid: "79be5b66c3b84f85af54cf46771d49e2" member_type: VOTER last_known_addr { host: "127.26.227.193" port: 38541 } } peers { permanent_uuid: "b98cdc0945f043b8bd25d1ebb9385a81" member_type: VOTER last_known_addr { host: "127.26.227.194" port: 33723 } } peers { permanent_uuid: "b1251fe570144fe0b1b1382f62ec64ec" member_type: VOTER last_known_addr { host: "127.26.227.196" port: 45373 } attrs { promote: false } } }
I20260710 13:28:02.453779 28544 catalog_manager.cc:5210] ChangeConfig:REMOVE_PEER RPC for tablet a84178ad561646a5845cbfdcbaf46222 with cas_config_opid_index 3: ChangeConfig:REMOVE_PEER succeeded (attempt 1)
I20260710 13:28:02.454541 29242 tablet_replica.cc:333] T d44c37cdc99841ae9ecad41caa340c4d P b98cdc0945f043b8bd25d1ebb9385a81: stopping tablet replica
I20260710 13:28:02.459664 29242 raft_consensus.cc:2243] T d44c37cdc99841ae9ecad41caa340c4d P b98cdc0945f043b8bd25d1ebb9385a81 [term 1 FOLLOWER]: Raft consensus shutting down.
I20260710 13:28:02.460403 29242 raft_consensus.cc:2272] T d44c37cdc99841ae9ecad41caa340c4d P b98cdc0945f043b8bd25d1ebb9385a81 [term 1 FOLLOWER]: Raft consensus is shut down!
I20260710 13:28:02.461037 28556 catalog_manager.cc:5697] T a84178ad561646a5845cbfdcbaf46222 P b98cdc0945f043b8bd25d1ebb9385a81 reported cstate change: config changed from index 3 to 4, VOTER 920f506739604c6587d7c9099165cbcc (127.26.227.195) evicted. New cstate: current_term: 1 leader_uuid: "b98cdc0945f043b8bd25d1ebb9385a81" committed_config { opid_index: 4 OBSOLETE_local: false peers { permanent_uuid: "79be5b66c3b84f85af54cf46771d49e2" member_type: VOTER last_known_addr { host: "127.26.227.193" port: 38541 } health_report { overall_health: HEALTHY } } peers { permanent_uuid: "b98cdc0945f043b8bd25d1ebb9385a81" member_type: VOTER last_known_addr { host: "127.26.227.194" port: 33723 } health_report { overall_health: HEALTHY } } peers { permanent_uuid: "b1251fe570144fe0b1b1382f62ec64ec" member_type: VOTER last_known_addr { host: "127.26.227.196" port: 45373 } attrs { promote: false } health_report { overall_health: HEALTHY } } }
I20260710 13:28:02.472170 29206 raft_consensus.cc:2955] T 9666b5db6793466f9bd615a11176dd5e P 920f506739604c6587d7c9099165cbcc [term 1 LEADER]: Committing config change with OpId 1.3: config changed from index 2 to 3, b1251fe570144fe0b1b1382f62ec64ec (127.26.227.196) changed from NON_VOTER to VOTER. New config: { opid_index: 3 OBSOLETE_local: false peers { permanent_uuid: "79be5b66c3b84f85af54cf46771d49e2" member_type: VOTER last_known_addr { host: "127.26.227.193" port: 38541 } attrs { replace: true } } peers { permanent_uuid: "b98cdc0945f043b8bd25d1ebb9385a81" member_type: VOTER last_known_addr { host: "127.26.227.194" port: 33723 } } peers { permanent_uuid: "920f506739604c6587d7c9099165cbcc" member_type: VOTER last_known_addr { host: "127.26.227.195" port: 44915 } } peers { permanent_uuid: "b1251fe570144fe0b1b1382f62ec64ec" member_type: VOTER last_known_addr { host: "127.26.227.196" port: 45373 } attrs { promote: false } } }
I20260710 13:28:02.476482 29242 ts_tablet_manager.cc:1916] T d44c37cdc99841ae9ecad41caa340c4d P b98cdc0945f043b8bd25d1ebb9385a81: Deleting tablet data with delete state TABLET_DATA_TOMBSTONED
I20260710 13:28:02.491712 28798 tablet_service.cc:1558] Processing DeleteTablet for tablet a84178ad561646a5845cbfdcbaf46222 with delete_type TABLET_DATA_TOMBSTONED (TS 920f506739604c6587d7c9099165cbcc not found in new config with opid_index 4) from {username='slave'} at 127.0.0.1:37824
I20260710 13:28:02.497292 29242 ts_tablet_manager.cc:1929] T d44c37cdc99841ae9ecad41caa340c4d P b98cdc0945f043b8bd25d1ebb9385a81: tablet deleted with delete type TABLET_DATA_TOMBSTONED: last-logged OpId 1.3
I20260710 13:28:02.497906 29242 log.cc:1199] T d44c37cdc99841ae9ecad41caa340c4d P b98cdc0945f043b8bd25d1ebb9385a81: Deleting WAL directory at /tmp/dist-test-task0cVkhb/test-tmp/auto_leader_rebalancer-test.0.LeaderRebalancerTest.AddTserver.1783690047819530-27535-0/minicluster-data/ts-1-root/wals/d44c37cdc99841ae9ecad41caa340c4d
I20260710 13:28:02.496611 28734 raft_consensus.cc:2955] T 9666b5db6793466f9bd615a11176dd5e P b98cdc0945f043b8bd25d1ebb9385a81 [term 1 FOLLOWER]: Committing config change with OpId 1.3: config changed from index 2 to 3, b1251fe570144fe0b1b1382f62ec64ec (127.26.227.196) changed from NON_VOTER to VOTER. New config: { opid_index: 3 OBSOLETE_local: false peers { permanent_uuid: "79be5b66c3b84f85af54cf46771d49e2" member_type: VOTER last_known_addr { host: "127.26.227.193" port: 38541 } attrs { replace: true } } peers { permanent_uuid: "b98cdc0945f043b8bd25d1ebb9385a81" member_type: VOTER last_known_addr { host: "127.26.227.194" port: 33723 } } peers { permanent_uuid: "920f506739604c6587d7c9099165cbcc" member_type: VOTER last_known_addr { host: "127.26.227.195" port: 44915 } } peers { permanent_uuid: "b1251fe570144fe0b1b1382f62ec64ec" member_type: VOTER last_known_addr { host: "127.26.227.196" port: 45373 } attrs { promote: false } } }
I20260710 13:28:02.497306 29075 raft_consensus.cc:2955] T 9666b5db6793466f9bd615a11176dd5e P b1251fe570144fe0b1b1382f62ec64ec [term 1 FOLLOWER]: Committing config change with OpId 1.3: config changed from index 2 to 3, b1251fe570144fe0b1b1382f62ec64ec (127.26.227.196) changed from NON_VOTER to VOTER. New config: { opid_index: 3 OBSOLETE_local: false peers { permanent_uuid: "79be5b66c3b84f85af54cf46771d49e2" member_type: VOTER last_known_addr { host: "127.26.227.193" port: 38541 } attrs { replace: true } } peers { permanent_uuid: "b98cdc0945f043b8bd25d1ebb9385a81" member_type: VOTER last_known_addr { host: "127.26.227.194" port: 33723 } } peers { permanent_uuid: "920f506739604c6587d7c9099165cbcc" member_type: VOTER last_known_addr { host: "127.26.227.195" port: 44915 } } peers { permanent_uuid: "b1251fe570144fe0b1b1382f62ec64ec" member_type: VOTER last_known_addr { host: "127.26.227.196" port: 45373 } attrs { promote: false } } }
I20260710 13:28:02.500963 28544 catalog_manager.cc:5028] TS b98cdc0945f043b8bd25d1ebb9385a81 (127.26.227.194:33723): tablet d44c37cdc99841ae9ecad41caa340c4d (table test-workload [id=03014ad9f5a84ae686afe4e50e802076]) successfully deleted
I20260710 13:28:02.518851 28557 catalog_manager.cc:5697] T 9666b5db6793466f9bd615a11176dd5e P 920f506739604c6587d7c9099165cbcc reported cstate change: config changed from index 2 to 3, b1251fe570144fe0b1b1382f62ec64ec (127.26.227.196) changed from NON_VOTER to VOTER. New cstate: current_term: 1 leader_uuid: "920f506739604c6587d7c9099165cbcc" committed_config { opid_index: 3 OBSOLETE_local: false peers { permanent_uuid: "79be5b66c3b84f85af54cf46771d49e2" member_type: VOTER last_known_addr { host: "127.26.227.193" port: 38541 } attrs { replace: true } health_report { overall_health: UNKNOWN } } peers { permanent_uuid: "b98cdc0945f043b8bd25d1ebb9385a81" member_type: VOTER last_known_addr { host: "127.26.227.194" port: 33723 } health_report { overall_health: HEALTHY } } peers { permanent_uuid: "920f506739604c6587d7c9099165cbcc" member_type: VOTER last_known_addr { host: "127.26.227.195" port: 44915 } health_report { overall_health: HEALTHY } } peers { permanent_uuid: "b1251fe570144fe0b1b1382f62ec64ec" member_type: VOTER last_known_addr { host: "127.26.227.196" port: 45373 } attrs { promote: false } health_report { overall_health: HEALTHY } } }
I20260710 13:28:02.513453 28662 raft_consensus.cc:2955] T 9666b5db6793466f9bd615a11176dd5e P 79be5b66c3b84f85af54cf46771d49e2 [term 1 FOLLOWER]: Committing config change with OpId 1.3: config changed from index 2 to 3, b1251fe570144fe0b1b1382f62ec64ec (127.26.227.196) changed from NON_VOTER to VOTER. New config: { opid_index: 3 OBSOLETE_local: false peers { permanent_uuid: "79be5b66c3b84f85af54cf46771d49e2" member_type: VOTER last_known_addr { host: "127.26.227.193" port: 38541 } attrs { replace: true } } peers { permanent_uuid: "b98cdc0945f043b8bd25d1ebb9385a81" member_type: VOTER last_known_addr { host: "127.26.227.194" port: 33723 } } peers { permanent_uuid: "920f506739604c6587d7c9099165cbcc" member_type: VOTER last_known_addr { host: "127.26.227.195" port: 44915 } } peers { permanent_uuid: "b1251fe570144fe0b1b1382f62ec64ec" member_type: VOTER last_known_addr { host: "127.26.227.196" port: 45373 } attrs { promote: false } } }
I20260710 13:28:02.525125 29245 tablet_replica.cc:333] T a84178ad561646a5845cbfdcbaf46222 P 920f506739604c6587d7c9099165cbcc: stopping tablet replica
I20260710 13:28:02.526700 29245 raft_consensus.cc:2243] T a84178ad561646a5845cbfdcbaf46222 P 920f506739604c6587d7c9099165cbcc [term 1 FOLLOWER]: Raft consensus shutting down.
I20260710 13:28:02.527350 29245 raft_consensus.cc:2272] T a84178ad561646a5845cbfdcbaf46222 P 920f506739604c6587d7c9099165cbcc [term 1 FOLLOWER]: Raft consensus is shut down!
I20260710 13:28:02.532791 29245 ts_tablet_manager.cc:1916] T a84178ad561646a5845cbfdcbaf46222 P 920f506739604c6587d7c9099165cbcc: Deleting tablet data with delete state TABLET_DATA_TOMBSTONED
I20260710 13:28:02.544332 28809 consensus_queue.cc:237] T 9666b5db6793466f9bd615a11176dd5e P 920f506739604c6587d7c9099165cbcc [LEADER]: Queue going to LEADER mode. State: All replicated index: 0, Majority replicated index: 3, Committed index: 3, Last appended: 1.3, Last appended by leader: 0, Current term: 1, Majority size: 2, State: 0, Mode: LEADER, active raft config: opid_index: 4 OBSOLETE_local: false peers { permanent_uuid: "b98cdc0945f043b8bd25d1ebb9385a81" member_type: VOTER last_known_addr { host: "127.26.227.194" port: 33723 } } peers { permanent_uuid: "920f506739604c6587d7c9099165cbcc" member_type: VOTER last_known_addr { host: "127.26.227.195" port: 44915 } } peers { permanent_uuid: "b1251fe570144fe0b1b1382f62ec64ec" member_type: VOTER last_known_addr { host: "127.26.227.196" port: 45373 } attrs { promote: false } }
I20260710 13:28:02.560300 29245 ts_tablet_manager.cc:1929] T a84178ad561646a5845cbfdcbaf46222 P 920f506739604c6587d7c9099165cbcc: tablet deleted with delete type TABLET_DATA_TOMBSTONED: last-logged OpId 1.3
I20260710 13:28:02.560797 29245 log.cc:1199] T a84178ad561646a5845cbfdcbaf46222 P 920f506739604c6587d7c9099165cbcc: Deleting WAL directory at /tmp/dist-test-task0cVkhb/test-tmp/auto_leader_rebalancer-test.0.LeaderRebalancerTest.AddTserver.1783690047819530-27535-0/minicluster-data/ts-2-root/wals/a84178ad561646a5845cbfdcbaf46222
I20260710 13:28:02.569147 28734 raft_consensus.cc:1275] T 9666b5db6793466f9bd615a11176dd5e P b98cdc0945f043b8bd25d1ebb9385a81 [term 1 FOLLOWER]: Refusing update from remote peer 920f506739604c6587d7c9099165cbcc: Log matching property violated. Preceding OpId in replica: term: 1 index: 3. Preceding OpId from leader: term: 1 index: 4. (index mismatch)
I20260710 13:28:02.570802 29239 consensus_queue.cc:1048] T 9666b5db6793466f9bd615a11176dd5e P 920f506739604c6587d7c9099165cbcc [LEADER]: Connected to new peer: Peer: permanent_uuid: "b98cdc0945f043b8bd25d1ebb9385a81" member_type: VOTER last_known_addr { host: "127.26.227.194" port: 33723 }, Status: LMP_MISMATCH, Last received: 0.0, Next index: 4, Last known committed idx: 3, Time since last communication: 0.001s
I20260710 13:28:02.572880 29076 raft_consensus.cc:1275] T 9666b5db6793466f9bd615a11176dd5e P b1251fe570144fe0b1b1382f62ec64ec [term 1 FOLLOWER]: Refusing update from remote peer 920f506739604c6587d7c9099165cbcc: Log matching property violated. Preceding OpId in replica: term: 1 index: 3. Preceding OpId from leader: term: 1 index: 4. (index mismatch)
I20260710 13:28:02.574445 29239 consensus_queue.cc:1048] T 9666b5db6793466f9bd615a11176dd5e P 920f506739604c6587d7c9099165cbcc [LEADER]: Connected to new peer: Peer: permanent_uuid: "b1251fe570144fe0b1b1382f62ec64ec" member_type: VOTER last_known_addr { host: "127.26.227.196" port: 45373 } attrs { promote: false }, Status: LMP_MISMATCH, Last received: 0.0, Next index: 4, Last known committed idx: 3, Time since last communication: 0.000s
I20260710 13:28:02.577858 29154 raft_consensus.cc:2955] T 9666b5db6793466f9bd615a11176dd5e P 920f506739604c6587d7c9099165cbcc [term 1 LEADER]: Committing config change with OpId 1.4: config changed from index 3 to 4, VOTER 79be5b66c3b84f85af54cf46771d49e2 (127.26.227.193) evicted. New config: { opid_index: 4 OBSOLETE_local: false peers { permanent_uuid: "b98cdc0945f043b8bd25d1ebb9385a81" member_type: VOTER last_known_addr { host: "127.26.227.194" port: 33723 } } peers { permanent_uuid: "920f506739604c6587d7c9099165cbcc" member_type: VOTER last_known_addr { host: "127.26.227.195" port: 44915 } } peers { permanent_uuid: "b1251fe570144fe0b1b1382f62ec64ec" member_type: VOTER last_known_addr { host: "127.26.227.196" port: 45373 } attrs { promote: false } } }
I20260710 13:28:02.567842 28546 catalog_manager.cc:5028] TS 920f506739604c6587d7c9099165cbcc (127.26.227.195:44915): tablet a84178ad561646a5845cbfdcbaf46222 (table test-workload [id=03014ad9f5a84ae686afe4e50e802076]) successfully deleted
I20260710 13:28:02.584471 29075 raft_consensus.cc:2955] T 9666b5db6793466f9bd615a11176dd5e P b1251fe570144fe0b1b1382f62ec64ec [term 1 FOLLOWER]: Committing config change with OpId 1.4: config changed from index 3 to 4, VOTER 79be5b66c3b84f85af54cf46771d49e2 (127.26.227.193) evicted. New config: { opid_index: 4 OBSOLETE_local: false peers { permanent_uuid: "b98cdc0945f043b8bd25d1ebb9385a81" member_type: VOTER last_known_addr { host: "127.26.227.194" port: 33723 } } peers { permanent_uuid: "920f506739604c6587d7c9099165cbcc" member_type: VOTER last_known_addr { host: "127.26.227.195" port: 44915 } } peers { permanent_uuid: "b1251fe570144fe0b1b1382f62ec64ec" member_type: VOTER last_known_addr { host: "127.26.227.196" port: 45373 } attrs { promote: false } } }
I20260710 13:28:02.589159 28734 raft_consensus.cc:2955] T 9666b5db6793466f9bd615a11176dd5e P b98cdc0945f043b8bd25d1ebb9385a81 [term 1 FOLLOWER]: Committing config change with OpId 1.4: config changed from index 3 to 4, VOTER 79be5b66c3b84f85af54cf46771d49e2 (127.26.227.193) evicted. New config: { opid_index: 4 OBSOLETE_local: false peers { permanent_uuid: "b98cdc0945f043b8bd25d1ebb9385a81" member_type: VOTER last_known_addr { host: "127.26.227.194" port: 33723 } } peers { permanent_uuid: "920f506739604c6587d7c9099165cbcc" member_type: VOTER last_known_addr { host: "127.26.227.195" port: 44915 } } peers { permanent_uuid: "b1251fe570144fe0b1b1382f62ec64ec" member_type: VOTER last_known_addr { host: "127.26.227.196" port: 45373 } attrs { promote: false } } }
I20260710 13:28:02.603260 28560 catalog_manager.cc:5697] T 9666b5db6793466f9bd615a11176dd5e P b1251fe570144fe0b1b1382f62ec64ec reported cstate change: config changed from index 3 to 4, VOTER 79be5b66c3b84f85af54cf46771d49e2 (127.26.227.193) evicted. New cstate: current_term: 1 leader_uuid: "920f506739604c6587d7c9099165cbcc" committed_config { opid_index: 4 OBSOLETE_local: false peers { permanent_uuid: "b98cdc0945f043b8bd25d1ebb9385a81" member_type: VOTER last_known_addr { host: "127.26.227.194" port: 33723 } } peers { permanent_uuid: "920f506739604c6587d7c9099165cbcc" member_type: VOTER last_known_addr { host: "127.26.227.195" port: 44915 } } peers { permanent_uuid: "b1251fe570144fe0b1b1382f62ec64ec" member_type: VOTER last_known_addr { host: "127.26.227.196" port: 45373 } attrs { promote: false } } }
I20260710 13:28:02.616509 28646 tablet_service.cc:1558] Processing DeleteTablet for tablet 9666b5db6793466f9bd615a11176dd5e with delete_type TABLET_DATA_TOMBSTONED (TS 79be5b66c3b84f85af54cf46771d49e2 not found in new config with opid_index 4) from {username='slave'} at 127.0.0.1:39444
I20260710 13:28:02.617563 29229 tablet_replica.cc:333] T 9666b5db6793466f9bd615a11176dd5e P 79be5b66c3b84f85af54cf46771d49e2: stopping tablet replica
I20260710 13:28:02.618625 29229 raft_consensus.cc:2243] T 9666b5db6793466f9bd615a11176dd5e P 79be5b66c3b84f85af54cf46771d49e2 [term 1 FOLLOWER]: Raft consensus shutting down.
I20260710 13:28:02.619452 29229 raft_consensus.cc:2272] T 9666b5db6793466f9bd615a11176dd5e P 79be5b66c3b84f85af54cf46771d49e2 [term 1 FOLLOWER]: Raft consensus is shut down!
I20260710 13:28:02.624487 29229 ts_tablet_manager.cc:1916] T 9666b5db6793466f9bd615a11176dd5e P 79be5b66c3b84f85af54cf46771d49e2: Deleting tablet data with delete state TABLET_DATA_TOMBSTONED
I20260710 13:28:02.626360 28546 catalog_manager.cc:5210] ChangeConfig:REMOVE_PEER RPC for tablet 9666b5db6793466f9bd615a11176dd5e with cas_config_opid_index 3: ChangeConfig:REMOVE_PEER succeeded (attempt 1)
I20260710 13:28:02.645521 29229 ts_tablet_manager.cc:1929] T 9666b5db6793466f9bd615a11176dd5e P 79be5b66c3b84f85af54cf46771d49e2: tablet deleted with delete type TABLET_DATA_TOMBSTONED: last-logged OpId 1.3
I20260710 13:28:02.646083 29229 log.cc:1199] T 9666b5db6793466f9bd615a11176dd5e P 79be5b66c3b84f85af54cf46771d49e2: Deleting WAL directory at /tmp/dist-test-task0cVkhb/test-tmp/auto_leader_rebalancer-test.0.LeaderRebalancerTest.AddTserver.1783690047819530-27535-0/minicluster-data/ts-0-root/wals/9666b5db6793466f9bd615a11176dd5e
I20260710 13:28:02.648082 28545 catalog_manager.cc:5028] TS 79be5b66c3b84f85af54cf46771d49e2 (127.26.227.193:38541): tablet 9666b5db6793466f9bd615a11176dd5e (table test-workload [id=03014ad9f5a84ae686afe4e50e802076]) successfully deleted
I20260710 13:28:03.669312 28662 consensus_queue.cc:237] T d49ca1c477294fab8e369ef69d348ec6 P 79be5b66c3b84f85af54cf46771d49e2 [LEADER]: Queue going to LEADER mode. State: All replicated index: 0, Majority replicated index: 1, Committed index: 1, Last appended: 1.1, Last appended by leader: 0, Current term: 1, Majority size: 2, State: 0, Mode: LEADER, active raft config: opid_index: 2 OBSOLETE_local: false peers { permanent_uuid: "79be5b66c3b84f85af54cf46771d49e2" member_type: VOTER last_known_addr { host: "127.26.227.193" port: 38541 } } peers { permanent_uuid: "b98cdc0945f043b8bd25d1ebb9385a81" member_type: VOTER last_known_addr { host: "127.26.227.194" port: 33723 } } peers { permanent_uuid: "920f506739604c6587d7c9099165cbcc" member_type: VOTER last_known_addr { host: "127.26.227.195" port: 44915 } attrs { replace: true } } peers { permanent_uuid: "b1251fe570144fe0b1b1382f62ec64ec" member_type: NON_VOTER last_known_addr { host: "127.26.227.196" port: 45373 } attrs { promote: true } }
I20260710 13:28:03.678457 28809 raft_consensus.cc:1275] T d49ca1c477294fab8e369ef69d348ec6 P 920f506739604c6587d7c9099165cbcc [term 1 FOLLOWER]: Refusing update from remote peer 79be5b66c3b84f85af54cf46771d49e2: Log matching property violated. Preceding OpId in replica: term: 1 index: 1. Preceding OpId from leader: term: 1 index: 2. (index mismatch)
I20260710 13:28:03.680100 29201 consensus_queue.cc:1048] T d49ca1c477294fab8e369ef69d348ec6 P 79be5b66c3b84f85af54cf46771d49e2 [LEADER]: Connected to new peer: Peer: permanent_uuid: "920f506739604c6587d7c9099165cbcc" member_type: VOTER last_known_addr { host: "127.26.227.195" port: 44915 } attrs { replace: true }, Status: LMP_MISMATCH, Last received: 0.0, Next index: 2, Last known committed idx: 1, Time since last communication: 0.000s
W20260710 13:28:03.683324 28626 consensus_peers.cc:597] T d49ca1c477294fab8e369ef69d348ec6 P 79be5b66c3b84f85af54cf46771d49e2 -> Peer b1251fe570144fe0b1b1382f62ec64ec (127.26.227.196:45373): Couldn't send request to peer b1251fe570144fe0b1b1382f62ec64ec. Error code: TABLET_NOT_FOUND (6). Status: Not found: Tablet not found: d49ca1c477294fab8e369ef69d348ec6. This is attempt 1: this message will repeat every 5th retry.
I20260710 13:28:03.689404 28734 raft_consensus.cc:1275] T d49ca1c477294fab8e369ef69d348ec6 P b98cdc0945f043b8bd25d1ebb9385a81 [term 1 FOLLOWER]: Refusing update from remote peer 79be5b66c3b84f85af54cf46771d49e2: Log matching property violated. Preceding OpId in replica: term: 1 index: 1. Preceding OpId from leader: term: 1 index: 2. (index mismatch)
I20260710 13:28:03.691727 29250 consensus_queue.cc:1048] T d49ca1c477294fab8e369ef69d348ec6 P 79be5b66c3b84f85af54cf46771d49e2 [LEADER]: Connected to new peer: Peer: permanent_uuid: "b98cdc0945f043b8bd25d1ebb9385a81" member_type: VOTER last_known_addr { host: "127.26.227.194" port: 33723 }, Status: LMP_MISMATCH, Last received: 0.0, Next index: 2, Last known committed idx: 1, Time since last communication: 0.000s
I20260710 13:28:03.693573 29250 raft_consensus.cc:2955] T d49ca1c477294fab8e369ef69d348ec6 P 79be5b66c3b84f85af54cf46771d49e2 [term 1 LEADER]: Committing config change with OpId 1.2: config changed from index -1 to 2, NON_VOTER b1251fe570144fe0b1b1382f62ec64ec (127.26.227.196) added. New config: { opid_index: 2 OBSOLETE_local: false peers { permanent_uuid: "79be5b66c3b84f85af54cf46771d49e2" member_type: VOTER last_known_addr { host: "127.26.227.193" port: 38541 } } peers { permanent_uuid: "b98cdc0945f043b8bd25d1ebb9385a81" member_type: VOTER last_known_addr { host: "127.26.227.194" port: 33723 } } peers { permanent_uuid: "920f506739604c6587d7c9099165cbcc" member_type: VOTER last_known_addr { host: "127.26.227.195" port: 44915 } attrs { replace: true } } peers { permanent_uuid: "b1251fe570144fe0b1b1382f62ec64ec" member_type: NON_VOTER last_known_addr { host: "127.26.227.196" port: 45373 } attrs { promote: true } } }
I20260710 13:28:03.704154 28809 raft_consensus.cc:2955] T d49ca1c477294fab8e369ef69d348ec6 P 920f506739604c6587d7c9099165cbcc [term 1 FOLLOWER]: Committing config change with OpId 1.2: config changed from index -1 to 2, NON_VOTER b1251fe570144fe0b1b1382f62ec64ec (127.26.227.196) added. New config: { opid_index: 2 OBSOLETE_local: false peers { permanent_uuid: "79be5b66c3b84f85af54cf46771d49e2" member_type: VOTER last_known_addr { host: "127.26.227.193" port: 38541 } } peers { permanent_uuid: "b98cdc0945f043b8bd25d1ebb9385a81" member_type: VOTER last_known_addr { host: "127.26.227.194" port: 33723 } } peers { permanent_uuid: "920f506739604c6587d7c9099165cbcc" member_type: VOTER last_known_addr { host: "127.26.227.195" port: 44915 } attrs { replace: true } } peers { permanent_uuid: "b1251fe570144fe0b1b1382f62ec64ec" member_type: NON_VOTER last_known_addr { host: "127.26.227.196" port: 45373 } attrs { promote: true } } }
I20260710 13:28:03.716312 28737 consensus_queue.cc:237] T 73b93ecc0b324529a446cdbe2bf3f80f P b98cdc0945f043b8bd25d1ebb9385a81 [LEADER]: Queue going to LEADER mode. State: All replicated index: 0, Majority replicated index: 1, Committed index: 1, Last appended: 1.1, Last appended by leader: 0, Current term: 1, Majority size: 2, State: 0, Mode: LEADER, active raft config: opid_index: 2 OBSOLETE_local: false peers { permanent_uuid: "79be5b66c3b84f85af54cf46771d49e2" member_type: VOTER last_known_addr { host: "127.26.227.193" port: 38541 } } peers { permanent_uuid: "b98cdc0945f043b8bd25d1ebb9385a81" member_type: VOTER last_known_addr { host: "127.26.227.194" port: 33723 } } peers { permanent_uuid: "920f506739604c6587d7c9099165cbcc" member_type: VOTER last_known_addr { host: "127.26.227.195" port: 44915 } attrs { replace: true } } peers { permanent_uuid: "b1251fe570144fe0b1b1382f62ec64ec" member_type: NON_VOTER last_known_addr { host: "127.26.227.196" port: 45373 } attrs { promote: true } }
I20260710 13:28:03.716584 28734 raft_consensus.cc:2955] T d49ca1c477294fab8e369ef69d348ec6 P b98cdc0945f043b8bd25d1ebb9385a81 [term 1 FOLLOWER]: Committing config change with OpId 1.2: config changed from index -1 to 2, NON_VOTER b1251fe570144fe0b1b1382f62ec64ec (127.26.227.196) added. New config: { opid_index: 2 OBSOLETE_local: false peers { permanent_uuid: "79be5b66c3b84f85af54cf46771d49e2" member_type: VOTER last_known_addr { host: "127.26.227.193" port: 38541 } } peers { permanent_uuid: "b98cdc0945f043b8bd25d1ebb9385a81" member_type: VOTER last_known_addr { host: "127.26.227.194" port: 33723 } } peers { permanent_uuid: "920f506739604c6587d7c9099165cbcc" member_type: VOTER last_known_addr { host: "127.26.227.195" port: 44915 } attrs { replace: true } } peers { permanent_uuid: "b1251fe570144fe0b1b1382f62ec64ec" member_type: NON_VOTER last_known_addr { host: "127.26.227.196" port: 45373 } attrs { promote: true } } }
I20260710 13:28:03.721680 28560 catalog_manager.cc:5697] T d49ca1c477294fab8e369ef69d348ec6 P 79be5b66c3b84f85af54cf46771d49e2 reported cstate change: config changed from index -1 to 2, NON_VOTER b1251fe570144fe0b1b1382f62ec64ec (127.26.227.196) added. New cstate: current_term: 1 leader_uuid: "79be5b66c3b84f85af54cf46771d49e2" committed_config { opid_index: 2 OBSOLETE_local: false peers { permanent_uuid: "79be5b66c3b84f85af54cf46771d49e2" member_type: VOTER last_known_addr { host: "127.26.227.193" port: 38541 } health_report { overall_health: HEALTHY } } peers { permanent_uuid: "b98cdc0945f043b8bd25d1ebb9385a81" member_type: VOTER last_known_addr { host: "127.26.227.194" port: 33723 } health_report { overall_health: UNKNOWN } } peers { permanent_uuid: "920f506739604c6587d7c9099165cbcc" member_type: VOTER last_known_addr { host: "127.26.227.195" port: 44915 } attrs { replace: true } health_report { overall_health: HEALTHY } } peers { permanent_uuid: "b1251fe570144fe0b1b1382f62ec64ec" member_type: NON_VOTER last_known_addr { host: "127.26.227.196" port: 45373 } attrs { promote: true } health_report { overall_health: UNKNOWN } } }
W20260710 13:28:03.733058 28701 consensus_peers.cc:597] T 73b93ecc0b324529a446cdbe2bf3f80f P b98cdc0945f043b8bd25d1ebb9385a81 -> Peer b1251fe570144fe0b1b1382f62ec64ec (127.26.227.196:45373): Couldn't send request to peer b1251fe570144fe0b1b1382f62ec64ec. Error code: TABLET_NOT_FOUND (6). Status: Not found: Tablet not found: 73b93ecc0b324529a446cdbe2bf3f80f. This is attempt 1: this message will repeat every 5th retry.
I20260710 13:28:03.733405 28809 raft_consensus.cc:1275] T 73b93ecc0b324529a446cdbe2bf3f80f P 920f506739604c6587d7c9099165cbcc [term 1 FOLLOWER]: Refusing update from remote peer b98cdc0945f043b8bd25d1ebb9385a81: Log matching property violated. Preceding OpId in replica: term: 1 index: 1. Preceding OpId from leader: term: 1 index: 2. (index mismatch)
I20260710 13:28:03.735055 28662 raft_consensus.cc:1275] T 73b93ecc0b324529a446cdbe2bf3f80f P 79be5b66c3b84f85af54cf46771d49e2 [term 1 FOLLOWER]: Refusing update from remote peer b98cdc0945f043b8bd25d1ebb9385a81: Log matching property violated. Preceding OpId in replica: term: 1 index: 1. Preceding OpId from leader: term: 1 index: 2. (index mismatch)
I20260710 13:28:03.735061 29176 consensus_queue.cc:1048] T 73b93ecc0b324529a446cdbe2bf3f80f P b98cdc0945f043b8bd25d1ebb9385a81 [LEADER]: Connected to new peer: Peer: permanent_uuid: "920f506739604c6587d7c9099165cbcc" member_type: VOTER last_known_addr { host: "127.26.227.195" port: 44915 } attrs { replace: true }, Status: LMP_MISMATCH, Last received: 0.0, Next index: 2, Last known committed idx: 1, Time since last communication: 0.001s
I20260710 13:28:03.740428 29176 consensus_queue.cc:1048] T 73b93ecc0b324529a446cdbe2bf3f80f P b98cdc0945f043b8bd25d1ebb9385a81 [LEADER]: Connected to new peer: Peer: permanent_uuid: "79be5b66c3b84f85af54cf46771d49e2" member_type: VOTER last_known_addr { host: "127.26.227.193" port: 38541 }, Status: LMP_MISMATCH, Last received: 0.0, Next index: 2, Last known committed idx: 1, Time since last communication: 0.000s
I20260710 13:28:03.753506 29176 raft_consensus.cc:2955] T 73b93ecc0b324529a446cdbe2bf3f80f P b98cdc0945f043b8bd25d1ebb9385a81 [term 1 LEADER]: Committing config change with OpId 1.2: config changed from index -1 to 2, NON_VOTER b1251fe570144fe0b1b1382f62ec64ec (127.26.227.196) added. New config: { opid_index: 2 OBSOLETE_local: false peers { permanent_uuid: "79be5b66c3b84f85af54cf46771d49e2" member_type: VOTER last_known_addr { host: "127.26.227.193" port: 38541 } } peers { permanent_uuid: "b98cdc0945f043b8bd25d1ebb9385a81" member_type: VOTER last_known_addr { host: "127.26.227.194" port: 33723 } } peers { permanent_uuid: "920f506739604c6587d7c9099165cbcc" member_type: VOTER last_known_addr { host: "127.26.227.195" port: 44915 } attrs { replace: true } } peers { permanent_uuid: "b1251fe570144fe0b1b1382f62ec64ec" member_type: NON_VOTER last_known_addr { host: "127.26.227.196" port: 45373 } attrs { promote: true } } }
I20260710 13:28:03.756068 28808 raft_consensus.cc:2955] T 73b93ecc0b324529a446cdbe2bf3f80f P 920f506739604c6587d7c9099165cbcc [term 1 FOLLOWER]: Committing config change with OpId 1.2: config changed from index -1 to 2, NON_VOTER b1251fe570144fe0b1b1382f62ec64ec (127.26.227.196) added. New config: { opid_index: 2 OBSOLETE_local: false peers { permanent_uuid: "79be5b66c3b84f85af54cf46771d49e2" member_type: VOTER last_known_addr { host: "127.26.227.193" port: 38541 } } peers { permanent_uuid: "b98cdc0945f043b8bd25d1ebb9385a81" member_type: VOTER last_known_addr { host: "127.26.227.194" port: 33723 } } peers { permanent_uuid: "920f506739604c6587d7c9099165cbcc" member_type: VOTER last_known_addr { host: "127.26.227.195" port: 44915 } attrs { replace: true } } peers { permanent_uuid: "b1251fe570144fe0b1b1382f62ec64ec" member_type: NON_VOTER last_known_addr { host: "127.26.227.196" port: 45373 } attrs { promote: true } } }
I20260710 13:28:03.771602 28662 raft_consensus.cc:2955] T 73b93ecc0b324529a446cdbe2bf3f80f P 79be5b66c3b84f85af54cf46771d49e2 [term 1 FOLLOWER]: Committing config change with OpId 1.2: config changed from index -1 to 2, NON_VOTER b1251fe570144fe0b1b1382f62ec64ec (127.26.227.196) added. New config: { opid_index: 2 OBSOLETE_local: false peers { permanent_uuid: "79be5b66c3b84f85af54cf46771d49e2" member_type: VOTER last_known_addr { host: "127.26.227.193" port: 38541 } } peers { permanent_uuid: "b98cdc0945f043b8bd25d1ebb9385a81" member_type: VOTER last_known_addr { host: "127.26.227.194" port: 33723 } } peers { permanent_uuid: "920f506739604c6587d7c9099165cbcc" member_type: VOTER last_known_addr { host: "127.26.227.195" port: 44915 } attrs { replace: true } } peers { permanent_uuid: "b1251fe570144fe0b1b1382f62ec64ec" member_type: NON_VOTER last_known_addr { host: "127.26.227.196" port: 45373 } attrs { promote: true } } }
I20260710 13:28:03.780898 28659 consensus_queue.cc:237] T 95c22d1ae92243ca82444abb3303ce68 P 79be5b66c3b84f85af54cf46771d49e2 [LEADER]: Queue going to LEADER mode. State: All replicated index: 0, Majority replicated index: 1, Committed index: 1, Last appended: 1.1, Last appended by leader: 0, Current term: 1, Majority size: 2, State: 0, Mode: LEADER, active raft config: opid_index: 2 OBSOLETE_local: false peers { permanent_uuid: "79be5b66c3b84f85af54cf46771d49e2" member_type: VOTER last_known_addr { host: "127.26.227.193" port: 38541 } } peers { permanent_uuid: "b98cdc0945f043b8bd25d1ebb9385a81" member_type: VOTER last_known_addr { host: "127.26.227.194" port: 33723 } attrs { replace: true } } peers { permanent_uuid: "920f506739604c6587d7c9099165cbcc" member_type: VOTER last_known_addr { host: "127.26.227.195" port: 44915 } } peers { permanent_uuid: "b1251fe570144fe0b1b1382f62ec64ec" member_type: NON_VOTER last_known_addr { host: "127.26.227.196" port: 45373 } attrs { promote: true } }
I20260710 13:28:03.793138 28560 catalog_manager.cc:5697] T 73b93ecc0b324529a446cdbe2bf3f80f P 920f506739604c6587d7c9099165cbcc reported cstate change: config changed from index -1 to 2, NON_VOTER b1251fe570144fe0b1b1382f62ec64ec (127.26.227.196) added. New cstate: current_term: 1 leader_uuid: "b98cdc0945f043b8bd25d1ebb9385a81" committed_config { opid_index: 2 OBSOLETE_local: false peers { permanent_uuid: "79be5b66c3b84f85af54cf46771d49e2" member_type: VOTER last_known_addr { host: "127.26.227.193" port: 38541 } } peers { permanent_uuid: "b98cdc0945f043b8bd25d1ebb9385a81" member_type: VOTER last_known_addr { host: "127.26.227.194" port: 33723 } } peers { permanent_uuid: "920f506739604c6587d7c9099165cbcc" member_type: VOTER last_known_addr { host: "127.26.227.195" port: 44915 } attrs { replace: true } } peers { permanent_uuid: "b1251fe570144fe0b1b1382f62ec64ec" member_type: NON_VOTER last_known_addr { host: "127.26.227.196" port: 45373 } attrs { promote: true } } }
I20260710 13:28:03.796272 28808 raft_consensus.cc:1275] T 95c22d1ae92243ca82444abb3303ce68 P 920f506739604c6587d7c9099165cbcc [term 1 FOLLOWER]: Refusing update from remote peer 79be5b66c3b84f85af54cf46771d49e2: Log matching property violated. Preceding OpId in replica: term: 1 index: 1. Preceding OpId from leader: term: 1 index: 2. (index mismatch)
I20260710 13:28:03.797186 28734 raft_consensus.cc:1275] T 95c22d1ae92243ca82444abb3303ce68 P b98cdc0945f043b8bd25d1ebb9385a81 [term 1 FOLLOWER]: Refusing update from remote peer 79be5b66c3b84f85af54cf46771d49e2: Log matching property violated. Preceding OpId in replica: term: 1 index: 1. Preceding OpId from leader: term: 1 index: 2. (index mismatch)
W20260710 13:28:03.798436 28626 consensus_peers.cc:597] T 95c22d1ae92243ca82444abb3303ce68 P 79be5b66c3b84f85af54cf46771d49e2 -> Peer b1251fe570144fe0b1b1382f62ec64ec (127.26.227.196:45373): Couldn't send request to peer b1251fe570144fe0b1b1382f62ec64ec. Error code: TABLET_NOT_FOUND (6). Status: Not found: Tablet not found: 95c22d1ae92243ca82444abb3303ce68. This is attempt 1: this message will repeat every 5th retry.
I20260710 13:28:03.798977 29201 consensus_queue.cc:1048] T 95c22d1ae92243ca82444abb3303ce68 P 79be5b66c3b84f85af54cf46771d49e2 [LEADER]: Connected to new peer: Peer: permanent_uuid: "920f506739604c6587d7c9099165cbcc" member_type: VOTER last_known_addr { host: "127.26.227.195" port: 44915 }, Status: LMP_MISMATCH, Last received: 0.0, Next index: 2, Last known committed idx: 1, Time since last communication: 0.000s
I20260710 13:28:03.800653 29253 consensus_queue.cc:1048] T 95c22d1ae92243ca82444abb3303ce68 P 79be5b66c3b84f85af54cf46771d49e2 [LEADER]: Connected to new peer: Peer: permanent_uuid: "b98cdc0945f043b8bd25d1ebb9385a81" member_type: VOTER last_known_addr { host: "127.26.227.194" port: 33723 } attrs { replace: true }, Status: LMP_MISMATCH, Last received: 0.0, Next index: 2, Last known committed idx: 1, Time since last communication: 0.000s
I20260710 13:28:03.818490 29253 raft_consensus.cc:2955] T 95c22d1ae92243ca82444abb3303ce68 P 79be5b66c3b84f85af54cf46771d49e2 [term 1 LEADER]: Committing config change with OpId 1.2: config changed from index -1 to 2, NON_VOTER b1251fe570144fe0b1b1382f62ec64ec (127.26.227.196) added. New config: { opid_index: 2 OBSOLETE_local: false peers { permanent_uuid: "79be5b66c3b84f85af54cf46771d49e2" member_type: VOTER last_known_addr { host: "127.26.227.193" port: 38541 } } peers { permanent_uuid: "b98cdc0945f043b8bd25d1ebb9385a81" member_type: VOTER last_known_addr { host: "127.26.227.194" port: 33723 } attrs { replace: true } } peers { permanent_uuid: "920f506739604c6587d7c9099165cbcc" member_type: VOTER last_known_addr { host: "127.26.227.195" port: 44915 } } peers { permanent_uuid: "b1251fe570144fe0b1b1382f62ec64ec" member_type: NON_VOTER last_known_addr { host: "127.26.227.196" port: 45373 } attrs { promote: true } } }
I20260710 13:28:03.823263 28734 raft_consensus.cc:2955] T 95c22d1ae92243ca82444abb3303ce68 P b98cdc0945f043b8bd25d1ebb9385a81 [term 1 FOLLOWER]: Committing config change with OpId 1.2: config changed from index -1 to 2, NON_VOTER b1251fe570144fe0b1b1382f62ec64ec (127.26.227.196) added. New config: { opid_index: 2 OBSOLETE_local: false peers { permanent_uuid: "79be5b66c3b84f85af54cf46771d49e2" member_type: VOTER last_known_addr { host: "127.26.227.193" port: 38541 } } peers { permanent_uuid: "b98cdc0945f043b8bd25d1ebb9385a81" member_type: VOTER last_known_addr { host: "127.26.227.194" port: 33723 } attrs { replace: true } } peers { permanent_uuid: "920f506739604c6587d7c9099165cbcc" member_type: VOTER last_known_addr { host: "127.26.227.195" port: 44915 } } peers { permanent_uuid: "b1251fe570144fe0b1b1382f62ec64ec" member_type: NON_VOTER last_known_addr { host: "127.26.227.196" port: 45373 } attrs { promote: true } } }
I20260710 13:28:03.835930 28737 consensus_queue.cc:237] T 0589cbaddae6484d94139065aca9c7d4 P b98cdc0945f043b8bd25d1ebb9385a81 [LEADER]: Queue going to LEADER mode. State: All replicated index: 0, Majority replicated index: 1, Committed index: 1, Last appended: 1.1, Last appended by leader: 0, Current term: 1, Majority size: 2, State: 0, Mode: LEADER, active raft config: opid_index: 2 OBSOLETE_local: false peers { permanent_uuid: "79be5b66c3b84f85af54cf46771d49e2" member_type: VOTER last_known_addr { host: "127.26.227.193" port: 38541 } attrs { replace: true } } peers { permanent_uuid: "b98cdc0945f043b8bd25d1ebb9385a81" member_type: VOTER last_known_addr { host: "127.26.227.194" port: 33723 } } peers { permanent_uuid: "920f506739604c6587d7c9099165cbcc" member_type: VOTER last_known_addr { host: "127.26.227.195" port: 44915 } } peers { permanent_uuid: "b1251fe570144fe0b1b1382f62ec64ec" member_type: NON_VOTER last_known_addr { host: "127.26.227.196" port: 45373 } attrs { promote: true } }
I20260710 13:28:03.836504 28560 catalog_manager.cc:5697] T 95c22d1ae92243ca82444abb3303ce68 P 79be5b66c3b84f85af54cf46771d49e2 reported cstate change: config changed from index -1 to 2, NON_VOTER b1251fe570144fe0b1b1382f62ec64ec (127.26.227.196) added. New cstate: current_term: 1 leader_uuid: "79be5b66c3b84f85af54cf46771d49e2" committed_config { opid_index: 2 OBSOLETE_local: false peers { permanent_uuid: "79be5b66c3b84f85af54cf46771d49e2" member_type: VOTER last_known_addr { host: "127.26.227.193" port: 38541 } health_report { overall_health: HEALTHY } } peers { permanent_uuid: "b98cdc0945f043b8bd25d1ebb9385a81" member_type: VOTER last_known_addr { host: "127.26.227.194" port: 33723 } attrs { replace: true } health_report { overall_health: HEALTHY } } peers { permanent_uuid: "920f506739604c6587d7c9099165cbcc" member_type: VOTER last_known_addr { host: "127.26.227.195" port: 44915 } health_report { overall_health: UNKNOWN } } peers { permanent_uuid: "b1251fe570144fe0b1b1382f62ec64ec" member_type: NON_VOTER last_known_addr { host: "127.26.227.196" port: 45373 } attrs { promote: true } health_report { overall_health: UNKNOWN } } }
I20260710 13:28:03.837154 28808 raft_consensus.cc:2955] T 95c22d1ae92243ca82444abb3303ce68 P 920f506739604c6587d7c9099165cbcc [term 1 FOLLOWER]: Committing config change with OpId 1.2: config changed from index -1 to 2, NON_VOTER b1251fe570144fe0b1b1382f62ec64ec (127.26.227.196) added. New config: { opid_index: 2 OBSOLETE_local: false peers { permanent_uuid: "79be5b66c3b84f85af54cf46771d49e2" member_type: VOTER last_known_addr { host: "127.26.227.193" port: 38541 } } peers { permanent_uuid: "b98cdc0945f043b8bd25d1ebb9385a81" member_type: VOTER last_known_addr { host: "127.26.227.194" port: 33723 } attrs { replace: true } } peers { permanent_uuid: "920f506739604c6587d7c9099165cbcc" member_type: VOTER last_known_addr { host: "127.26.227.195" port: 44915 } } peers { permanent_uuid: "b1251fe570144fe0b1b1382f62ec64ec" member_type: NON_VOTER last_known_addr { host: "127.26.227.196" port: 45373 } attrs { promote: true } } }
I20260710 13:28:03.860345 28808 raft_consensus.cc:1275] T 0589cbaddae6484d94139065aca9c7d4 P 920f506739604c6587d7c9099165cbcc [term 1 FOLLOWER]: Refusing update from remote peer b98cdc0945f043b8bd25d1ebb9385a81: Log matching property violated. Preceding OpId in replica: term: 1 index: 1. Preceding OpId from leader: term: 1 index: 2. (index mismatch)
W20260710 13:28:03.860565 28701 consensus_peers.cc:597] T 0589cbaddae6484d94139065aca9c7d4 P b98cdc0945f043b8bd25d1ebb9385a81 -> Peer b1251fe570144fe0b1b1382f62ec64ec (127.26.227.196:45373): Couldn't send request to peer b1251fe570144fe0b1b1382f62ec64ec. Error code: TABLET_NOT_FOUND (6). Status: Not found: Tablet not found: 0589cbaddae6484d94139065aca9c7d4. This is attempt 1: this message will repeat every 5th retry.
