I20260710 13:27:54.198549 27773 raft_consensus.cc:2243] T 97618673aece4923a2f4135c48cff661 P a02171124aa745bd8979e4b64bc00946 [term 2 FOLLOWER]: Raft consensus shutting down.
I20260710 13:27:54.199054 27773 raft_consensus.cc:2272] T 97618673aece4923a2f4135c48cff661 P a02171124aa745bd8979e4b64bc00946 [term 2 FOLLOWER]: Raft consensus is shut down!
I20260710 13:27:54.201879 27773 tablet_replica.cc:333] T c7157f3da5fe4df4a4bd94686e355591 P a02171124aa745bd8979e4b64bc00946: stopping tablet replica
I20260710 13:27:54.202769 27773 raft_consensus.cc:2243] T c7157f3da5fe4df4a4bd94686e355591 P a02171124aa745bd8979e4b64bc00946 [term 4 FOLLOWER]: Raft consensus shutting down.
I20260710 13:27:54.203333 27773 raft_consensus.cc:2272] T c7157f3da5fe4df4a4bd94686e355591 P a02171124aa745bd8979e4b64bc00946 [term 4 FOLLOWER]: Raft consensus is shut down!
I20260710 13:27:54.206058 27773 tablet_replica.cc:333] T 5b0db8ccf4dd4a91a8ab71b9e65f0a4f P a02171124aa745bd8979e4b64bc00946: stopping tablet replica
I20260710 13:27:54.206629 27773 raft_consensus.cc:2243] T 5b0db8ccf4dd4a91a8ab71b9e65f0a4f P a02171124aa745bd8979e4b64bc00946 [term 3 LEADER]: Raft consensus shutting down.
I20260710 13:27:54.207530 27773 raft_consensus.cc:2272] T 5b0db8ccf4dd4a91a8ab71b9e65f0a4f P a02171124aa745bd8979e4b64bc00946 [term 3 FOLLOWER]: Raft consensus is shut down!
W20260710 13:27:54.226773 28374 connection.cc:466] server connection from 127.0.0.1:35096 torn down before Call kudu.consensus.ConsensusService.UpdateConsensus from 127.0.0.1:35096 (request call id 42) could send its response
W20260710 13:27:54.228209 28523 proxy.cc:239] Call had error, refreshing address and retrying: Network error: recv got EOF from 127.27.31.65:40697 (error 108) [suppressed 8 similar messages]
W20260710 13:27:54.239027 28523 consensus_peers.cc:597] T 97618673aece4923a2f4135c48cff661 P 4b0b1628c65c4e749270b8457f4bec41 -> Peer a02171124aa745bd8979e4b64bc00946 (127.27.31.65:40697): Couldn't send request to peer a02171124aa745bd8979e4b64bc00946. Status: Network error: Client connection negotiation failed: client connection to 127.27.31.65:40697: connect: Connection refused (error 111). This is attempt 1: this message will repeat every 5th retry.
I20260710 13:27:54.240177 27773 tablet_server.cc:196] TabletServer@127.27.31.65:0 shutdown complete.
I20260710 13:27:54.269160 27773 tablet_server.cc:179] TabletServer@127.27.31.66:0 shutting down...
W20260710 13:27:54.282706 28523 consensus_peers.cc:597] T 97618673aece4923a2f4135c48cff661 P 4b0b1628c65c4e749270b8457f4bec41 -> Peer 38d2251729d246768dc2e89855cd0c66 (127.27.31.66:43913): Couldn't send request to peer 38d2251729d246768dc2e89855cd0c66. Status: Remote error: Service unavailable: service kudu.consensus.ConsensusService not registered on TabletServer. This is attempt 1: this message will repeat every 5th retry.
I20260710 13:27:54.309088 27773 ts_tablet_manager.cc:1507] Shutting down tablet manager...
I20260710 13:27:54.310173 27773 tablet_replica.cc:333] T 5b0db8ccf4dd4a91a8ab71b9e65f0a4f P 38d2251729d246768dc2e89855cd0c66: stopping tablet replica
I20260710 13:27:54.310797 27773 raft_consensus.cc:2243] T 5b0db8ccf4dd4a91a8ab71b9e65f0a4f P 38d2251729d246768dc2e89855cd0c66 [term 3 FOLLOWER]: Raft consensus shutting down.
I20260710 13:27:54.311236 27773 raft_consensus.cc:2272] T 5b0db8ccf4dd4a91a8ab71b9e65f0a4f P 38d2251729d246768dc2e89855cd0c66 [term 3 FOLLOWER]: Raft consensus is shut down!
I20260710 13:27:54.313024 27773 tablet_replica.cc:333] T c7157f3da5fe4df4a4bd94686e355591 P 38d2251729d246768dc2e89855cd0c66: stopping tablet replica
I20260710 13:27:54.313632 27773 raft_consensus.cc:2243] T c7157f3da5fe4df4a4bd94686e355591 P 38d2251729d246768dc2e89855cd0c66 [term 4 FOLLOWER]: Raft consensus shutting down.
I20260710 13:27:54.314028 27773 raft_consensus.cc:2272] T c7157f3da5fe4df4a4bd94686e355591 P 38d2251729d246768dc2e89855cd0c66 [term 4 FOLLOWER]: Raft consensus is shut down!
I20260710 13:27:54.316635 27773 tablet_replica.cc:333] T 97618673aece4923a2f4135c48cff661 P 38d2251729d246768dc2e89855cd0c66: stopping tablet replica
I20260710 13:27:54.317152 27773 raft_consensus.cc:2243] T 97618673aece4923a2f4135c48cff661 P 38d2251729d246768dc2e89855cd0c66 [term 2 FOLLOWER]: Raft consensus shutting down.
I20260710 13:27:54.317749 27773 raft_consensus.cc:2272] T 97618673aece4923a2f4135c48cff661 P 38d2251729d246768dc2e89855cd0c66 [term 2 FOLLOWER]: Raft consensus is shut down!
I20260710 13:27:54.320578 27773 tablet_replica.cc:333] T b3dab3f3f1f2474ab72b17efd264b8fe P 38d2251729d246768dc2e89855cd0c66: stopping tablet replica
I20260710 13:27:54.321077 27773 raft_consensus.cc:2243] T b3dab3f3f1f2474ab72b17efd264b8fe P 38d2251729d246768dc2e89855cd0c66 [term 3 LEADER]: Raft consensus shutting down.
I20260710 13:27:54.321887 27773 raft_consensus.cc:2272] T b3dab3f3f1f2474ab72b17efd264b8fe P 38d2251729d246768dc2e89855cd0c66 [term 3 FOLLOWER]: Raft consensus is shut down!
I20260710 13:27:54.324124 27773 tablet_replica.cc:333] T 3846da94bfec468fa4ebe3cf3886411c P 38d2251729d246768dc2e89855cd0c66: stopping tablet replica
I20260710 13:27:54.324625 27773 raft_consensus.cc:2243] T 3846da94bfec468fa4ebe3cf3886411c P 38d2251729d246768dc2e89855cd0c66 [term 2 FOLLOWER]: Raft consensus shutting down.
I20260710 13:27:54.325029 27773 raft_consensus.cc:2272] T 3846da94bfec468fa4ebe3cf3886411c P 38d2251729d246768dc2e89855cd0c66 [term 2 FOLLOWER]: Raft consensus is shut down!
I20260710 13:27:54.326824 27773 tablet_replica.cc:333] T ff9386b078eb475caada4f629e6d1c91 P 38d2251729d246768dc2e89855cd0c66: stopping tablet replica
I20260710 13:27:54.327275 27773 raft_consensus.cc:2243] T ff9386b078eb475caada4f629e6d1c91 P 38d2251729d246768dc2e89855cd0c66 [term 4 LEADER]: Raft consensus shutting down.
I20260710 13:27:54.327947 27773 raft_consensus.cc:2272] T ff9386b078eb475caada4f629e6d1c91 P 38d2251729d246768dc2e89855cd0c66 [term 4 FOLLOWER]: Raft consensus is shut down!
I20260710 13:27:54.330390 27773 tablet_replica.cc:333] T 20997e5362e6485f995e48b23df15914 P 38d2251729d246768dc2e89855cd0c66: stopping tablet replica
I20260710 13:27:54.330888 27773 raft_consensus.cc:2243] T 20997e5362e6485f995e48b23df15914 P 38d2251729d246768dc2e89855cd0c66 [term 4 FOLLOWER]: Raft consensus shutting down.
I20260710 13:27:54.331313 27773 raft_consensus.cc:2272] T 20997e5362e6485f995e48b23df15914 P 38d2251729d246768dc2e89855cd0c66 [term 4 FOLLOWER]: Raft consensus is shut down!
I20260710 13:27:54.332975 27773 tablet_replica.cc:333] T f9549895bddd41348ea63cf950e0ffbe P 38d2251729d246768dc2e89855cd0c66: stopping tablet replica
I20260710 13:27:54.333526 27773 raft_consensus.cc:2243] T f9549895bddd41348ea63cf950e0ffbe P 38d2251729d246768dc2e89855cd0c66 [term 2 LEADER]: Raft consensus shutting down.
I20260710 13:27:54.334277 27773 raft_consensus.cc:2272] T f9549895bddd41348ea63cf950e0ffbe P 38d2251729d246768dc2e89855cd0c66 [term 2 FOLLOWER]: Raft consensus is shut down!
I20260710 13:27:54.336011 27773 tablet_replica.cc:333] T fe48e03c43984a16afbf9f382cf63b5f P 38d2251729d246768dc2e89855cd0c66: stopping tablet replica
I20260710 13:27:54.336786 27773 raft_consensus.cc:2243] T fe48e03c43984a16afbf9f382cf63b5f P 38d2251729d246768dc2e89855cd0c66 [term 2 FOLLOWER]: Raft consensus shutting down.
I20260710 13:27:54.337309 27773 raft_consensus.cc:2272] T fe48e03c43984a16afbf9f382cf63b5f P 38d2251729d246768dc2e89855cd0c66 [term 2 FOLLOWER]: Raft consensus is shut down!
I20260710 13:27:54.339571 27773 tablet_replica.cc:333] T 98404f40700d4f668ef5f57fdcd085b4 P 38d2251729d246768dc2e89855cd0c66: stopping tablet replica
I20260710 13:27:54.340050 27773 raft_consensus.cc:2243] T 98404f40700d4f668ef5f57fdcd085b4 P 38d2251729d246768dc2e89855cd0c66 [term 3 FOLLOWER]: Raft consensus shutting down.
I20260710 13:27:54.340446 27773 raft_consensus.cc:2272] T 98404f40700d4f668ef5f57fdcd085b4 P 38d2251729d246768dc2e89855cd0c66 [term 3 FOLLOWER]: Raft consensus is shut down!
I20260710 13:27:54.363099 27773 tablet_server.cc:196] TabletServer@127.27.31.66:0 shutdown complete.
W20260710 13:27:54.383744 28523 consensus_peers.cc:597] T c7157f3da5fe4df4a4bd94686e355591 P 4b0b1628c65c4e749270b8457f4bec41 -> Peer 38d2251729d246768dc2e89855cd0c66 (127.27.31.66:43913): Couldn't send request to peer 38d2251729d246768dc2e89855cd0c66. Status: Network error: Client connection negotiation failed: client connection to 127.27.31.66:43913: connect: Connection refused (error 111). This is attempt 1: this message will repeat every 5th retry.
I20260710 13:27:54.388222 27773 tablet_server.cc:179] TabletServer@127.27.31.67:0 shutting down...
I20260710 13:27:54.417987 27773 ts_tablet_manager.cc:1507] Shutting down tablet manager...
I20260710 13:27:54.418922 27773 tablet_replica.cc:333] T 5b0db8ccf4dd4a91a8ab71b9e65f0a4f P 4b0b1628c65c4e749270b8457f4bec41: stopping tablet replica
I20260710 13:27:54.419787 27773 raft_consensus.cc:2243] T 5b0db8ccf4dd4a91a8ab71b9e65f0a4f P 4b0b1628c65c4e749270b8457f4bec41 [term 3 FOLLOWER]: Raft consensus shutting down.
I20260710 13:27:54.422010 27773 raft_consensus.cc:2272] T 5b0db8ccf4dd4a91a8ab71b9e65f0a4f P 4b0b1628c65c4e749270b8457f4bec41 [term 3 FOLLOWER]: Raft consensus is shut down!
I20260710 13:27:54.424316 27773 tablet_replica.cc:333] T 98404f40700d4f668ef5f57fdcd085b4 P 4b0b1628c65c4e749270b8457f4bec41: stopping tablet replica
I20260710 13:27:54.424948 27773 raft_consensus.cc:2243] T 98404f40700d4f668ef5f57fdcd085b4 P 4b0b1628c65c4e749270b8457f4bec41 [term 3 FOLLOWER]: Raft consensus shutting down.
I20260710 13:27:54.425542 27773 raft_consensus.cc:2272] T 98404f40700d4f668ef5f57fdcd085b4 P 4b0b1628c65c4e749270b8457f4bec41 [term 3 FOLLOWER]: Raft consensus is shut down!
I20260710 13:27:54.427305 27773 tablet_replica.cc:333] T 20997e5362e6485f995e48b23df15914 P 4b0b1628c65c4e749270b8457f4bec41: stopping tablet replica
I20260710 13:27:54.427840 27773 raft_consensus.cc:2243] T 20997e5362e6485f995e48b23df15914 P 4b0b1628c65c4e749270b8457f4bec41 [term 4 FOLLOWER]: Raft consensus shutting down.
I20260710 13:27:54.428287 27773 raft_consensus.cc:2272] T 20997e5362e6485f995e48b23df15914 P 4b0b1628c65c4e749270b8457f4bec41 [term 4 FOLLOWER]: Raft consensus is shut down!
I20260710 13:27:54.430033 27773 tablet_replica.cc:333] T 3846da94bfec468fa4ebe3cf3886411c P 4b0b1628c65c4e749270b8457f4bec41: stopping tablet replica
I20260710 13:27:54.430621 27773 raft_consensus.cc:2243] T 3846da94bfec468fa4ebe3cf3886411c P 4b0b1628c65c4e749270b8457f4bec41 [term 2 LEADER]: Raft consensus shutting down.
I20260710 13:27:54.431412 27773 raft_consensus.cc:2272] T 3846da94bfec468fa4ebe3cf3886411c P 4b0b1628c65c4e749270b8457f4bec41 [term 2 FOLLOWER]: Raft consensus is shut down!
I20260710 13:27:54.433156 27773 tablet_replica.cc:333] T 97618673aece4923a2f4135c48cff661 P 4b0b1628c65c4e749270b8457f4bec41: stopping tablet replica
I20260710 13:27:54.433781 27773 raft_consensus.cc:2243] T 97618673aece4923a2f4135c48cff661 P 4b0b1628c65c4e749270b8457f4bec41 [term 2 LEADER]: Raft consensus shutting down.
I20260710 13:27:54.434551 27773 raft_consensus.cc:2272] T 97618673aece4923a2f4135c48cff661 P 4b0b1628c65c4e749270b8457f4bec41 [term 2 FOLLOWER]: Raft consensus is shut down!
I20260710 13:27:54.436878 27773 tablet_replica.cc:333] T c7157f3da5fe4df4a4bd94686e355591 P 4b0b1628c65c4e749270b8457f4bec41: stopping tablet replica
I20260710 13:27:54.437489 27773 raft_consensus.cc:2243] T c7157f3da5fe4df4a4bd94686e355591 P 4b0b1628c65c4e749270b8457f4bec41 [term 4 LEADER]: Raft consensus shutting down.
I20260710 13:27:54.438247 27773 raft_consensus.cc:2272] T c7157f3da5fe4df4a4bd94686e355591 P 4b0b1628c65c4e749270b8457f4bec41 [term 4 FOLLOWER]: Raft consensus is shut down!
I20260710 13:27:54.440775 27773 tablet_replica.cc:333] T b3dab3f3f1f2474ab72b17efd264b8fe P 4b0b1628c65c4e749270b8457f4bec41: stopping tablet replica
I20260710 13:27:54.441439 27773 raft_consensus.cc:2243] T b3dab3f3f1f2474ab72b17efd264b8fe P 4b0b1628c65c4e749270b8457f4bec41 [term 3 FOLLOWER]: Raft consensus shutting down.
I20260710 13:27:54.442108 27773 raft_consensus.cc:2272] T b3dab3f3f1f2474ab72b17efd264b8fe P 4b0b1628c65c4e749270b8457f4bec41 [term 3 FOLLOWER]: Raft consensus is shut down!
I20260710 13:27:54.444651 27773 tablet_replica.cc:333] T ff9386b078eb475caada4f629e6d1c91 P 4b0b1628c65c4e749270b8457f4bec41: stopping tablet replica
I20260710 13:27:54.445250 27773 raft_consensus.cc:2243] T ff9386b078eb475caada4f629e6d1c91 P 4b0b1628c65c4e749270b8457f4bec41 [term 4 FOLLOWER]: Raft consensus shutting down.
I20260710 13:27:54.445971 27773 raft_consensus.cc:2272] T ff9386b078eb475caada4f629e6d1c91 P 4b0b1628c65c4e749270b8457f4bec41 [term 4 FOLLOWER]: Raft consensus is shut down!
I20260710 13:27:54.448458 27773 tablet_replica.cc:333] T f9549895bddd41348ea63cf950e0ffbe P 4b0b1628c65c4e749270b8457f4bec41: stopping tablet replica
I20260710 13:27:54.449003 27773 raft_consensus.cc:2243] T f9549895bddd41348ea63cf950e0ffbe P 4b0b1628c65c4e749270b8457f4bec41 [term 2 FOLLOWER]: Raft consensus shutting down.
I20260710 13:27:54.449497 27773 raft_consensus.cc:2272] T f9549895bddd41348ea63cf950e0ffbe P 4b0b1628c65c4e749270b8457f4bec41 [term 2 FOLLOWER]: Raft consensus is shut down!
I20260710 13:27:54.451184 27773 tablet_replica.cc:333] T fe48e03c43984a16afbf9f382cf63b5f P 4b0b1628c65c4e749270b8457f4bec41: stopping tablet replica
I20260710 13:27:54.451655 27773 raft_consensus.cc:2243] T fe48e03c43984a16afbf9f382cf63b5f P 4b0b1628c65c4e749270b8457f4bec41 [term 2 FOLLOWER]: Raft consensus shutting down.
I20260710 13:27:54.452064 27773 raft_consensus.cc:2272] T fe48e03c43984a16afbf9f382cf63b5f P 4b0b1628c65c4e749270b8457f4bec41 [term 2 FOLLOWER]: Raft consensus is shut down!
I20260710 13:27:54.482136 27773 tablet_server.cc:196] TabletServer@127.27.31.67:0 shutdown complete.
I20260710 13:27:54.501808 27773 master.cc:562] Master@127.27.31.126:38329 shutting down...
I20260710 13:27:54.536118 27773 raft_consensus.cc:2243] T 00000000000000000000000000000000 P e6487b270c714c708654a714e3763a75 [term 1 LEADER]: Raft consensus shutting down.
I20260710 13:27:54.536767 27773 raft_consensus.cc:2272] T 00000000000000000000000000000000 P e6487b270c714c708654a714e3763a75 [term 1 FOLLOWER]: Raft consensus is shut down!
I20260710 13:27:54.537101 27773 tablet_replica.cc:333] T 00000000000000000000000000000000 P e6487b270c714c708654a714e3763a75: stopping tablet replica
I20260710 13:27:54.559444 27773 master.cc:584] Master@127.27.31.126:38329 shutdown complete.
38d2251729d246768dc2e89855cd0c66  4
4b0b1628c65c4e749270b8457f4bec41  1
a02171124aa745bd8979e4b64bc00946  5
[       OK ] LeaderRebalancerTest.FunctionalTestForNotDivided (10982 ms)
[ RUN      ] LeaderRebalancerTest.AddTserver
I20260710 13:27:54.603888 27773 internal_mini_cluster.cc:156] Creating distributed mini masters. Addrs: 127.27.31.126:38095
I20260710 13:27:54.605052 27773 file_cache.cc:504] Constructed file cache file cache with capacity 419430
W20260710 13:27:54.612550 28764 instance_detector.cc:116] could not retrieve OpenStack instance metadata: Network error: curl error: HTTP response code said error: The requested URL returned error: 404
W20260710 13:27:54.612622 28761 instance_detector.cc:116] could not retrieve AWS instance metadata: Network error: curl error: HTTP response code said error: The requested URL returned error: 404
W20260710 13:27:54.612680 28762 instance_detector.cc:116] could not retrieve Azure instance metadata: Network error: curl error: HTTP response code said error: The requested URL returned error: 404
I20260710 13:27:54.613248 27773 server_base.cc:1061] running on GCE node
I20260710 13:27:54.614718 27773 hybrid_clock.cc:584] initializing the hybrid clock with 'system_unsync' time source
W20260710 13:27:54.614912 27773 system_unsync_time.cc:38] NTP support is disabled. Clock error bounds will not be accurate. This configuration is not suitable for distributed clusters.
I20260710 13:27:54.615032 27773 hybrid_clock.cc:648] HybridClock initialized: now 1783690074615021 us; error 0 us; skew 500 ppm
I20260710 13:27:54.615491 27773 server_base.cc:861] Flag tcmalloc_max_total_thread_cache_bytes is not working since tcmalloc is not enabled.
I20260710 13:27:54.618507 27773 webserver.cc:533] Webserver started at http://127.27.31.126:33455/ using document root <none> and password file <none>
I20260710 13:27:54.618988 27773 fs_manager.cc:362] Metadata directory not provided
I20260710 13:27:54.619148 27773 fs_manager.cc:368] Using write-ahead log directory (fs_wal_dir) as metadata directory
I20260710 13:27:54.619375 27773 server_base.cc:909] This appears to be a new deployment of Kudu; creating new FS layout
I20260710 13:27:54.620473 27773 fs_manager.cc:1068] Generated new instance metadata in path /tmp/dist-test-taskQHiDXr/test-tmp/auto_leader_rebalancer-test.0.LeaderRebalancerTest.AddTserver.1783690048392956-27773-0/minicluster-data/master-0-root/instance:
uuid: "0e8e24599b194c0592be543eb7f793b1"
format_stamp: "Formatted at 2026-07-10 13:27:54 on dist-test-slave-6v8r"
I20260710 13:27:54.625407 27773 fs_manager.cc:696] Time spent creating directory manager: real 0.004s	user 0.006s	sys 0.000s
I20260710 13:27:54.629276 28769 log_block_manager.cc:4127] Time spent loading block containers with low live blocks: real 0.000s	user 0.000s	sys 0.000s
I20260710 13:27:54.630314 27773 fs_manager.cc:730] Time spent opening block manager: real 0.003s	user 0.003s	sys 0.000s
I20260710 13:27:54.630673 27773 fs_manager.cc:647] Opened local filesystem: /tmp/dist-test-taskQHiDXr/test-tmp/auto_leader_rebalancer-test.0.LeaderRebalancerTest.AddTserver.1783690048392956-27773-0/minicluster-data/master-0-root
uuid: "0e8e24599b194c0592be543eb7f793b1"
format_stamp: "Formatted at 2026-07-10 13:27:54 on dist-test-slave-6v8r"
I20260710 13:27:54.630995 27773 fs_report.cc:389] FS layout report
--------------------
wal directory: /tmp/dist-test-taskQHiDXr/test-tmp/auto_leader_rebalancer-test.0.LeaderRebalancerTest.AddTserver.1783690048392956-27773-0/minicluster-data/master-0-root
metadata directory: /tmp/dist-test-taskQHiDXr/test-tmp/auto_leader_rebalancer-test.0.LeaderRebalancerTest.AddTserver.1783690048392956-27773-0/minicluster-data/master-0-root
1 data directories: /tmp/dist-test-taskQHiDXr/test-tmp/auto_leader_rebalancer-test.0.LeaderRebalancerTest.AddTserver.1783690048392956-27773-0/minicluster-data/master-0-root/data
Total live blocks: 0
Total live bytes: 0
Total live bytes (after alignment): 0
Total number of LBM containers: 0 (0 full)
Did not check for missing blocks
Did not check for orphaned blocks
Total full LBM containers with extra space: 0 (0 repaired)
Total full LBM container extra space in bytes: 0 (0 repaired)
Total incomplete LBM containers: 0 (0 repaired)
Total LBM partial records: 0 (0 repaired)
Total corrupted LBM metadata records in RocksDB: 0 (0 repaired)
I20260710 13:27:54.660828 27773 rpc_server.cc:225] running with OpenSSL 1.1.1  11 Sep 2018
I20260710 13:27:54.662180 27773 kserver.cc:163] Server-wide thread pool size limit: 3276
I20260710 13:27:54.707969 27773 rpc_server.cc:307] RPC server started. Bound to: 127.27.31.126:38095
I20260710 13:27:54.708163 28820 acceptor_pool.cc:272] collecting diagnostics on the listening RPC socket 127.27.31.126:38095 every 8 connection(s)
I20260710 13:27:54.712853 28821 data_dirs.cc:400] Could only allocate 1 dirs of requested 3 for tablet 00000000000000000000000000000000. 1 dirs total, 0 dirs full, 0 dirs failed
I20260710 13:27:54.726197 28821 tablet_bootstrap.cc:492] T 00000000000000000000000000000000 P 0e8e24599b194c0592be543eb7f793b1: Bootstrap starting.
I20260710 13:27:54.732147 28821 tablet_bootstrap.cc:654] T 00000000000000000000000000000000 P 0e8e24599b194c0592be543eb7f793b1: Neither blocks nor log segments found. Creating new log.
I20260710 13:27:54.738309 28821 tablet_bootstrap.cc:492] T 00000000000000000000000000000000 P 0e8e24599b194c0592be543eb7f793b1: No bootstrap required, opened a new log
I20260710 13:27:54.741051 28821 raft_consensus.cc:359] T 00000000000000000000000000000000 P 0e8e24599b194c0592be543eb7f793b1 [term 0 FOLLOWER]: Replica starting. Triggering 0 pending ops. Active config: opid_index: -1 OBSOLETE_local: true peers { permanent_uuid: "0e8e24599b194c0592be543eb7f793b1" member_type: VOTER }
I20260710 13:27:54.741670 28821 raft_consensus.cc:385] T 00000000000000000000000000000000 P 0e8e24599b194c0592be543eb7f793b1 [term 0 FOLLOWER]: Consensus starting up: Expiring failure detector timer to make a prompt election more likely
I20260710 13:27:54.741935 28821 raft_consensus.cc:740] T 00000000000000000000000000000000 P 0e8e24599b194c0592be543eb7f793b1 [term 0 FOLLOWER]: Becoming Follower/Learner. State: Replica: 0e8e24599b194c0592be543eb7f793b1, State: Initialized, Role: FOLLOWER
I20260710 13:27:54.742672 28821 consensus_queue.cc:260] T 00000000000000000000000000000000 P 0e8e24599b194c0592be543eb7f793b1 [NON_LEADER]: Queue going to NON_LEADER mode. State: All replicated index: 0, Majority replicated index: 0, Committed index: 0, Last appended: 0.0, Last appended by leader: 0, Current term: 0, Majority size: -1, State: 0, Mode: NON_LEADER, active raft config: opid_index: -1 OBSOLETE_local: true peers { permanent_uuid: "0e8e24599b194c0592be543eb7f793b1" member_type: VOTER }
I20260710 13:27:54.743216 28821 raft_consensus.cc:399] T 00000000000000000000000000000000 P 0e8e24599b194c0592be543eb7f793b1 [term 0 FOLLOWER]: Only one voter in the Raft config. Triggering election immediately
I20260710 13:27:54.743486 28821 raft_consensus.cc:493] T 00000000000000000000000000000000 P 0e8e24599b194c0592be543eb7f793b1 [term 0 FOLLOWER]: Starting leader election (initial election of a single-replica configuration)
I20260710 13:27:54.743813 28821 raft_consensus.cc:3060] T 00000000000000000000000000000000 P 0e8e24599b194c0592be543eb7f793b1 [term 0 FOLLOWER]: Advancing to term 1
I20260710 13:27:54.749914 28821 raft_consensus.cc:515] T 00000000000000000000000000000000 P 0e8e24599b194c0592be543eb7f793b1 [term 1 FOLLOWER]: Starting leader election with config: opid_index: -1 OBSOLETE_local: true peers { permanent_uuid: "0e8e24599b194c0592be543eb7f793b1" member_type: VOTER }
I20260710 13:27:54.750617 28821 leader_election.cc:304] T 00000000000000000000000000000000 P 0e8e24599b194c0592be543eb7f793b1 [CANDIDATE]: Term 1 election: Election decided. Result: candidate won. Election summary: received 1 responses out of 1 voters: 1 yes votes; 0 no votes. yes voters: 0e8e24599b194c0592be543eb7f793b1; no voters: 
I20260710 13:27:54.752319 28821 leader_election.cc:290] T 00000000000000000000000000000000 P 0e8e24599b194c0592be543eb7f793b1 [CANDIDATE]: Term 1 election: Requested vote from peers 
I20260710 13:27:54.752781 28824 raft_consensus.cc:2804] T 00000000000000000000000000000000 P 0e8e24599b194c0592be543eb7f793b1 [term 1 FOLLOWER]: Leader election won for term 1
I20260710 13:27:54.754295 28824 raft_consensus.cc:697] T 00000000000000000000000000000000 P 0e8e24599b194c0592be543eb7f793b1 [term 1 LEADER]: Becoming Leader. State: Replica: 0e8e24599b194c0592be543eb7f793b1, State: Running, Role: LEADER
I20260710 13:27:54.755039 28824 consensus_queue.cc:237] T 00000000000000000000000000000000 P 0e8e24599b194c0592be543eb7f793b1 [LEADER]: Queue going to LEADER mode. State: All replicated index: 0, Majority replicated index: 0, Committed index: 0, Last appended: 0.0, Last appended by leader: 0, Current term: 1, Majority size: 1, State: 0, Mode: LEADER, active raft config: opid_index: -1 OBSOLETE_local: true peers { permanent_uuid: "0e8e24599b194c0592be543eb7f793b1" member_type: VOTER }
I20260710 13:27:54.755836 28821 sys_catalog.cc:565] T 00000000000000000000000000000000 P 0e8e24599b194c0592be543eb7f793b1 [sys.catalog]: configured and running, proceeding with master startup.
I20260710 13:27:54.761579 28826 sys_catalog.cc:455] T 00000000000000000000000000000000 P 0e8e24599b194c0592be543eb7f793b1 [sys.catalog]: SysCatalogTable state changed. Reason: New leader 0e8e24599b194c0592be543eb7f793b1. Latest consensus state: current_term: 1 leader_uuid: "0e8e24599b194c0592be543eb7f793b1" committed_config { opid_index: -1 OBSOLETE_local: true peers { permanent_uuid: "0e8e24599b194c0592be543eb7f793b1" member_type: VOTER } }
I20260710 13:27:54.761617 28825 sys_catalog.cc:455] T 00000000000000000000000000000000 P 0e8e24599b194c0592be543eb7f793b1 [sys.catalog]: SysCatalogTable state changed. Reason: RaftConsensus started. Latest consensus state: current_term: 1 leader_uuid: "0e8e24599b194c0592be543eb7f793b1" committed_config { opid_index: -1 OBSOLETE_local: true peers { permanent_uuid: "0e8e24599b194c0592be543eb7f793b1" member_type: VOTER } }
I20260710 13:27:54.762909 28826 sys_catalog.cc:458] T 00000000000000000000000000000000 P 0e8e24599b194c0592be543eb7f793b1 [sys.catalog]: This master's current role is: LEADER
I20260710 13:27:54.762988 28825 sys_catalog.cc:458] T 00000000000000000000000000000000 P 0e8e24599b194c0592be543eb7f793b1 [sys.catalog]: This master's current role is: LEADER
I20260710 13:27:54.771452 28831 catalog_manager.cc:1511] Loading table and tablet metadata into memory...
I20260710 13:27:54.777210 28831 catalog_manager.cc:1520] Initializing Kudu cluster ID...
I20260710 13:27:54.778595 27773 internal_mini_cluster.cc:184] Waiting to initialize catalog manager on master 0
I20260710 13:27:54.788118 28831 catalog_manager.cc:1383] Generated new cluster ID: 7d8d64df2f754b2d8f1c1925cd47fa75
I20260710 13:27:54.788492 28831 catalog_manager.cc:1531] Initializing Kudu internal certificate authority...
I20260710 13:27:54.809712 28831 catalog_manager.cc:1406] Generated new certificate authority record
I20260710 13:27:54.811034 28831 catalog_manager.cc:1540] Loading token signing keys...
I20260710 13:27:54.825278 28831 catalog_manager.cc:6070] T 00000000000000000000000000000000 P 0e8e24599b194c0592be543eb7f793b1: Generated new TSK 0
I20260710 13:27:54.826004 28831 catalog_manager.cc:1550] Initializing in-progress tserver states...
I20260710 13:27:54.845670 27773 file_cache.cc:504] Constructed file cache file cache with capacity 419430
W20260710 13:27:54.852926 28842 instance_detector.cc:116] could not retrieve AWS instance metadata: Network error: curl error: HTTP response code said error: The requested URL returned error: 404
W20260710 13:27:54.854291 28843 instance_detector.cc:116] could not retrieve Azure instance metadata: Network error: curl error: HTTP response code said error: The requested URL returned error: 404
I20260710 13:27:54.857340 27773 server_base.cc:1061] running on GCE node
W20260710 13:27:54.857297 28845 instance_detector.cc:116] could not retrieve OpenStack instance metadata: Network error: curl error: HTTP response code said error: The requested URL returned error: 404
I20260710 13:27:54.859143 27773 hybrid_clock.cc:584] initializing the hybrid clock with 'system_unsync' time source
W20260710 13:27:54.859426 27773 system_unsync_time.cc:38] NTP support is disabled. Clock error bounds will not be accurate. This configuration is not suitable for distributed clusters.
I20260710 13:27:54.859572 27773 hybrid_clock.cc:648] HybridClock initialized: now 1783690074859559 us; error 0 us; skew 500 ppm
I20260710 13:27:54.860109 27773 server_base.cc:861] Flag tcmalloc_max_total_thread_cache_bytes is not working since tcmalloc is not enabled.
I20260710 13:27:54.863137 27773 webserver.cc:533] Webserver started at http://127.27.31.65:43361/ using document root <none> and password file <none>
I20260710 13:27:54.863660 27773 fs_manager.cc:362] Metadata directory not provided
I20260710 13:27:54.863854 27773 fs_manager.cc:368] Using write-ahead log directory (fs_wal_dir) as metadata directory
I20260710 13:27:54.864265 27773 server_base.cc:909] This appears to be a new deployment of Kudu; creating new FS layout
I20260710 13:27:54.865970 27773 fs_manager.cc:1068] Generated new instance metadata in path /tmp/dist-test-taskQHiDXr/test-tmp/auto_leader_rebalancer-test.0.LeaderRebalancerTest.AddTserver.1783690048392956-27773-0/minicluster-data/ts-0-root/instance:
uuid: "897d546f83854964a71a49f359300f12"
format_stamp: "Formatted at 2026-07-10 13:27:54 on dist-test-slave-6v8r"
I20260710 13:27:54.871524 27773 fs_manager.cc:696] Time spent creating directory manager: real 0.005s	user 0.005s	sys 0.000s
I20260710 13:27:54.875679 28850 log_block_manager.cc:4127] Time spent loading block containers with low live blocks: real 0.000s	user 0.000s	sys 0.000s
I20260710 13:27:54.877004 27773 fs_manager.cc:730] Time spent opening block manager: real 0.003s	user 0.002s	sys 0.000s
I20260710 13:27:54.877427 27773 fs_manager.cc:647] Opened local filesystem: /tmp/dist-test-taskQHiDXr/test-tmp/auto_leader_rebalancer-test.0.LeaderRebalancerTest.AddTserver.1783690048392956-27773-0/minicluster-data/ts-0-root
uuid: "897d546f83854964a71a49f359300f12"
format_stamp: "Formatted at 2026-07-10 13:27:54 on dist-test-slave-6v8r"
I20260710 13:27:54.877853 27773 fs_report.cc:389] FS layout report
--------------------
wal directory: /tmp/dist-test-taskQHiDXr/test-tmp/auto_leader_rebalancer-test.0.LeaderRebalancerTest.AddTserver.1783690048392956-27773-0/minicluster-data/ts-0-root
metadata directory: /tmp/dist-test-taskQHiDXr/test-tmp/auto_leader_rebalancer-test.0.LeaderRebalancerTest.AddTserver.1783690048392956-27773-0/minicluster-data/ts-0-root
1 data directories: /tmp/dist-test-taskQHiDXr/test-tmp/auto_leader_rebalancer-test.0.LeaderRebalancerTest.AddTserver.1783690048392956-27773-0/minicluster-data/ts-0-root/data
Total live blocks: 0
Total live bytes: 0
Total live bytes (after alignment): 0
Total number of LBM containers: 0 (0 full)
Did not check for missing blocks
Did not check for orphaned blocks
Total full LBM containers with extra space: 0 (0 repaired)
Total full LBM container extra space in bytes: 0 (0 repaired)
Total incomplete LBM containers: 0 (0 repaired)
Total LBM partial records: 0 (0 repaired)
Total corrupted LBM metadata records in RocksDB: 0 (0 repaired)
I20260710 13:27:54.915908 27773 rpc_server.cc:225] running with OpenSSL 1.1.1  11 Sep 2018
I20260710 13:27:54.917382 27773 kserver.cc:163] Server-wide thread pool size limit: 3276
I20260710 13:27:54.919093 27773 txn_system_client.cc:432] TxnSystemClient initialization is disabled...
I20260710 13:27:54.921607 27773 ts_tablet_manager.cc:585] Loaded tablet metadata (0 total tablets, 0 live tablets)
I20260710 13:27:54.921823 27773 ts_tablet_manager.cc:531] Time spent load tablet metadata: real 0.000s	user 0.000s	sys 0.000s
I20260710 13:27:54.922127 27773 ts_tablet_manager.cc:616] Registered 0 tablets
I20260710 13:27:54.922319 27773 ts_tablet_manager.cc:595] Time spent register tablets: real 0.000s	user 0.000s	sys 0.000s
I20260710 13:27:54.971171 27773 rpc_server.cc:307] RPC server started. Bound to: 127.27.31.65:40683
I20260710 13:27:54.971329 28912 acceptor_pool.cc:272] collecting diagnostics on the listening RPC socket 127.27.31.65:40683 every 8 connection(s)
I20260710 13:27:54.977810 27773 file_cache.cc:504] Constructed file cache file cache with capacity 419430
W20260710 13:27:54.986936 28917 instance_detector.cc:116] could not retrieve AWS instance metadata: Network error: curl error: HTTP response code said error: The requested URL returned error: 404
W20260710 13:27:54.987474 28918 instance_detector.cc:116] could not retrieve Azure instance metadata: Network error: curl error: HTTP response code said error: The requested URL returned error: 404
W20260710 13:27:54.992014 28920 instance_detector.cc:116] could not retrieve OpenStack instance metadata: Network error: curl error: HTTP response code said error: The requested URL returned error: 404
I20260710 13:27:54.993325 27773 server_base.cc:1061] running on GCE node
I20260710 13:27:54.994377 28913 heartbeater.cc:344] Connected to a master server at 127.27.31.126:38095
I20260710 13:27:54.994614 27773 hybrid_clock.cc:584] initializing the hybrid clock with 'system_unsync' time source
I20260710 13:27:54.994918 28913 heartbeater.cc:461] Registering TS with master...
W20260710 13:27:54.994947 27773 system_unsync_time.cc:38] NTP support is disabled. Clock error bounds will not be accurate. This configuration is not suitable for distributed clusters.
I20260710 13:27:54.995536 27773 hybrid_clock.cc:648] HybridClock initialized: now 1783690074995510 us; error 0 us; skew 500 ppm
I20260710 13:27:54.996135 28913 heartbeater.cc:507] Master 127.27.31.126:38095 requested a full tablet report, sending...
I20260710 13:27:54.996269 27773 server_base.cc:861] Flag tcmalloc_max_total_thread_cache_bytes is not working since tcmalloc is not enabled.
I20260710 13:27:54.998973 28786 ts_manager.cc:194] Registered new tserver with Master: 897d546f83854964a71a49f359300f12 (127.27.31.65:40683)
I20260710 13:27:54.999908 27773 webserver.cc:533] Webserver started at http://127.27.31.66:40573/ using document root <none> and password file <none>
I20260710 13:27:55.000612 27773 fs_manager.cc:362] Metadata directory not provided
I20260710 13:27:55.000795 27773 fs_manager.cc:368] Using write-ahead log directory (fs_wal_dir) as metadata directory
I20260710 13:27:55.001030 27773 server_base.cc:909] This appears to be a new deployment of Kudu; creating new FS layout
I20260710 13:27:55.001443 28786 master_service.cc:502] Signed X509 certificate for tserver {username='slave'} at 127.0.0.1:51530
I20260710 13:27:55.002589 27773 fs_manager.cc:1068] Generated new instance metadata in path /tmp/dist-test-taskQHiDXr/test-tmp/auto_leader_rebalancer-test.0.LeaderRebalancerTest.AddTserver.1783690048392956-27773-0/minicluster-data/ts-1-root/instance:
uuid: "7ee388c4f654487f9a4869b932ec93aa"
format_stamp: "Formatted at 2026-07-10 13:27:54 on dist-test-slave-6v8r"
I20260710 13:27:55.009194 27773 fs_manager.cc:696] Time spent creating directory manager: real 0.006s	user 0.006s	sys 0.001s
I20260710 13:27:55.014053 28925 log_block_manager.cc:4127] Time spent loading block containers with low live blocks: real 0.000s	user 0.000s	sys 0.000s
I20260710 13:27:55.015084 27773 fs_manager.cc:730] Time spent opening block manager: real 0.003s	user 0.003s	sys 0.000s
I20260710 13:27:55.015476 27773 fs_manager.cc:647] Opened local filesystem: /tmp/dist-test-taskQHiDXr/test-tmp/auto_leader_rebalancer-test.0.LeaderRebalancerTest.AddTserver.1783690048392956-27773-0/minicluster-data/ts-1-root
uuid: "7ee388c4f654487f9a4869b932ec93aa"
format_stamp: "Formatted at 2026-07-10 13:27:54 on dist-test-slave-6v8r"
I20260710 13:27:55.015794 27773 fs_report.cc:389] FS layout report
--------------------
wal directory: /tmp/dist-test-taskQHiDXr/test-tmp/auto_leader_rebalancer-test.0.LeaderRebalancerTest.AddTserver.1783690048392956-27773-0/minicluster-data/ts-1-root
metadata directory: /tmp/dist-test-taskQHiDXr/test-tmp/auto_leader_rebalancer-test.0.LeaderRebalancerTest.AddTserver.1783690048392956-27773-0/minicluster-data/ts-1-root
1 data directories: /tmp/dist-test-taskQHiDXr/test-tmp/auto_leader_rebalancer-test.0.LeaderRebalancerTest.AddTserver.1783690048392956-27773-0/minicluster-data/ts-1-root/data
Total live blocks: 0
Total live bytes: 0
Total live bytes (after alignment): 0
Total number of LBM containers: 0 (0 full)
Did not check for missing blocks
Did not check for orphaned blocks
Total full LBM containers with extra space: 0 (0 repaired)
Total full LBM container extra space in bytes: 0 (0 repaired)
Total incomplete LBM containers: 0 (0 repaired)
Total LBM partial records: 0 (0 repaired)
Total corrupted LBM metadata records in RocksDB: 0 (0 repaired)
I20260710 13:27:55.031474 27773 rpc_server.cc:225] running with OpenSSL 1.1.1  11 Sep 2018
I20260710 13:27:55.032804 27773 kserver.cc:163] Server-wide thread pool size limit: 3276
I20260710 13:27:55.034629 27773 txn_system_client.cc:432] TxnSystemClient initialization is disabled...
I20260710 13:27:55.037034 27773 ts_tablet_manager.cc:585] Loaded tablet metadata (0 total tablets, 0 live tablets)
I20260710 13:27:55.037278 27773 ts_tablet_manager.cc:531] Time spent load tablet metadata: real 0.000s	user 0.000s	sys 0.000s
I20260710 13:27:55.037575 27773 ts_tablet_manager.cc:616] Registered 0 tablets
I20260710 13:27:55.037752 27773 ts_tablet_manager.cc:595] Time spent register tablets: real 0.000s	user 0.000s	sys 0.000s
I20260710 13:27:55.091019 27773 rpc_server.cc:307] RPC server started. Bound to: 127.27.31.66:33585
I20260710 13:27:55.091220 28987 acceptor_pool.cc:272] collecting diagnostics on the listening RPC socket 127.27.31.66:33585 every 8 connection(s)
I20260710 13:27:55.097615 27773 file_cache.cc:504] Constructed file cache file cache with capacity 419430
W20260710 13:27:55.106815 28991 instance_detector.cc:116] could not retrieve AWS instance metadata: Network error: curl error: HTTP response code said error: The requested URL returned error: 404
W20260710 13:27:55.108901 28992 instance_detector.cc:116] could not retrieve Azure instance metadata: Network error: curl error: HTTP response code said error: The requested URL returned error: 404
W20260710 13:27:55.109495 28994 instance_detector.cc:116] could not retrieve OpenStack instance metadata: Network error: curl error: HTTP response code said error: The requested URL returned error: 404
I20260710 13:27:55.109704 27773 server_base.cc:1061] running on GCE node
I20260710 13:27:55.111127 27773 hybrid_clock.cc:584] initializing the hybrid clock with 'system_unsync' time source
W20260710 13:27:55.111467 27773 system_unsync_time.cc:38] NTP support is disabled. Clock error bounds will not be accurate. This configuration is not suitable for distributed clusters.
I20260710 13:27:55.111763 27773 hybrid_clock.cc:648] HybridClock initialized: now 1783690075111738 us; error 0 us; skew 500 ppm
I20260710 13:27:55.112540 27773 server_base.cc:861] Flag tcmalloc_max_total_thread_cache_bytes is not working since tcmalloc is not enabled.
I20260710 13:27:55.115294 28988 heartbeater.cc:344] Connected to a master server at 127.27.31.126:38095
I20260710 13:27:55.115872 28988 heartbeater.cc:461] Registering TS with master...
I20260710 13:27:55.115867 27773 webserver.cc:533] Webserver started at http://127.27.31.67:33023/ using document root <none> and password file <none>
I20260710 13:27:55.116731 27773 fs_manager.cc:362] Metadata directory not provided
I20260710 13:27:55.117008 27773 fs_manager.cc:368] Using write-ahead log directory (fs_wal_dir) as metadata directory
I20260710 13:27:55.117061 28988 heartbeater.cc:507] Master 127.27.31.126:38095 requested a full tablet report, sending...
I20260710 13:27:55.117480 27773 server_base.cc:909] This appears to be a new deployment of Kudu; creating new FS layout
I20260710 13:27:55.119163 27773 fs_manager.cc:1068] Generated new instance metadata in path /tmp/dist-test-taskQHiDXr/test-tmp/auto_leader_rebalancer-test.0.LeaderRebalancerTest.AddTserver.1783690048392956-27773-0/minicluster-data/ts-2-root/instance:
uuid: "9a7a599c80a840eaba04cef890b588e8"
format_stamp: "Formatted at 2026-07-10 13:27:55 on dist-test-slave-6v8r"
I20260710 13:27:55.119884 28786 ts_manager.cc:194] Registered new tserver with Master: 7ee388c4f654487f9a4869b932ec93aa (127.27.31.66:33585)
I20260710 13:27:55.121626 28786 master_service.cc:502] Signed X509 certificate for tserver {username='slave'} at 127.0.0.1:51546
I20260710 13:27:55.124862 27773 fs_manager.cc:696] Time spent creating directory manager: real 0.005s	user 0.006s	sys 0.001s
I20260710 13:27:55.129707 28999 log_block_manager.cc:4127] Time spent loading block containers with low live blocks: real 0.000s	user 0.000s	sys 0.000s
I20260710 13:27:55.130771 27773 fs_manager.cc:730] Time spent opening block manager: real 0.004s	user 0.003s	sys 0.000s
I20260710 13:27:55.131242 27773 fs_manager.cc:647] Opened local filesystem: /tmp/dist-test-taskQHiDXr/test-tmp/auto_leader_rebalancer-test.0.LeaderRebalancerTest.AddTserver.1783690048392956-27773-0/minicluster-data/ts-2-root
uuid: "9a7a599c80a840eaba04cef890b588e8"
format_stamp: "Formatted at 2026-07-10 13:27:55 on dist-test-slave-6v8r"
I20260710 13:27:55.131610 27773 fs_report.cc:389] FS layout report
--------------------
wal directory: /tmp/dist-test-taskQHiDXr/test-tmp/auto_leader_rebalancer-test.0.LeaderRebalancerTest.AddTserver.1783690048392956-27773-0/minicluster-data/ts-2-root
metadata directory: /tmp/dist-test-taskQHiDXr/test-tmp/auto_leader_rebalancer-test.0.LeaderRebalancerTest.AddTserver.1783690048392956-27773-0/minicluster-data/ts-2-root
1 data directories: /tmp/dist-test-taskQHiDXr/test-tmp/auto_leader_rebalancer-test.0.LeaderRebalancerTest.AddTserver.1783690048392956-27773-0/minicluster-data/ts-2-root/data
Total live blocks: 0
Total live bytes: 0
Total live bytes (after alignment): 0
Total number of LBM containers: 0 (0 full)
Did not check for missing blocks
Did not check for orphaned blocks
Total full LBM containers with extra space: 0 (0 repaired)
Total full LBM container extra space in bytes: 0 (0 repaired)
Total incomplete LBM containers: 0 (0 repaired)
Total LBM partial records: 0 (0 repaired)
Total corrupted LBM metadata records in RocksDB: 0 (0 repaired)
I20260710 13:27:55.168915 27773 rpc_server.cc:225] running with OpenSSL 1.1.1  11 Sep 2018
I20260710 13:27:55.170487 27773 kserver.cc:163] Server-wide thread pool size limit: 3276
I20260710 13:27:55.172276 27773 txn_system_client.cc:432] TxnSystemClient initialization is disabled...
I20260710 13:27:55.174947 27773 ts_tablet_manager.cc:585] Loaded tablet metadata (0 total tablets, 0 live tablets)
I20260710 13:27:55.175222 27773 ts_tablet_manager.cc:531] Time spent load tablet metadata: real 0.000s	user 0.000s	sys 0.000s
I20260710 13:27:55.175737 27773 ts_tablet_manager.cc:616] Registered 0 tablets
I20260710 13:27:55.175977 27773 ts_tablet_manager.cc:595] Time spent register tablets: real 0.000s	user 0.000s	sys 0.000s
I20260710 13:27:55.226612 27773 rpc_server.cc:307] RPC server started. Bound to: 127.27.31.67:44629
I20260710 13:27:55.226814 29061 acceptor_pool.cc:272] collecting diagnostics on the listening RPC socket 127.27.31.67:44629 every 8 connection(s)
I20260710 13:27:55.245571 29062 heartbeater.cc:344] Connected to a master server at 127.27.31.126:38095
I20260710 13:27:55.246157 29062 heartbeater.cc:461] Registering TS with master...
I20260710 13:27:55.247062 29062 heartbeater.cc:507] Master 127.27.31.126:38095 requested a full tablet report, sending...
I20260710 13:27:55.249708 28786 ts_manager.cc:194] Registered new tserver with Master: 9a7a599c80a840eaba04cef890b588e8 (127.27.31.67:44629)
I20260710 13:27:55.249879 27773 internal_mini_cluster.cc:371] 3 TS(s) registered with all masters after 0.019399409s
I20260710 13:27:55.251567 28786 master_service.cc:502] Signed X509 certificate for tserver {username='slave'} at 127.0.0.1:51552
I20260710 13:27:55.283730 28786 catalog_manager.cc:2283] Servicing CreateTable request from {username='slave'} at 127.0.0.1:51558:
name: "test-workload"
schema {
  columns {
    name: "key"
    type: INT32
    is_key: true
    is_nullable: false
    encoding: AUTO_ENCODING
    compression: DEFAULT_COMPRESSION
    cfile_block_size: 0
    immutable: false
  }
  columns {
    name: "int_val"
    type: INT32
    is_key: false
    is_nullable: false
    encoding: AUTO_ENCODING
    compression: DEFAULT_COMPRESSION
    cfile_block_size: 0
    immutable: false
  }
  columns {
    name: "string_val"
    type: STRING
    is_key: false
    is_nullable: true
    encoding: AUTO_ENCODING
    compression: DEFAULT_COMPRESSION
    cfile_block_size: 0
    immutable: false
  }
}
num_replicas: 3
split_rows_range_bounds {
  rows: "\004\001\000UUU\005\004\001\000\252\252\252\n\004\001\000\377\377\377\017\004\001\000TUU\025\004\001\000\251\252\252\032\004\001\000\376\377\377\037\004\001\000SUU%\004\001\000\250\252\252*\004\001\000\375\377\377/\004\001\000RUU5\004\001\000\247\252\252:\004\001\000\374\377\377?\004\001\000QUUE\004\001\000\246\252\252J\004\001\000\373\377\377O\004\001\000PUUU\004\001\000\245\252\252Z\004\001\000\372\377\377_\004\001\000OUUe\004\001\000\244\252\252j\004\001\000\371\377\377o\004\001\000NUUu\004\001\000\243\252\252z""\004\001\000UUU\005\004\001\000\252\252\252\n\004\001\000\377\377\377\017\004\001\000TUU\025\004\001\000\251\252\252\032\004\001\000\376\377\377\037\004\001\000SUU%\004\001\000\250\252\252*\004\001\000\375\377\377/\004\001\000RUU5\004\001\000\247\252\252:\004\001\000\374\377\377?\004\001\000QUUE\004\001\000\246\252\252J\004\001\000\373\377\377O\004\001\000PUUU\004\001\000\245\252\252Z\004\001\000\372\377\377_\004\001\000OUUe\004\001\000\244\252\252j\004\001\000\371\377\377o\004\001\000NUUu\004\001\000\243\252\252z"
  indirect_data: """"
}
partition_schema {
  range_schema {
    columns {
      name: "key"
    }
  }
}
W20260710 13:27:55.288120 28786 catalog_manager.cc:7077] The number of live tablet servers is not enough to re-replicate a tablet replica of the newly created table test-workload in case of a server failure: 4 tablet servers would be needed, 3 are available. Consider bringing up more tablet servers.
I20260710 13:27:55.420645 28953 tablet_service.cc:1511] Processing CreateTablet for tablet 2643f0bca309499da93bb62cbd06b17d (DEFAULT_TABLE table=test-workload [id=e0b9c4abc5804864ae97e8859470b262]), partition=RANGE (key) PARTITION VALUES < 89478485
I20260710 13:27:55.422580 28953 data_dirs.cc:400] Could only allocate 1 dirs of requested 3 for tablet 2643f0bca309499da93bb62cbd06b17d. 1 dirs total, 0 dirs full, 0 dirs failed
I20260710 13:27:55.434935 28952 tablet_service.cc:1511] Processing CreateTablet for tablet 32ce42f75a0c498695837ff5cf5c0172 (DEFAULT_TABLE table=test-workload [id=e0b9c4abc5804864ae97e8859470b262]), partition=RANGE (key) PARTITION 89478485 <= VALUES < 178956970
I20260710 13:27:55.435216 29027 tablet_service.cc:1511] Processing CreateTablet for tablet 2643f0bca309499da93bb62cbd06b17d (DEFAULT_TABLE table=test-workload [id=e0b9c4abc5804864ae97e8859470b262]), partition=RANGE (key) PARTITION VALUES < 89478485
I20260710 13:27:55.436519 28952 data_dirs.cc:400] Could only allocate 1 dirs of requested 3 for tablet 32ce42f75a0c498695837ff5cf5c0172. 1 dirs total, 0 dirs full, 0 dirs failed
I20260710 13:27:55.436885 29027 data_dirs.cc:400] Could only allocate 1 dirs of requested 3 for tablet 2643f0bca309499da93bb62cbd06b17d. 1 dirs total, 0 dirs full, 0 dirs failed
I20260710 13:27:55.438315 29022 tablet_service.cc:1511] Processing CreateTablet for tablet 90e7ae8a6d3b4afdbdaa226b5760e50e (DEFAULT_TABLE table=test-workload [id=e0b9c4abc5804864ae97e8859470b262]), partition=RANGE (key) PARTITION 447392425 <= VALUES < 536870910
I20260710 13:27:55.438812 29021 tablet_service.cc:1511] Processing CreateTablet for tablet b5f1129ddf2947e6b14a7293a2538779 (DEFAULT_TABLE table=test-workload [id=e0b9c4abc5804864ae97e8859470b262]), partition=RANGE (key) PARTITION 536870910 <= VALUES < 626349395
I20260710 13:27:55.440057 29022 data_dirs.cc:400] Could only allocate 1 dirs of requested 3 for tablet 90e7ae8a6d3b4afdbdaa226b5760e50e. 1 dirs total, 0 dirs full, 0 dirs failed
I20260710 13:27:55.442868 29023 tablet_service.cc:1511] Processing CreateTablet for tablet e6ba4f299c884769b4bf0e4a9beef243 (DEFAULT_TABLE table=test-workload [id=e0b9c4abc5804864ae97e8859470b262]), partition=RANGE (key) PARTITION 357913940 <= VALUES < 447392425
I20260710 13:27:55.443478 29026 tablet_service.cc:1511] Processing CreateTablet for tablet 32ce42f75a0c498695837ff5cf5c0172 (DEFAULT_TABLE table=test-workload [id=e0b9c4abc5804864ae97e8859470b262]), partition=RANGE (key) PARTITION 89478485 <= VALUES < 178956970
I20260710 13:27:55.443629 29020 tablet_service.cc:1511] Processing CreateTablet for tablet 0e86cb275e60455083ca199b4afe7e80 (DEFAULT_TABLE table=test-workload [id=e0b9c4abc5804864ae97e8859470b262]), partition=RANGE (key) PARTITION 626349395 <= VALUES < 715827880
I20260710 13:27:55.444545 29023 data_dirs.cc:400] Could only allocate 1 dirs of requested 3 for tablet e6ba4f299c884769b4bf0e4a9beef243. 1 dirs total, 0 dirs full, 0 dirs failed
I20260710 13:27:55.445571 29020 data_dirs.cc:400] Could only allocate 1 dirs of requested 3 for tablet 0e86cb275e60455083ca199b4afe7e80. 1 dirs total, 0 dirs full, 0 dirs failed
I20260710 13:27:55.446126 29025 tablet_service.cc:1511] Processing CreateTablet for tablet f43ed3eab07f43eb9e1d5dfcbdf7bda0 (DEFAULT_TABLE table=test-workload [id=e0b9c4abc5804864ae97e8859470b262]), partition=RANGE (key) PARTITION 178956970 <= VALUES < 268435455
I20260710 13:27:55.448192 29025 data_dirs.cc:400] Could only allocate 1 dirs of requested 3 for tablet f43ed3eab07f43eb9e1d5dfcbdf7bda0. 1 dirs total, 0 dirs full, 0 dirs failed
I20260710 13:27:55.450104 28951 tablet_service.cc:1511] Processing CreateTablet for tablet f43ed3eab07f43eb9e1d5dfcbdf7bda0 (DEFAULT_TABLE table=test-workload [id=e0b9c4abc5804864ae97e8859470b262]), partition=RANGE (key) PARTITION 178956970 <= VALUES < 268435455
I20260710 13:27:55.450922 29024 tablet_service.cc:1511] Processing CreateTablet for tablet ef2f4e976aad4009af83c7f8033a44f5 (DEFAULT_TABLE table=test-workload [id=e0b9c4abc5804864ae97e8859470b262]), partition=RANGE (key) PARTITION 268435455 <= VALUES < 357913940
I20260710 13:27:55.451736 28951 data_dirs.cc:400] Could only allocate 1 dirs of requested 3 for tablet f43ed3eab07f43eb9e1d5dfcbdf7bda0. 1 dirs total, 0 dirs full, 0 dirs failed
I20260710 13:27:55.452773 29024 data_dirs.cc:400] Could only allocate 1 dirs of requested 3 for tablet ef2f4e976aad4009af83c7f8033a44f5. 1 dirs total, 0 dirs full, 0 dirs failed
I20260710 13:27:55.458105 29021 data_dirs.cc:400] Could only allocate 1 dirs of requested 3 for tablet b5f1129ddf2947e6b14a7293a2538779. 1 dirs total, 0 dirs full, 0 dirs failed
I20260710 13:27:55.461920 29026 data_dirs.cc:400] Could only allocate 1 dirs of requested 3 for tablet 32ce42f75a0c498695837ff5cf5c0172. 1 dirs total, 0 dirs full, 0 dirs failed
I20260710 13:27:55.461299 28950 tablet_service.cc:1511] Processing CreateTablet for tablet ef2f4e976aad4009af83c7f8033a44f5 (DEFAULT_TABLE table=test-workload [id=e0b9c4abc5804864ae97e8859470b262]), partition=RANGE (key) PARTITION 268435455 <= VALUES < 357913940
