I20260710 13:15:35.572930  7069 consensus_queue.cc:260] T 285f9e9475ad42c0b95f25e28a6a9322 P 3a46629a2a824612a896ca0de5ab344d [NON_LEADER]: Queue going to NON_LEADER mode. State: All replicated index: 0, Majority replicated index: 0, Committed index: 0, Last appended: 0.0, Last appended by leader: 0, Current term: 0, Majority size: -1, State: 0, Mode: NON_LEADER, active raft config: opid_index: -1 OBSOLETE_local: false peers { permanent_uuid: "3a46629a2a824612a896ca0de5ab344d" member_type: VOTER last_known_addr { host: "127.5.162.129" port: 36463 } } peers { permanent_uuid: "c52ae047942f445ca189bc771a1c9844" member_type: VOTER last_known_addr { host: "127.5.162.130" port: 34909 } } peers { permanent_uuid: "7590cdda88e548929a5510bf8193a170" member_type: VOTER last_known_addr { host: "127.5.162.131" port: 33043 } }
I20260710 13:15:35.570747  7064 tablet_bootstrap.cc:654] T 903ec245666b42d086b3ee5f351bc2b2 P c52ae047942f445ca189bc771a1c9844: Neither blocks nor log segments found. Creating new log.
I20260710 13:15:35.555402  6874 tablet_service.cc:1917] Received RequestConsensusVote() RPC: tablet_id: "82b73572360d4c9d8c7d2f85ede09fb9" candidate_uuid: "7590cdda88e548929a5510bf8193a170" candidate_term: 1 candidate_status { last_received { term: 0 index: 0 } } ignore_live_leader: false dest_uuid: "3a46629a2a824612a896ca0de5ab344d" is_pre_election: true
W20260710 13:15:35.584887  6988 leader_election.cc:343] T 82b73572360d4c9d8c7d2f85ede09fb9 P 7590cdda88e548929a5510bf8193a170 [CANDIDATE]: Term 1 pre-election: Tablet error from VoteRequest() call to peer 3a46629a2a824612a896ca0de5ab344d (127.5.162.129:36463): Illegal state: must be running to vote when last-logged opid is not known
I20260710 13:15:35.610711  7067 raft_consensus.cc:493] T c4a0d9e2abe246b5a2e63f77f4b219a4 P 7590cdda88e548929a5510bf8193a170 [term 0 FOLLOWER]: Starting pre-election (no leader contacted us within the election timeout)
I20260710 13:15:35.611228  7067 raft_consensus.cc:515] T c4a0d9e2abe246b5a2e63f77f4b219a4 P 7590cdda88e548929a5510bf8193a170 [term 0 FOLLOWER]: Starting pre-election with config: opid_index: -1 OBSOLETE_local: false peers { permanent_uuid: "3a46629a2a824612a896ca0de5ab344d" member_type: VOTER last_known_addr { host: "127.5.162.129" port: 36463 } } peers { permanent_uuid: "c52ae047942f445ca189bc771a1c9844" member_type: VOTER last_known_addr { host: "127.5.162.130" port: 34909 } } peers { permanent_uuid: "7590cdda88e548929a5510bf8193a170" member_type: VOTER last_known_addr { host: "127.5.162.131" port: 33043 } }
I20260710 13:15:35.615288  6949 tablet_service.cc:1917] Received RequestConsensusVote() RPC: tablet_id: "82b73572360d4c9d8c7d2f85ede09fb9" candidate_uuid: "7590cdda88e548929a5510bf8193a170" candidate_term: 1 candidate_status { last_received { term: 0 index: 0 } } ignore_live_leader: false dest_uuid: "c52ae047942f445ca189bc771a1c9844" is_pre_election: true
I20260710 13:15:35.615590  7067 leader_election.cc:290] T c4a0d9e2abe246b5a2e63f77f4b219a4 P 7590cdda88e548929a5510bf8193a170 [CANDIDATE]: Term 1 pre-election: Requested pre-vote from peers 3a46629a2a824612a896ca0de5ab344d (127.5.162.129:36463), c52ae047942f445ca189bc771a1c9844 (127.5.162.130:34909)
I20260710 13:15:35.616086  6949 raft_consensus.cc:2468] T 82b73572360d4c9d8c7d2f85ede09fb9 P c52ae047942f445ca189bc771a1c9844 [term 0 FOLLOWER]: Leader pre-election vote request: Granting yes vote for candidate 7590cdda88e548929a5510bf8193a170 in term 0.
I20260710 13:15:35.616756  7063 tablet_bootstrap.cc:492] T 903ec245666b42d086b3ee5f351bc2b2 P 7590cdda88e548929a5510bf8193a170: No bootstrap required, opened a new log
I20260710 13:15:35.617054  6874 tablet_service.cc:1917] Received RequestConsensusVote() RPC: tablet_id: "c4a0d9e2abe246b5a2e63f77f4b219a4" candidate_uuid: "7590cdda88e548929a5510bf8193a170" candidate_term: 1 candidate_status { last_received { term: 0 index: 0 } } ignore_live_leader: false dest_uuid: "3a46629a2a824612a896ca0de5ab344d" is_pre_election: true
I20260710 13:15:35.617218  7063 ts_tablet_manager.cc:1403] T 903ec245666b42d086b3ee5f351bc2b2 P 7590cdda88e548929a5510bf8193a170: Time spent bootstrapping tablet: real 0.114s	user 0.014s	sys 0.007s
I20260710 13:15:35.615628  7069 ts_tablet_manager.cc:1434] T 285f9e9475ad42c0b95f25e28a6a9322 P 3a46629a2a824612a896ca0de5ab344d: Time spent starting tablet: real 0.067s	user 0.001s	sys 0.015s
I20260710 13:15:35.617717  6949 tablet_service.cc:1917] Received RequestConsensusVote() RPC: tablet_id: "c4a0d9e2abe246b5a2e63f77f4b219a4" candidate_uuid: "7590cdda88e548929a5510bf8193a170" candidate_term: 1 candidate_status { last_received { term: 0 index: 0 } } ignore_live_leader: false dest_uuid: "c52ae047942f445ca189bc771a1c9844" is_pre_election: true
W20260710 13:15:35.618309  6988 leader_election.cc:343] T c4a0d9e2abe246b5a2e63f77f4b219a4 P 7590cdda88e548929a5510bf8193a170 [CANDIDATE]: Term 1 pre-election: Tablet error from VoteRequest() call to peer 3a46629a2a824612a896ca0de5ab344d (127.5.162.129:36463): Illegal state: must be running to vote when last-logged opid is not known
I20260710 13:15:35.617271  6987 leader_election.cc:304] T 82b73572360d4c9d8c7d2f85ede09fb9 P 7590cdda88e548929a5510bf8193a170 [CANDIDATE]: Term 1 pre-election: Election decided. Result: candidate won. Election summary: received 3 responses out of 3 voters: 2 yes votes; 1 no votes. yes voters: 7590cdda88e548929a5510bf8193a170, c52ae047942f445ca189bc771a1c9844; no voters: 3a46629a2a824612a896ca0de5ab344d
I20260710 13:15:35.618659  6899 heartbeater.cc:499] Master 127.5.162.190:40765 was elected leader, sending a full tablet report...
I20260710 13:15:35.619212  7067 raft_consensus.cc:2804] T 82b73572360d4c9d8c7d2f85ede09fb9 P 7590cdda88e548929a5510bf8193a170 [term 0 FOLLOWER]: Leader pre-election won for term 1
I20260710 13:15:35.618348  7069 tablet_bootstrap.cc:492] T 82b73572360d4c9d8c7d2f85ede09fb9 P 3a46629a2a824612a896ca0de5ab344d: Bootstrap starting.
I20260710 13:15:35.619575  7067 raft_consensus.cc:493] T 82b73572360d4c9d8c7d2f85ede09fb9 P 7590cdda88e548929a5510bf8193a170 [term 0 FOLLOWER]: Starting leader election (no leader contacted us within the election timeout)
I20260710 13:15:35.619940  7067 raft_consensus.cc:3060] T 82b73572360d4c9d8c7d2f85ede09fb9 P 7590cdda88e548929a5510bf8193a170 [term 0 FOLLOWER]: Advancing to term 1
W20260710 13:15:35.623615  6987 leader_election.cc:343] T c4a0d9e2abe246b5a2e63f77f4b219a4 P 7590cdda88e548929a5510bf8193a170 [CANDIDATE]: Term 1 pre-election: Tablet error from VoteRequest() call to peer c52ae047942f445ca189bc771a1c9844 (127.5.162.130:34909): Illegal state: must be running to vote when last-logged opid is not known
I20260710 13:15:35.626113  6987 leader_election.cc:304] T c4a0d9e2abe246b5a2e63f77f4b219a4 P 7590cdda88e548929a5510bf8193a170 [CANDIDATE]: Term 1 pre-election: Election decided. Result: candidate lost. Election summary: received 3 responses out of 3 voters: 1 yes votes; 2 no votes. yes voters: 7590cdda88e548929a5510bf8193a170; no voters: 3a46629a2a824612a896ca0de5ab344d, c52ae047942f445ca189bc771a1c9844
I20260710 13:15:35.625743  7069 tablet_bootstrap.cc:654] T 82b73572360d4c9d8c7d2f85ede09fb9 P 3a46629a2a824612a896ca0de5ab344d: Neither blocks nor log segments found. Creating new log.
I20260710 13:15:35.623927  7064 tablet_bootstrap.cc:492] T 903ec245666b42d086b3ee5f351bc2b2 P c52ae047942f445ca189bc771a1c9844: No bootstrap required, opened a new log
I20260710 13:15:35.627930  6874 tablet_service.cc:1917] Received RequestConsensusVote() RPC: tablet_id: "480262ba812f4ec3b8625e9eaa421495" candidate_uuid: "c52ae047942f445ca189bc771a1c9844" candidate_term: 1 candidate_status { last_received { term: 0 index: 0 } } ignore_live_leader: false dest_uuid: "3a46629a2a824612a896ca0de5ab344d" is_pre_election: true
I20260710 13:15:35.627447  7064 ts_tablet_manager.cc:1403] T 903ec245666b42d086b3ee5f351bc2b2 P c52ae047942f445ca189bc771a1c9844: Time spent bootstrapping tablet: real 0.133s	user 0.019s	sys 0.000s
W20260710 13:15:35.629377  6914 leader_election.cc:343] T 480262ba812f4ec3b8625e9eaa421495 P c52ae047942f445ca189bc771a1c9844 [CANDIDATE]: Term 1 pre-election: Tablet error from VoteRequest() call to peer 3a46629a2a824612a896ca0de5ab344d (127.5.162.129:36463): Illegal state: must be running to vote when last-logged opid is not known
I20260710 13:15:35.630875  7063 raft_consensus.cc:359] T 903ec245666b42d086b3ee5f351bc2b2 P 7590cdda88e548929a5510bf8193a170 [term 0 FOLLOWER]: Replica starting. Triggering 0 pending ops. Active config: opid_index: -1 OBSOLETE_local: false peers { permanent_uuid: "3a46629a2a824612a896ca0de5ab344d" member_type: VOTER last_known_addr { host: "127.5.162.129" port: 36463 } } peers { permanent_uuid: "c52ae047942f445ca189bc771a1c9844" member_type: VOTER last_known_addr { host: "127.5.162.130" port: 34909 } } peers { permanent_uuid: "7590cdda88e548929a5510bf8193a170" member_type: VOTER last_known_addr { host: "127.5.162.131" port: 33043 } }
I20260710 13:15:35.631534  7064 raft_consensus.cc:359] T 903ec245666b42d086b3ee5f351bc2b2 P c52ae047942f445ca189bc771a1c9844 [term 0 FOLLOWER]: Replica starting. Triggering 0 pending ops. Active config: opid_index: -1 OBSOLETE_local: false peers { permanent_uuid: "3a46629a2a824612a896ca0de5ab344d" member_type: VOTER last_known_addr { host: "127.5.162.129" port: 36463 } } peers { permanent_uuid: "c52ae047942f445ca189bc771a1c9844" member_type: VOTER last_known_addr { host: "127.5.162.130" port: 34909 } } peers { permanent_uuid: "7590cdda88e548929a5510bf8193a170" member_type: VOTER last_known_addr { host: "127.5.162.131" port: 33043 } }
I20260710 13:15:35.632300  7064 raft_consensus.cc:385] T 903ec245666b42d086b3ee5f351bc2b2 P c52ae047942f445ca189bc771a1c9844 [term 0 FOLLOWER]: Consensus starting up: Expiring failure detector timer to make a prompt election more likely
I20260710 13:15:35.632576  7064 raft_consensus.cc:740] T 903ec245666b42d086b3ee5f351bc2b2 P c52ae047942f445ca189bc771a1c9844 [term 0 FOLLOWER]: Becoming Follower/Learner. State: Replica: c52ae047942f445ca189bc771a1c9844, State: Initialized, Role: FOLLOWER
I20260710 13:15:35.633291  7064 consensus_queue.cc:260] T 903ec245666b42d086b3ee5f351bc2b2 P c52ae047942f445ca189bc771a1c9844 [NON_LEADER]: Queue going to NON_LEADER mode. State: All replicated index: 0, Majority replicated index: 0, Committed index: 0, Last appended: 0.0, Last appended by leader: 0, Current term: 0, Majority size: -1, State: 0, Mode: NON_LEADER, active raft config: opid_index: -1 OBSOLETE_local: false peers { permanent_uuid: "3a46629a2a824612a896ca0de5ab344d" member_type: VOTER last_known_addr { host: "127.5.162.129" port: 36463 } } peers { permanent_uuid: "c52ae047942f445ca189bc771a1c9844" member_type: VOTER last_known_addr { host: "127.5.162.130" port: 34909 } } peers { permanent_uuid: "7590cdda88e548929a5510bf8193a170" member_type: VOTER last_known_addr { host: "127.5.162.131" port: 33043 } }
I20260710 13:15:35.635432  7064 ts_tablet_manager.cc:1434] T 903ec245666b42d086b3ee5f351bc2b2 P c52ae047942f445ca189bc771a1c9844: Time spent starting tablet: real 0.006s	user 0.003s	sys 0.000s
I20260710 13:15:35.626395  7067 raft_consensus.cc:515] T 82b73572360d4c9d8c7d2f85ede09fb9 P 7590cdda88e548929a5510bf8193a170 [term 1 FOLLOWER]: Starting leader election with config: opid_index: -1 OBSOLETE_local: false peers { permanent_uuid: "c52ae047942f445ca189bc771a1c9844" member_type: VOTER last_known_addr { host: "127.5.162.130" port: 34909 } } peers { permanent_uuid: "7590cdda88e548929a5510bf8193a170" member_type: VOTER last_known_addr { host: "127.5.162.131" port: 33043 } } peers { permanent_uuid: "3a46629a2a824612a896ca0de5ab344d" member_type: VOTER last_known_addr { host: "127.5.162.129" port: 36463 } }
I20260710 13:15:35.636945  7082 raft_consensus.cc:2749] T c4a0d9e2abe246b5a2e63f77f4b219a4 P 7590cdda88e548929a5510bf8193a170 [term 0 FOLLOWER]: Leader pre-election lost for term 1. Reason: could not achieve majority
I20260710 13:15:35.637532  7067 leader_election.cc:290] T 82b73572360d4c9d8c7d2f85ede09fb9 P 7590cdda88e548929a5510bf8193a170 [CANDIDATE]: Term 1 election: Requested vote from peers c52ae047942f445ca189bc771a1c9844 (127.5.162.130:34909), 3a46629a2a824612a896ca0de5ab344d (127.5.162.129:36463)
I20260710 13:15:35.631567  7063 raft_consensus.cc:385] T 903ec245666b42d086b3ee5f351bc2b2 P 7590cdda88e548929a5510bf8193a170 [term 0 FOLLOWER]: Consensus starting up: Expiring failure detector timer to make a prompt election more likely
I20260710 13:15:35.638312  7063 raft_consensus.cc:740] T 903ec245666b42d086b3ee5f351bc2b2 P 7590cdda88e548929a5510bf8193a170 [term 0 FOLLOWER]: Becoming Follower/Learner. State: Replica: 7590cdda88e548929a5510bf8193a170, State: Initialized, Role: FOLLOWER
I20260710 13:15:35.639004  7063 consensus_queue.cc:260] T 903ec245666b42d086b3ee5f351bc2b2 P 7590cdda88e548929a5510bf8193a170 [NON_LEADER]: Queue going to NON_LEADER mode. State: All replicated index: 0, Majority replicated index: 0, Committed index: 0, Last appended: 0.0, Last appended by leader: 0, Current term: 0, Majority size: -1, State: 0, Mode: NON_LEADER, active raft config: opid_index: -1 OBSOLETE_local: false peers { permanent_uuid: "3a46629a2a824612a896ca0de5ab344d" member_type: VOTER last_known_addr { host: "127.5.162.129" port: 36463 } } peers { permanent_uuid: "c52ae047942f445ca189bc771a1c9844" member_type: VOTER last_known_addr { host: "127.5.162.130" port: 34909 } } peers { permanent_uuid: "7590cdda88e548929a5510bf8193a170" member_type: VOTER last_known_addr { host: "127.5.162.131" port: 33043 } }
I20260710 13:15:35.641161  7063 ts_tablet_manager.cc:1434] T 903ec245666b42d086b3ee5f351bc2b2 P 7590cdda88e548929a5510bf8193a170: Time spent starting tablet: real 0.024s	user 0.004s	sys 0.003s
I20260710 13:15:35.641870  6949 tablet_service.cc:1917] Received RequestConsensusVote() RPC: tablet_id: "82b73572360d4c9d8c7d2f85ede09fb9" candidate_uuid: "7590cdda88e548929a5510bf8193a170" candidate_term: 1 candidate_status { last_received { term: 0 index: 0 } } ignore_live_leader: false dest_uuid: "c52ae047942f445ca189bc771a1c9844"
I20260710 13:15:35.642380  7064 tablet_bootstrap.cc:492] T 78fb74f67117412b9c5a0b1a4568f7f9 P c52ae047942f445ca189bc771a1c9844: Bootstrap starting.
I20260710 13:15:35.642445  6949 raft_consensus.cc:3060] T 82b73572360d4c9d8c7d2f85ede09fb9 P c52ae047942f445ca189bc771a1c9844 [term 0 FOLLOWER]: Advancing to term 1
I20260710 13:15:35.648250  7064 tablet_bootstrap.cc:654] T 78fb74f67117412b9c5a0b1a4568f7f9 P c52ae047942f445ca189bc771a1c9844: Neither blocks nor log segments found. Creating new log.
I20260710 13:15:35.649277  6949 raft_consensus.cc:2468] T 82b73572360d4c9d8c7d2f85ede09fb9 P c52ae047942f445ca189bc771a1c9844 [term 1 FOLLOWER]: Leader election vote request: Granting yes vote for candidate 7590cdda88e548929a5510bf8193a170 in term 1.
I20260710 13:15:35.650413  6987 leader_election.cc:304] T 82b73572360d4c9d8c7d2f85ede09fb9 P 7590cdda88e548929a5510bf8193a170 [CANDIDATE]: Term 1 election: Election decided. Result: candidate won. Election summary: received 2 responses out of 3 voters: 2 yes votes; 0 no votes. yes voters: 7590cdda88e548929a5510bf8193a170, c52ae047942f445ca189bc771a1c9844; no voters: 
I20260710 13:15:35.651221  7082 raft_consensus.cc:2804] T 82b73572360d4c9d8c7d2f85ede09fb9 P 7590cdda88e548929a5510bf8193a170 [term 1 FOLLOWER]: Leader election won for term 1
I20260710 13:15:35.651973  6874 tablet_service.cc:1917] Received RequestConsensusVote() RPC: tablet_id: "82b73572360d4c9d8c7d2f85ede09fb9" candidate_uuid: "7590cdda88e548929a5510bf8193a170" candidate_term: 1 candidate_status { last_received { term: 0 index: 0 } } ignore_live_leader: false dest_uuid: "3a46629a2a824612a896ca0de5ab344d"
I20260710 13:15:35.653128  7063 tablet_bootstrap.cc:492] T 0f8db758db5447b48118aacda0606b6b P 7590cdda88e548929a5510bf8193a170: Bootstrap starting.
W20260710 13:15:35.653162  6988 leader_election.cc:343] T 82b73572360d4c9d8c7d2f85ede09fb9 P 7590cdda88e548929a5510bf8193a170 [CANDIDATE]: Term 1 election: Tablet error from VoteRequest() call to peer 3a46629a2a824612a896ca0de5ab344d (127.5.162.129:36463): Illegal state: must be running to vote when last-logged opid is not known
I20260710 13:15:35.657279  7082 raft_consensus.cc:697] T 82b73572360d4c9d8c7d2f85ede09fb9 P 7590cdda88e548929a5510bf8193a170 [term 1 LEADER]: Becoming Leader. State: Replica: 7590cdda88e548929a5510bf8193a170, State: Running, Role: LEADER
I20260710 13:15:35.658154  7082 consensus_queue.cc:237] T 82b73572360d4c9d8c7d2f85ede09fb9 P 7590cdda88e548929a5510bf8193a170 [LEADER]: Queue going to LEADER mode. State: All replicated index: 0, Majority replicated index: 0, Committed index: 0, Last appended: 0.0, Last appended by leader: 0, Current term: 1, Majority size: 2, State: 0, Mode: LEADER, active raft config: opid_index: -1 OBSOLETE_local: false peers { permanent_uuid: "c52ae047942f445ca189bc771a1c9844" member_type: VOTER last_known_addr { host: "127.5.162.130" port: 34909 } } peers { permanent_uuid: "7590cdda88e548929a5510bf8193a170" member_type: VOTER last_known_addr { host: "127.5.162.131" port: 33043 } } peers { permanent_uuid: "3a46629a2a824612a896ca0de5ab344d" member_type: VOTER last_known_addr { host: "127.5.162.129" port: 36463 } }
I20260710 13:15:35.659595  7063 tablet_bootstrap.cc:654] T 0f8db758db5447b48118aacda0606b6b P 7590cdda88e548929a5510bf8193a170: Neither blocks nor log segments found. Creating new log.
I20260710 13:15:35.662724  7023 tablet_service.cc:1917] Received RequestConsensusVote() RPC: tablet_id: "480262ba812f4ec3b8625e9eaa421495" candidate_uuid: "c52ae047942f445ca189bc771a1c9844" candidate_term: 1 candidate_status { last_received { term: 0 index: 0 } } ignore_live_leader: false dest_uuid: "7590cdda88e548929a5510bf8193a170" is_pre_election: true
I20260710 13:15:35.663935  7080 raft_consensus.cc:493] T 285f9e9475ad42c0b95f25e28a6a9322 P 3a46629a2a824612a896ca0de5ab344d [term 0 FOLLOWER]: Starting pre-election (no leader contacted us within the election timeout)
I20260710 13:15:35.664371  7080 raft_consensus.cc:515] T 285f9e9475ad42c0b95f25e28a6a9322 P 3a46629a2a824612a896ca0de5ab344d [term 0 FOLLOWER]: Starting pre-election with config: opid_index: -1 OBSOLETE_local: false peers { permanent_uuid: "3a46629a2a824612a896ca0de5ab344d" member_type: VOTER last_known_addr { host: "127.5.162.129" port: 36463 } } peers { permanent_uuid: "c52ae047942f445ca189bc771a1c9844" member_type: VOTER last_known_addr { host: "127.5.162.130" port: 34909 } } peers { permanent_uuid: "7590cdda88e548929a5510bf8193a170" member_type: VOTER last_known_addr { host: "127.5.162.131" port: 33043 } }
I20260710 13:15:35.665652  7069 tablet_bootstrap.cc:492] T 82b73572360d4c9d8c7d2f85ede09fb9 P 3a46629a2a824612a896ca0de5ab344d: No bootstrap required, opened a new log
W20260710 13:15:35.665745  6914 leader_election.cc:343] T 480262ba812f4ec3b8625e9eaa421495 P c52ae047942f445ca189bc771a1c9844 [CANDIDATE]: Term 1 pre-election: Tablet error from VoteRequest() call to peer 7590cdda88e548929a5510bf8193a170 (127.5.162.131:33043): Illegal state: must be running to vote when last-logged opid is not known
I20260710 13:15:35.666172  7069 ts_tablet_manager.cc:1403] T 82b73572360d4c9d8c7d2f85ede09fb9 P 3a46629a2a824612a896ca0de5ab344d: Time spent bootstrapping tablet: real 0.048s	user 0.010s	sys 0.001s
I20260710 13:15:35.666261  6914 leader_election.cc:304] T 480262ba812f4ec3b8625e9eaa421495 P c52ae047942f445ca189bc771a1c9844 [CANDIDATE]: Term 1 pre-election: Election decided. Result: candidate lost. Election summary: received 3 responses out of 3 voters: 1 yes votes; 2 no votes. yes voters: c52ae047942f445ca189bc771a1c9844; no voters: 3a46629a2a824612a896ca0de5ab344d, 7590cdda88e548929a5510bf8193a170
I20260710 13:15:35.666863  7080 leader_election.cc:290] T 285f9e9475ad42c0b95f25e28a6a9322 P 3a46629a2a824612a896ca0de5ab344d [CANDIDATE]: Term 1 pre-election: Requested pre-vote from peers c52ae047942f445ca189bc771a1c9844 (127.5.162.130:34909), 7590cdda88e548929a5510bf8193a170 (127.5.162.131:33043)
I20260710 13:15:35.668152  7068 raft_consensus.cc:2749] T 480262ba812f4ec3b8625e9eaa421495 P c52ae047942f445ca189bc771a1c9844 [term 0 FOLLOWER]: Leader pre-election lost for term 1. Reason: could not achieve majority
I20260710 13:15:35.671192  7069 raft_consensus.cc:359] T 82b73572360d4c9d8c7d2f85ede09fb9 P 3a46629a2a824612a896ca0de5ab344d [term 0 FOLLOWER]: Replica starting. Triggering 0 pending ops. Active config: opid_index: -1 OBSOLETE_local: false peers { permanent_uuid: "c52ae047942f445ca189bc771a1c9844" member_type: VOTER last_known_addr { host: "127.5.162.130" port: 34909 } } peers { permanent_uuid: "7590cdda88e548929a5510bf8193a170" member_type: VOTER last_known_addr { host: "127.5.162.131" port: 33043 } } peers { permanent_uuid: "3a46629a2a824612a896ca0de5ab344d" member_type: VOTER last_known_addr { host: "127.5.162.129" port: 36463 } }
I20260710 13:15:35.671948  7069 raft_consensus.cc:385] T 82b73572360d4c9d8c7d2f85ede09fb9 P 3a46629a2a824612a896ca0de5ab344d [term 0 FOLLOWER]: Consensus starting up: Expiring failure detector timer to make a prompt election more likely
I20260710 13:15:35.672231  7069 raft_consensus.cc:740] T 82b73572360d4c9d8c7d2f85ede09fb9 P 3a46629a2a824612a896ca0de5ab344d [term 0 FOLLOWER]: Becoming Follower/Learner. State: Replica: 3a46629a2a824612a896ca0de5ab344d, State: Initialized, Role: FOLLOWER
I20260710 13:15:35.672936  7069 consensus_queue.cc:260] T 82b73572360d4c9d8c7d2f85ede09fb9 P 3a46629a2a824612a896ca0de5ab344d [NON_LEADER]: Queue going to NON_LEADER mode. State: All replicated index: 0, Majority replicated index: 0, Committed index: 0, Last appended: 0.0, Last appended by leader: 0, Current term: 0, Majority size: -1, State: 0, Mode: NON_LEADER, active raft config: opid_index: -1 OBSOLETE_local: false peers { permanent_uuid: "c52ae047942f445ca189bc771a1c9844" member_type: VOTER last_known_addr { host: "127.5.162.130" port: 34909 } } peers { permanent_uuid: "7590cdda88e548929a5510bf8193a170" member_type: VOTER last_known_addr { host: "127.5.162.131" port: 33043 } } peers { permanent_uuid: "3a46629a2a824612a896ca0de5ab344d" member_type: VOTER last_known_addr { host: "127.5.162.129" port: 36463 } }
I20260710 13:15:35.675055  7069 ts_tablet_manager.cc:1434] T 82b73572360d4c9d8c7d2f85ede09fb9 P 3a46629a2a824612a896ca0de5ab344d: Time spent starting tablet: real 0.008s	user 0.003s	sys 0.000s
I20260710 13:15:35.678299  6771 catalog_manager.cc:5697] T 82b73572360d4c9d8c7d2f85ede09fb9 P 7590cdda88e548929a5510bf8193a170 reported cstate change: term changed from 0 to 1, leader changed from <none> to 7590cdda88e548929a5510bf8193a170 (127.5.162.131). New cstate: current_term: 1 leader_uuid: "7590cdda88e548929a5510bf8193a170" committed_config { opid_index: -1 OBSOLETE_local: false peers { permanent_uuid: "c52ae047942f445ca189bc771a1c9844" member_type: VOTER last_known_addr { host: "127.5.162.130" port: 34909 } health_report { overall_health: UNKNOWN } } peers { permanent_uuid: "7590cdda88e548929a5510bf8193a170" member_type: VOTER last_known_addr { host: "127.5.162.131" port: 33043 } health_report { overall_health: HEALTHY } } peers { permanent_uuid: "3a46629a2a824612a896ca0de5ab344d" member_type: VOTER last_known_addr { host: "127.5.162.129" port: 36463 } health_report { overall_health: UNKNOWN } } }
I20260710 13:15:35.681387  7064 tablet_bootstrap.cc:492] T 78fb74f67117412b9c5a0b1a4568f7f9 P c52ae047942f445ca189bc771a1c9844: No bootstrap required, opened a new log
I20260710 13:15:35.682025  7064 ts_tablet_manager.cc:1403] T 78fb74f67117412b9c5a0b1a4568f7f9 P c52ae047942f445ca189bc771a1c9844: Time spent bootstrapping tablet: real 0.040s	user 0.011s	sys 0.000s
I20260710 13:15:35.684499  7063 tablet_bootstrap.cc:492] T 0f8db758db5447b48118aacda0606b6b P 7590cdda88e548929a5510bf8193a170: No bootstrap required, opened a new log
I20260710 13:15:35.684960  7063 ts_tablet_manager.cc:1403] T 0f8db758db5447b48118aacda0606b6b P 7590cdda88e548929a5510bf8193a170: Time spent bootstrapping tablet: real 0.032s	user 0.005s	sys 0.006s
I20260710 13:15:35.684995  7064 raft_consensus.cc:359] T 78fb74f67117412b9c5a0b1a4568f7f9 P c52ae047942f445ca189bc771a1c9844 [term 0 FOLLOWER]: Replica starting. Triggering 0 pending ops. Active config: opid_index: -1 OBSOLETE_local: false peers { permanent_uuid: "3a46629a2a824612a896ca0de5ab344d" member_type: VOTER last_known_addr { host: "127.5.162.129" port: 36463 } } peers { permanent_uuid: "c52ae047942f445ca189bc771a1c9844" member_type: VOTER last_known_addr { host: "127.5.162.130" port: 34909 } } peers { permanent_uuid: "7590cdda88e548929a5510bf8193a170" member_type: VOTER last_known_addr { host: "127.5.162.131" port: 33043 } }
I20260710 13:15:35.685849  7064 raft_consensus.cc:385] T 78fb74f67117412b9c5a0b1a4568f7f9 P c52ae047942f445ca189bc771a1c9844 [term 0 FOLLOWER]: Consensus starting up: Expiring failure detector timer to make a prompt election more likely
I20260710 13:15:35.686172  7064 raft_consensus.cc:740] T 78fb74f67117412b9c5a0b1a4568f7f9 P c52ae047942f445ca189bc771a1c9844 [term 0 FOLLOWER]: Becoming Follower/Learner. State: Replica: c52ae047942f445ca189bc771a1c9844, State: Initialized, Role: FOLLOWER
I20260710 13:15:35.686990  7064 consensus_queue.cc:260] T 78fb74f67117412b9c5a0b1a4568f7f9 P c52ae047942f445ca189bc771a1c9844 [NON_LEADER]: Queue going to NON_LEADER mode. State: All replicated index: 0, Majority replicated index: 0, Committed index: 0, Last appended: 0.0, Last appended by leader: 0, Current term: 0, Majority size: -1, State: 0, Mode: NON_LEADER, active raft config: opid_index: -1 OBSOLETE_local: false peers { permanent_uuid: "3a46629a2a824612a896ca0de5ab344d" member_type: VOTER last_known_addr { host: "127.5.162.129" port: 36463 } } peers { permanent_uuid: "c52ae047942f445ca189bc771a1c9844" member_type: VOTER last_known_addr { host: "127.5.162.130" port: 34909 } } peers { permanent_uuid: "7590cdda88e548929a5510bf8193a170" member_type: VOTER last_known_addr { host: "127.5.162.131" port: 33043 } }
I20260710 13:15:35.687700  7063 raft_consensus.cc:359] T 0f8db758db5447b48118aacda0606b6b P 7590cdda88e548929a5510bf8193a170 [term 0 FOLLOWER]: Replica starting. Triggering 0 pending ops. Active config: opid_index: -1 OBSOLETE_local: false peers { permanent_uuid: "3a46629a2a824612a896ca0de5ab344d" member_type: VOTER last_known_addr { host: "127.5.162.129" port: 36463 } } peers { permanent_uuid: "c52ae047942f445ca189bc771a1c9844" member_type: VOTER last_known_addr { host: "127.5.162.130" port: 34909 } } peers { permanent_uuid: "7590cdda88e548929a5510bf8193a170" member_type: VOTER last_known_addr { host: "127.5.162.131" port: 33043 } }
I20260710 13:15:35.693267  7063 raft_consensus.cc:385] T 0f8db758db5447b48118aacda0606b6b P 7590cdda88e548929a5510bf8193a170 [term 0 FOLLOWER]: Consensus starting up: Expiring failure detector timer to make a prompt election more likely
I20260710 13:15:35.689119  7064 ts_tablet_manager.cc:1434] T 78fb74f67117412b9c5a0b1a4568f7f9 P c52ae047942f445ca189bc771a1c9844: Time spent starting tablet: real 0.007s	user 0.005s	sys 0.000s
I20260710 13:15:35.694612  7064 tablet_bootstrap.cc:492] T c4a0d9e2abe246b5a2e63f77f4b219a4 P c52ae047942f445ca189bc771a1c9844: Bootstrap starting.
I20260710 13:15:35.692785  7069 tablet_bootstrap.cc:492] T c4a0d9e2abe246b5a2e63f77f4b219a4 P 3a46629a2a824612a896ca0de5ab344d: Bootstrap starting.
I20260710 13:15:35.693709  7063 raft_consensus.cc:740] T 0f8db758db5447b48118aacda0606b6b P 7590cdda88e548929a5510bf8193a170 [term 0 FOLLOWER]: Becoming Follower/Learner. State: Replica: 7590cdda88e548929a5510bf8193a170, State: Initialized, Role: FOLLOWER
I20260710 13:15:35.700920  7063 consensus_queue.cc:260] T 0f8db758db5447b48118aacda0606b6b P 7590cdda88e548929a5510bf8193a170 [NON_LEADER]: Queue going to NON_LEADER mode. State: All replicated index: 0, Majority replicated index: 0, Committed index: 0, Last appended: 0.0, Last appended by leader: 0, Current term: 0, Majority size: -1, State: 0, Mode: NON_LEADER, active raft config: opid_index: -1 OBSOLETE_local: false peers { permanent_uuid: "3a46629a2a824612a896ca0de5ab344d" member_type: VOTER last_known_addr { host: "127.5.162.129" port: 36463 } } peers { permanent_uuid: "c52ae047942f445ca189bc771a1c9844" member_type: VOTER last_known_addr { host: "127.5.162.130" port: 34909 } } peers { permanent_uuid: "7590cdda88e548929a5510bf8193a170" member_type: VOTER last_known_addr { host: "127.5.162.131" port: 33043 } }
I20260710 13:15:35.708216  7063 ts_tablet_manager.cc:1434] T 0f8db758db5447b48118aacda0606b6b P 7590cdda88e548929a5510bf8193a170: Time spent starting tablet: real 0.023s	user 0.004s	sys 0.004s
I20260710 13:15:35.708846  6949 tablet_service.cc:1917] Received RequestConsensusVote() RPC: tablet_id: "285f9e9475ad42c0b95f25e28a6a9322" candidate_uuid: "3a46629a2a824612a896ca0de5ab344d" candidate_term: 1 candidate_status { last_received { term: 0 index: 0 } } ignore_live_leader: false dest_uuid: "c52ae047942f445ca189bc771a1c9844" is_pre_election: true
I20260710 13:15:35.709894  7023 tablet_service.cc:1917] Received RequestConsensusVote() RPC: tablet_id: "285f9e9475ad42c0b95f25e28a6a9322" candidate_uuid: "3a46629a2a824612a896ca0de5ab344d" candidate_term: 1 candidate_status { last_received { term: 0 index: 0 } } ignore_live_leader: false dest_uuid: "7590cdda88e548929a5510bf8193a170" is_pre_election: true
I20260710 13:15:35.711661  7069 tablet_bootstrap.cc:654] T c4a0d9e2abe246b5a2e63f77f4b219a4 P 3a46629a2a824612a896ca0de5ab344d: Neither blocks nor log segments found. Creating new log.
I20260710 13:15:35.711910  7063 tablet_bootstrap.cc:492] T 06c6bd253fdd42c5a1e97968e476553c P 7590cdda88e548929a5510bf8193a170: Bootstrap starting.
W20260710 13:15:35.713022  6838 leader_election.cc:343] T 285f9e9475ad42c0b95f25e28a6a9322 P 3a46629a2a824612a896ca0de5ab344d [CANDIDATE]: Term 1 pre-election: Tablet error from VoteRequest() call to peer c52ae047942f445ca189bc771a1c9844 (127.5.162.130:34909): Illegal state: must be running to vote when last-logged opid is not known
W20260710 13:15:35.714803  6839 leader_election.cc:343] T 285f9e9475ad42c0b95f25e28a6a9322 P 3a46629a2a824612a896ca0de5ab344d [CANDIDATE]: Term 1 pre-election: Tablet error from VoteRequest() call to peer 7590cdda88e548929a5510bf8193a170 (127.5.162.131:33043): Illegal state: must be running to vote when last-logged opid is not known
I20260710 13:15:35.715230  6839 leader_election.cc:304] T 285f9e9475ad42c0b95f25e28a6a9322 P 3a46629a2a824612a896ca0de5ab344d [CANDIDATE]: Term 1 pre-election: Election decided. Result: candidate lost. Election summary: received 3 responses out of 3 voters: 1 yes votes; 2 no votes. yes voters: 3a46629a2a824612a896ca0de5ab344d; no voters: 7590cdda88e548929a5510bf8193a170, c52ae047942f445ca189bc771a1c9844
I20260710 13:15:35.716009  7080 raft_consensus.cc:2749] T 285f9e9475ad42c0b95f25e28a6a9322 P 3a46629a2a824612a896ca0de5ab344d [term 0 FOLLOWER]: Leader pre-election lost for term 1. Reason: could not achieve majority
I20260710 13:15:35.718112  7069 tablet_bootstrap.cc:492] T c4a0d9e2abe246b5a2e63f77f4b219a4 P 3a46629a2a824612a896ca0de5ab344d: No bootstrap required, opened a new log
I20260710 13:15:35.718498  7064 tablet_bootstrap.cc:654] T c4a0d9e2abe246b5a2e63f77f4b219a4 P c52ae047942f445ca189bc771a1c9844: Neither blocks nor log segments found. Creating new log.
I20260710 13:15:35.718742  7069 ts_tablet_manager.cc:1403] T c4a0d9e2abe246b5a2e63f77f4b219a4 P 3a46629a2a824612a896ca0de5ab344d: Time spent bootstrapping tablet: real 0.026s	user 0.008s	sys 0.005s
I20260710 13:15:35.726008  7069 raft_consensus.cc:359] T c4a0d9e2abe246b5a2e63f77f4b219a4 P 3a46629a2a824612a896ca0de5ab344d [term 0 FOLLOWER]: Replica starting. Triggering 0 pending ops. Active config: opid_index: -1 OBSOLETE_local: false peers { permanent_uuid: "3a46629a2a824612a896ca0de5ab344d" member_type: VOTER last_known_addr { host: "127.5.162.129" port: 36463 } } peers { permanent_uuid: "c52ae047942f445ca189bc771a1c9844" member_type: VOTER last_known_addr { host: "127.5.162.130" port: 34909 } } peers { permanent_uuid: "7590cdda88e548929a5510bf8193a170" member_type: VOTER last_known_addr { host: "127.5.162.131" port: 33043 } }
I20260710 13:15:35.726461  7064 tablet_bootstrap.cc:492] T c4a0d9e2abe246b5a2e63f77f4b219a4 P c52ae047942f445ca189bc771a1c9844: No bootstrap required, opened a new log
I20260710 13:15:35.726877  7069 raft_consensus.cc:385] T c4a0d9e2abe246b5a2e63f77f4b219a4 P 3a46629a2a824612a896ca0de5ab344d [term 0 FOLLOWER]: Consensus starting up: Expiring failure detector timer to make a prompt election more likely
I20260710 13:15:35.727082  7064 ts_tablet_manager.cc:1403] T c4a0d9e2abe246b5a2e63f77f4b219a4 P c52ae047942f445ca189bc771a1c9844: Time spent bootstrapping tablet: real 0.033s	user 0.012s	sys 0.000s
I20260710 13:15:35.727389  7069 raft_consensus.cc:740] T c4a0d9e2abe246b5a2e63f77f4b219a4 P 3a46629a2a824612a896ca0de5ab344d [term 0 FOLLOWER]: Becoming Follower/Learner. State: Replica: 3a46629a2a824612a896ca0de5ab344d, State: Initialized, Role: FOLLOWER
I20260710 13:15:35.728348  7069 consensus_queue.cc:260] T c4a0d9e2abe246b5a2e63f77f4b219a4 P 3a46629a2a824612a896ca0de5ab344d [NON_LEADER]: Queue going to NON_LEADER mode. State: All replicated index: 0, Majority replicated index: 0, Committed index: 0, Last appended: 0.0, Last appended by leader: 0, Current term: 0, Majority size: -1, State: 0, Mode: NON_LEADER, active raft config: opid_index: -1 OBSOLETE_local: false peers { permanent_uuid: "3a46629a2a824612a896ca0de5ab344d" member_type: VOTER last_known_addr { host: "127.5.162.129" port: 36463 } } peers { permanent_uuid: "c52ae047942f445ca189bc771a1c9844" member_type: VOTER last_known_addr { host: "127.5.162.130" port: 34909 } } peers { permanent_uuid: "7590cdda88e548929a5510bf8193a170" member_type: VOTER last_known_addr { host: "127.5.162.131" port: 33043 } }
I20260710 13:15:35.729885  7064 raft_consensus.cc:359] T c4a0d9e2abe246b5a2e63f77f4b219a4 P c52ae047942f445ca189bc771a1c9844 [term 0 FOLLOWER]: Replica starting. Triggering 0 pending ops. Active config: opid_index: -1 OBSOLETE_local: false peers { permanent_uuid: "3a46629a2a824612a896ca0de5ab344d" member_type: VOTER last_known_addr { host: "127.5.162.129" port: 36463 } } peers { permanent_uuid: "c52ae047942f445ca189bc771a1c9844" member_type: VOTER last_known_addr { host: "127.5.162.130" port: 34909 } } peers { permanent_uuid: "7590cdda88e548929a5510bf8193a170" member_type: VOTER last_known_addr { host: "127.5.162.131" port: 33043 } }
I20260710 13:15:35.730581  7064 raft_consensus.cc:385] T c4a0d9e2abe246b5a2e63f77f4b219a4 P c52ae047942f445ca189bc771a1c9844 [term 0 FOLLOWER]: Consensus starting up: Expiring failure detector timer to make a prompt election more likely
I20260710 13:15:35.718190  7063 tablet_bootstrap.cc:654] T 06c6bd253fdd42c5a1e97968e476553c P 7590cdda88e548929a5510bf8193a170: Neither blocks nor log segments found. Creating new log.
I20260710 13:15:35.730810  7069 ts_tablet_manager.cc:1434] T c4a0d9e2abe246b5a2e63f77f4b219a4 P 3a46629a2a824612a896ca0de5ab344d: Time spent starting tablet: real 0.009s	user 0.006s	sys 0.001s
I20260710 13:15:35.731884  7069 tablet_bootstrap.cc:492] T 5eb1568b168a42b6bf6acd2093060960 P 3a46629a2a824612a896ca0de5ab344d: Bootstrap starting.
I20260710 13:15:35.735864  7063 tablet_bootstrap.cc:492] T 06c6bd253fdd42c5a1e97968e476553c P 7590cdda88e548929a5510bf8193a170: No bootstrap required, opened a new log
I20260710 13:15:35.730872  7064 raft_consensus.cc:740] T c4a0d9e2abe246b5a2e63f77f4b219a4 P c52ae047942f445ca189bc771a1c9844 [term 0 FOLLOWER]: Becoming Follower/Learner. State: Replica: c52ae047942f445ca189bc771a1c9844, State: Initialized, Role: FOLLOWER
I20260710 13:15:35.736299  7063 ts_tablet_manager.cc:1403] T 06c6bd253fdd42c5a1e97968e476553c P 7590cdda88e548929a5510bf8193a170: Time spent bootstrapping tablet: real 0.025s	user 0.007s	sys 0.004s
I20260710 13:15:35.737073  7064 consensus_queue.cc:260] T c4a0d9e2abe246b5a2e63f77f4b219a4 P c52ae047942f445ca189bc771a1c9844 [NON_LEADER]: Queue going to NON_LEADER mode. State: All replicated index: 0, Majority replicated index: 0, Committed index: 0, Last appended: 0.0, Last appended by leader: 0, Current term: 0, Majority size: -1, State: 0, Mode: NON_LEADER, active raft config: opid_index: -1 OBSOLETE_local: false peers { permanent_uuid: "3a46629a2a824612a896ca0de5ab344d" member_type: VOTER last_known_addr { host: "127.5.162.129" port: 36463 } } peers { permanent_uuid: "c52ae047942f445ca189bc771a1c9844" member_type: VOTER last_known_addr { host: "127.5.162.130" port: 34909 } } peers { permanent_uuid: "7590cdda88e548929a5510bf8193a170" member_type: VOTER last_known_addr { host: "127.5.162.131" port: 33043 } }
I20260710 13:15:35.739012  7063 raft_consensus.cc:359] T 06c6bd253fdd42c5a1e97968e476553c P 7590cdda88e548929a5510bf8193a170 [term 0 FOLLOWER]: Replica starting. Triggering 0 pending ops. Active config: opid_index: -1 OBSOLETE_local: false peers { permanent_uuid: "3a46629a2a824612a896ca0de5ab344d" member_type: VOTER last_known_addr { host: "127.5.162.129" port: 36463 } } peers { permanent_uuid: "c52ae047942f445ca189bc771a1c9844" member_type: VOTER last_known_addr { host: "127.5.162.130" port: 34909 } } peers { permanent_uuid: "7590cdda88e548929a5510bf8193a170" member_type: VOTER last_known_addr { host: "127.5.162.131" port: 33043 } }
I20260710 13:15:35.739977  7063 raft_consensus.cc:385] T 06c6bd253fdd42c5a1e97968e476553c P 7590cdda88e548929a5510bf8193a170 [term 0 FOLLOWER]: Consensus starting up: Expiring failure detector timer to make a prompt election more likely
I20260710 13:15:35.740342  7063 raft_consensus.cc:740] T 06c6bd253fdd42c5a1e97968e476553c P 7590cdda88e548929a5510bf8193a170 [term 0 FOLLOWER]: Becoming Follower/Learner. State: Replica: 7590cdda88e548929a5510bf8193a170, State: Initialized, Role: FOLLOWER
I20260710 13:15:35.739609  7069 tablet_bootstrap.cc:654] T 5eb1568b168a42b6bf6acd2093060960 P 3a46629a2a824612a896ca0de5ab344d: Neither blocks nor log segments found. Creating new log.
I20260710 13:15:35.741469  7064 ts_tablet_manager.cc:1434] T c4a0d9e2abe246b5a2e63f77f4b219a4 P c52ae047942f445ca189bc771a1c9844: Time spent starting tablet: real 0.014s	user 0.006s	sys 0.000s
I20260710 13:15:35.742377  7064 tablet_bootstrap.cc:492] T 0f8db758db5447b48118aacda0606b6b P c52ae047942f445ca189bc771a1c9844: Bootstrap starting.
I20260710 13:15:35.742808  7063 consensus_queue.cc:260] T 06c6bd253fdd42c5a1e97968e476553c P 7590cdda88e548929a5510bf8193a170 [NON_LEADER]: Queue going to NON_LEADER mode. State: All replicated index: 0, Majority replicated index: 0, Committed index: 0, Last appended: 0.0, Last appended by leader: 0, Current term: 0, Majority size: -1, State: 0, Mode: NON_LEADER, active raft config: opid_index: -1 OBSOLETE_local: false peers { permanent_uuid: "3a46629a2a824612a896ca0de5ab344d" member_type: VOTER last_known_addr { host: "127.5.162.129" port: 36463 } } peers { permanent_uuid: "c52ae047942f445ca189bc771a1c9844" member_type: VOTER last_known_addr { host: "127.5.162.130" port: 34909 } } peers { permanent_uuid: "7590cdda88e548929a5510bf8193a170" member_type: VOTER last_known_addr { host: "127.5.162.131" port: 33043 } }
I20260710 13:15:35.748275  7064 tablet_bootstrap.cc:654] T 0f8db758db5447b48118aacda0606b6b P c52ae047942f445ca189bc771a1c9844: Neither blocks nor log segments found. Creating new log.
I20260710 13:15:35.748333  7063 ts_tablet_manager.cc:1434] T 06c6bd253fdd42c5a1e97968e476553c P 7590cdda88e548929a5510bf8193a170: Time spent starting tablet: real 0.012s	user 0.004s	sys 0.002s
I20260710 13:15:35.749356  7063 tablet_bootstrap.cc:492] T 285f9e9475ad42c0b95f25e28a6a9322 P 7590cdda88e548929a5510bf8193a170: Bootstrap starting.
I20260710 13:15:35.755509  7063 tablet_bootstrap.cc:654] T 285f9e9475ad42c0b95f25e28a6a9322 P 7590cdda88e548929a5510bf8193a170: Neither blocks nor log segments found. Creating new log.
I20260710 13:15:35.760869  7069 tablet_bootstrap.cc:492] T 5eb1568b168a42b6bf6acd2093060960 P 3a46629a2a824612a896ca0de5ab344d: No bootstrap required, opened a new log
I20260710 13:15:35.761350  7069 ts_tablet_manager.cc:1403] T 5eb1568b168a42b6bf6acd2093060960 P 3a46629a2a824612a896ca0de5ab344d: Time spent bootstrapping tablet: real 0.030s	user 0.009s	sys 0.003s
I20260710 13:15:35.763502  7064 tablet_bootstrap.cc:492] T 0f8db758db5447b48118aacda0606b6b P c52ae047942f445ca189bc771a1c9844: No bootstrap required, opened a new log
I20260710 13:15:35.764026  7064 ts_tablet_manager.cc:1403] T 0f8db758db5447b48118aacda0606b6b P c52ae047942f445ca189bc771a1c9844: Time spent bootstrapping tablet: real 0.022s	user 0.017s	sys 0.004s
I20260710 13:15:35.764137  7069 raft_consensus.cc:359] T 5eb1568b168a42b6bf6acd2093060960 P 3a46629a2a824612a896ca0de5ab344d [term 0 FOLLOWER]: Replica starting. Triggering 0 pending ops. Active config: opid_index: -1 OBSOLETE_local: false peers { permanent_uuid: "3a46629a2a824612a896ca0de5ab344d" member_type: VOTER last_known_addr { host: "127.5.162.129" port: 36463 } } peers { permanent_uuid: "c52ae047942f445ca189bc771a1c9844" member_type: VOTER last_known_addr { host: "127.5.162.130" port: 34909 } } peers { permanent_uuid: "7590cdda88e548929a5510bf8193a170" member_type: VOTER last_known_addr { host: "127.5.162.131" port: 33043 } }
I20260710 13:15:35.764839  7069 raft_consensus.cc:385] T 5eb1568b168a42b6bf6acd2093060960 P 3a46629a2a824612a896ca0de5ab344d [term 0 FOLLOWER]: Consensus starting up: Expiring failure detector timer to make a prompt election more likely
I20260710 13:15:35.765100  7069 raft_consensus.cc:740] T 5eb1568b168a42b6bf6acd2093060960 P 3a46629a2a824612a896ca0de5ab344d [term 0 FOLLOWER]: Becoming Follower/Learner. State: Replica: 3a46629a2a824612a896ca0de5ab344d, State: Initialized, Role: FOLLOWER
I20260710 13:15:35.765844  7069 consensus_queue.cc:260] T 5eb1568b168a42b6bf6acd2093060960 P 3a46629a2a824612a896ca0de5ab344d [NON_LEADER]: Queue going to NON_LEADER mode. State: All replicated index: 0, Majority replicated index: 0, Committed index: 0, Last appended: 0.0, Last appended by leader: 0, Current term: 0, Majority size: -1, State: 0, Mode: NON_LEADER, active raft config: opid_index: -1 OBSOLETE_local: false peers { permanent_uuid: "3a46629a2a824612a896ca0de5ab344d" member_type: VOTER last_known_addr { host: "127.5.162.129" port: 36463 } } peers { permanent_uuid: "c52ae047942f445ca189bc771a1c9844" member_type: VOTER last_known_addr { host: "127.5.162.130" port: 34909 } } peers { permanent_uuid: "7590cdda88e548929a5510bf8193a170" member_type: VOTER last_known_addr { host: "127.5.162.131" port: 33043 } }
I20260710 13:15:35.766567  7082 raft_consensus.cc:493] T 903ec245666b42d086b3ee5f351bc2b2 P 7590cdda88e548929a5510bf8193a170 [term 0 FOLLOWER]: Starting pre-election (no leader contacted us within the election timeout)
I20260710 13:15:35.766850  7064 raft_consensus.cc:359] T 0f8db758db5447b48118aacda0606b6b P c52ae047942f445ca189bc771a1c9844 [term 0 FOLLOWER]: Replica starting. Triggering 0 pending ops. Active config: opid_index: -1 OBSOLETE_local: false peers { permanent_uuid: "3a46629a2a824612a896ca0de5ab344d" member_type: VOTER last_known_addr { host: "127.5.162.129" port: 36463 } } peers { permanent_uuid: "c52ae047942f445ca189bc771a1c9844" member_type: VOTER last_known_addr { host: "127.5.162.130" port: 34909 } } peers { permanent_uuid: "7590cdda88e548929a5510bf8193a170" member_type: VOTER last_known_addr { host: "127.5.162.131" port: 33043 } }
I20260710 13:15:35.766999  7082 raft_consensus.cc:515] T 903ec245666b42d086b3ee5f351bc2b2 P 7590cdda88e548929a5510bf8193a170 [term 0 FOLLOWER]: Starting pre-election with config: opid_index: -1 OBSOLETE_local: false peers { permanent_uuid: "3a46629a2a824612a896ca0de5ab344d" member_type: VOTER last_known_addr { host: "127.5.162.129" port: 36463 } } peers { permanent_uuid: "c52ae047942f445ca189bc771a1c9844" member_type: VOTER last_known_addr { host: "127.5.162.130" port: 34909 } } peers { permanent_uuid: "7590cdda88e548929a5510bf8193a170" member_type: VOTER last_known_addr { host: "127.5.162.131" port: 33043 } }
I20260710 13:15:35.767501  7064 raft_consensus.cc:385] T 0f8db758db5447b48118aacda0606b6b P c52ae047942f445ca189bc771a1c9844 [term 0 FOLLOWER]: Consensus starting up: Expiring failure detector timer to make a prompt election more likely
I20260710 13:15:35.767809  7064 raft_consensus.cc:740] T 0f8db758db5447b48118aacda0606b6b P c52ae047942f445ca189bc771a1c9844 [term 0 FOLLOWER]: Becoming Follower/Learner. State: Replica: c52ae047942f445ca189bc771a1c9844, State: Initialized, Role: FOLLOWER
I20260710 13:15:35.768157  7069 ts_tablet_manager.cc:1434] T 5eb1568b168a42b6bf6acd2093060960 P 3a46629a2a824612a896ca0de5ab344d: Time spent starting tablet: real 0.007s	user 0.006s	sys 0.002s
I20260710 13:15:35.768534  7064 consensus_queue.cc:260] T 0f8db758db5447b48118aacda0606b6b P c52ae047942f445ca189bc771a1c9844 [NON_LEADER]: Queue going to NON_LEADER mode. State: All replicated index: 0, Majority replicated index: 0, Committed index: 0, Last appended: 0.0, Last appended by leader: 0, Current term: 0, Majority size: -1, State: 0, Mode: NON_LEADER, active raft config: opid_index: -1 OBSOLETE_local: false peers { permanent_uuid: "3a46629a2a824612a896ca0de5ab344d" member_type: VOTER last_known_addr { host: "127.5.162.129" port: 36463 } } peers { permanent_uuid: "c52ae047942f445ca189bc771a1c9844" member_type: VOTER last_known_addr { host: "127.5.162.130" port: 34909 } } peers { permanent_uuid: "7590cdda88e548929a5510bf8193a170" member_type: VOTER last_known_addr { host: "127.5.162.131" port: 33043 } }
I20260710 13:15:35.769043  7069 tablet_bootstrap.cc:492] T 06c6bd253fdd42c5a1e97968e476553c P 3a46629a2a824612a896ca0de5ab344d: Bootstrap starting.
I20260710 13:15:35.771072  6874 tablet_service.cc:1917] Received RequestConsensusVote() RPC: tablet_id: "903ec245666b42d086b3ee5f351bc2b2" candidate_uuid: "7590cdda88e548929a5510bf8193a170" candidate_term: 1 candidate_status { last_received { term: 0 index: 0 } } ignore_live_leader: false dest_uuid: "3a46629a2a824612a896ca0de5ab344d" is_pre_election: true
I20260710 13:15:35.771486  6949 tablet_service.cc:1917] Received RequestConsensusVote() RPC: tablet_id: "903ec245666b42d086b3ee5f351bc2b2" candidate_uuid: "7590cdda88e548929a5510bf8193a170" candidate_term: 1 candidate_status { last_received { term: 0 index: 0 } } ignore_live_leader: false dest_uuid: "c52ae047942f445ca189bc771a1c9844" is_pre_election: true
I20260710 13:15:35.772075  6949 raft_consensus.cc:2468] T 903ec245666b42d086b3ee5f351bc2b2 P c52ae047942f445ca189bc771a1c9844 [term 0 FOLLOWER]: Leader pre-election vote request: Granting yes vote for candidate 7590cdda88e548929a5510bf8193a170 in term 0.
W20260710 13:15:35.772450  6988 leader_election.cc:343] T 903ec245666b42d086b3ee5f351bc2b2 P 7590cdda88e548929a5510bf8193a170 [CANDIDATE]: Term 1 pre-election: Tablet error from VoteRequest() call to peer 3a46629a2a824612a896ca0de5ab344d (127.5.162.129:36463): Illegal state: must be running to vote when last-logged opid is not known
I20260710 13:15:35.773337  6987 leader_election.cc:304] T 903ec245666b42d086b3ee5f351bc2b2 P 7590cdda88e548929a5510bf8193a170 [CANDIDATE]: Term 1 pre-election: Election decided. Result: candidate won. Election summary: received 3 responses out of 3 voters: 2 yes votes; 1 no votes. yes voters: 7590cdda88e548929a5510bf8193a170, c52ae047942f445ca189bc771a1c9844; no voters: 3a46629a2a824612a896ca0de5ab344d
I20260710 13:15:35.774253  7084 raft_consensus.cc:2804] T 903ec245666b42d086b3ee5f351bc2b2 P 7590cdda88e548929a5510bf8193a170 [term 0 FOLLOWER]: Leader pre-election won for term 1
I20260710 13:15:35.774617  7084 raft_consensus.cc:493] T 903ec245666b42d086b3ee5f351bc2b2 P 7590cdda88e548929a5510bf8193a170 [term 0 FOLLOWER]: Starting leader election (no leader contacted us within the election timeout)
I20260710 13:15:35.774909  7084 raft_consensus.cc:3060] T 903ec245666b42d086b3ee5f351bc2b2 P 7590cdda88e548929a5510bf8193a170 [term 0 FOLLOWER]: Advancing to term 1
I20260710 13:15:35.775492  7069 tablet_bootstrap.cc:654] T 06c6bd253fdd42c5a1e97968e476553c P 3a46629a2a824612a896ca0de5ab344d: Neither blocks nor log segments found. Creating new log.
I20260710 13:15:35.777352  7064 ts_tablet_manager.cc:1434] T 0f8db758db5447b48118aacda0606b6b P c52ae047942f445ca189bc771a1c9844: Time spent starting tablet: real 0.013s	user 0.004s	sys 0.002s
I20260710 13:15:35.781836  7084 raft_consensus.cc:515] T 903ec245666b42d086b3ee5f351bc2b2 P 7590cdda88e548929a5510bf8193a170 [term 1 FOLLOWER]: Starting leader election with config: opid_index: -1 OBSOLETE_local: false peers { permanent_uuid: "3a46629a2a824612a896ca0de5ab344d" member_type: VOTER last_known_addr { host: "127.5.162.129" port: 36463 } } peers { permanent_uuid: "c52ae047942f445ca189bc771a1c9844" member_type: VOTER last_known_addr { host: "127.5.162.130" port: 34909 } } peers { permanent_uuid: "7590cdda88e548929a5510bf8193a170" member_type: VOTER last_known_addr { host: "127.5.162.131" port: 33043 } }
I20260710 13:15:35.769084  7082 leader_election.cc:290] T 903ec245666b42d086b3ee5f351bc2b2 P 7590cdda88e548929a5510bf8193a170 [CANDIDATE]: Term 1 pre-election: Requested pre-vote from peers 3a46629a2a824612a896ca0de5ab344d (127.5.162.129:36463), c52ae047942f445ca189bc771a1c9844 (127.5.162.130:34909)
I20260710 13:15:35.784361  7064 tablet_bootstrap.cc:492] T 11f8ab987a04492b855e77f5a0173ad0 P c52ae047942f445ca189bc771a1c9844: Bootstrap starting.
I20260710 13:15:35.785332  6874 tablet_service.cc:1917] Received RequestConsensusVote() RPC: tablet_id: "903ec245666b42d086b3ee5f351bc2b2" candidate_uuid: "7590cdda88e548929a5510bf8193a170" candidate_term: 1 candidate_status { last_received { term: 0 index: 0 } } ignore_live_leader: false dest_uuid: "3a46629a2a824612a896ca0de5ab344d"
