I20260710 13:27:38.404382  1245 leader_election.cc:304] T d87e906e25f54ccba1e49dff39e388c6 P ae074b659397419c99480f43c8bfb126 [CANDIDATE]: Term 1 pre-election: Election decided. Result: candidate won. Election summary: received 2 responses out of 3 voters: 2 yes votes; 0 no votes. yes voters: 19d4f0b5a2ed41f6a5f04e9d7d580929, ae074b659397419c99480f43c8bfb126; no voters: 
I20260710 13:27:38.405297  1328 raft_consensus.cc:2804] T b7a3da603fff4ec9bf8bf2d7534eb7aa P 19d4f0b5a2ed41f6a5f04e9d7d580929 [term 1 FOLLOWER]: Leader election won for term 1
W20260710 13:27:38.401810  1171 leader_election.cc:343] T 77db8ed800d546fa8089c9e03caf389c P 5a4a79d2a01c465dac1dc9175b35d465 [CANDIDATE]: Term 1 pre-election: Tablet error from VoteRequest() call to peer 19d4f0b5a2ed41f6a5f04e9d7d580929 (127.0.117.65:44241): Illegal state: must be running to vote when last-logged opid is not known
I20260710 13:27:38.405881  1328 raft_consensus.cc:697] T b7a3da603fff4ec9bf8bf2d7534eb7aa P 19d4f0b5a2ed41f6a5f04e9d7d580929 [term 1 LEADER]: Becoming Leader. State: Replica: 19d4f0b5a2ed41f6a5f04e9d7d580929, State: Running, Role: LEADER
I20260710 13:27:38.406096  1171 leader_election.cc:304] T 77db8ed800d546fa8089c9e03caf389c P 5a4a79d2a01c465dac1dc9175b35d465 [CANDIDATE]: Term 1 pre-election: Election decided. Result: candidate lost. Election summary: received 3 responses out of 3 voters: 1 yes votes; 2 no votes. yes voters: 5a4a79d2a01c465dac1dc9175b35d465; no voters: 19d4f0b5a2ed41f6a5f04e9d7d580929, ae074b659397419c99480f43c8bfb126
I20260710 13:27:38.406984  1356 raft_consensus.cc:2749] T 77db8ed800d546fa8089c9e03caf389c P 5a4a79d2a01c465dac1dc9175b35d465 [term 0 FOLLOWER]: Leader pre-election lost for term 1. Reason: could not achieve majority
I20260710 13:27:38.406936  1328 consensus_queue.cc:237] T b7a3da603fff4ec9bf8bf2d7534eb7aa P 19d4f0b5a2ed41f6a5f04e9d7d580929 [LEADER]: Queue going to LEADER mode. State: All replicated index: 0, Majority replicated index: 0, Committed index: 0, Last appended: 0.0, Last appended by leader: 0, Current term: 1, Majority size: 2, State: 0, Mode: LEADER, active raft config: opid_index: -1 OBSOLETE_local: false peers { permanent_uuid: "19d4f0b5a2ed41f6a5f04e9d7d580929" member_type: VOTER last_known_addr { host: "127.0.117.65" port: 44241 } } peers { permanent_uuid: "5a4a79d2a01c465dac1dc9175b35d465" member_type: VOTER last_known_addr { host: "127.0.117.66" port: 40079 } } peers { permanent_uuid: "ae074b659397419c99480f43c8bfb126" member_type: VOTER last_known_addr { host: "127.0.117.67" port: 37115 } }
I20260710 13:27:38.405300  1354 raft_consensus.cc:2804] T d87e906e25f54ccba1e49dff39e388c6 P ae074b659397419c99480f43c8bfb126 [term 0 FOLLOWER]: Leader pre-election won for term 1
I20260710 13:27:38.411296  1354 raft_consensus.cc:493] T d87e906e25f54ccba1e49dff39e388c6 P ae074b659397419c99480f43c8bfb126 [term 0 FOLLOWER]: Starting leader election (no leader contacted us within the election timeout)
I20260710 13:27:38.411723  1354 raft_consensus.cc:3060] T d87e906e25f54ccba1e49dff39e388c6 P ae074b659397419c99480f43c8bfb126 [term 0 FOLLOWER]: Advancing to term 1
I20260710 13:27:38.394119  1360 raft_consensus.cc:493] T 8eaf60ea225346e799794688999fe6bc P 5a4a79d2a01c465dac1dc9175b35d465 [term 0 FOLLOWER]: Starting leader election (no leader contacted us within the election timeout)
I20260710 13:27:38.418831  1360 raft_consensus.cc:3060] T 8eaf60ea225346e799794688999fe6bc P 5a4a79d2a01c465dac1dc9175b35d465 [term 0 FOLLOWER]: Advancing to term 1
I20260710 13:27:38.413224  1348 consensus_queue.cc:237] T db96405568da46509bed4dee5b99c50e P 19d4f0b5a2ed41f6a5f04e9d7d580929 [LEADER]: Queue going to LEADER mode. State: All replicated index: 0, Majority replicated index: 0, Committed index: 0, Last appended: 0.0, Last appended by leader: 0, Current term: 1, Majority size: 2, State: 0, Mode: LEADER, active raft config: opid_index: -1 OBSOLETE_local: false peers { permanent_uuid: "ae074b659397419c99480f43c8bfb126" member_type: VOTER last_known_addr { host: "127.0.117.67" port: 37115 } } peers { permanent_uuid: "19d4f0b5a2ed41f6a5f04e9d7d580929" member_type: VOTER last_known_addr { host: "127.0.117.65" port: 44241 } } peers { permanent_uuid: "5a4a79d2a01c465dac1dc9175b35d465" member_type: VOTER last_known_addr { host: "127.0.117.66" port: 40079 } }
I20260710 13:27:38.413929  1320 tablet_bootstrap.cc:654] T c46041c94b034f31bc38383807ae5fee P ae074b659397419c99480f43c8bfb126: Neither blocks nor log segments found. Creating new log.
I20260710 13:27:38.419839  1128 tablet_service.cc:1917] Received RequestConsensusVote() RPC: tablet_id: "2dbeaa08e32a4bca9cfc076004a0437b" candidate_uuid: "5a4a79d2a01c465dac1dc9175b35d465" candidate_term: 1 candidate_status { last_received { term: 0 index: 0 } } ignore_live_leader: false dest_uuid: "19d4f0b5a2ed41f6a5f04e9d7d580929"
I20260710 13:27:38.420632  1128 raft_consensus.cc:3060] T 2dbeaa08e32a4bca9cfc076004a0437b P 19d4f0b5a2ed41f6a5f04e9d7d580929 [term 0 FOLLOWER]: Advancing to term 1
I20260710 13:27:38.421030  1322 tablet_bootstrap.cc:492] T 8eaf60ea225346e799794688999fe6bc P 19d4f0b5a2ed41f6a5f04e9d7d580929: No bootstrap required, opened a new log
I20260710 13:27:38.416244  1331 raft_consensus.cc:515] T 2dbeaa08e32a4bca9cfc076004a0437b P ae074b659397419c99480f43c8bfb126 [term 1 FOLLOWER]: Starting leader election with config: opid_index: -1 OBSOLETE_local: false peers { permanent_uuid: "19d4f0b5a2ed41f6a5f04e9d7d580929" member_type: VOTER last_known_addr { host: "127.0.117.65" port: 44241 } } peers { permanent_uuid: "5a4a79d2a01c465dac1dc9175b35d465" member_type: VOTER last_known_addr { host: "127.0.117.66" port: 40079 } } peers { permanent_uuid: "ae074b659397419c99480f43c8bfb126" member_type: VOTER last_known_addr { host: "127.0.117.67" port: 37115 } }
I20260710 13:27:38.421701  1322 ts_tablet_manager.cc:1403] T 8eaf60ea225346e799794688999fe6bc P 19d4f0b5a2ed41f6a5f04e9d7d580929: Time spent bootstrapping tablet: real 0.075s	user 0.015s	sys 0.000s
I20260710 13:27:38.415261  1353 raft_consensus.cc:2804] T 438e113391d64ecca02efad437995c9f P ae074b659397419c99480f43c8bfb126 [term 0 FOLLOWER]: Leader pre-election won for term 1
I20260710 13:27:38.422827  1353 raft_consensus.cc:493] T 438e113391d64ecca02efad437995c9f P ae074b659397419c99480f43c8bfb126 [term 0 FOLLOWER]: Starting leader election (no leader contacted us within the election timeout)
I20260710 13:27:38.423317  1353 raft_consensus.cc:3060] T 438e113391d64ecca02efad437995c9f P ae074b659397419c99480f43c8bfb126 [term 0 FOLLOWER]: Advancing to term 1
I20260710 13:27:38.421726  1362 raft_consensus.cc:2804] T 438e113391d64ecca02efad437995c9f P 5a4a79d2a01c465dac1dc9175b35d465 [term 0 FOLLOWER]: Leader pre-election won for term 1
I20260710 13:27:38.426721  1129 tablet_service.cc:1917] Received RequestConsensusVote() RPC: tablet_id: "2dbeaa08e32a4bca9cfc076004a0437b" candidate_uuid: "ae074b659397419c99480f43c8bfb126" candidate_term: 1 candidate_status { last_received { term: 0 index: 0 } } ignore_live_leader: false dest_uuid: "19d4f0b5a2ed41f6a5f04e9d7d580929"
I20260710 13:27:38.415316  1343 raft_consensus.cc:3060] T d87e906e25f54ccba1e49dff39e388c6 P 5a4a79d2a01c465dac1dc9175b35d465 [term 0 FOLLOWER]: Advancing to term 1
I20260710 13:27:38.416189  1127 tablet_service.cc:1917] Received RequestConsensusVote() RPC: tablet_id: "c46041c94b034f31bc38383807ae5fee" candidate_uuid: "5a4a79d2a01c465dac1dc9175b35d465" candidate_term: 1 candidate_status { last_received { term: 0 index: 0 } } ignore_live_leader: false dest_uuid: "19d4f0b5a2ed41f6a5f04e9d7d580929"
I20260710 13:27:38.417670  1206 raft_consensus.cc:2393] T 2dbeaa08e32a4bca9cfc076004a0437b P 5a4a79d2a01c465dac1dc9175b35d465 [term 1 FOLLOWER]: Leader pre-election vote request: Denying vote to candidate ae074b659397419c99480f43c8bfb126 in current term 1: Already voted for candidate 5a4a79d2a01c465dac1dc9175b35d465 in this term.
I20260710 13:27:38.427902  1362 raft_consensus.cc:493] T 438e113391d64ecca02efad437995c9f P 5a4a79d2a01c465dac1dc9175b35d465 [term 0 FOLLOWER]: Starting leader election (no leader contacted us within the election timeout)
I20260710 13:27:38.428362  1362 raft_consensus.cc:3060] T 438e113391d64ecca02efad437995c9f P 5a4a79d2a01c465dac1dc9175b35d465 [term 0 FOLLOWER]: Advancing to term 1
I20260710 13:27:38.430249  1360 raft_consensus.cc:515] T 8eaf60ea225346e799794688999fe6bc P 5a4a79d2a01c465dac1dc9175b35d465 [term 1 FOLLOWER]: Starting leader election with config: opid_index: -1 OBSOLETE_local: false peers { permanent_uuid: "19d4f0b5a2ed41f6a5f04e9d7d580929" member_type: VOTER last_known_addr { host: "127.0.117.65" port: 44241 } } peers { permanent_uuid: "5a4a79d2a01c465dac1dc9175b35d465" member_type: VOTER last_known_addr { host: "127.0.117.66" port: 40079 } } peers { permanent_uuid: "ae074b659397419c99480f43c8bfb126" member_type: VOTER last_known_addr { host: "127.0.117.67" port: 37115 } }
I20260710 13:27:38.431674  1204 raft_consensus.cc:2393] T 8eaf60ea225346e799794688999fe6bc P 5a4a79d2a01c465dac1dc9175b35d465 [term 1 FOLLOWER]: Leader pre-election vote request: Denying vote to candidate ae074b659397419c99480f43c8bfb126 in current term 1: Already voted for candidate 5a4a79d2a01c465dac1dc9175b35d465 in this term.
I20260710 13:27:38.432380  1127 raft_consensus.cc:3060] T c46041c94b034f31bc38383807ae5fee P 19d4f0b5a2ed41f6a5f04e9d7d580929 [term 0 FOLLOWER]: Advancing to term 1
I20260710 13:27:38.433898  1331 leader_election.cc:290] T 2dbeaa08e32a4bca9cfc076004a0437b P ae074b659397419c99480f43c8bfb126 [CANDIDATE]: Term 1 election: Requested vote from peers 19d4f0b5a2ed41f6a5f04e9d7d580929 (127.0.117.65:44241), 5a4a79d2a01c465dac1dc9175b35d465 (127.0.117.66:40079)
I20260710 13:27:38.435606  1360 leader_election.cc:290] T 8eaf60ea225346e799794688999fe6bc P 5a4a79d2a01c465dac1dc9175b35d465 [CANDIDATE]: Term 1 election: Requested vote from peers 19d4f0b5a2ed41f6a5f04e9d7d580929 (127.0.117.65:44241), ae074b659397419c99480f43c8bfb126 (127.0.117.67:37115)
I20260710 13:27:38.425083  1322 raft_consensus.cc:359] T 8eaf60ea225346e799794688999fe6bc P 19d4f0b5a2ed41f6a5f04e9d7d580929 [term 0 FOLLOWER]: Replica starting. Triggering 0 pending ops. Active config: opid_index: -1 OBSOLETE_local: false peers { permanent_uuid: "19d4f0b5a2ed41f6a5f04e9d7d580929" member_type: VOTER last_known_addr { host: "127.0.117.65" port: 44241 } } peers { permanent_uuid: "5a4a79d2a01c465dac1dc9175b35d465" member_type: VOTER last_known_addr { host: "127.0.117.66" port: 40079 } } peers { permanent_uuid: "ae074b659397419c99480f43c8bfb126" member_type: VOTER last_known_addr { host: "127.0.117.67" port: 37115 } }
I20260710 13:27:38.436400  1277 tablet_service.cc:1917] Received RequestConsensusVote() RPC: tablet_id: "8eaf60ea225346e799794688999fe6bc" candidate_uuid: "5a4a79d2a01c465dac1dc9175b35d465" candidate_term: 1 candidate_status { last_received { term: 0 index: 0 } } ignore_live_leader: false dest_uuid: "ae074b659397419c99480f43c8bfb126"
I20260710 13:27:38.436741  1322 raft_consensus.cc:385] T 8eaf60ea225346e799794688999fe6bc P 19d4f0b5a2ed41f6a5f04e9d7d580929 [term 0 FOLLOWER]: Consensus starting up: Expiring failure detector timer to make a prompt election more likely
I20260710 13:27:38.437053  1277 raft_consensus.cc:3060] T 8eaf60ea225346e799794688999fe6bc P ae074b659397419c99480f43c8bfb126 [term 0 FOLLOWER]: Advancing to term 1
I20260710 13:27:38.437098  1322 raft_consensus.cc:740] T 8eaf60ea225346e799794688999fe6bc P 19d4f0b5a2ed41f6a5f04e9d7d580929 [term 0 FOLLOWER]: Becoming Follower/Learner. State: Replica: 19d4f0b5a2ed41f6a5f04e9d7d580929, State: Initialized, Role: FOLLOWER
I20260710 13:27:38.438040  1129 tablet_service.cc:1917] Received RequestConsensusVote() RPC: tablet_id: "8eaf60ea225346e799794688999fe6bc" candidate_uuid: "5a4a79d2a01c465dac1dc9175b35d465" candidate_term: 1 candidate_status { last_received { term: 0 index: 0 } } ignore_live_leader: false dest_uuid: "19d4f0b5a2ed41f6a5f04e9d7d580929"
I20260710 13:27:38.440021  1246 leader_election.cc:304] T 8eaf60ea225346e799794688999fe6bc P ae074b659397419c99480f43c8bfb126 [CANDIDATE]: Term 1 pre-election: Election decided. Result: candidate lost. Election summary: received 3 responses out of 3 voters: 1 yes votes; 2 no votes. yes voters: ae074b659397419c99480f43c8bfb126; no voters: 19d4f0b5a2ed41f6a5f04e9d7d580929, 5a4a79d2a01c465dac1dc9175b35d465
I20260710 13:27:38.442209  1362 raft_consensus.cc:515] T 438e113391d64ecca02efad437995c9f P 5a4a79d2a01c465dac1dc9175b35d465 [term 1 FOLLOWER]: Starting leader election with config: opid_index: -1 OBSOLETE_local: false peers { permanent_uuid: "19d4f0b5a2ed41f6a5f04e9d7d580929" member_type: VOTER last_known_addr { host: "127.0.117.65" port: 44241 } } peers { permanent_uuid: "5a4a79d2a01c465dac1dc9175b35d465" member_type: VOTER last_known_addr { host: "127.0.117.66" port: 40079 } } peers { permanent_uuid: "ae074b659397419c99480f43c8bfb126" member_type: VOTER last_known_addr { host: "127.0.117.67" port: 37115 } }
I20260710 13:27:38.444144  1204 tablet_service.cc:1917] Received RequestConsensusVote() RPC: tablet_id: "2dbeaa08e32a4bca9cfc076004a0437b" candidate_uuid: "ae074b659397419c99480f43c8bfb126" candidate_term: 1 candidate_status { last_received { term: 0 index: 0 } } ignore_live_leader: false dest_uuid: "5a4a79d2a01c465dac1dc9175b35d465"
I20260710 13:27:38.445084  1204 raft_consensus.cc:2393] T 2dbeaa08e32a4bca9cfc076004a0437b P 5a4a79d2a01c465dac1dc9175b35d465 [term 1 FOLLOWER]: Leader election vote request: Denying vote to candidate ae074b659397419c99480f43c8bfb126 in current term 1: Already voted for candidate 5a4a79d2a01c465dac1dc9175b35d465 in this term.
I20260710 13:27:38.445703  1130 tablet_service.cc:1917] Received RequestConsensusVote() RPC: tablet_id: "438e113391d64ecca02efad437995c9f" candidate_uuid: "5a4a79d2a01c465dac1dc9175b35d465" candidate_term: 1 candidate_status { last_received { term: 0 index: 0 } } ignore_live_leader: false dest_uuid: "19d4f0b5a2ed41f6a5f04e9d7d580929"
I20260710 13:27:38.445132  1324 leader_election.cc:290] T 2dbeaa08e32a4bca9cfc076004a0437b P 5a4a79d2a01c465dac1dc9175b35d465 [CANDIDATE]: Term 1 election: Requested vote from peers 19d4f0b5a2ed41f6a5f04e9d7d580929 (127.0.117.65:44241), ae074b659397419c99480f43c8bfb126 (127.0.117.67:37115)
I20260710 13:27:38.446379  1130 raft_consensus.cc:3060] T 438e113391d64ecca02efad437995c9f P 19d4f0b5a2ed41f6a5f04e9d7d580929 [term 0 FOLLOWER]: Advancing to term 1
I20260710 13:27:38.449179  1246 leader_election.cc:304] T 2dbeaa08e32a4bca9cfc076004a0437b P ae074b659397419c99480f43c8bfb126 [CANDIDATE]: Term 1 election: Election decided. Result: candidate lost. Election summary: received 3 responses out of 3 voters: 1 yes votes; 2 no votes. yes voters: ae074b659397419c99480f43c8bfb126; no voters: 19d4f0b5a2ed41f6a5f04e9d7d580929, 5a4a79d2a01c465dac1dc9175b35d465
I20260710 13:27:38.451436  1128 raft_consensus.cc:2468] T 2dbeaa08e32a4bca9cfc076004a0437b P 19d4f0b5a2ed41f6a5f04e9d7d580929 [term 1 FOLLOWER]: Leader election vote request: Granting yes vote for candidate 5a4a79d2a01c465dac1dc9175b35d465 in term 1.
I20260710 13:27:38.446753  1275 tablet_service.cc:1917] Received RequestConsensusVote() RPC: tablet_id: "2dbeaa08e32a4bca9cfc076004a0437b" candidate_uuid: "5a4a79d2a01c465dac1dc9175b35d465" candidate_term: 1 candidate_status { last_received { term: 0 index: 0 } } ignore_live_leader: false dest_uuid: "ae074b659397419c99480f43c8bfb126"
I20260710 13:27:38.453519  1277 raft_consensus.cc:2468] T 8eaf60ea225346e799794688999fe6bc P ae074b659397419c99480f43c8bfb126 [term 1 FOLLOWER]: Leader election vote request: Granting yes vote for candidate 5a4a79d2a01c465dac1dc9175b35d465 in term 1.
I20260710 13:27:38.453962  1275 raft_consensus.cc:2393] T 2dbeaa08e32a4bca9cfc076004a0437b P ae074b659397419c99480f43c8bfb126 [term 1 FOLLOWER]: Leader election vote request: Denying vote to candidate 5a4a79d2a01c465dac1dc9175b35d465 in current term 1: Already voted for candidate ae074b659397419c99480f43c8bfb126 in this term.
I20260710 13:27:38.454094  1331 raft_consensus.cc:2749] T 8eaf60ea225346e799794688999fe6bc P ae074b659397419c99480f43c8bfb126 [term 1 FOLLOWER]: Leader pre-election lost for term 1. Reason: could not achieve majority
I20260710 13:27:38.454634  1321 tablet_bootstrap.cc:492] T 8d9acfbe21454f7bbc43df5e3b2baa11 P 5a4a79d2a01c465dac1dc9175b35d465: No bootstrap required, opened a new log
I20260710 13:27:38.455156  1321 ts_tablet_manager.cc:1403] T 8d9acfbe21454f7bbc43df5e3b2baa11 P 5a4a79d2a01c465dac1dc9175b35d465: Time spent bootstrapping tablet: real 0.215s	user 0.007s	sys 0.005s
I20260710 13:27:38.456103  1331 raft_consensus.cc:2749] T 2dbeaa08e32a4bca9cfc076004a0437b P ae074b659397419c99480f43c8bfb126 [term 1 FOLLOWER]: Leader election lost for term 1. Reason: could not achieve majority
I20260710 13:27:38.458253  1321 raft_consensus.cc:359] T 8d9acfbe21454f7bbc43df5e3b2baa11 P 5a4a79d2a01c465dac1dc9175b35d465 [term 0 FOLLOWER]: Replica starting. Triggering 0 pending ops. Active config: opid_index: -1 OBSOLETE_local: false peers { permanent_uuid: "19d4f0b5a2ed41f6a5f04e9d7d580929" member_type: VOTER last_known_addr { host: "127.0.117.65" port: 44241 } } peers { permanent_uuid: "5a4a79d2a01c465dac1dc9175b35d465" member_type: VOTER last_known_addr { host: "127.0.117.66" port: 40079 } } peers { permanent_uuid: "ae074b659397419c99480f43c8bfb126" member_type: VOTER last_known_addr { host: "127.0.117.67" port: 37115 } }
I20260710 13:27:38.458546  1169 leader_election.cc:304] T 8eaf60ea225346e799794688999fe6bc P 5a4a79d2a01c465dac1dc9175b35d465 [CANDIDATE]: Term 1 election: Election decided. Result: candidate won. Election summary: received 2 responses out of 3 voters: 2 yes votes; 0 no votes. yes voters: 5a4a79d2a01c465dac1dc9175b35d465, ae074b659397419c99480f43c8bfb126; no voters: 
I20260710 13:27:38.458973  1321 raft_consensus.cc:385] T 8d9acfbe21454f7bbc43df5e3b2baa11 P 5a4a79d2a01c465dac1dc9175b35d465 [term 0 FOLLOWER]: Consensus starting up: Expiring failure detector timer to make a prompt election more likely
I20260710 13:27:38.459275  1321 raft_consensus.cc:740] T 8d9acfbe21454f7bbc43df5e3b2baa11 P 5a4a79d2a01c465dac1dc9175b35d465 [term 0 FOLLOWER]: Becoming Follower/Learner. State: Replica: 5a4a79d2a01c465dac1dc9175b35d465, State: Initialized, Role: FOLLOWER
I20260710 13:27:38.459493  1360 raft_consensus.cc:2804] T 8eaf60ea225346e799794688999fe6bc P 5a4a79d2a01c465dac1dc9175b35d465 [term 1 FOLLOWER]: Leader election won for term 1
I20260710 13:27:38.459991  1360 raft_consensus.cc:697] T 8eaf60ea225346e799794688999fe6bc P 5a4a79d2a01c465dac1dc9175b35d465 [term 1 LEADER]: Becoming Leader. State: Replica: 5a4a79d2a01c465dac1dc9175b35d465, State: Running, Role: LEADER
I20260710 13:27:38.447652  1362 leader_election.cc:290] T 438e113391d64ecca02efad437995c9f P 5a4a79d2a01c465dac1dc9175b35d465 [CANDIDATE]: Term 1 election: Requested vote from peers 19d4f0b5a2ed41f6a5f04e9d7d580929 (127.0.117.65:44241), ae074b659397419c99480f43c8bfb126 (127.0.117.67:37115)
I20260710 13:27:38.460035  1321 consensus_queue.cc:260] T 8d9acfbe21454f7bbc43df5e3b2baa11 P 5a4a79d2a01c465dac1dc9175b35d465 [NON_LEADER]: Queue going to NON_LEADER mode. State: All replicated index: 0, Majority replicated index: 0, Committed index: 0, Last appended: 0.0, Last appended by leader: 0, Current term: 0, Majority size: -1, State: 0, Mode: NON_LEADER, active raft config: opid_index: -1 OBSOLETE_local: false peers { permanent_uuid: "19d4f0b5a2ed41f6a5f04e9d7d580929" member_type: VOTER last_known_addr { host: "127.0.117.65" port: 44241 } } peers { permanent_uuid: "5a4a79d2a01c465dac1dc9175b35d465" member_type: VOTER last_known_addr { host: "127.0.117.66" port: 40079 } } peers { permanent_uuid: "ae074b659397419c99480f43c8bfb126" member_type: VOTER last_known_addr { host: "127.0.117.67" port: 37115 } }
I20260710 13:27:38.438033  1322 consensus_queue.cc:260] T 8eaf60ea225346e799794688999fe6bc P 19d4f0b5a2ed41f6a5f04e9d7d580929 [NON_LEADER]: Queue going to NON_LEADER mode. State: All replicated index: 0, Majority replicated index: 0, Committed index: 0, Last appended: 0.0, Last appended by leader: 0, Current term: 0, Majority size: -1, State: 0, Mode: NON_LEADER, active raft config: opid_index: -1 OBSOLETE_local: false peers { permanent_uuid: "19d4f0b5a2ed41f6a5f04e9d7d580929" member_type: VOTER last_known_addr { host: "127.0.117.65" port: 44241 } } peers { permanent_uuid: "5a4a79d2a01c465dac1dc9175b35d465" member_type: VOTER last_known_addr { host: "127.0.117.66" port: 40079 } } peers { permanent_uuid: "ae074b659397419c99480f43c8bfb126" member_type: VOTER last_known_addr { host: "127.0.117.67" port: 37115 } }
I20260710 13:27:38.460953  1360 consensus_queue.cc:237] T 8eaf60ea225346e799794688999fe6bc P 5a4a79d2a01c465dac1dc9175b35d465 [LEADER]: Queue going to LEADER mode. State: All replicated index: 0, Majority replicated index: 0, Committed index: 0, Last appended: 0.0, Last appended by leader: 0, Current term: 1, Majority size: 2, State: 0, Mode: LEADER, active raft config: opid_index: -1 OBSOLETE_local: false peers { permanent_uuid: "19d4f0b5a2ed41f6a5f04e9d7d580929" member_type: VOTER last_known_addr { host: "127.0.117.65" port: 44241 } } peers { permanent_uuid: "5a4a79d2a01c465dac1dc9175b35d465" member_type: VOTER last_known_addr { host: "127.0.117.66" port: 40079 } } peers { permanent_uuid: "ae074b659397419c99480f43c8bfb126" member_type: VOTER last_known_addr { host: "127.0.117.67" port: 37115 } }
I20260710 13:27:38.461449  1129 raft_consensus.cc:3060] T 8eaf60ea225346e799794688999fe6bc P 19d4f0b5a2ed41f6a5f04e9d7d580929 [term 0 FOLLOWER]: Advancing to term 1
I20260710 13:27:38.462430  1321 ts_tablet_manager.cc:1434] T 8d9acfbe21454f7bbc43df5e3b2baa11 P 5a4a79d2a01c465dac1dc9175b35d465: Time spent starting tablet: real 0.007s	user 0.008s	sys 0.000s
I20260710 13:27:38.448297  1276 tablet_service.cc:1917] Received RequestConsensusVote() RPC: tablet_id: "438e113391d64ecca02efad437995c9f" candidate_uuid: "5a4a79d2a01c465dac1dc9175b35d465" candidate_term: 1 candidate_status { last_received { term: 0 index: 0 } } ignore_live_leader: false dest_uuid: "ae074b659397419c99480f43c8bfb126"
I20260710 13:27:38.463478  1321 tablet_bootstrap.cc:492] T 0da1593d99104b509ef60fbc19837828 P 5a4a79d2a01c465dac1dc9175b35d465: Bootstrap starting.
I20260710 13:27:38.463835  1130 raft_consensus.cc:2468] T 438e113391d64ecca02efad437995c9f P 19d4f0b5a2ed41f6a5f04e9d7d580929 [term 1 FOLLOWER]: Leader election vote request: Granting yes vote for candidate 5a4a79d2a01c465dac1dc9175b35d465 in term 1.
I20260710 13:27:38.465319  1353 raft_consensus.cc:515] T 438e113391d64ecca02efad437995c9f P ae074b659397419c99480f43c8bfb126 [term 1 FOLLOWER]: Starting leader election with config: opid_index: -1 OBSOLETE_local: false peers { permanent_uuid: "19d4f0b5a2ed41f6a5f04e9d7d580929" member_type: VOTER last_known_addr { host: "127.0.117.65" port: 44241 } } peers { permanent_uuid: "5a4a79d2a01c465dac1dc9175b35d465" member_type: VOTER last_known_addr { host: "127.0.117.66" port: 40079 } } peers { permanent_uuid: "ae074b659397419c99480f43c8bfb126" member_type: VOTER last_known_addr { host: "127.0.117.67" port: 37115 } }
I20260710 13:27:38.472697  1276 raft_consensus.cc:2393] T 438e113391d64ecca02efad437995c9f P ae074b659397419c99480f43c8bfb126 [term 1 FOLLOWER]: Leader election vote request: Denying vote to candidate 5a4a79d2a01c465dac1dc9175b35d465 in current term 1: Already voted for candidate ae074b659397419c99480f43c8bfb126 in this term.
I20260710 13:27:38.457190  1354 raft_consensus.cc:515] T d87e906e25f54ccba1e49dff39e388c6 P ae074b659397419c99480f43c8bfb126 [term 1 FOLLOWER]: Starting leader election with config: opid_index: -1 OBSOLETE_local: false peers { permanent_uuid: "19d4f0b5a2ed41f6a5f04e9d7d580929" member_type: VOTER last_known_addr { host: "127.0.117.65" port: 44241 } } peers { permanent_uuid: "5a4a79d2a01c465dac1dc9175b35d465" member_type: VOTER last_known_addr { host: "127.0.117.66" port: 40079 } } peers { permanent_uuid: "ae074b659397419c99480f43c8bfb126" member_type: VOTER last_known_addr { host: "127.0.117.67" port: 37115 } }
I20260710 13:27:38.473315  1127 raft_consensus.cc:2468] T c46041c94b034f31bc38383807ae5fee P 19d4f0b5a2ed41f6a5f04e9d7d580929 [term 1 FOLLOWER]: Leader election vote request: Granting yes vote for candidate 5a4a79d2a01c465dac1dc9175b35d465 in term 1.
I20260710 13:27:38.482630  1353 leader_election.cc:290] T 438e113391d64ecca02efad437995c9f P ae074b659397419c99480f43c8bfb126 [CANDIDATE]: Term 1 election: Requested vote from peers 19d4f0b5a2ed41f6a5f04e9d7d580929 (127.0.117.65:44241), 5a4a79d2a01c465dac1dc9175b35d465 (127.0.117.66:40079)
I20260710 13:27:38.483827  1126 tablet_service.cc:1917] Received RequestConsensusVote() RPC: tablet_id: "438e113391d64ecca02efad437995c9f" candidate_uuid: "ae074b659397419c99480f43c8bfb126" candidate_term: 1 candidate_status { last_received { term: 0 index: 0 } } ignore_live_leader: false dest_uuid: "19d4f0b5a2ed41f6a5f04e9d7d580929"
I20260710 13:27:38.485263  1321 tablet_bootstrap.cc:654] T 0da1593d99104b509ef60fbc19837828 P 5a4a79d2a01c465dac1dc9175b35d465: Neither blocks nor log segments found. Creating new log.
I20260710 13:27:38.486220  1126 raft_consensus.cc:2393] T 438e113391d64ecca02efad437995c9f P 19d4f0b5a2ed41f6a5f04e9d7d580929 [term 1 FOLLOWER]: Leader election vote request: Denying vote to candidate ae074b659397419c99480f43c8bfb126 in current term 1: Already voted for candidate 5a4a79d2a01c465dac1dc9175b35d465 in this term.
I20260710 13:27:38.486831  1129 raft_consensus.cc:2468] T 8eaf60ea225346e799794688999fe6bc P 19d4f0b5a2ed41f6a5f04e9d7d580929 [term 1 FOLLOWER]: Leader election vote request: Granting yes vote for candidate 5a4a79d2a01c465dac1dc9175b35d465 in term 1.
I20260710 13:27:38.487675  1204 tablet_service.cc:1917] Received RequestConsensusVote() RPC: tablet_id: "438e113391d64ecca02efad437995c9f" candidate_uuid: "ae074b659397419c99480f43c8bfb126" candidate_term: 1 candidate_status { last_received { term: 0 index: 0 } } ignore_live_leader: false dest_uuid: "5a4a79d2a01c465dac1dc9175b35d465"
I20260710 13:27:38.488591  1204 raft_consensus.cc:2393] T 438e113391d64ecca02efad437995c9f P 5a4a79d2a01c465dac1dc9175b35d465 [term 1 FOLLOWER]: Leader election vote request: Denying vote to candidate ae074b659397419c99480f43c8bfb126 in current term 1: Already voted for candidate 5a4a79d2a01c465dac1dc9175b35d465 in this term.
I20260710 13:27:38.491325  1320 tablet_bootstrap.cc:492] T c46041c94b034f31bc38383807ae5fee P ae074b659397419c99480f43c8bfb126: No bootstrap required, opened a new log
I20260710 13:27:38.492036  1320 ts_tablet_manager.cc:1403] T c46041c94b034f31bc38383807ae5fee P ae074b659397419c99480f43c8bfb126: Time spent bootstrapping tablet: real 0.088s	user 0.017s	sys 0.003s
I20260710 13:27:38.495242  1354 leader_election.cc:290] T d87e906e25f54ccba1e49dff39e388c6 P ae074b659397419c99480f43c8bfb126 [CANDIDATE]: Term 1 election: Requested vote from peers 19d4f0b5a2ed41f6a5f04e9d7d580929 (127.0.117.65:44241), 5a4a79d2a01c465dac1dc9175b35d465 (127.0.117.66:40079)
I20260710 13:27:38.480902  1343 raft_consensus.cc:515] T d87e906e25f54ccba1e49dff39e388c6 P 5a4a79d2a01c465dac1dc9175b35d465 [term 1 FOLLOWER]: Starting leader election with config: opid_index: -1 OBSOLETE_local: false peers { permanent_uuid: "19d4f0b5a2ed41f6a5f04e9d7d580929" member_type: VOTER last_known_addr { host: "127.0.117.65" port: 44241 } } peers { permanent_uuid: "5a4a79d2a01c465dac1dc9175b35d465" member_type: VOTER last_known_addr { host: "127.0.117.66" port: 40079 } } peers { permanent_uuid: "ae074b659397419c99480f43c8bfb126" member_type: VOTER last_known_addr { host: "127.0.117.67" port: 37115 } }
I20260710 13:27:38.500295  1203 raft_consensus.cc:2393] T d87e906e25f54ccba1e49dff39e388c6 P 5a4a79d2a01c465dac1dc9175b35d465 [term 1 FOLLOWER]: Leader pre-election vote request: Denying vote to candidate ae074b659397419c99480f43c8bfb126 in current term 1: Already voted for candidate 5a4a79d2a01c465dac1dc9175b35d465 in this term.
I20260710 13:27:38.503858  1322 ts_tablet_manager.cc:1434] T 8eaf60ea225346e799794688999fe6bc P 19d4f0b5a2ed41f6a5f04e9d7d580929: Time spent starting tablet: real 0.082s	user 0.009s	sys 0.000s
I20260710 13:27:38.504347  1343 leader_election.cc:290] T d87e906e25f54ccba1e49dff39e388c6 P 5a4a79d2a01c465dac1dc9175b35d465 [CANDIDATE]: Term 1 election: Requested vote from peers 19d4f0b5a2ed41f6a5f04e9d7d580929 (127.0.117.65:44241), ae074b659397419c99480f43c8bfb126 (127.0.117.67:37115)
I20260710 13:27:38.506919  1276 tablet_service.cc:1917] Received RequestConsensusVote() RPC: tablet_id: "d87e906e25f54ccba1e49dff39e388c6" candidate_uuid: "5a4a79d2a01c465dac1dc9175b35d465" candidate_term: 1 candidate_status { last_received { term: 0 index: 0 } } ignore_live_leader: false dest_uuid: "ae074b659397419c99480f43c8bfb126"
I20260710 13:27:38.508001  1129 tablet_service.cc:1917] Received RequestConsensusVote() RPC: tablet_id: "d87e906e25f54ccba1e49dff39e388c6" candidate_uuid: "5a4a79d2a01c465dac1dc9175b35d465" candidate_term: 1 candidate_status { last_received { term: 0 index: 0 } } ignore_live_leader: false dest_uuid: "19d4f0b5a2ed41f6a5f04e9d7d580929"
I20260710 13:27:38.507843  1320 raft_consensus.cc:359] T c46041c94b034f31bc38383807ae5fee P ae074b659397419c99480f43c8bfb126 [term 0 FOLLOWER]: Replica starting. Triggering 0 pending ops. Active config: opid_index: -1 OBSOLETE_local: false peers { permanent_uuid: "19d4f0b5a2ed41f6a5f04e9d7d580929" member_type: VOTER last_known_addr { host: "127.0.117.65" port: 44241 } } peers { permanent_uuid: "5a4a79d2a01c465dac1dc9175b35d465" member_type: VOTER last_known_addr { host: "127.0.117.66" port: 40079 } } peers { permanent_uuid: "ae074b659397419c99480f43c8bfb126" member_type: VOTER last_known_addr { host: "127.0.117.67" port: 37115 } }
I20260710 13:27:38.509052  1127 tablet_service.cc:1917] Received RequestConsensusVote() RPC: tablet_id: "d87e906e25f54ccba1e49dff39e388c6" candidate_uuid: "ae074b659397419c99480f43c8bfb126" candidate_term: 1 candidate_status { last_received { term: 0 index: 0 } } ignore_live_leader: false dest_uuid: "19d4f0b5a2ed41f6a5f04e9d7d580929"
I20260710 13:27:38.510133  1129 raft_consensus.cc:3060] T d87e906e25f54ccba1e49dff39e388c6 P 19d4f0b5a2ed41f6a5f04e9d7d580929 [term 0 FOLLOWER]: Advancing to term 1
I20260710 13:27:38.512334  1246 leader_election.cc:304] T 438e113391d64ecca02efad437995c9f P ae074b659397419c99480f43c8bfb126 [CANDIDATE]: Term 1 election: Election decided. Result: candidate lost. Election summary: received 3 responses out of 3 voters: 1 yes votes; 2 no votes. yes voters: ae074b659397419c99480f43c8bfb126; no voters: 19d4f0b5a2ed41f6a5f04e9d7d580929, 5a4a79d2a01c465dac1dc9175b35d465
I20260710 13:27:38.512554  1204 tablet_service.cc:1917] Received RequestConsensusVote() RPC: tablet_id: "d87e906e25f54ccba1e49dff39e388c6" candidate_uuid: "ae074b659397419c99480f43c8bfb126" candidate_term: 1 candidate_status { last_received { term: 0 index: 0 } } ignore_live_leader: false dest_uuid: "5a4a79d2a01c465dac1dc9175b35d465"
I20260710 13:27:38.513731  1204 raft_consensus.cc:2393] T d87e906e25f54ccba1e49dff39e388c6 P 5a4a79d2a01c465dac1dc9175b35d465 [term 1 FOLLOWER]: Leader election vote request: Denying vote to candidate ae074b659397419c99480f43c8bfb126 in current term 1: Already voted for candidate 5a4a79d2a01c465dac1dc9175b35d465 in this term.
I20260710 13:27:38.514065  1276 raft_consensus.cc:2393] T d87e906e25f54ccba1e49dff39e388c6 P ae074b659397419c99480f43c8bfb126 [term 1 FOLLOWER]: Leader election vote request: Denying vote to candidate 5a4a79d2a01c465dac1dc9175b35d465 in current term 1: Already voted for candidate ae074b659397419c99480f43c8bfb126 in this term.
I20260710 13:27:38.513835  1367 raft_consensus.cc:2749] T 438e113391d64ecca02efad437995c9f P ae074b659397419c99480f43c8bfb126 [term 1 FOLLOWER]: Leader election lost for term 1. Reason: could not achieve majority
I20260710 13:27:38.509778  1320 raft_consensus.cc:385] T c46041c94b034f31bc38383807ae5fee P ae074b659397419c99480f43c8bfb126 [term 0 FOLLOWER]: Consensus starting up: Expiring failure detector timer to make a prompt election more likely
I20260710 13:27:38.518003  1320 raft_consensus.cc:740] T c46041c94b034f31bc38383807ae5fee P ae074b659397419c99480f43c8bfb126 [term 0 FOLLOWER]: Becoming Follower/Learner. State: Replica: ae074b659397419c99480f43c8bfb126, State: Initialized, Role: FOLLOWER
I20260710 13:27:38.518247  1322 tablet_bootstrap.cc:492] T 8d9acfbe21454f7bbc43df5e3b2baa11 P 19d4f0b5a2ed41f6a5f04e9d7d580929: Bootstrap starting.
I20260710 13:27:38.519444  1171 leader_election.cc:304] T 438e113391d64ecca02efad437995c9f P 5a4a79d2a01c465dac1dc9175b35d465 [CANDIDATE]: Term 1 election: Election decided. Result: candidate won. Election summary: received 3 responses out of 3 voters: 2 yes votes; 1 no votes. yes voters: 19d4f0b5a2ed41f6a5f04e9d7d580929, 5a4a79d2a01c465dac1dc9175b35d465; no voters: ae074b659397419c99480f43c8bfb126
I20260710 13:27:38.522397  1171 leader_election.cc:304] T 2dbeaa08e32a4bca9cfc076004a0437b P 5a4a79d2a01c465dac1dc9175b35d465 [CANDIDATE]: Term 1 election: Election decided. Result: candidate won. Election summary: received 3 responses out of 3 voters: 2 yes votes; 1 no votes. yes voters: 19d4f0b5a2ed41f6a5f04e9d7d580929, 5a4a79d2a01c465dac1dc9175b35d465; no voters: ae074b659397419c99480f43c8bfb126
I20260710 13:27:38.523514  1360 raft_consensus.cc:2804] T 438e113391d64ecca02efad437995c9f P 5a4a79d2a01c465dac1dc9175b35d465 [term 1 FOLLOWER]: Leader election won for term 1
I20260710 13:27:38.524070  1360 raft_consensus.cc:697] T 438e113391d64ecca02efad437995c9f P 5a4a79d2a01c465dac1dc9175b35d465 [term 1 LEADER]: Becoming Leader. State: Replica: 5a4a79d2a01c465dac1dc9175b35d465, State: Running, Role: LEADER
I20260710 13:27:38.524326  1245 leader_election.cc:304] T db96405568da46509bed4dee5b99c50e P ae074b659397419c99480f43c8bfb126 [CANDIDATE]: Term 1 pre-election: Election decided. Result: candidate lost. Election summary: received 3 responses out of 3 voters: 1 yes votes; 2 no votes. yes voters: ae074b659397419c99480f43c8bfb126; no voters: 19d4f0b5a2ed41f6a5f04e9d7d580929, 5a4a79d2a01c465dac1dc9175b35d465
I20260710 13:27:38.524495  1029 catalog_manager.cc:5697] T db96405568da46509bed4dee5b99c50e P 19d4f0b5a2ed41f6a5f04e9d7d580929 reported cstate change: term changed from 0 to 1, leader changed from <none> to 19d4f0b5a2ed41f6a5f04e9d7d580929 (127.0.117.65). New cstate: current_term: 1 leader_uuid: "19d4f0b5a2ed41f6a5f04e9d7d580929" committed_config { opid_index: -1 OBSOLETE_local: false peers { permanent_uuid: "ae074b659397419c99480f43c8bfb126" member_type: VOTER last_known_addr { host: "127.0.117.67" port: 37115 } health_report { overall_health: UNKNOWN } } peers { permanent_uuid: "19d4f0b5a2ed41f6a5f04e9d7d580929" member_type: VOTER last_known_addr { host: "127.0.117.65" port: 44241 } health_report { overall_health: HEALTHY } } peers { permanent_uuid: "5a4a79d2a01c465dac1dc9175b35d465" member_type: VOTER last_known_addr { host: "127.0.117.66" port: 40079 } health_report { overall_health: UNKNOWN } } }
I20260710 13:27:38.524971  1360 consensus_queue.cc:237] T 438e113391d64ecca02efad437995c9f P 5a4a79d2a01c465dac1dc9175b35d465 [LEADER]: Queue going to LEADER mode. State: All replicated index: 0, Majority replicated index: 0, Committed index: 0, Last appended: 0.0, Last appended by leader: 0, Current term: 1, Majority size: 2, State: 0, Mode: LEADER, active raft config: opid_index: -1 OBSOLETE_local: false peers { permanent_uuid: "19d4f0b5a2ed41f6a5f04e9d7d580929" member_type: VOTER last_known_addr { host: "127.0.117.65" port: 44241 } } peers { permanent_uuid: "5a4a79d2a01c465dac1dc9175b35d465" member_type: VOTER last_known_addr { host: "127.0.117.66" port: 40079 } } peers { permanent_uuid: "ae074b659397419c99480f43c8bfb126" member_type: VOTER last_known_addr { host: "127.0.117.67" port: 37115 } }
I20260710 13:27:38.525588  1324 raft_consensus.cc:2804] T 2dbeaa08e32a4bca9cfc076004a0437b P 5a4a79d2a01c465dac1dc9175b35d465 [term 1 FOLLOWER]: Leader election won for term 1
I20260710 13:27:38.526116  1171 leader_election.cc:304] T c46041c94b034f31bc38383807ae5fee P 5a4a79d2a01c465dac1dc9175b35d465 [CANDIDATE]: Term 1 election: Election decided. Result: candidate won. Election summary: received 3 responses out of 3 voters: 2 yes votes; 1 no votes. yes voters: 19d4f0b5a2ed41f6a5f04e9d7d580929, 5a4a79d2a01c465dac1dc9175b35d465; no voters: ae074b659397419c99480f43c8bfb126
I20260710 13:27:38.529688  1129 raft_consensus.cc:2468] T d87e906e25f54ccba1e49dff39e388c6 P 19d4f0b5a2ed41f6a5f04e9d7d580929 [term 1 FOLLOWER]: Leader election vote request: Granting yes vote for candidate 5a4a79d2a01c465dac1dc9175b35d465 in term 1.
I20260710 13:27:38.530575  1321 tablet_bootstrap.cc:492] T 0da1593d99104b509ef60fbc19837828 P 5a4a79d2a01c465dac1dc9175b35d465: No bootstrap required, opened a new log
I20260710 13:27:38.530628  1356 raft_consensus.cc:2804] T c46041c94b034f31bc38383807ae5fee P 5a4a79d2a01c465dac1dc9175b35d465 [term 1 FOLLOWER]: Leader election won for term 1
I20260710 13:27:38.531158  1321 ts_tablet_manager.cc:1403] T 0da1593d99104b509ef60fbc19837828 P 5a4a79d2a01c465dac1dc9175b35d465: Time spent bootstrapping tablet: real 0.068s	user 0.021s	sys 0.016s
I20260710 13:27:38.531257  1356 raft_consensus.cc:697] T c46041c94b034f31bc38383807ae5fee P 5a4a79d2a01c465dac1dc9175b35d465 [term 1 LEADER]: Becoming Leader. State: Replica: 5a4a79d2a01c465dac1dc9175b35d465, State: Running, Role: LEADER
I20260710 13:27:38.531248  1320 consensus_queue.cc:260] T c46041c94b034f31bc38383807ae5fee P ae074b659397419c99480f43c8bfb126 [NON_LEADER]: Queue going to NON_LEADER mode. State: All replicated index: 0, Majority replicated index: 0, Committed index: 0, Last appended: 0.0, Last appended by leader: 0, Current term: 0, Majority size: -1, State: 0, Mode: NON_LEADER, active raft config: opid_index: -1 OBSOLETE_local: false peers { permanent_uuid: "19d4f0b5a2ed41f6a5f04e9d7d580929" member_type: VOTER last_known_addr { host: "127.0.117.65" port: 44241 } } peers { permanent_uuid: "5a4a79d2a01c465dac1dc9175b35d465" member_type: VOTER last_known_addr { host: "127.0.117.66" port: 40079 } } peers { permanent_uuid: "ae074b659397419c99480f43c8bfb126" member_type: VOTER last_known_addr { host: "127.0.117.67" port: 37115 } }
I20260710 13:27:38.532400  1356 consensus_queue.cc:237] T c46041c94b034f31bc38383807ae5fee P 5a4a79d2a01c465dac1dc9175b35d465 [LEADER]: Queue going to LEADER mode. State: All replicated index: 0, Majority replicated index: 0, Committed index: 0, Last appended: 0.0, Last appended by leader: 0, Current term: 1, Majority size: 2, State: 0, Mode: LEADER, active raft config: opid_index: -1 OBSOLETE_local: false peers { permanent_uuid: "19d4f0b5a2ed41f6a5f04e9d7d580929" member_type: VOTER last_known_addr { host: "127.0.117.65" port: 44241 } } peers { permanent_uuid: "5a4a79d2a01c465dac1dc9175b35d465" member_type: VOTER last_known_addr { host: "127.0.117.66" port: 40079 } } peers { permanent_uuid: "ae074b659397419c99480f43c8bfb126" member_type: VOTER last_known_addr { host: "127.0.117.67" port: 37115 } }
I20260710 13:27:38.533790  1320 ts_tablet_manager.cc:1434] T c46041c94b034f31bc38383807ae5fee P ae074b659397419c99480f43c8bfb126: Time spent starting tablet: real 0.041s	user 0.011s	sys 0.000s
I20260710 13:27:38.534174  1321 raft_consensus.cc:359] T 0da1593d99104b509ef60fbc19837828 P 5a4a79d2a01c465dac1dc9175b35d465 [term 0 FOLLOWER]: Replica starting. Triggering 0 pending ops. Active config: opid_index: -1 OBSOLETE_local: false peers { permanent_uuid: "19d4f0b5a2ed41f6a5f04e9d7d580929" member_type: VOTER last_known_addr { host: "127.0.117.65" port: 44241 } } peers { permanent_uuid: "5a4a79d2a01c465dac1dc9175b35d465" member_type: VOTER last_known_addr { host: "127.0.117.66" port: 40079 } } peers { permanent_uuid: "ae074b659397419c99480f43c8bfb126" member_type: VOTER last_known_addr { host: "127.0.117.67" port: 37115 } }
I20260710 13:27:38.534680  1321 raft_consensus.cc:385] T 0da1593d99104b509ef60fbc19837828 P 5a4a79d2a01c465dac1dc9175b35d465 [term 0 FOLLOWER]: Consensus starting up: Expiring failure detector timer to make a prompt election more likely
I20260710 13:27:38.534854  1321 raft_consensus.cc:740] T 0da1593d99104b509ef60fbc19837828 P 5a4a79d2a01c465dac1dc9175b35d465 [term 0 FOLLOWER]: Becoming Follower/Learner. State: Replica: 5a4a79d2a01c465dac1dc9175b35d465, State: Initialized, Role: FOLLOWER
I20260710 13:27:38.526310  1367 raft_consensus.cc:3060] T db96405568da46509bed4dee5b99c50e P ae074b659397419c99480f43c8bfb126 [term 0 FOLLOWER]: Advancing to term 1
I20260710 13:27:38.536190  1362 raft_consensus.cc:493] T 8d9acfbe21454f7bbc43df5e3b2baa11 P 5a4a79d2a01c465dac1dc9175b35d465 [term 0 FOLLOWER]: Starting pre-election (no leader contacted us within the election timeout)
I20260710 13:27:38.523555  1028 catalog_manager.cc:5697] T 8eaf60ea225346e799794688999fe6bc P 5a4a79d2a01c465dac1dc9175b35d465 reported cstate change: term changed from 0 to 1, leader changed from <none> to 5a4a79d2a01c465dac1dc9175b35d465 (127.0.117.66). New cstate: current_term: 1 leader_uuid: "5a4a79d2a01c465dac1dc9175b35d465" committed_config { opid_index: -1 OBSOLETE_local: false peers { permanent_uuid: "19d4f0b5a2ed41f6a5f04e9d7d580929" member_type: VOTER last_known_addr { host: "127.0.117.65" port: 44241 } health_report { overall_health: UNKNOWN } } peers { permanent_uuid: "5a4a79d2a01c465dac1dc9175b35d465" member_type: VOTER last_known_addr { host: "127.0.117.66" port: 40079 } health_report { overall_health: HEALTHY } } peers { permanent_uuid: "ae074b659397419c99480f43c8bfb126" member_type: VOTER last_known_addr { host: "127.0.117.67" port: 37115 } health_report { overall_health: UNKNOWN } } }
I20260710 13:27:38.539018  1171 leader_election.cc:304] T d87e906e25f54ccba1e49dff39e388c6 P 5a4a79d2a01c465dac1dc9175b35d465 [CANDIDATE]: Term 1 election: Election decided. Result: candidate won. Election summary: received 3 responses out of 3 voters: 2 yes votes; 1 no votes. yes voters: 19d4f0b5a2ed41f6a5f04e9d7d580929, 5a4a79d2a01c465dac1dc9175b35d465; no voters: ae074b659397419c99480f43c8bfb126
I20260710 13:27:38.540457  1343 raft_consensus.cc:2804] T d87e906e25f54ccba1e49dff39e388c6 P 5a4a79d2a01c465dac1dc9175b35d465 [term 1 FOLLOWER]: Leader election won for term 1
I20260710 13:27:38.541218  1320 tablet_bootstrap.cc:492] T 8d9acfbe21454f7bbc43df5e3b2baa11 P ae074b659397419c99480f43c8bfb126: Bootstrap starting.
I20260710 13:27:38.535429  1321 consensus_queue.cc:260] T 0da1593d99104b509ef60fbc19837828 P 5a4a79d2a01c465dac1dc9175b35d465 [NON_LEADER]: Queue going to NON_LEADER mode. State: All replicated index: 0, Majority replicated index: 0, Committed index: 0, Last appended: 0.0, Last appended by leader: 0, Current term: 0, Majority size: -1, State: 0, Mode: NON_LEADER, active raft config: opid_index: -1 OBSOLETE_local: false peers { permanent_uuid: "19d4f0b5a2ed41f6a5f04e9d7d580929" member_type: VOTER last_known_addr { host: "127.0.117.65" port: 44241 } } peers { permanent_uuid: "5a4a79d2a01c465dac1dc9175b35d465" member_type: VOTER last_known_addr { host: "127.0.117.66" port: 40079 } } peers { permanent_uuid: "ae074b659397419c99480f43c8bfb126" member_type: VOTER last_known_addr { host: "127.0.117.67" port: 37115 } }
I20260710 13:27:38.548532  1362 raft_consensus.cc:515] T 8d9acfbe21454f7bbc43df5e3b2baa11 P 5a4a79d2a01c465dac1dc9175b35d465 [term 0 FOLLOWER]: Starting pre-election with config: opid_index: -1 OBSOLETE_local: false peers { permanent_uuid: "19d4f0b5a2ed41f6a5f04e9d7d580929" member_type: VOTER last_known_addr { host: "127.0.117.65" port: 44241 } } peers { permanent_uuid: "5a4a79d2a01c465dac1dc9175b35d465" member_type: VOTER last_known_addr { host: "127.0.117.66" port: 40079 } } peers { permanent_uuid: "ae074b659397419c99480f43c8bfb126" member_type: VOTER last_known_addr { host: "127.0.117.67" port: 37115 } }
I20260710 13:27:38.552735  1343 raft_consensus.cc:697] T d87e906e25f54ccba1e49dff39e388c6 P 5a4a79d2a01c465dac1dc9175b35d465 [term 1 LEADER]: Becoming Leader. State: Replica: 5a4a79d2a01c465dac1dc9175b35d465, State: Running, Role: LEADER
I20260710 13:27:38.537531  1324 raft_consensus.cc:697] T 2dbeaa08e32a4bca9cfc076004a0437b P 5a4a79d2a01c465dac1dc9175b35d465 [term 1 LEADER]: Becoming Leader. State: Replica: 5a4a79d2a01c465dac1dc9175b35d465, State: Running, Role: LEADER
I20260710 13:27:38.561496  1362 leader_election.cc:290] T 8d9acfbe21454f7bbc43df5e3b2baa11 P 5a4a79d2a01c465dac1dc9175b35d465 [CANDIDATE]: Term 1 pre-election: Requested pre-vote from peers 19d4f0b5a2ed41f6a5f04e9d7d580929 (127.0.117.65:44241), ae074b659397419c99480f43c8bfb126 (127.0.117.67:37115)
I20260710 13:27:38.562325  1276 tablet_service.cc:1917] Received RequestConsensusVote() RPC: tablet_id: "8d9acfbe21454f7bbc43df5e3b2baa11" candidate_uuid: "5a4a79d2a01c465dac1dc9175b35d465" candidate_term: 1 candidate_status { last_received { term: 0 index: 0 } } ignore_live_leader: false dest_uuid: "ae074b659397419c99480f43c8bfb126" is_pre_election: true
I20260710 13:27:38.547250  1246 leader_election.cc:304] T d87e906e25f54ccba1e49dff39e388c6 P ae074b659397419c99480f43c8bfb126 [CANDIDATE]: Term 1 election: Election decided. Result: candidate lost. Election summary: received 3 responses out of 3 voters: 1 yes votes; 2 no votes. yes voters: ae074b659397419c99480f43c8bfb126; no voters: 19d4f0b5a2ed41f6a5f04e9d7d580929, 5a4a79d2a01c465dac1dc9175b35d465
W20260710 13:27:38.565448  1169 leader_election.cc:343] T 8d9acfbe21454f7bbc43df5e3b2baa11 P 5a4a79d2a01c465dac1dc9175b35d465 [CANDIDATE]: Term 1 pre-election: Tablet error from VoteRequest() call to peer ae074b659397419c99480f43c8bfb126 (127.0.117.67:37115): Illegal state: must be running to vote when last-logged opid is not known
I20260710 13:27:38.569379  1354 raft_consensus.cc:2749] T d87e906e25f54ccba1e49dff39e388c6 P ae074b659397419c99480f43c8bfb126 [term 1 FOLLOWER]: Leader election lost for term 1. Reason: could not achieve majority
I20260710 13:27:38.564692  1129 tablet_service.cc:1917] Received RequestConsensusVote() RPC: tablet_id: "8d9acfbe21454f7bbc43df5e3b2baa11" candidate_uuid: "5a4a79d2a01c465dac1dc9175b35d465" candidate_term: 1 candidate_status { last_received { term: 0 index: 0 } } ignore_live_leader: false dest_uuid: "19d4f0b5a2ed41f6a5f04e9d7d580929" is_pre_election: true
I20260710 13:27:38.567884  1343 consensus_queue.cc:237] T d87e906e25f54ccba1e49dff39e388c6 P 5a4a79d2a01c465dac1dc9175b35d465 [LEADER]: Queue going to LEADER mode. State: All replicated index: 0, Majority replicated index: 0, Committed index: 0, Last appended: 0.0, Last appended by leader: 0, Current term: 1, Majority size: 2, State: 0, Mode: LEADER, active raft config: opid_index: -1 OBSOLETE_local: false peers { permanent_uuid: "19d4f0b5a2ed41f6a5f04e9d7d580929" member_type: VOTER last_known_addr { host: "127.0.117.65" port: 44241 } } peers { permanent_uuid: "5a4a79d2a01c465dac1dc9175b35d465" member_type: VOTER last_known_addr { host: "127.0.117.66" port: 40079 } } peers { permanent_uuid: "ae074b659397419c99480f43c8bfb126" member_type: VOTER last_known_addr { host: "127.0.117.67" port: 37115 } }
I20260710 13:27:38.571094  1353 raft_consensus.cc:493] T b7a3da603fff4ec9bf8bf2d7534eb7aa P ae074b659397419c99480f43c8bfb126 [term 0 FOLLOWER]: Starting pre-election (no leader contacted us within the election timeout)
I20260710 13:27:38.571663  1353 raft_consensus.cc:515] T b7a3da603fff4ec9bf8bf2d7534eb7aa P ae074b659397419c99480f43c8bfb126 [term 0 FOLLOWER]: Starting pre-election with config: opid_index: -1 OBSOLETE_local: false peers { permanent_uuid: "19d4f0b5a2ed41f6a5f04e9d7d580929" member_type: VOTER last_known_addr { host: "127.0.117.65" port: 44241 } } peers { permanent_uuid: "5a4a79d2a01c465dac1dc9175b35d465" member_type: VOTER last_known_addr { host: "127.0.117.66" port: 40079 } } peers { permanent_uuid: "ae074b659397419c99480f43c8bfb126" member_type: VOTER last_known_addr { host: "127.0.117.67" port: 37115 } }
I20260710 13:27:38.571570  1324 consensus_queue.cc:237] T 2dbeaa08e32a4bca9cfc076004a0437b P 5a4a79d2a01c465dac1dc9175b35d465 [LEADER]: Queue going to LEADER mode. State: All replicated index: 0, Majority replicated index: 0, Committed index: 0, Last appended: 0.0, Last appended by leader: 0, Current term: 1, Majority size: 2, State: 0, Mode: LEADER, active raft config: opid_index: -1 OBSOLETE_local: false peers { permanent_uuid: "19d4f0b5a2ed41f6a5f04e9d7d580929" member_type: VOTER last_known_addr { host: "127.0.117.65" port: 44241 } } peers { permanent_uuid: "5a4a79d2a01c465dac1dc9175b35d465" member_type: VOTER last_known_addr { host: "127.0.117.66" port: 40079 } } peers { permanent_uuid: "ae074b659397419c99480f43c8bfb126" member_type: VOTER last_known_addr { host: "127.0.117.67" port: 37115 } }
I20260710 13:27:38.573983  1353 leader_election.cc:290] T b7a3da603fff4ec9bf8bf2d7534eb7aa P ae074b659397419c99480f43c8bfb126 [CANDIDATE]: Term 1 pre-election: Requested pre-vote from peers 19d4f0b5a2ed41f6a5f04e9d7d580929 (127.0.117.65:44241), 5a4a79d2a01c465dac1dc9175b35d465 (127.0.117.66:40079)
I20260710 13:27:38.574940  1367 raft_consensus.cc:2749] T db96405568da46509bed4dee5b99c50e P ae074b659397419c99480f43c8bfb126 [term 1 FOLLOWER]: Leader pre-election lost for term 1. Reason: could not achieve majority
W20260710 13:27:38.575965  1171 leader_election.cc:343] T 8d9acfbe21454f7bbc43df5e3b2baa11 P 5a4a79d2a01c465dac1dc9175b35d465 [CANDIDATE]: Term 1 pre-election: Tablet error from VoteRequest() call to peer 19d4f0b5a2ed41f6a5f04e9d7d580929 (127.0.117.65:44241): Illegal state: must be running to vote when last-logged opid is not known
