I20260710 13:27:48.189754 28533 consensus_queue.cc:1048] T ebc8f4af6bd549e793d11b1d1b5c7198 P 5e987527657e480c8aa0fe633ecd69c5 [LEADER]: Connected to new peer: Peer: permanent_uuid: "650dc6894f834487bf1479aafaf4c7c7" member_type: VOTER last_known_addr { host: "127.26.140.130" port: 38931 }, Status: LMP_MISMATCH, Last received: 0.0, Next index: 1, Last known committed idx: 0, Time since last communication: 0.001s
I20260710 13:27:48.193120 28531 raft_consensus.cc:385] T f0e0084235b44201ab0837e1dc206f7d P 1999179334fe431b9df69455a85fc4a2 [term 0 FOLLOWER]: Consensus starting up: Expiring failure detector timer to make a prompt election more likely
I20260710 13:27:48.193532 28531 raft_consensus.cc:740] T f0e0084235b44201ab0837e1dc206f7d P 1999179334fe431b9df69455a85fc4a2 [term 0 FOLLOWER]: Becoming Follower/Learner. State: Replica: 1999179334fe431b9df69455a85fc4a2, State: Initialized, Role: FOLLOWER
I20260710 13:27:48.194248 28531 consensus_queue.cc:260] T f0e0084235b44201ab0837e1dc206f7d P 1999179334fe431b9df69455a85fc4a2 [NON_LEADER]: Queue going to NON_LEADER mode. State: All replicated index: 0, Majority replicated index: 0, Committed index: 0, Last appended: 0.0, Last appended by leader: 0, Current term: 0, Majority size: -1, State: 0, Mode: NON_LEADER, active raft config: opid_index: -1 OBSOLETE_local: false peers { permanent_uuid: "1999179334fe431b9df69455a85fc4a2" member_type: VOTER last_known_addr { host: "127.26.140.129" port: 39599 } } peers { permanent_uuid: "650dc6894f834487bf1479aafaf4c7c7" member_type: VOTER last_known_addr { host: "127.26.140.130" port: 38931 } } peers { permanent_uuid: "5e987527657e480c8aa0fe633ecd69c5" member_type: VOTER last_known_addr { host: "127.26.140.131" port: 33023 } }
I20260710 13:27:48.195201 28537 raft_consensus.cc:3060] T 3a82b1b129d94ccbaed53cb5f92d25d3 P 650dc6894f834487bf1479aafaf4c7c7 [term 0 FOLLOWER]: Advancing to term 1
I20260710 13:27:48.196923 28531 ts_tablet_manager.cc:1434] T f0e0084235b44201ab0837e1dc206f7d P 1999179334fe431b9df69455a85fc4a2: Time spent starting tablet: real 0.033s	user 0.006s	sys 0.001s
I20260710 13:27:48.197851 28531 tablet_bootstrap.cc:492] T 4d59f06f8aed4533a50af6168ef57380 P 1999179334fe431b9df69455a85fc4a2: Bootstrap starting.
I20260710 13:27:48.204180 28531 tablet_bootstrap.cc:654] T 4d59f06f8aed4533a50af6168ef57380 P 1999179334fe431b9df69455a85fc4a2: Neither blocks nor log segments found. Creating new log.
I20260710 13:27:48.203013 28537 raft_consensus.cc:515] T 3a82b1b129d94ccbaed53cb5f92d25d3 P 650dc6894f834487bf1479aafaf4c7c7 [term 1 FOLLOWER]: Starting leader election with config: opid_index: -1 OBSOLETE_local: false peers { permanent_uuid: "1999179334fe431b9df69455a85fc4a2" member_type: VOTER last_known_addr { host: "127.26.140.129" port: 39599 } } peers { permanent_uuid: "650dc6894f834487bf1479aafaf4c7c7" member_type: VOTER last_known_addr { host: "127.26.140.130" port: 38931 } } peers { permanent_uuid: "5e987527657e480c8aa0fe633ecd69c5" member_type: VOTER last_known_addr { host: "127.26.140.131" port: 33023 } }
I20260710 13:27:48.213182 28339 tablet_service.cc:1917] Received RequestConsensusVote() RPC: tablet_id: "3a82b1b129d94ccbaed53cb5f92d25d3" candidate_uuid: "650dc6894f834487bf1479aafaf4c7c7" candidate_term: 1 candidate_status { last_received { term: 0 index: 0 } } ignore_live_leader: false dest_uuid: "1999179334fe431b9df69455a85fc4a2"
I20260710 13:27:48.213758 28339 raft_consensus.cc:3060] T 3a82b1b129d94ccbaed53cb5f92d25d3 P 1999179334fe431b9df69455a85fc4a2 [term 0 FOLLOWER]: Advancing to term 1
I20260710 13:27:48.222180 28339 raft_consensus.cc:2468] T 3a82b1b129d94ccbaed53cb5f92d25d3 P 1999179334fe431b9df69455a85fc4a2 [term 1 FOLLOWER]: Leader election vote request: Granting yes vote for candidate 650dc6894f834487bf1479aafaf4c7c7 in term 1.
I20260710 13:27:48.223763 28380 leader_election.cc:304] T 3a82b1b129d94ccbaed53cb5f92d25d3 P 650dc6894f834487bf1479aafaf4c7c7 [CANDIDATE]: Term 1 election: Election decided. Result: candidate won. Election summary: received 2 responses out of 3 voters: 2 yes votes; 0 no votes. yes voters: 1999179334fe431b9df69455a85fc4a2, 650dc6894f834487bf1479aafaf4c7c7; no voters: 
I20260710 13:27:48.225114 28584 raft_consensus.cc:2804] T 3a82b1b129d94ccbaed53cb5f92d25d3 P 650dc6894f834487bf1479aafaf4c7c7 [term 1 FOLLOWER]: Leader election won for term 1
I20260710 13:27:48.229548 28531 tablet_bootstrap.cc:492] T 4d59f06f8aed4533a50af6168ef57380 P 1999179334fe431b9df69455a85fc4a2: No bootstrap required, opened a new log
I20260710 13:27:48.230165 28531 ts_tablet_manager.cc:1403] T 4d59f06f8aed4533a50af6168ef57380 P 1999179334fe431b9df69455a85fc4a2: Time spent bootstrapping tablet: real 0.033s	user 0.012s	sys 0.002s
I20260710 13:27:48.233525 28531 raft_consensus.cc:359] T 4d59f06f8aed4533a50af6168ef57380 P 1999179334fe431b9df69455a85fc4a2 [term 0 FOLLOWER]: Replica starting. Triggering 0 pending ops. Active config: opid_index: -1 OBSOLETE_local: false peers { permanent_uuid: "1999179334fe431b9df69455a85fc4a2" member_type: VOTER last_known_addr { host: "127.26.140.129" port: 39599 } } peers { permanent_uuid: "650dc6894f834487bf1479aafaf4c7c7" member_type: VOTER last_known_addr { host: "127.26.140.130" port: 38931 } } peers { permanent_uuid: "5e987527657e480c8aa0fe633ecd69c5" member_type: VOTER last_known_addr { host: "127.26.140.131" port: 33023 } }
I20260710 13:27:48.234395 28531 raft_consensus.cc:385] T 4d59f06f8aed4533a50af6168ef57380 P 1999179334fe431b9df69455a85fc4a2 [term 0 FOLLOWER]: Consensus starting up: Expiring failure detector timer to make a prompt election more likely
I20260710 13:27:48.234733 28531 raft_consensus.cc:740] T 4d59f06f8aed4533a50af6168ef57380 P 1999179334fe431b9df69455a85fc4a2 [term 0 FOLLOWER]: Becoming Follower/Learner. State: Replica: 1999179334fe431b9df69455a85fc4a2, State: Initialized, Role: FOLLOWER
I20260710 13:27:48.235675 28531 consensus_queue.cc:260] T 4d59f06f8aed4533a50af6168ef57380 P 1999179334fe431b9df69455a85fc4a2 [NON_LEADER]: Queue going to NON_LEADER mode. State: All replicated index: 0, Majority replicated index: 0, Committed index: 0, Last appended: 0.0, Last appended by leader: 0, Current term: 0, Majority size: -1, State: 0, Mode: NON_LEADER, active raft config: opid_index: -1 OBSOLETE_local: false peers { permanent_uuid: "1999179334fe431b9df69455a85fc4a2" member_type: VOTER last_known_addr { host: "127.26.140.129" port: 39599 } } peers { permanent_uuid: "650dc6894f834487bf1479aafaf4c7c7" member_type: VOTER last_known_addr { host: "127.26.140.130" port: 38931 } } peers { permanent_uuid: "5e987527657e480c8aa0fe633ecd69c5" member_type: VOTER last_known_addr { host: "127.26.140.131" port: 33023 } }
I20260710 13:27:48.237637 28584 raft_consensus.cc:697] T 3a82b1b129d94ccbaed53cb5f92d25d3 P 650dc6894f834487bf1479aafaf4c7c7 [term 1 LEADER]: Becoming Leader. State: Replica: 650dc6894f834487bf1479aafaf4c7c7, State: Running, Role: LEADER
I20260710 13:27:48.238265 28531 ts_tablet_manager.cc:1434] T 4d59f06f8aed4533a50af6168ef57380 P 1999179334fe431b9df69455a85fc4a2: Time spent starting tablet: real 0.008s	user 0.006s	sys 0.000s
I20260710 13:27:48.238832 28565 raft_consensus.cc:493] T befadca75f3446e886d18da43cb49067 P 1999179334fe431b9df69455a85fc4a2 [term 0 FOLLOWER]: Starting pre-election (no leader contacted us within the election timeout)
I20260710 13:27:48.239069 28584 consensus_queue.cc:237] T 3a82b1b129d94ccbaed53cb5f92d25d3 P 650dc6894f834487bf1479aafaf4c7c7 [LEADER]: Queue going to LEADER mode. State: All replicated index: 0, Majority replicated index: 0, Committed index: 0, Last appended: 0.0, Last appended by leader: 0, Current term: 1, Majority size: 2, State: 0, Mode: LEADER, active raft config: opid_index: -1 OBSOLETE_local: false peers { permanent_uuid: "1999179334fe431b9df69455a85fc4a2" member_type: VOTER last_known_addr { host: "127.26.140.129" port: 39599 } } peers { permanent_uuid: "650dc6894f834487bf1479aafaf4c7c7" member_type: VOTER last_known_addr { host: "127.26.140.130" port: 38931 } } peers { permanent_uuid: "5e987527657e480c8aa0fe633ecd69c5" member_type: VOTER last_known_addr { host: "127.26.140.131" port: 33023 } }
I20260710 13:27:48.239598 28531 tablet_bootstrap.cc:492] T 3bff33ec0a684fd6b3b2dfab94d9ef31 P 1999179334fe431b9df69455a85fc4a2: Bootstrap starting.
I20260710 13:27:48.239342 28565 raft_consensus.cc:515] T befadca75f3446e886d18da43cb49067 P 1999179334fe431b9df69455a85fc4a2 [term 0 FOLLOWER]: Starting pre-election with config: opid_index: -1 OBSOLETE_local: false peers { permanent_uuid: "1999179334fe431b9df69455a85fc4a2" member_type: VOTER last_known_addr { host: "127.26.140.129" port: 39599 } } peers { permanent_uuid: "650dc6894f834487bf1479aafaf4c7c7" member_type: VOTER last_known_addr { host: "127.26.140.130" port: 38931 } } peers { permanent_uuid: "5e987527657e480c8aa0fe633ecd69c5" member_type: VOTER last_known_addr { host: "127.26.140.131" port: 33023 } }
I20260710 13:27:48.246748 28565 leader_election.cc:290] T befadca75f3446e886d18da43cb49067 P 1999179334fe431b9df69455a85fc4a2 [CANDIDATE]: Term 1 pre-election: Requested pre-vote from peers 650dc6894f834487bf1479aafaf4c7c7 (127.26.140.130:38931), 5e987527657e480c8aa0fe633ecd69c5 (127.26.140.131:33023)
I20260710 13:27:48.247277 28486 tablet_service.cc:1917] Received RequestConsensusVote() RPC: tablet_id: "befadca75f3446e886d18da43cb49067" candidate_uuid: "1999179334fe431b9df69455a85fc4a2" candidate_term: 1 candidate_status { last_received { term: 0 index: 0 } } ignore_live_leader: false dest_uuid: "5e987527657e480c8aa0fe633ecd69c5" is_pre_election: true
W20260710 13:27:48.249811 28304 leader_election.cc:343] T befadca75f3446e886d18da43cb49067 P 1999179334fe431b9df69455a85fc4a2 [CANDIDATE]: Term 1 pre-election: Tablet error from VoteRequest() call to peer 5e987527657e480c8aa0fe633ecd69c5 (127.26.140.131:33023): Illegal state: must be running to vote when last-logged opid is not known
I20260710 13:27:48.250595 28531 tablet_bootstrap.cc:654] T 3bff33ec0a684fd6b3b2dfab94d9ef31 P 1999179334fe431b9df69455a85fc4a2: Neither blocks nor log segments found. Creating new log.
I20260710 13:27:48.250579 28415 tablet_service.cc:1917] Received RequestConsensusVote() RPC: tablet_id: "befadca75f3446e886d18da43cb49067" candidate_uuid: "1999179334fe431b9df69455a85fc4a2" candidate_term: 1 candidate_status { last_received { term: 0 index: 0 } } ignore_live_leader: false dest_uuid: "650dc6894f834487bf1479aafaf4c7c7" is_pre_election: true
W20260710 13:27:48.252282 28303 leader_election.cc:343] T befadca75f3446e886d18da43cb49067 P 1999179334fe431b9df69455a85fc4a2 [CANDIDATE]: Term 1 pre-election: Tablet error from VoteRequest() call to peer 650dc6894f834487bf1479aafaf4c7c7 (127.26.140.130:38931): Illegal state: must be running to vote when last-logged opid is not known
I20260710 13:27:48.252755 28303 leader_election.cc:304] T befadca75f3446e886d18da43cb49067 P 1999179334fe431b9df69455a85fc4a2 [CANDIDATE]: Term 1 pre-election: Election decided. Result: candidate lost. Election summary: received 3 responses out of 3 voters: 1 yes votes; 2 no votes. yes voters: 1999179334fe431b9df69455a85fc4a2; no voters: 5e987527657e480c8aa0fe633ecd69c5, 650dc6894f834487bf1479aafaf4c7c7
I20260710 13:27:48.252501 28615 raft_consensus.cc:493] T e8ffe3f71ecb422aa76d7f799a357301 P 650dc6894f834487bf1479aafaf4c7c7 [term 0 FOLLOWER]: Starting pre-election (no leader contacted us within the election timeout)
I20260710 13:27:48.253867 28565 raft_consensus.cc:2749] T befadca75f3446e886d18da43cb49067 P 1999179334fe431b9df69455a85fc4a2 [term 0 FOLLOWER]: Leader pre-election lost for term 1. Reason: could not achieve majority
I20260710 13:27:48.263080 28537 leader_election.cc:290] T 3a82b1b129d94ccbaed53cb5f92d25d3 P 650dc6894f834487bf1479aafaf4c7c7 [CANDIDATE]: Term 1 election: Requested vote from peers 1999179334fe431b9df69455a85fc4a2 (127.26.140.129:39599), 5e987527657e480c8aa0fe633ecd69c5 (127.26.140.131:33023)
I20260710 13:27:48.264416 28615 raft_consensus.cc:515] T e8ffe3f71ecb422aa76d7f799a357301 P 650dc6894f834487bf1479aafaf4c7c7 [term 0 FOLLOWER]: Starting pre-election with config: opid_index: -1 OBSOLETE_local: false peers { permanent_uuid: "1999179334fe431b9df69455a85fc4a2" member_type: VOTER last_known_addr { host: "127.26.140.129" port: 39599 } } peers { permanent_uuid: "650dc6894f834487bf1479aafaf4c7c7" member_type: VOTER last_known_addr { host: "127.26.140.130" port: 38931 } } peers { permanent_uuid: "5e987527657e480c8aa0fe633ecd69c5" member_type: VOTER last_known_addr { host: "127.26.140.131" port: 33023 } }
I20260710 13:27:48.298833 28561 raft_consensus.cc:493] T 130089e3173442168650dfa27955845e P 5e987527657e480c8aa0fe633ecd69c5 [term 0 FOLLOWER]: Starting pre-election (no leader contacted us within the election timeout)
I20260710 13:27:48.299186 28615 leader_election.cc:290] T e8ffe3f71ecb422aa76d7f799a357301 P 650dc6894f834487bf1479aafaf4c7c7 [CANDIDATE]: Term 1 pre-election: Requested pre-vote from peers 1999179334fe431b9df69455a85fc4a2 (127.26.140.129:39599), 5e987527657e480c8aa0fe633ecd69c5 (127.26.140.131:33023)
I20260710 13:27:48.299903 28339 tablet_service.cc:1917] Received RequestConsensusVote() RPC: tablet_id: "e8ffe3f71ecb422aa76d7f799a357301" candidate_uuid: "650dc6894f834487bf1479aafaf4c7c7" candidate_term: 1 candidate_status { last_received { term: 0 index: 0 } } ignore_live_leader: false dest_uuid: "1999179334fe431b9df69455a85fc4a2" is_pre_election: true
I20260710 13:27:48.299561 28561 raft_consensus.cc:515] T 130089e3173442168650dfa27955845e P 5e987527657e480c8aa0fe633ecd69c5 [term 0 FOLLOWER]: Starting pre-election with config: opid_index: -1 OBSOLETE_local: false peers { permanent_uuid: "1999179334fe431b9df69455a85fc4a2" member_type: VOTER last_known_addr { host: "127.26.140.129" port: 39599 } } peers { permanent_uuid: "650dc6894f834487bf1479aafaf4c7c7" member_type: VOTER last_known_addr { host: "127.26.140.130" port: 38931 } } peers { permanent_uuid: "5e987527657e480c8aa0fe633ecd69c5" member_type: VOTER last_known_addr { host: "127.26.140.131" port: 33023 } }
I20260710 13:27:48.296947 28486 tablet_service.cc:1917] Received RequestConsensusVote() RPC: tablet_id: "3a82b1b129d94ccbaed53cb5f92d25d3" candidate_uuid: "650dc6894f834487bf1479aafaf4c7c7" candidate_term: 1 candidate_status { last_received { term: 0 index: 0 } } ignore_live_leader: false dest_uuid: "5e987527657e480c8aa0fe633ecd69c5"
I20260710 13:27:48.301566 28489 tablet_service.cc:1917] Received RequestConsensusVote() RPC: tablet_id: "e8ffe3f71ecb422aa76d7f799a357301" candidate_uuid: "650dc6894f834487bf1479aafaf4c7c7" candidate_term: 1 candidate_status { last_received { term: 0 index: 0 } } ignore_live_leader: false dest_uuid: "5e987527657e480c8aa0fe633ecd69c5" is_pre_election: true
I20260710 13:27:48.311462 28617 consensus_queue.cc:1048] T 52b44af8d8b1404d89656d160cee4a69 P 650dc6894f834487bf1479aafaf4c7c7 [LEADER]: Connected to new peer: Peer: permanent_uuid: "5e987527657e480c8aa0fe633ecd69c5" member_type: VOTER last_known_addr { host: "127.26.140.131" port: 33023 }, Status: LMP_MISMATCH, Last received: 0.0, Next index: 1, Last known committed idx: 0, Time since last communication: 0.014s
W20260710 13:27:48.312045 28380 leader_election.cc:343] T e8ffe3f71ecb422aa76d7f799a357301 P 650dc6894f834487bf1479aafaf4c7c7 [CANDIDATE]: Term 1 pre-election: Tablet error from VoteRequest() call to peer 1999179334fe431b9df69455a85fc4a2 (127.26.140.129:39599): Illegal state: must be running to vote when last-logged opid is not known
I20260710 13:27:48.314172 28561 leader_election.cc:290] T 130089e3173442168650dfa27955845e P 5e987527657e480c8aa0fe633ecd69c5 [CANDIDATE]: Term 1 pre-election: Requested pre-vote from peers 1999179334fe431b9df69455a85fc4a2 (127.26.140.129:39599), 650dc6894f834487bf1479aafaf4c7c7 (127.26.140.130:38931)
I20260710 13:27:48.315151 28413 tablet_service.cc:1917] Received RequestConsensusVote() RPC: tablet_id: "130089e3173442168650dfa27955845e" candidate_uuid: "5e987527657e480c8aa0fe633ecd69c5" candidate_term: 1 candidate_status { last_received { term: 0 index: 0 } } ignore_live_leader: false dest_uuid: "650dc6894f834487bf1479aafaf4c7c7" is_pre_election: true
W20260710 13:27:48.315364 28303 consensus_peers.cc:597] T 66fafbf739b14f16a199a79f994908b8 P 1999179334fe431b9df69455a85fc4a2 -> Peer 650dc6894f834487bf1479aafaf4c7c7 (127.26.140.130:38931): Couldn't send request to peer 650dc6894f834487bf1479aafaf4c7c7. Error code: TABLET_NOT_RUNNING (12). Status: Illegal state: Tablet not RUNNING: INITIALIZED. This is attempt 1: this message will repeat every 5th retry.
I20260710 13:27:48.316954 28339 tablet_service.cc:1917] Received RequestConsensusVote() RPC: tablet_id: "130089e3173442168650dfa27955845e" candidate_uuid: "5e987527657e480c8aa0fe633ecd69c5" candidate_term: 1 candidate_status { last_received { term: 0 index: 0 } } ignore_live_leader: false dest_uuid: "1999179334fe431b9df69455a85fc4a2" is_pre_election: true
I20260710 13:27:48.309062 28567 raft_consensus.cc:493] T 6e8564638c494c0789a2117c0630883e P 1999179334fe431b9df69455a85fc4a2 [term 0 FOLLOWER]: Starting pre-election (no leader contacted us within the election timeout)
I20260710 13:27:48.318094 28567 raft_consensus.cc:515] T 6e8564638c494c0789a2117c0630883e P 1999179334fe431b9df69455a85fc4a2 [term 0 FOLLOWER]: Starting pre-election with config: opid_index: -1 OBSOLETE_local: false peers { permanent_uuid: "1999179334fe431b9df69455a85fc4a2" member_type: VOTER last_known_addr { host: "127.26.140.129" port: 39599 } } peers { permanent_uuid: "650dc6894f834487bf1479aafaf4c7c7" member_type: VOTER last_known_addr { host: "127.26.140.130" port: 38931 } } peers { permanent_uuid: "5e987527657e480c8aa0fe633ecd69c5" member_type: VOTER last_known_addr { host: "127.26.140.131" port: 33023 } }
W20260710 13:27:48.318914 28454 leader_election.cc:343] T 130089e3173442168650dfa27955845e P 5e987527657e480c8aa0fe633ecd69c5 [CANDIDATE]: Term 1 pre-election: Tablet error from VoteRequest() call to peer 1999179334fe431b9df69455a85fc4a2 (127.26.140.129:39599): Illegal state: must be running to vote when last-logged opid is not known
W20260710 13:27:48.319782 28452 leader_election.cc:343] T 130089e3173442168650dfa27955845e P 5e987527657e480c8aa0fe633ecd69c5 [CANDIDATE]: Term 1 pre-election: Tablet error from VoteRequest() call to peer 650dc6894f834487bf1479aafaf4c7c7 (127.26.140.130:38931): Illegal state: must be running to vote when last-logged opid is not known
I20260710 13:27:48.320087 28567 leader_election.cc:290] T 6e8564638c494c0789a2117c0630883e P 1999179334fe431b9df69455a85fc4a2 [CANDIDATE]: Term 1 pre-election: Requested pre-vote from peers 650dc6894f834487bf1479aafaf4c7c7 (127.26.140.130:38931), 5e987527657e480c8aa0fe633ecd69c5 (127.26.140.131:33023)
I20260710 13:27:48.320209 28452 leader_election.cc:304] T 130089e3173442168650dfa27955845e P 5e987527657e480c8aa0fe633ecd69c5 [CANDIDATE]: Term 1 pre-election: Election decided. Result: candidate lost. Election summary: received 3 responses out of 3 voters: 1 yes votes; 2 no votes. yes voters: 5e987527657e480c8aa0fe633ecd69c5; no voters: 1999179334fe431b9df69455a85fc4a2, 650dc6894f834487bf1479aafaf4c7c7
I20260710 13:27:48.321462 28561 raft_consensus.cc:2749] T 130089e3173442168650dfa27955845e P 5e987527657e480c8aa0fe633ecd69c5 [term 0 FOLLOWER]: Leader pre-election lost for term 1. Reason: could not achieve majority
I20260710 13:27:48.324657 28529 tablet_bootstrap.cc:492] T 76efd716d029407ba0281988d87268a1 P 5e987527657e480c8aa0fe633ecd69c5: No bootstrap required, opened a new log
I20260710 13:27:48.325582 28529 ts_tablet_manager.cc:1403] T 76efd716d029407ba0281988d87268a1 P 5e987527657e480c8aa0fe633ecd69c5: Time spent bootstrapping tablet: real 0.238s	user 0.067s	sys 0.121s
I20260710 13:27:48.324697 28531 tablet_bootstrap.cc:492] T 3bff33ec0a684fd6b3b2dfab94d9ef31 P 1999179334fe431b9df69455a85fc4a2: No bootstrap required, opened a new log
I20260710 13:27:48.326494 28531 ts_tablet_manager.cc:1403] T 3bff33ec0a684fd6b3b2dfab94d9ef31 P 1999179334fe431b9df69455a85fc4a2: Time spent bootstrapping tablet: real 0.087s	user 0.015s	sys 0.020s
I20260710 13:27:48.325851 28487 tablet_service.cc:1917] Received RequestConsensusVote() RPC: tablet_id: "6e8564638c494c0789a2117c0630883e" candidate_uuid: "1999179334fe431b9df69455a85fc4a2" candidate_term: 1 candidate_status { last_received { term: 0 index: 0 } } ignore_live_leader: false dest_uuid: "5e987527657e480c8aa0fe633ecd69c5" is_pre_election: true
I20260710 13:27:48.328771 28415 tablet_service.cc:1917] Received RequestConsensusVote() RPC: tablet_id: "6e8564638c494c0789a2117c0630883e" candidate_uuid: "1999179334fe431b9df69455a85fc4a2" candidate_term: 1 candidate_status { last_received { term: 0 index: 0 } } ignore_live_leader: false dest_uuid: "650dc6894f834487bf1479aafaf4c7c7" is_pre_election: true
I20260710 13:27:48.328644 28529 raft_consensus.cc:359] T 76efd716d029407ba0281988d87268a1 P 5e987527657e480c8aa0fe633ecd69c5 [term 0 FOLLOWER]: Replica starting. Triggering 0 pending ops. Active config: opid_index: -1 OBSOLETE_local: false peers { permanent_uuid: "1999179334fe431b9df69455a85fc4a2" member_type: VOTER last_known_addr { host: "127.26.140.129" port: 39599 } } peers { permanent_uuid: "650dc6894f834487bf1479aafaf4c7c7" member_type: VOTER last_known_addr { host: "127.26.140.130" port: 38931 } } peers { permanent_uuid: "5e987527657e480c8aa0fe633ecd69c5" member_type: VOTER last_known_addr { host: "127.26.140.131" port: 33023 } }
I20260710 13:27:48.329288 28529 raft_consensus.cc:385] T 76efd716d029407ba0281988d87268a1 P 5e987527657e480c8aa0fe633ecd69c5 [term 0 FOLLOWER]: Consensus starting up: Expiring failure detector timer to make a prompt election more likely
W20260710 13:27:48.329537 28304 leader_election.cc:343] T 6e8564638c494c0789a2117c0630883e P 1999179334fe431b9df69455a85fc4a2 [CANDIDATE]: Term 1 pre-election: Tablet error from VoteRequest() call to peer 5e987527657e480c8aa0fe633ecd69c5 (127.26.140.131:33023): Illegal state: must be running to vote when last-logged opid is not known
I20260710 13:27:48.329563 28529 raft_consensus.cc:740] T 76efd716d029407ba0281988d87268a1 P 5e987527657e480c8aa0fe633ecd69c5 [term 0 FOLLOWER]: Becoming Follower/Learner. State: Replica: 5e987527657e480c8aa0fe633ecd69c5, State: Initialized, Role: FOLLOWER
W20260710 13:27:48.330161 28303 leader_election.cc:343] T 6e8564638c494c0789a2117c0630883e P 1999179334fe431b9df69455a85fc4a2 [CANDIDATE]: Term 1 pre-election: Tablet error from VoteRequest() call to peer 650dc6894f834487bf1479aafaf4c7c7 (127.26.140.130:38931): Illegal state: must be running to vote when last-logged opid is not known
I20260710 13:27:48.330569 28303 leader_election.cc:304] T 6e8564638c494c0789a2117c0630883e P 1999179334fe431b9df69455a85fc4a2 [CANDIDATE]: Term 1 pre-election: Election decided. Result: candidate lost. Election summary: received 3 responses out of 3 voters: 1 yes votes; 2 no votes. yes voters: 1999179334fe431b9df69455a85fc4a2; no voters: 5e987527657e480c8aa0fe633ecd69c5, 650dc6894f834487bf1479aafaf4c7c7
I20260710 13:27:48.330504 28529 consensus_queue.cc:260] T 76efd716d029407ba0281988d87268a1 P 5e987527657e480c8aa0fe633ecd69c5 [NON_LEADER]: Queue going to NON_LEADER mode. State: All replicated index: 0, Majority replicated index: 0, Committed index: 0, Last appended: 0.0, Last appended by leader: 0, Current term: 0, Majority size: -1, State: 0, Mode: NON_LEADER, active raft config: opid_index: -1 OBSOLETE_local: false peers { permanent_uuid: "1999179334fe431b9df69455a85fc4a2" member_type: VOTER last_known_addr { host: "127.26.140.129" port: 39599 } } peers { permanent_uuid: "650dc6894f834487bf1479aafaf4c7c7" member_type: VOTER last_known_addr { host: "127.26.140.130" port: 38931 } } peers { permanent_uuid: "5e987527657e480c8aa0fe633ecd69c5" member_type: VOTER last_known_addr { host: "127.26.140.131" port: 33023 } }
I20260710 13:27:48.331475 28560 raft_consensus.cc:2749] T 6e8564638c494c0789a2117c0630883e P 1999179334fe431b9df69455a85fc4a2 [term 0 FOLLOWER]: Leader pre-election lost for term 1. Reason: could not achieve majority
I20260710 13:27:48.332894 28532 tablet_bootstrap.cc:492] T 761c11ffa94e4d8698c5fdd85838cf4e P 650dc6894f834487bf1479aafaf4c7c7: No bootstrap required, opened a new log
I20260710 13:27:48.333333 28532 ts_tablet_manager.cc:1403] T 761c11ffa94e4d8698c5fdd85838cf4e P 650dc6894f834487bf1479aafaf4c7c7: Time spent bootstrapping tablet: real 0.240s	user 0.041s	sys 0.045s
I20260710 13:27:48.334718 28529 ts_tablet_manager.cc:1434] T 76efd716d029407ba0281988d87268a1 P 5e987527657e480c8aa0fe633ecd69c5: Time spent starting tablet: real 0.009s	user 0.006s	sys 0.000s
I20260710 13:27:48.335390 28529 tablet_bootstrap.cc:492] T befadca75f3446e886d18da43cb49067 P 5e987527657e480c8aa0fe633ecd69c5: Bootstrap starting.
I20260710 13:27:48.336171 28562 consensus_queue.cc:1048] T ebc8f4af6bd549e793d11b1d1b5c7198 P 5e987527657e480c8aa0fe633ecd69c5 [LEADER]: Connected to new peer: Peer: permanent_uuid: "1999179334fe431b9df69455a85fc4a2" member_type: VOTER last_known_addr { host: "127.26.140.129" port: 39599 }, Status: LMP_MISMATCH, Last received: 0.0, Next index: 1, Last known committed idx: 0, Time since last communication: 0.001s
I20260710 13:27:48.338022 28532 raft_consensus.cc:359] T 761c11ffa94e4d8698c5fdd85838cf4e P 650dc6894f834487bf1479aafaf4c7c7 [term 0 FOLLOWER]: Replica starting. Triggering 0 pending ops. Active config: opid_index: -1 OBSOLETE_local: false peers { permanent_uuid: "1999179334fe431b9df69455a85fc4a2" member_type: VOTER last_known_addr { host: "127.26.140.129" port: 39599 } } peers { permanent_uuid: "650dc6894f834487bf1479aafaf4c7c7" member_type: VOTER last_known_addr { host: "127.26.140.130" port: 38931 } } peers { permanent_uuid: "5e987527657e480c8aa0fe633ecd69c5" member_type: VOTER last_known_addr { host: "127.26.140.131" port: 33023 } }
I20260710 13:27:48.338791 28532 raft_consensus.cc:385] T 761c11ffa94e4d8698c5fdd85838cf4e P 650dc6894f834487bf1479aafaf4c7c7 [term 0 FOLLOWER]: Consensus starting up: Expiring failure detector timer to make a prompt election more likely
W20260710 13:27:48.323068 28379 leader_election.cc:343] T e8ffe3f71ecb422aa76d7f799a357301 P 650dc6894f834487bf1479aafaf4c7c7 [CANDIDATE]: Term 1 pre-election: Tablet error from VoteRequest() call to peer 5e987527657e480c8aa0fe633ecd69c5 (127.26.140.131:33023): Illegal state: must be running to vote when last-logged opid is not known
I20260710 13:27:48.339823 28379 leader_election.cc:304] T e8ffe3f71ecb422aa76d7f799a357301 P 650dc6894f834487bf1479aafaf4c7c7 [CANDIDATE]: Term 1 pre-election: Election decided. Result: candidate lost. Election summary: received 3 responses out of 3 voters: 1 yes votes; 2 no votes. yes voters: 650dc6894f834487bf1479aafaf4c7c7; no voters: 1999179334fe431b9df69455a85fc4a2, 5e987527657e480c8aa0fe633ecd69c5
I20260710 13:27:48.339149 28531 raft_consensus.cc:359] T 3bff33ec0a684fd6b3b2dfab94d9ef31 P 1999179334fe431b9df69455a85fc4a2 [term 0 FOLLOWER]: Replica starting. Triggering 0 pending ops. Active config: opid_index: -1 OBSOLETE_local: false peers { permanent_uuid: "1999179334fe431b9df69455a85fc4a2" member_type: VOTER last_known_addr { host: "127.26.140.129" port: 39599 } } peers { permanent_uuid: "650dc6894f834487bf1479aafaf4c7c7" member_type: VOTER last_known_addr { host: "127.26.140.130" port: 38931 } } peers { permanent_uuid: "5e987527657e480c8aa0fe633ecd69c5" member_type: VOTER last_known_addr { host: "127.26.140.131" port: 33023 } }
I20260710 13:27:48.340536 28531 raft_consensus.cc:385] T 3bff33ec0a684fd6b3b2dfab94d9ef31 P 1999179334fe431b9df69455a85fc4a2 [term 0 FOLLOWER]: Consensus starting up: Expiring failure detector timer to make a prompt election more likely
I20260710 13:27:48.341344 28617 raft_consensus.cc:2749] T e8ffe3f71ecb422aa76d7f799a357301 P 650dc6894f834487bf1479aafaf4c7c7 [term 0 FOLLOWER]: Leader pre-election lost for term 1. Reason: could not achieve majority
I20260710 13:27:48.341609 28531 raft_consensus.cc:740] T 3bff33ec0a684fd6b3b2dfab94d9ef31 P 1999179334fe431b9df69455a85fc4a2 [term 0 FOLLOWER]: Becoming Follower/Learner. State: Replica: 1999179334fe431b9df69455a85fc4a2, State: Initialized, Role: FOLLOWER
I20260710 13:27:48.339077 28532 raft_consensus.cc:740] T 761c11ffa94e4d8698c5fdd85838cf4e P 650dc6894f834487bf1479aafaf4c7c7 [term 0 FOLLOWER]: Becoming Follower/Learner. State: Replica: 650dc6894f834487bf1479aafaf4c7c7, State: Initialized, Role: FOLLOWER
I20260710 13:27:48.342481 28531 consensus_queue.cc:260] T 3bff33ec0a684fd6b3b2dfab94d9ef31 P 1999179334fe431b9df69455a85fc4a2 [NON_LEADER]: Queue going to NON_LEADER mode. State: All replicated index: 0, Majority replicated index: 0, Committed index: 0, Last appended: 0.0, Last appended by leader: 0, Current term: 0, Majority size: -1, State: 0, Mode: NON_LEADER, active raft config: opid_index: -1 OBSOLETE_local: false peers { permanent_uuid: "1999179334fe431b9df69455a85fc4a2" member_type: VOTER last_known_addr { host: "127.26.140.129" port: 39599 } } peers { permanent_uuid: "650dc6894f834487bf1479aafaf4c7c7" member_type: VOTER last_known_addr { host: "127.26.140.130" port: 38931 } } peers { permanent_uuid: "5e987527657e480c8aa0fe633ecd69c5" member_type: VOTER last_known_addr { host: "127.26.140.131" port: 33023 } }
I20260710 13:27:48.343070 28532 consensus_queue.cc:260] T 761c11ffa94e4d8698c5fdd85838cf4e P 650dc6894f834487bf1479aafaf4c7c7 [NON_LEADER]: Queue going to NON_LEADER mode. State: All replicated index: 0, Majority replicated index: 0, Committed index: 0, Last appended: 0.0, Last appended by leader: 0, Current term: 0, Majority size: -1, State: 0, Mode: NON_LEADER, active raft config: opid_index: -1 OBSOLETE_local: false peers { permanent_uuid: "1999179334fe431b9df69455a85fc4a2" member_type: VOTER last_known_addr { host: "127.26.140.129" port: 39599 } } peers { permanent_uuid: "650dc6894f834487bf1479aafaf4c7c7" member_type: VOTER last_known_addr { host: "127.26.140.130" port: 38931 } } peers { permanent_uuid: "5e987527657e480c8aa0fe633ecd69c5" member_type: VOTER last_known_addr { host: "127.26.140.131" port: 33023 } }
I20260710 13:27:48.350368 28532 ts_tablet_manager.cc:1434] T 761c11ffa94e4d8698c5fdd85838cf4e P 650dc6894f834487bf1479aafaf4c7c7: Time spent starting tablet: real 0.017s	user 0.006s	sys 0.001s
I20260710 13:27:48.350440 28529 tablet_bootstrap.cc:654] T befadca75f3446e886d18da43cb49067 P 5e987527657e480c8aa0fe633ecd69c5: Neither blocks nor log segments found. Creating new log.
I20260710 13:27:48.351296 28532 tablet_bootstrap.cc:492] T 6e8564638c494c0789a2117c0630883e P 650dc6894f834487bf1479aafaf4c7c7: Bootstrap starting.
I20260710 13:27:48.356472 28237 catalog_manager.cc:5697] T 3a82b1b129d94ccbaed53cb5f92d25d3 P 650dc6894f834487bf1479aafaf4c7c7 reported cstate change: term changed from 0 to 1, leader changed from <none> to 650dc6894f834487bf1479aafaf4c7c7 (127.26.140.130). New cstate: current_term: 1 leader_uuid: "650dc6894f834487bf1479aafaf4c7c7" committed_config { opid_index: -1 OBSOLETE_local: false peers { permanent_uuid: "1999179334fe431b9df69455a85fc4a2" member_type: VOTER last_known_addr { host: "127.26.140.129" port: 39599 } health_report { overall_health: UNKNOWN } } peers { permanent_uuid: "650dc6894f834487bf1479aafaf4c7c7" member_type: VOTER last_known_addr { host: "127.26.140.130" port: 38931 } health_report { overall_health: HEALTHY } } peers { permanent_uuid: "5e987527657e480c8aa0fe633ecd69c5" member_type: VOTER last_known_addr { host: "127.26.140.131" port: 33023 } health_report { overall_health: UNKNOWN } } }
I20260710 13:27:48.358440 28531 ts_tablet_manager.cc:1434] T 3bff33ec0a684fd6b3b2dfab94d9ef31 P 1999179334fe431b9df69455a85fc4a2: Time spent starting tablet: real 0.032s	user 0.008s	sys 0.000s
I20260710 13:27:48.359776 28531 tablet_bootstrap.cc:492] T 52b44af8d8b1404d89656d160cee4a69 P 1999179334fe431b9df69455a85fc4a2: Bootstrap starting.
W20260710 13:27:48.363768 28380 consensus_peers.cc:597] T 52b44af8d8b1404d89656d160cee4a69 P 650dc6894f834487bf1479aafaf4c7c7 -> Peer 1999179334fe431b9df69455a85fc4a2 (127.26.140.129:39599): Couldn't send request to peer 1999179334fe431b9df69455a85fc4a2. Error code: TABLET_NOT_RUNNING (12). Status: Illegal state: Tablet not RUNNING: BOOTSTRAPPING. This is attempt 1: this message will repeat every 5th retry.
W20260710 13:27:48.363131 28379 leader_election.cc:343] T 3a82b1b129d94ccbaed53cb5f92d25d3 P 650dc6894f834487bf1479aafaf4c7c7 [CANDIDATE]: Term 1 election: Tablet error from VoteRequest() call to peer 5e987527657e480c8aa0fe633ecd69c5 (127.26.140.131:33023): Illegal state: must be running to vote when last-logged opid is not known
I20260710 13:27:48.371896 28532 tablet_bootstrap.cc:654] T 6e8564638c494c0789a2117c0630883e P 650dc6894f834487bf1479aafaf4c7c7: Neither blocks nor log segments found. Creating new log.
I20260710 13:27:48.371349 28531 tablet_bootstrap.cc:654] T 52b44af8d8b1404d89656d160cee4a69 P 1999179334fe431b9df69455a85fc4a2: Neither blocks nor log segments found. Creating new log.
I20260710 13:27:48.402864 28562 raft_consensus.cc:493] T 740a15c7c7c3444ca4601083bb553fa8 P 5e987527657e480c8aa0fe633ecd69c5 [term 0 FOLLOWER]: Starting pre-election (no leader contacted us within the election timeout)
I20260710 13:27:48.409485 28562 raft_consensus.cc:515] T 740a15c7c7c3444ca4601083bb553fa8 P 5e987527657e480c8aa0fe633ecd69c5 [term 0 FOLLOWER]: Starting pre-election with config: opid_index: -1 OBSOLETE_local: false peers { permanent_uuid: "1999179334fe431b9df69455a85fc4a2" member_type: VOTER last_known_addr { host: "127.26.140.129" port: 39599 } } peers { permanent_uuid: "650dc6894f834487bf1479aafaf4c7c7" member_type: VOTER last_known_addr { host: "127.26.140.130" port: 38931 } } peers { permanent_uuid: "5e987527657e480c8aa0fe633ecd69c5" member_type: VOTER last_known_addr { host: "127.26.140.131" port: 33023 } }
I20260710 13:27:48.412267 28562 leader_election.cc:290] T 740a15c7c7c3444ca4601083bb553fa8 P 5e987527657e480c8aa0fe633ecd69c5 [CANDIDATE]: Term 1 pre-election: Requested pre-vote from peers 1999179334fe431b9df69455a85fc4a2 (127.26.140.129:39599), 650dc6894f834487bf1479aafaf4c7c7 (127.26.140.130:38931)
I20260710 13:27:48.414932 28339 tablet_service.cc:1917] Received RequestConsensusVote() RPC: tablet_id: "740a15c7c7c3444ca4601083bb553fa8" candidate_uuid: "5e987527657e480c8aa0fe633ecd69c5" candidate_term: 1 candidate_status { last_received { term: 0 index: 0 } } ignore_live_leader: false dest_uuid: "1999179334fe431b9df69455a85fc4a2" is_pre_election: true
I20260710 13:27:48.415859 28339 raft_consensus.cc:2468] T 740a15c7c7c3444ca4601083bb553fa8 P 1999179334fe431b9df69455a85fc4a2 [term 0 FOLLOWER]: Leader pre-election vote request: Granting yes vote for candidate 5e987527657e480c8aa0fe633ecd69c5 in term 0.
I20260710 13:27:48.415932 28414 tablet_service.cc:1917] Received RequestConsensusVote() RPC: tablet_id: "740a15c7c7c3444ca4601083bb553fa8" candidate_uuid: "5e987527657e480c8aa0fe633ecd69c5" candidate_term: 1 candidate_status { last_received { term: 0 index: 0 } } ignore_live_leader: false dest_uuid: "650dc6894f834487bf1479aafaf4c7c7" is_pre_election: true
I20260710 13:27:48.417606 28414 raft_consensus.cc:2468] T 740a15c7c7c3444ca4601083bb553fa8 P 650dc6894f834487bf1479aafaf4c7c7 [term 0 FOLLOWER]: Leader pre-election vote request: Granting yes vote for candidate 5e987527657e480c8aa0fe633ecd69c5 in term 0.
I20260710 13:27:48.418469 28454 leader_election.cc:304] T 740a15c7c7c3444ca4601083bb553fa8 P 5e987527657e480c8aa0fe633ecd69c5 [CANDIDATE]: Term 1 pre-election: Election decided. Result: candidate won. Election summary: received 2 responses out of 3 voters: 2 yes votes; 0 no votes. yes voters: 1999179334fe431b9df69455a85fc4a2, 5e987527657e480c8aa0fe633ecd69c5; no voters: 
I20260710 13:27:48.419242 28562 raft_consensus.cc:2804] T 740a15c7c7c3444ca4601083bb553fa8 P 5e987527657e480c8aa0fe633ecd69c5 [term 0 FOLLOWER]: Leader pre-election won for term 1
I20260710 13:27:48.419723 28562 raft_consensus.cc:493] T 740a15c7c7c3444ca4601083bb553fa8 P 5e987527657e480c8aa0fe633ecd69c5 [term 0 FOLLOWER]: Starting leader election (no leader contacted us within the election timeout)
I20260710 13:27:48.420115 28562 raft_consensus.cc:3060] T 740a15c7c7c3444ca4601083bb553fa8 P 5e987527657e480c8aa0fe633ecd69c5 [term 0 FOLLOWER]: Advancing to term 1
I20260710 13:27:48.425453 28529 tablet_bootstrap.cc:492] T befadca75f3446e886d18da43cb49067 P 5e987527657e480c8aa0fe633ecd69c5: No bootstrap required, opened a new log
I20260710 13:27:48.425961 28529 ts_tablet_manager.cc:1403] T befadca75f3446e886d18da43cb49067 P 5e987527657e480c8aa0fe633ecd69c5: Time spent bootstrapping tablet: real 0.091s	user 0.015s	sys 0.017s
I20260710 13:27:48.426038 28531 tablet_bootstrap.cc:492] T 52b44af8d8b1404d89656d160cee4a69 P 1999179334fe431b9df69455a85fc4a2: No bootstrap required, opened a new log
I20260710 13:27:48.426455 28531 ts_tablet_manager.cc:1403] T 52b44af8d8b1404d89656d160cee4a69 P 1999179334fe431b9df69455a85fc4a2: Time spent bootstrapping tablet: real 0.067s	user 0.019s	sys 0.015s
I20260710 13:27:48.427119 28532 tablet_bootstrap.cc:492] T 6e8564638c494c0789a2117c0630883e P 650dc6894f834487bf1479aafaf4c7c7: No bootstrap required, opened a new log
I20260710 13:27:48.427911 28532 ts_tablet_manager.cc:1403] T 6e8564638c494c0789a2117c0630883e P 650dc6894f834487bf1479aafaf4c7c7: Time spent bootstrapping tablet: real 0.077s	user 0.023s	sys 0.013s
I20260710 13:27:48.427865 28339 raft_consensus.cc:3060] T a25f687c212145179c1735eaefe989ee P 1999179334fe431b9df69455a85fc4a2 [term 0 FOLLOWER]: Advancing to term 1
I20260710 13:27:48.428731 28529 raft_consensus.cc:359] T befadca75f3446e886d18da43cb49067 P 5e987527657e480c8aa0fe633ecd69c5 [term 0 FOLLOWER]: Replica starting. Triggering 0 pending ops. Active config: opid_index: -1 OBSOLETE_local: false peers { permanent_uuid: "1999179334fe431b9df69455a85fc4a2" member_type: VOTER last_known_addr { host: "127.26.140.129" port: 39599 } } peers { permanent_uuid: "650dc6894f834487bf1479aafaf4c7c7" member_type: VOTER last_known_addr { host: "127.26.140.130" port: 38931 } } peers { permanent_uuid: "5e987527657e480c8aa0fe633ecd69c5" member_type: VOTER last_known_addr { host: "127.26.140.131" port: 33023 } }
I20260710 13:27:48.428853 28531 raft_consensus.cc:359] T 52b44af8d8b1404d89656d160cee4a69 P 1999179334fe431b9df69455a85fc4a2 [term 0 FOLLOWER]: Replica starting. Triggering 0 pending ops. Active config: opid_index: -1 OBSOLETE_local: false peers { permanent_uuid: "1999179334fe431b9df69455a85fc4a2" member_type: VOTER last_known_addr { host: "127.26.140.129" port: 39599 } } peers { permanent_uuid: "650dc6894f834487bf1479aafaf4c7c7" member_type: VOTER last_known_addr { host: "127.26.140.130" port: 38931 } } peers { permanent_uuid: "5e987527657e480c8aa0fe633ecd69c5" member_type: VOTER last_known_addr { host: "127.26.140.131" port: 33023 } }
I20260710 13:27:48.429430 28529 raft_consensus.cc:385] T befadca75f3446e886d18da43cb49067 P 5e987527657e480c8aa0fe633ecd69c5 [term 0 FOLLOWER]: Consensus starting up: Expiring failure detector timer to make a prompt election more likely
I20260710 13:27:48.429450 28531 raft_consensus.cc:385] T 52b44af8d8b1404d89656d160cee4a69 P 1999179334fe431b9df69455a85fc4a2 [term 0 FOLLOWER]: Consensus starting up: Expiring failure detector timer to make a prompt election more likely
I20260710 13:27:48.429870 28531 raft_consensus.cc:740] T 52b44af8d8b1404d89656d160cee4a69 P 1999179334fe431b9df69455a85fc4a2 [term 0 FOLLOWER]: Becoming Follower/Learner. State: Replica: 1999179334fe431b9df69455a85fc4a2, State: Initialized, Role: FOLLOWER
I20260710 13:27:48.430603 28531 consensus_queue.cc:260] T 52b44af8d8b1404d89656d160cee4a69 P 1999179334fe431b9df69455a85fc4a2 [NON_LEADER]: Queue going to NON_LEADER mode. State: All replicated index: 0, Majority replicated index: 0, Committed index: 0, Last appended: 0.0, Last appended by leader: 0, Current term: 0, Majority size: -1, State: 0, Mode: NON_LEADER, active raft config: opid_index: -1 OBSOLETE_local: false peers { permanent_uuid: "1999179334fe431b9df69455a85fc4a2" member_type: VOTER last_known_addr { host: "127.26.140.129" port: 39599 } } peers { permanent_uuid: "650dc6894f834487bf1479aafaf4c7c7" member_type: VOTER last_known_addr { host: "127.26.140.130" port: 38931 } } peers { permanent_uuid: "5e987527657e480c8aa0fe633ecd69c5" member_type: VOTER last_known_addr { host: "127.26.140.131" port: 33023 } }
I20260710 13:27:48.431537 28562 raft_consensus.cc:515] T 740a15c7c7c3444ca4601083bb553fa8 P 5e987527657e480c8aa0fe633ecd69c5 [term 1 FOLLOWER]: Starting leader election with config: opid_index: -1 OBSOLETE_local: false peers { permanent_uuid: "1999179334fe431b9df69455a85fc4a2" member_type: VOTER last_known_addr { host: "127.26.140.129" port: 39599 } } peers { permanent_uuid: "650dc6894f834487bf1479aafaf4c7c7" member_type: VOTER last_known_addr { host: "127.26.140.130" port: 38931 } } peers { permanent_uuid: "5e987527657e480c8aa0fe633ecd69c5" member_type: VOTER last_known_addr { host: "127.26.140.131" port: 33023 } }
I20260710 13:27:48.432878 28536 raft_consensus.cc:493] T f0e0084235b44201ab0837e1dc206f7d P 1999179334fe431b9df69455a85fc4a2 [term 0 FOLLOWER]: Starting pre-election (no leader contacted us within the election timeout)
I20260710 13:27:48.433506 28531 ts_tablet_manager.cc:1434] T 52b44af8d8b1404d89656d160cee4a69 P 1999179334fe431b9df69455a85fc4a2: Time spent starting tablet: real 0.007s	user 0.003s	sys 0.004s
I20260710 13:27:48.433321 28536 raft_consensus.cc:515] T f0e0084235b44201ab0837e1dc206f7d P 1999179334fe431b9df69455a85fc4a2 [term 0 FOLLOWER]: Starting pre-election with config: opid_index: -1 OBSOLETE_local: false peers { permanent_uuid: "1999179334fe431b9df69455a85fc4a2" member_type: VOTER last_known_addr { host: "127.26.140.129" port: 39599 } } peers { permanent_uuid: "650dc6894f834487bf1479aafaf4c7c7" member_type: VOTER last_known_addr { host: "127.26.140.130" port: 38931 } } peers { permanent_uuid: "5e987527657e480c8aa0fe633ecd69c5" member_type: VOTER last_known_addr { host: "127.26.140.131" port: 33023 } }
I20260710 13:27:48.434403 28531 tablet_bootstrap.cc:492] T 02bfe4e900db4ddf84c056dafa2179c6 P 1999179334fe431b9df69455a85fc4a2: Bootstrap starting.
I20260710 13:27:48.435220 28567 raft_consensus.cc:493] T a25f687c212145179c1735eaefe989ee P 1999179334fe431b9df69455a85fc4a2 [term 1 FOLLOWER]: Starting pre-election (no leader contacted us within the election timeout)
I20260710 13:27:48.435364 28536 leader_election.cc:290] T f0e0084235b44201ab0837e1dc206f7d P 1999179334fe431b9df69455a85fc4a2 [CANDIDATE]: Term 1 pre-election: Requested pre-vote from peers 650dc6894f834487bf1479aafaf4c7c7 (127.26.140.130:38931), 5e987527657e480c8aa0fe633ecd69c5 (127.26.140.131:33023)
I20260710 13:27:48.435732 28567 raft_consensus.cc:515] T a25f687c212145179c1735eaefe989ee P 1999179334fe431b9df69455a85fc4a2 [term 1 FOLLOWER]: Starting pre-election with config: opid_index: -1 OBSOLETE_local: false peers { permanent_uuid: "1999179334fe431b9df69455a85fc4a2" member_type: VOTER last_known_addr { host: "127.26.140.129" port: 39599 } } peers { permanent_uuid: "650dc6894f834487bf1479aafaf4c7c7" member_type: VOTER last_known_addr { host: "127.26.140.130" port: 38931 } } peers { permanent_uuid: "5e987527657e480c8aa0fe633ecd69c5" member_type: VOTER last_known_addr { host: "127.26.140.131" port: 33023 } }
I20260710 13:27:48.429833 28529 raft_consensus.cc:740] T befadca75f3446e886d18da43cb49067 P 5e987527657e480c8aa0fe633ecd69c5 [term 0 FOLLOWER]: Becoming Follower/Learner. State: Replica: 5e987527657e480c8aa0fe633ecd69c5, State: Initialized, Role: FOLLOWER
I20260710 13:27:48.436733 28533 consensus_queue.cc:1048] T a25f687c212145179c1735eaefe989ee P 5e987527657e480c8aa0fe633ecd69c5 [LEADER]: Connected to new peer: Peer: permanent_uuid: "1999179334fe431b9df69455a85fc4a2" member_type: VOTER last_known_addr { host: "127.26.140.129" port: 39599 }, Status: LMP_MISMATCH, Last received: 0.0, Next index: 1, Last known committed idx: 0, Time since last communication: 0.000s
I20260710 13:27:48.437424 28529 consensus_queue.cc:260] T befadca75f3446e886d18da43cb49067 P 5e987527657e480c8aa0fe633ecd69c5 [NON_LEADER]: Queue going to NON_LEADER mode. State: All replicated index: 0, Majority replicated index: 0, Committed index: 0, Last appended: 0.0, Last appended by leader: 0, Current term: 0, Majority size: -1, State: 0, Mode: NON_LEADER, active raft config: opid_index: -1 OBSOLETE_local: false peers { permanent_uuid: "1999179334fe431b9df69455a85fc4a2" member_type: VOTER last_known_addr { host: "127.26.140.129" port: 39599 } } peers { permanent_uuid: "650dc6894f834487bf1479aafaf4c7c7" member_type: VOTER last_known_addr { host: "127.26.140.130" port: 38931 } } peers { permanent_uuid: "5e987527657e480c8aa0fe633ecd69c5" member_type: VOTER last_known_addr { host: "127.26.140.131" port: 33023 } }
I20260710 13:27:48.439090 28487 tablet_service.cc:1917] Received RequestConsensusVote() RPC: tablet_id: "f0e0084235b44201ab0837e1dc206f7d" candidate_uuid: "1999179334fe431b9df69455a85fc4a2" candidate_term: 1 candidate_status { last_received { term: 0 index: 0 } } ignore_live_leader: false dest_uuid: "5e987527657e480c8aa0fe633ecd69c5" is_pre_election: true
I20260710 13:27:48.439482 28529 ts_tablet_manager.cc:1434] T befadca75f3446e886d18da43cb49067 P 5e987527657e480c8aa0fe633ecd69c5: Time spent starting tablet: real 0.013s	user 0.005s	sys 0.001s
I20260710 13:27:48.441058 28414 tablet_service.cc:1917] Received RequestConsensusVote() RPC: tablet_id: "f0e0084235b44201ab0837e1dc206f7d" candidate_uuid: "1999179334fe431b9df69455a85fc4a2" candidate_term: 1 candidate_status { last_received { term: 0 index: 0 } } ignore_live_leader: false dest_uuid: "650dc6894f834487bf1479aafaf4c7c7" is_pre_election: true
I20260710 13:27:48.442261 28413 tablet_service.cc:1917] Received RequestConsensusVote() RPC: tablet_id: "a25f687c212145179c1735eaefe989ee" candidate_uuid: "1999179334fe431b9df69455a85fc4a2" candidate_term: 2 candidate_status { last_received { term: 0 index: 0 } } ignore_live_leader: false dest_uuid: "650dc6894f834487bf1479aafaf4c7c7" is_pre_election: true
I20260710 13:27:48.442866 28413 raft_consensus.cc:2468] T a25f687c212145179c1735eaefe989ee P 650dc6894f834487bf1479aafaf4c7c7 [term 1 FOLLOWER]: Leader pre-election vote request: Granting yes vote for candidate 1999179334fe431b9df69455a85fc4a2 in term 1.
I20260710 13:27:48.442972 28340 tablet_service.cc:1917] Received RequestConsensusVote() RPC: tablet_id: "740a15c7c7c3444ca4601083bb553fa8" candidate_uuid: "5e987527657e480c8aa0fe633ecd69c5" candidate_term: 1 candidate_status { last_received { term: 0 index: 0 } } ignore_live_leader: false dest_uuid: "1999179334fe431b9df69455a85fc4a2"
I20260710 13:27:48.443760 28340 raft_consensus.cc:3060] T 740a15c7c7c3444ca4601083bb553fa8 P 1999179334fe431b9df69455a85fc4a2 [term 0 FOLLOWER]: Advancing to term 1
I20260710 13:27:48.444267 28303 leader_election.cc:304] T f0e0084235b44201ab0837e1dc206f7d P 1999179334fe431b9df69455a85fc4a2 [CANDIDATE]: Term 1 pre-election: Election decided. Result: candidate lost. Election summary: received 3 responses out of 3 voters: 1 yes votes; 2 no votes. yes voters: 1999179334fe431b9df69455a85fc4a2; no voters: 5e987527657e480c8aa0fe633ecd69c5, 650dc6894f834487bf1479aafaf4c7c7
I20260710 13:27:48.445447 28303 leader_election.cc:304] T a25f687c212145179c1735eaefe989ee P 1999179334fe431b9df69455a85fc4a2 [CANDIDATE]: Term 2 pre-election: Election decided. Result: candidate won. Election summary: received 2 responses out of 3 voters: 2 yes votes; 0 no votes. yes voters: 1999179334fe431b9df69455a85fc4a2, 650dc6894f834487bf1479aafaf4c7c7; no voters: 
I20260710 13:27:48.446475 28560 raft_consensus.cc:2749] T f0e0084235b44201ab0837e1dc206f7d P 1999179334fe431b9df69455a85fc4a2 [term 0 FOLLOWER]: Leader pre-election lost for term 1. Reason: could not achieve majority
I20260710 13:27:48.448271 28529 tablet_bootstrap.cc:492] T 4d59f06f8aed4533a50af6168ef57380 P 5e987527657e480c8aa0fe633ecd69c5: Bootstrap starting.
I20260710 13:27:48.448669 28487 tablet_service.cc:1917] Received RequestConsensusVote() RPC: tablet_id: "a25f687c212145179c1735eaefe989ee" candidate_uuid: "1999179334fe431b9df69455a85fc4a2" candidate_term: 2 candidate_status { last_received { term: 0 index: 0 } } ignore_live_leader: false dest_uuid: "5e987527657e480c8aa0fe633ecd69c5" is_pre_election: true
I20260710 13:27:48.450169 28567 leader_election.cc:290] T a25f687c212145179c1735eaefe989ee P 1999179334fe431b9df69455a85fc4a2 [CANDIDATE]: Term 2 pre-election: Requested pre-vote from peers 650dc6894f834487bf1479aafaf4c7c7 (127.26.140.130:38931), 5e987527657e480c8aa0fe633ecd69c5 (127.26.140.131:33023)
I20260710 13:27:48.454465 28529 tablet_bootstrap.cc:654] T 4d59f06f8aed4533a50af6168ef57380 P 5e987527657e480c8aa0fe633ecd69c5: Neither blocks nor log segments found. Creating new log.
I20260710 13:27:48.455935 28531 tablet_bootstrap.cc:654] T 02bfe4e900db4ddf84c056dafa2179c6 P 1999179334fe431b9df69455a85fc4a2: Neither blocks nor log segments found. Creating new log.
I20260710 13:27:48.466063 28531 tablet_bootstrap.cc:492] T 02bfe4e900db4ddf84c056dafa2179c6 P 1999179334fe431b9df69455a85fc4a2: No bootstrap required, opened a new log
I20260710 13:27:48.466511 28531 ts_tablet_manager.cc:1403] T 02bfe4e900db4ddf84c056dafa2179c6 P 1999179334fe431b9df69455a85fc4a2: Time spent bootstrapping tablet: real 0.032s	user 0.013s	sys 0.001s
I20260710 13:27:48.469344 28413 tablet_service.cc:1917] Received RequestConsensusVote() RPC: tablet_id: "740a15c7c7c3444ca4601083bb553fa8" candidate_uuid: "5e987527657e480c8aa0fe633ecd69c5" candidate_term: 1 candidate_status { last_received { term: 0 index: 0 } } ignore_live_leader: false dest_uuid: "650dc6894f834487bf1479aafaf4c7c7"
