I20260710 13:27:42.864096  1134 catalog_manager.cc:5697] T 0ed1974096f749ccbc23136602ef5ada P c73bec8e5be14031908482443ef2b1ab reported cstate change: term changed from 0 to 1, leader changed from <none> to c73bec8e5be14031908482443ef2b1ab (127.31.213.193). New cstate: current_term: 1 leader_uuid: "c73bec8e5be14031908482443ef2b1ab" committed_config { opid_index: -1 OBSOLETE_local: false peers { permanent_uuid: "c73bec8e5be14031908482443ef2b1ab" member_type: VOTER last_known_addr { host: "127.31.213.193" port: 34447 } health_report { overall_health: HEALTHY } } peers { permanent_uuid: "3e0e49cc7c8643a7b466354db06a35c0" member_type: VOTER last_known_addr { host: "127.31.213.194" port: 43569 } health_report { overall_health: UNKNOWN } } peers { permanent_uuid: "74ac797aa2a641c0b4d3d9a854f648cc" member_type: VOTER last_known_addr { host: "127.31.213.195" port: 44247 } health_report { overall_health: UNKNOWN } } }
I20260710 13:27:42.866003  1430 leader_election.cc:290] T 3fb8a3759aa746d091c084d7e6f12b36 P 3e0e49cc7c8643a7b466354db06a35c0 [CANDIDATE]: Term 1 pre-election: Requested pre-vote from peers c73bec8e5be14031908482443ef2b1ab (127.31.213.193:34447), 74ac797aa2a641c0b4d3d9a854f648cc (127.31.213.195:44247)
I20260710 13:27:42.867606  1234 tablet_service.cc:1917] Received RequestConsensusVote() RPC: tablet_id: "3fb8a3759aa746d091c084d7e6f12b36" candidate_uuid: "3e0e49cc7c8643a7b466354db06a35c0" candidate_term: 1 candidate_status { last_received { term: 0 index: 0 } } ignore_live_leader: false dest_uuid: "c73bec8e5be14031908482443ef2b1ab" is_pre_election: true
I20260710 13:27:42.868162  1234 raft_consensus.cc:2468] T 3fb8a3759aa746d091c084d7e6f12b36 P c73bec8e5be14031908482443ef2b1ab [term 0 FOLLOWER]: Leader pre-election vote request: Granting yes vote for candidate 3e0e49cc7c8643a7b466354db06a35c0 in term 0.
I20260710 13:27:42.869289  1275 leader_election.cc:304] T 3fb8a3759aa746d091c084d7e6f12b36 P 3e0e49cc7c8643a7b466354db06a35c0 [CANDIDATE]: Term 1 pre-election: Election decided. Result: candidate won. Election summary: received 2 responses out of 3 voters: 2 yes votes; 0 no votes. yes voters: 3e0e49cc7c8643a7b466354db06a35c0, c73bec8e5be14031908482443ef2b1ab; no voters: 
I20260710 13:27:42.870059  1430 raft_consensus.cc:2804] T 3fb8a3759aa746d091c084d7e6f12b36 P 3e0e49cc7c8643a7b466354db06a35c0 [term 0 FOLLOWER]: Leader pre-election won for term 1
I20260710 13:27:42.870433  1430 raft_consensus.cc:493] T 3fb8a3759aa746d091c084d7e6f12b36 P 3e0e49cc7c8643a7b466354db06a35c0 [term 0 FOLLOWER]: Starting leader election (no leader contacted us within the election timeout)
I20260710 13:27:42.870810  1430 raft_consensus.cc:3060] T 3fb8a3759aa746d091c084d7e6f12b36 P 3e0e49cc7c8643a7b466354db06a35c0 [term 0 FOLLOWER]: Advancing to term 1
I20260710 13:27:42.871546  1385 tablet_service.cc:1917] Received RequestConsensusVote() RPC: tablet_id: "3fb8a3759aa746d091c084d7e6f12b36" candidate_uuid: "3e0e49cc7c8643a7b466354db06a35c0" candidate_term: 1 candidate_status { last_received { term: 0 index: 0 } } ignore_live_leader: false dest_uuid: "74ac797aa2a641c0b4d3d9a854f648cc" is_pre_election: true
I20260710 13:27:42.872102  1385 raft_consensus.cc:2468] T 3fb8a3759aa746d091c084d7e6f12b36 P 74ac797aa2a641c0b4d3d9a854f648cc [term 0 FOLLOWER]: Leader pre-election vote request: Granting yes vote for candidate 3e0e49cc7c8643a7b466354db06a35c0 in term 0.
I20260710 13:27:42.877321  1430 raft_consensus.cc:515] T 3fb8a3759aa746d091c084d7e6f12b36 P 3e0e49cc7c8643a7b466354db06a35c0 [term 1 FOLLOWER]: Starting leader election with config: opid_index: -1 OBSOLETE_local: false peers { permanent_uuid: "c73bec8e5be14031908482443ef2b1ab" member_type: VOTER last_known_addr { host: "127.31.213.193" port: 34447 } } peers { permanent_uuid: "3e0e49cc7c8643a7b466354db06a35c0" member_type: VOTER last_known_addr { host: "127.31.213.194" port: 43569 } } peers { permanent_uuid: "74ac797aa2a641c0b4d3d9a854f648cc" member_type: VOTER last_known_addr { host: "127.31.213.195" port: 44247 } }
I20260710 13:27:42.880096  1449 raft_consensus.cc:493] T a7eb858985b9438db26d37be08710544 P 74ac797aa2a641c0b4d3d9a854f648cc [term 0 FOLLOWER]: Starting pre-election (no leader contacted us within the election timeout)
I20260710 13:27:42.881493  1449 raft_consensus.cc:515] T a7eb858985b9438db26d37be08710544 P 74ac797aa2a641c0b4d3d9a854f648cc [term 0 FOLLOWER]: Starting pre-election with config: opid_index: -1 OBSOLETE_local: false peers { permanent_uuid: "c73bec8e5be14031908482443ef2b1ab" member_type: VOTER last_known_addr { host: "127.31.213.193" port: 34447 } } peers { permanent_uuid: "3e0e49cc7c8643a7b466354db06a35c0" member_type: VOTER last_known_addr { host: "127.31.213.194" port: 43569 } } peers { permanent_uuid: "74ac797aa2a641c0b4d3d9a854f648cc" member_type: VOTER last_known_addr { host: "127.31.213.195" port: 44247 } }
I20260710 13:27:42.883395  1449 leader_election.cc:290] T a7eb858985b9438db26d37be08710544 P 74ac797aa2a641c0b4d3d9a854f648cc [CANDIDATE]: Term 1 pre-election: Requested pre-vote from peers c73bec8e5be14031908482443ef2b1ab (127.31.213.193:34447), 3e0e49cc7c8643a7b466354db06a35c0 (127.31.213.194:43569)
I20260710 13:27:42.883452  1234 tablet_service.cc:1917] Received RequestConsensusVote() RPC: tablet_id: "3fb8a3759aa746d091c084d7e6f12b36" candidate_uuid: "3e0e49cc7c8643a7b466354db06a35c0" candidate_term: 1 candidate_status { last_received { term: 0 index: 0 } } ignore_live_leader: false dest_uuid: "c73bec8e5be14031908482443ef2b1ab"
I20260710 13:27:42.884038  1234 raft_consensus.cc:3060] T 3fb8a3759aa746d091c084d7e6f12b36 P c73bec8e5be14031908482443ef2b1ab [term 0 FOLLOWER]: Advancing to term 1
I20260710 13:27:42.857587  1427 raft_consensus.cc:740] T c4c2f02203a946e08dba83460a88bf9c P 3e0e49cc7c8643a7b466354db06a35c0 [term 0 FOLLOWER]: Becoming Follower/Learner. State: Replica: 3e0e49cc7c8643a7b466354db06a35c0, State: Initialized, Role: FOLLOWER
I20260710 13:27:42.885746  1235 tablet_service.cc:1917] Received RequestConsensusVote() RPC: tablet_id: "a7eb858985b9438db26d37be08710544" candidate_uuid: "74ac797aa2a641c0b4d3d9a854f648cc" candidate_term: 1 candidate_status { last_received { term: 0 index: 0 } } ignore_live_leader: false dest_uuid: "c73bec8e5be14031908482443ef2b1ab" is_pre_election: true
I20260710 13:27:42.886041  1427 consensus_queue.cc:260] T c4c2f02203a946e08dba83460a88bf9c P 3e0e49cc7c8643a7b466354db06a35c0 [NON_LEADER]: Queue going to NON_LEADER mode. State: All replicated index: 0, Majority replicated index: 0, Committed index: 0, Last appended: 0.0, Last appended by leader: 0, Current term: 0, Majority size: -1, State: 0, Mode: NON_LEADER, active raft config: opid_index: -1 OBSOLETE_local: false peers { permanent_uuid: "c73bec8e5be14031908482443ef2b1ab" member_type: VOTER last_known_addr { host: "127.31.213.193" port: 34447 } } peers { permanent_uuid: "3e0e49cc7c8643a7b466354db06a35c0" member_type: VOTER last_known_addr { host: "127.31.213.194" port: 43569 } } peers { permanent_uuid: "74ac797aa2a641c0b4d3d9a854f648cc" member_type: VOTER last_known_addr { host: "127.31.213.195" port: 44247 } }
I20260710 13:27:42.888219  1427 ts_tablet_manager.cc:1434] T c4c2f02203a946e08dba83460a88bf9c P 3e0e49cc7c8643a7b466354db06a35c0: Time spent starting tablet: real 0.063s	user 0.007s	sys 0.000s
I20260710 13:27:42.889017  1427 tablet_bootstrap.cc:492] T 3d65d731445a4f1a92d6407b08808251 P 3e0e49cc7c8643a7b466354db06a35c0: Bootstrap starting.
I20260710 13:27:42.889660  1426 tablet_bootstrap.cc:492] T 1d6c0d0a97834afe9baccddd3fa2aac1 P c73bec8e5be14031908482443ef2b1ab: No bootstrap required, opened a new log
I20260710 13:27:42.891232  1234 raft_consensus.cc:2468] T 3fb8a3759aa746d091c084d7e6f12b36 P c73bec8e5be14031908482443ef2b1ab [term 1 FOLLOWER]: Leader election vote request: Granting yes vote for candidate 3e0e49cc7c8643a7b466354db06a35c0 in term 1.
I20260710 13:27:42.891485  1457 raft_consensus.cc:493] T 1d6c0d0a97834afe9baccddd3fa2aac1 P 3e0e49cc7c8643a7b466354db06a35c0 [term 0 FOLLOWER]: Starting pre-election (no leader contacted us within the election timeout)
I20260710 13:27:42.891937  1457 raft_consensus.cc:515] T 1d6c0d0a97834afe9baccddd3fa2aac1 P 3e0e49cc7c8643a7b466354db06a35c0 [term 0 FOLLOWER]: Starting pre-election with config: opid_index: -1 OBSOLETE_local: false peers { permanent_uuid: "c73bec8e5be14031908482443ef2b1ab" member_type: VOTER last_known_addr { host: "127.31.213.193" port: 34447 } } peers { permanent_uuid: "3e0e49cc7c8643a7b466354db06a35c0" member_type: VOTER last_known_addr { host: "127.31.213.194" port: 43569 } } peers { permanent_uuid: "74ac797aa2a641c0b4d3d9a854f648cc" member_type: VOTER last_known_addr { host: "127.31.213.195" port: 44247 } }
I20260710 13:27:42.892315  1275 leader_election.cc:304] T 3fb8a3759aa746d091c084d7e6f12b36 P 3e0e49cc7c8643a7b466354db06a35c0 [CANDIDATE]: Term 1 election: Election decided. Result: candidate won. Election summary: received 2 responses out of 3 voters: 2 yes votes; 0 no votes. yes voters: 3e0e49cc7c8643a7b466354db06a35c0, c73bec8e5be14031908482443ef2b1ab; no voters: 
I20260710 13:27:42.892966  1469 raft_consensus.cc:2804] T 3fb8a3759aa746d091c084d7e6f12b36 P 3e0e49cc7c8643a7b466354db06a35c0 [term 1 FOLLOWER]: Leader election won for term 1
I20260710 13:27:42.893391  1469 raft_consensus.cc:697] T 3fb8a3759aa746d091c084d7e6f12b36 P 3e0e49cc7c8643a7b466354db06a35c0 [term 1 LEADER]: Becoming Leader. State: Replica: 3e0e49cc7c8643a7b466354db06a35c0, State: Running, Role: LEADER
I20260710 13:27:42.893551  1385 tablet_service.cc:1917] Received RequestConsensusVote() RPC: tablet_id: "3fb8a3759aa746d091c084d7e6f12b36" candidate_uuid: "3e0e49cc7c8643a7b466354db06a35c0" candidate_term: 1 candidate_status { last_received { term: 0 index: 0 } } ignore_live_leader: false dest_uuid: "74ac797aa2a641c0b4d3d9a854f648cc"
I20260710 13:27:42.893775  1457 leader_election.cc:290] T 1d6c0d0a97834afe9baccddd3fa2aac1 P 3e0e49cc7c8643a7b466354db06a35c0 [CANDIDATE]: Term 1 pre-election: Requested pre-vote from peers c73bec8e5be14031908482443ef2b1ab (127.31.213.193:34447), 74ac797aa2a641c0b4d3d9a854f648cc (127.31.213.195:44247)
I20260710 13:27:42.894132  1469 consensus_queue.cc:237] T 3fb8a3759aa746d091c084d7e6f12b36 P 3e0e49cc7c8643a7b466354db06a35c0 [LEADER]: Queue going to LEADER mode. State: All replicated index: 0, Majority replicated index: 0, Committed index: 0, Last appended: 0.0, Last appended by leader: 0, Current term: 1, Majority size: 2, State: 0, Mode: LEADER, active raft config: opid_index: -1 OBSOLETE_local: false peers { permanent_uuid: "c73bec8e5be14031908482443ef2b1ab" member_type: VOTER last_known_addr { host: "127.31.213.193" port: 34447 } } peers { permanent_uuid: "3e0e49cc7c8643a7b466354db06a35c0" member_type: VOTER last_known_addr { host: "127.31.213.194" port: 43569 } } peers { permanent_uuid: "74ac797aa2a641c0b4d3d9a854f648cc" member_type: VOTER last_known_addr { host: "127.31.213.195" port: 44247 } }
I20260710 13:27:42.897020  1308 tablet_service.cc:1917] Received RequestConsensusVote() RPC: tablet_id: "a7eb858985b9438db26d37be08710544" candidate_uuid: "74ac797aa2a641c0b4d3d9a854f648cc" candidate_term: 1 candidate_status { last_received { term: 0 index: 0 } } ignore_live_leader: false dest_uuid: "3e0e49cc7c8643a7b466354db06a35c0" is_pre_election: true
I20260710 13:27:42.897172  1383 tablet_service.cc:1917] Received RequestConsensusVote() RPC: tablet_id: "1d6c0d0a97834afe9baccddd3fa2aac1" candidate_uuid: "3e0e49cc7c8643a7b466354db06a35c0" candidate_term: 1 candidate_status { last_received { term: 0 index: 0 } } ignore_live_leader: false dest_uuid: "74ac797aa2a641c0b4d3d9a854f648cc" is_pre_election: true
I20260710 13:27:42.897768  1383 raft_consensus.cc:2468] T 1d6c0d0a97834afe9baccddd3fa2aac1 P 74ac797aa2a641c0b4d3d9a854f648cc [term 0 FOLLOWER]: Leader pre-election vote request: Granting yes vote for candidate 3e0e49cc7c8643a7b466354db06a35c0 in term 0.
I20260710 13:27:42.890460  1426 ts_tablet_manager.cc:1403] T 1d6c0d0a97834afe9baccddd3fa2aac1 P c73bec8e5be14031908482443ef2b1ab: Time spent bootstrapping tablet: real 0.082s	user 0.010s	sys 0.013s
I20260710 13:27:42.898308  1427 tablet_bootstrap.cc:654] T 3d65d731445a4f1a92d6407b08808251 P 3e0e49cc7c8643a7b466354db06a35c0: Neither blocks nor log segments found. Creating new log.
I20260710 13:27:42.899519  1275 leader_election.cc:304] T 1d6c0d0a97834afe9baccddd3fa2aac1 P 3e0e49cc7c8643a7b466354db06a35c0 [CANDIDATE]: Term 1 pre-election: Election decided. Result: candidate won. Election summary: received 2 responses out of 3 voters: 2 yes votes; 0 no votes. yes voters: 3e0e49cc7c8643a7b466354db06a35c0, 74ac797aa2a641c0b4d3d9a854f648cc; no voters: 
I20260710 13:27:42.900417  1518 raft_consensus.cc:2804] T 1d6c0d0a97834afe9baccddd3fa2aac1 P 3e0e49cc7c8643a7b466354db06a35c0 [term 0 FOLLOWER]: Leader pre-election won for term 1
I20260710 13:27:42.900508  1426 raft_consensus.cc:359] T 1d6c0d0a97834afe9baccddd3fa2aac1 P c73bec8e5be14031908482443ef2b1ab [term 0 FOLLOWER]: Replica starting. Triggering 0 pending ops. Active config: opid_index: -1 OBSOLETE_local: false peers { permanent_uuid: "c73bec8e5be14031908482443ef2b1ab" member_type: VOTER last_known_addr { host: "127.31.213.193" port: 34447 } } peers { permanent_uuid: "3e0e49cc7c8643a7b466354db06a35c0" member_type: VOTER last_known_addr { host: "127.31.213.194" port: 43569 } } peers { permanent_uuid: "74ac797aa2a641c0b4d3d9a854f648cc" member_type: VOTER last_known_addr { host: "127.31.213.195" port: 44247 } }
I20260710 13:27:42.900818  1518 raft_consensus.cc:493] T 1d6c0d0a97834afe9baccddd3fa2aac1 P 3e0e49cc7c8643a7b466354db06a35c0 [term 0 FOLLOWER]: Starting leader election (no leader contacted us within the election timeout)
I20260710 13:27:42.901235  1518 raft_consensus.cc:3060] T 1d6c0d0a97834afe9baccddd3fa2aac1 P 3e0e49cc7c8643a7b466354db06a35c0 [term 0 FOLLOWER]: Advancing to term 1
I20260710 13:27:42.904590  1234 tablet_service.cc:1917] Received RequestConsensusVote() RPC: tablet_id: "1d6c0d0a97834afe9baccddd3fa2aac1" candidate_uuid: "3e0e49cc7c8643a7b466354db06a35c0" candidate_term: 1 candidate_status { last_received { term: 0 index: 0 } } ignore_live_leader: false dest_uuid: "c73bec8e5be14031908482443ef2b1ab" is_pre_election: true
I20260710 13:27:42.905364  1385 raft_consensus.cc:3060] T 3fb8a3759aa746d091c084d7e6f12b36 P 74ac797aa2a641c0b4d3d9a854f648cc [term 0 FOLLOWER]: Advancing to term 1
I20260710 13:27:42.907986  1518 raft_consensus.cc:515] T 1d6c0d0a97834afe9baccddd3fa2aac1 P 3e0e49cc7c8643a7b466354db06a35c0 [term 1 FOLLOWER]: Starting leader election with config: opid_index: -1 OBSOLETE_local: false peers { permanent_uuid: "c73bec8e5be14031908482443ef2b1ab" member_type: VOTER last_known_addr { host: "127.31.213.193" port: 34447 } } peers { permanent_uuid: "3e0e49cc7c8643a7b466354db06a35c0" member_type: VOTER last_known_addr { host: "127.31.213.194" port: 43569 } } peers { permanent_uuid: "74ac797aa2a641c0b4d3d9a854f648cc" member_type: VOTER last_known_addr { host: "127.31.213.195" port: 44247 } }
I20260710 13:27:42.897904  1308 raft_consensus.cc:2393] T a7eb858985b9438db26d37be08710544 P 3e0e49cc7c8643a7b466354db06a35c0 [term 1 FOLLOWER]: Leader pre-election vote request: Denying vote to candidate 74ac797aa2a641c0b4d3d9a854f648cc in current term 1: Already voted for candidate c73bec8e5be14031908482443ef2b1ab in this term.
I20260710 13:27:42.908936  1430 leader_election.cc:290] T 3fb8a3759aa746d091c084d7e6f12b36 P 3e0e49cc7c8643a7b466354db06a35c0 [CANDIDATE]: Term 1 election: Requested vote from peers c73bec8e5be14031908482443ef2b1ab (127.31.213.193:34447), 74ac797aa2a641c0b4d3d9a854f648cc (127.31.213.195:44247)
I20260710 13:27:42.910142  1350 leader_election.cc:304] T a7eb858985b9438db26d37be08710544 P 74ac797aa2a641c0b4d3d9a854f648cc [CANDIDATE]: Term 1 pre-election: Election decided. Result: candidate lost. Election summary: received 3 responses out of 3 voters: 1 yes votes; 2 no votes. yes voters: 74ac797aa2a641c0b4d3d9a854f648cc; no voters: 3e0e49cc7c8643a7b466354db06a35c0, c73bec8e5be14031908482443ef2b1ab
I20260710 13:27:42.911180  1449 raft_consensus.cc:3060] T a7eb858985b9438db26d37be08710544 P 74ac797aa2a641c0b4d3d9a854f648cc [term 0 FOLLOWER]: Advancing to term 1
I20260710 13:27:42.911506  1135 catalog_manager.cc:5697] T 3fb8a3759aa746d091c084d7e6f12b36 P 3e0e49cc7c8643a7b466354db06a35c0 reported cstate change: term changed from 0 to 1, leader changed from <none> to 3e0e49cc7c8643a7b466354db06a35c0 (127.31.213.194). New cstate: current_term: 1 leader_uuid: "3e0e49cc7c8643a7b466354db06a35c0" committed_config { opid_index: -1 OBSOLETE_local: false peers { permanent_uuid: "c73bec8e5be14031908482443ef2b1ab" member_type: VOTER last_known_addr { host: "127.31.213.193" port: 34447 } health_report { overall_health: UNKNOWN } } peers { permanent_uuid: "3e0e49cc7c8643a7b466354db06a35c0" member_type: VOTER last_known_addr { host: "127.31.213.194" port: 43569 } health_report { overall_health: HEALTHY } } peers { permanent_uuid: "74ac797aa2a641c0b4d3d9a854f648cc" member_type: VOTER last_known_addr { host: "127.31.213.195" port: 44247 } health_report { overall_health: UNKNOWN } } }
I20260710 13:27:42.913003  1385 raft_consensus.cc:2468] T 3fb8a3759aa746d091c084d7e6f12b36 P 74ac797aa2a641c0b4d3d9a854f648cc [term 1 FOLLOWER]: Leader election vote request: Granting yes vote for candidate 3e0e49cc7c8643a7b466354db06a35c0 in term 1.
I20260710 13:27:42.914458  1518 leader_election.cc:290] T 1d6c0d0a97834afe9baccddd3fa2aac1 P 3e0e49cc7c8643a7b466354db06a35c0 [CANDIDATE]: Term 1 election: Requested vote from peers c73bec8e5be14031908482443ef2b1ab (127.31.213.193:34447), 74ac797aa2a641c0b4d3d9a854f648cc (127.31.213.195:44247)
I20260710 13:27:42.914943  1426 raft_consensus.cc:385] T 1d6c0d0a97834afe9baccddd3fa2aac1 P c73bec8e5be14031908482443ef2b1ab [term 0 FOLLOWER]: Consensus starting up: Expiring failure detector timer to make a prompt election more likely
I20260710 13:27:42.915231  1426 raft_consensus.cc:740] T 1d6c0d0a97834afe9baccddd3fa2aac1 P c73bec8e5be14031908482443ef2b1ab [term 0 FOLLOWER]: Becoming Follower/Learner. State: Replica: c73bec8e5be14031908482443ef2b1ab, State: Initialized, Role: FOLLOWER
I20260710 13:27:42.915472  1235 tablet_service.cc:1917] Received RequestConsensusVote() RPC: tablet_id: "1d6c0d0a97834afe9baccddd3fa2aac1" candidate_uuid: "3e0e49cc7c8643a7b466354db06a35c0" candidate_term: 1 candidate_status { last_received { term: 0 index: 0 } } ignore_live_leader: false dest_uuid: "c73bec8e5be14031908482443ef2b1ab"
I20260710 13:27:42.915807  1426 consensus_queue.cc:260] T 1d6c0d0a97834afe9baccddd3fa2aac1 P c73bec8e5be14031908482443ef2b1ab [NON_LEADER]: Queue going to NON_LEADER mode. State: All replicated index: 0, Majority replicated index: 0, Committed index: 0, Last appended: 0.0, Last appended by leader: 0, Current term: 0, Majority size: -1, State: 0, Mode: NON_LEADER, active raft config: opid_index: -1 OBSOLETE_local: false peers { permanent_uuid: "c73bec8e5be14031908482443ef2b1ab" member_type: VOTER last_known_addr { host: "127.31.213.193" port: 34447 } } peers { permanent_uuid: "3e0e49cc7c8643a7b466354db06a35c0" member_type: VOTER last_known_addr { host: "127.31.213.194" port: 43569 } } peers { permanent_uuid: "74ac797aa2a641c0b4d3d9a854f648cc" member_type: VOTER last_known_addr { host: "127.31.213.195" port: 44247 } }
I20260710 13:27:42.916687  1234 raft_consensus.cc:2468] T 1d6c0d0a97834afe9baccddd3fa2aac1 P c73bec8e5be14031908482443ef2b1ab [term 0 FOLLOWER]: Leader pre-election vote request: Granting yes vote for candidate 3e0e49cc7c8643a7b466354db06a35c0 in term 0.
I20260710 13:27:42.916867  1449 raft_consensus.cc:2749] T a7eb858985b9438db26d37be08710544 P 74ac797aa2a641c0b4d3d9a854f648cc [term 1 FOLLOWER]: Leader pre-election lost for term 1. Reason: could not achieve majority
I20260710 13:27:42.918282  1385 tablet_service.cc:1917] Received RequestConsensusVote() RPC: tablet_id: "1d6c0d0a97834afe9baccddd3fa2aac1" candidate_uuid: "3e0e49cc7c8643a7b466354db06a35c0" candidate_term: 1 candidate_status { last_received { term: 0 index: 0 } } ignore_live_leader: false dest_uuid: "74ac797aa2a641c0b4d3d9a854f648cc"
I20260710 13:27:42.918820  1385 raft_consensus.cc:3060] T 1d6c0d0a97834afe9baccddd3fa2aac1 P 74ac797aa2a641c0b4d3d9a854f648cc [term 0 FOLLOWER]: Advancing to term 1
I20260710 13:27:42.924405  1385 raft_consensus.cc:2468] T 1d6c0d0a97834afe9baccddd3fa2aac1 P 74ac797aa2a641c0b4d3d9a854f648cc [term 1 FOLLOWER]: Leader election vote request: Granting yes vote for candidate 3e0e49cc7c8643a7b466354db06a35c0 in term 1.
I20260710 13:27:42.925575  1427 tablet_bootstrap.cc:492] T 3d65d731445a4f1a92d6407b08808251 P 3e0e49cc7c8643a7b466354db06a35c0: No bootstrap required, opened a new log
I20260710 13:27:42.925387  1275 leader_election.cc:304] T 1d6c0d0a97834afe9baccddd3fa2aac1 P 3e0e49cc7c8643a7b466354db06a35c0 [CANDIDATE]: Term 1 election: Election decided. Result: candidate won. Election summary: received 3 responses out of 3 voters: 2 yes votes; 1 no votes. yes voters: 3e0e49cc7c8643a7b466354db06a35c0, 74ac797aa2a641c0b4d3d9a854f648cc; no voters: c73bec8e5be14031908482443ef2b1ab
I20260710 13:27:42.926102  1427 ts_tablet_manager.cc:1403] T 3d65d731445a4f1a92d6407b08808251 P 3e0e49cc7c8643a7b466354db06a35c0: Time spent bootstrapping tablet: real 0.037s	user 0.010s	sys 0.005s
I20260710 13:27:42.926442  1518 raft_consensus.cc:2804] T 1d6c0d0a97834afe9baccddd3fa2aac1 P 3e0e49cc7c8643a7b466354db06a35c0 [term 1 FOLLOWER]: Leader election won for term 1
I20260710 13:27:42.927453  1518 raft_consensus.cc:697] T 1d6c0d0a97834afe9baccddd3fa2aac1 P 3e0e49cc7c8643a7b466354db06a35c0 [term 1 LEADER]: Becoming Leader. State: Replica: 3e0e49cc7c8643a7b466354db06a35c0, State: Running, Role: LEADER
I20260710 13:27:42.928196  1518 consensus_queue.cc:237] T 1d6c0d0a97834afe9baccddd3fa2aac1 P 3e0e49cc7c8643a7b466354db06a35c0 [LEADER]: Queue going to LEADER mode. State: All replicated index: 0, Majority replicated index: 0, Committed index: 0, Last appended: 0.0, Last appended by leader: 0, Current term: 1, Majority size: 2, State: 0, Mode: LEADER, active raft config: opid_index: -1 OBSOLETE_local: false peers { permanent_uuid: "c73bec8e5be14031908482443ef2b1ab" member_type: VOTER last_known_addr { host: "127.31.213.193" port: 34447 } } peers { permanent_uuid: "3e0e49cc7c8643a7b466354db06a35c0" member_type: VOTER last_known_addr { host: "127.31.213.194" port: 43569 } } peers { permanent_uuid: "74ac797aa2a641c0b4d3d9a854f648cc" member_type: VOTER last_known_addr { host: "127.31.213.195" port: 44247 } }
I20260710 13:27:42.928594  1427 raft_consensus.cc:359] T 3d65d731445a4f1a92d6407b08808251 P 3e0e49cc7c8643a7b466354db06a35c0 [term 0 FOLLOWER]: Replica starting. Triggering 0 pending ops. Active config: opid_index: -1 OBSOLETE_local: false peers { permanent_uuid: "c73bec8e5be14031908482443ef2b1ab" member_type: VOTER last_known_addr { host: "127.31.213.193" port: 34447 } } peers { permanent_uuid: "3e0e49cc7c8643a7b466354db06a35c0" member_type: VOTER last_known_addr { host: "127.31.213.194" port: 43569 } } peers { permanent_uuid: "74ac797aa2a641c0b4d3d9a854f648cc" member_type: VOTER last_known_addr { host: "127.31.213.195" port: 44247 } }
I20260710 13:27:42.929381  1427 raft_consensus.cc:385] T 3d65d731445a4f1a92d6407b08808251 P 3e0e49cc7c8643a7b466354db06a35c0 [term 0 FOLLOWER]: Consensus starting up: Expiring failure detector timer to make a prompt election more likely
I20260710 13:27:42.929672  1427 raft_consensus.cc:740] T 3d65d731445a4f1a92d6407b08808251 P 3e0e49cc7c8643a7b466354db06a35c0 [term 0 FOLLOWER]: Becoming Follower/Learner. State: Replica: 3e0e49cc7c8643a7b466354db06a35c0, State: Initialized, Role: FOLLOWER
I20260710 13:27:42.930394  1427 consensus_queue.cc:260] T 3d65d731445a4f1a92d6407b08808251 P 3e0e49cc7c8643a7b466354db06a35c0 [NON_LEADER]: Queue going to NON_LEADER mode. State: All replicated index: 0, Majority replicated index: 0, Committed index: 0, Last appended: 0.0, Last appended by leader: 0, Current term: 0, Majority size: -1, State: 0, Mode: NON_LEADER, active raft config: opid_index: -1 OBSOLETE_local: false peers { permanent_uuid: "c73bec8e5be14031908482443ef2b1ab" member_type: VOTER last_known_addr { host: "127.31.213.193" port: 34447 } } peers { permanent_uuid: "3e0e49cc7c8643a7b466354db06a35c0" member_type: VOTER last_known_addr { host: "127.31.213.194" port: 43569 } } peers { permanent_uuid: "74ac797aa2a641c0b4d3d9a854f648cc" member_type: VOTER last_known_addr { host: "127.31.213.195" port: 44247 } }
I20260710 13:27:42.932322  1426 ts_tablet_manager.cc:1434] T 1d6c0d0a97834afe9baccddd3fa2aac1 P c73bec8e5be14031908482443ef2b1ab: Time spent starting tablet: real 0.034s	user 0.005s	sys 0.000s
I20260710 13:27:42.932677  1427 ts_tablet_manager.cc:1434] T 3d65d731445a4f1a92d6407b08808251 P 3e0e49cc7c8643a7b466354db06a35c0: Time spent starting tablet: real 0.006s	user 0.006s	sys 0.000s
I20260710 13:27:42.933259  1426 tablet_bootstrap.cc:492] T 1aab353b204043da87153ae6b69590ed P c73bec8e5be14031908482443ef2b1ab: Bootstrap starting.
I20260710 13:27:42.933642  1427 tablet_bootstrap.cc:492] T cb2fc4d618fa420fa2b0ca5db1ad2501 P 3e0e49cc7c8643a7b466354db06a35c0: Bootstrap starting.
I20260710 13:27:42.939711  1427 tablet_bootstrap.cc:654] T cb2fc4d618fa420fa2b0ca5db1ad2501 P 3e0e49cc7c8643a7b466354db06a35c0: Neither blocks nor log segments found. Creating new log.
I20260710 13:27:42.949765  1426 tablet_bootstrap.cc:654] T 1aab353b204043da87153ae6b69590ed P c73bec8e5be14031908482443ef2b1ab: Neither blocks nor log segments found. Creating new log.
I20260710 13:27:42.958326  1427 tablet_bootstrap.cc:492] T cb2fc4d618fa420fa2b0ca5db1ad2501 P 3e0e49cc7c8643a7b466354db06a35c0: No bootstrap required, opened a new log
I20260710 13:27:42.958731  1427 ts_tablet_manager.cc:1403] T cb2fc4d618fa420fa2b0ca5db1ad2501 P 3e0e49cc7c8643a7b466354db06a35c0: Time spent bootstrapping tablet: real 0.025s	user 0.012s	sys 0.011s
I20260710 13:27:42.961028  1427 raft_consensus.cc:359] T cb2fc4d618fa420fa2b0ca5db1ad2501 P 3e0e49cc7c8643a7b466354db06a35c0 [term 0 FOLLOWER]: Replica starting. Triggering 0 pending ops. Active config: opid_index: -1 OBSOLETE_local: false peers { permanent_uuid: "c73bec8e5be14031908482443ef2b1ab" member_type: VOTER last_known_addr { host: "127.31.213.193" port: 34447 } } peers { permanent_uuid: "3e0e49cc7c8643a7b466354db06a35c0" member_type: VOTER last_known_addr { host: "127.31.213.194" port: 43569 } } peers { permanent_uuid: "74ac797aa2a641c0b4d3d9a854f648cc" member_type: VOTER last_known_addr { host: "127.31.213.195" port: 44247 } }
I20260710 13:27:42.960758  1135 catalog_manager.cc:5697] T 1d6c0d0a97834afe9baccddd3fa2aac1 P 3e0e49cc7c8643a7b466354db06a35c0 reported cstate change: term changed from 0 to 1, leader changed from <none> to 3e0e49cc7c8643a7b466354db06a35c0 (127.31.213.194). New cstate: current_term: 1 leader_uuid: "3e0e49cc7c8643a7b466354db06a35c0" committed_config { opid_index: -1 OBSOLETE_local: false peers { permanent_uuid: "c73bec8e5be14031908482443ef2b1ab" member_type: VOTER last_known_addr { host: "127.31.213.193" port: 34447 } health_report { overall_health: UNKNOWN } } peers { permanent_uuid: "3e0e49cc7c8643a7b466354db06a35c0" member_type: VOTER last_known_addr { host: "127.31.213.194" port: 43569 } health_report { overall_health: HEALTHY } } peers { permanent_uuid: "74ac797aa2a641c0b4d3d9a854f648cc" member_type: VOTER last_known_addr { host: "127.31.213.195" port: 44247 } health_report { overall_health: UNKNOWN } } }
I20260710 13:27:42.961621  1427 raft_consensus.cc:385] T cb2fc4d618fa420fa2b0ca5db1ad2501 P 3e0e49cc7c8643a7b466354db06a35c0 [term 0 FOLLOWER]: Consensus starting up: Expiring failure detector timer to make a prompt election more likely
I20260710 13:27:42.961902  1427 raft_consensus.cc:740] T cb2fc4d618fa420fa2b0ca5db1ad2501 P 3e0e49cc7c8643a7b466354db06a35c0 [term 0 FOLLOWER]: Becoming Follower/Learner. State: Replica: 3e0e49cc7c8643a7b466354db06a35c0, State: Initialized, Role: FOLLOWER
I20260710 13:27:42.963099  1427 consensus_queue.cc:260] T cb2fc4d618fa420fa2b0ca5db1ad2501 P 3e0e49cc7c8643a7b466354db06a35c0 [NON_LEADER]: Queue going to NON_LEADER mode. State: All replicated index: 0, Majority replicated index: 0, Committed index: 0, Last appended: 0.0, Last appended by leader: 0, Current term: 0, Majority size: -1, State: 0, Mode: NON_LEADER, active raft config: opid_index: -1 OBSOLETE_local: false peers { permanent_uuid: "c73bec8e5be14031908482443ef2b1ab" member_type: VOTER last_known_addr { host: "127.31.213.193" port: 34447 } } peers { permanent_uuid: "3e0e49cc7c8643a7b466354db06a35c0" member_type: VOTER last_known_addr { host: "127.31.213.194" port: 43569 } } peers { permanent_uuid: "74ac797aa2a641c0b4d3d9a854f648cc" member_type: VOTER last_known_addr { host: "127.31.213.195" port: 44247 } }
I20260710 13:27:42.965916  1427 ts_tablet_manager.cc:1434] T cb2fc4d618fa420fa2b0ca5db1ad2501 P 3e0e49cc7c8643a7b466354db06a35c0: Time spent starting tablet: real 0.007s	user 0.005s	sys 0.000s
I20260710 13:27:42.966733  1427 tablet_bootstrap.cc:492] T 75470d90c5af44c2b747089705720bbc P 3e0e49cc7c8643a7b466354db06a35c0: Bootstrap starting.
I20260710 13:27:42.971860  1427 tablet_bootstrap.cc:654] T 75470d90c5af44c2b747089705720bbc P 3e0e49cc7c8643a7b466354db06a35c0: Neither blocks nor log segments found. Creating new log.
I20260710 13:27:42.968662  1426 tablet_bootstrap.cc:492] T 1aab353b204043da87153ae6b69590ed P c73bec8e5be14031908482443ef2b1ab: No bootstrap required, opened a new log
I20260710 13:27:42.973564  1426 ts_tablet_manager.cc:1403] T 1aab353b204043da87153ae6b69590ed P c73bec8e5be14031908482443ef2b1ab: Time spent bootstrapping tablet: real 0.040s	user 0.006s	sys 0.006s
I20260710 13:27:42.976135  1426 raft_consensus.cc:359] T 1aab353b204043da87153ae6b69590ed P c73bec8e5be14031908482443ef2b1ab [term 0 FOLLOWER]: Replica starting. Triggering 0 pending ops. Active config: opid_index: -1 OBSOLETE_local: false peers { permanent_uuid: "c73bec8e5be14031908482443ef2b1ab" member_type: VOTER last_known_addr { host: "127.31.213.193" port: 34447 } } peers { permanent_uuid: "3e0e49cc7c8643a7b466354db06a35c0" member_type: VOTER last_known_addr { host: "127.31.213.194" port: 43569 } } peers { permanent_uuid: "74ac797aa2a641c0b4d3d9a854f648cc" member_type: VOTER last_known_addr { host: "127.31.213.195" port: 44247 } }
I20260710 13:27:42.976575  1426 raft_consensus.cc:385] T 1aab353b204043da87153ae6b69590ed P c73bec8e5be14031908482443ef2b1ab [term 0 FOLLOWER]: Consensus starting up: Expiring failure detector timer to make a prompt election more likely
I20260710 13:27:42.976771  1426 raft_consensus.cc:740] T 1aab353b204043da87153ae6b69590ed P c73bec8e5be14031908482443ef2b1ab [term 0 FOLLOWER]: Becoming Follower/Learner. State: Replica: c73bec8e5be14031908482443ef2b1ab, State: Initialized, Role: FOLLOWER
I20260710 13:27:42.977269  1426 consensus_queue.cc:260] T 1aab353b204043da87153ae6b69590ed P c73bec8e5be14031908482443ef2b1ab [NON_LEADER]: Queue going to NON_LEADER mode. State: All replicated index: 0, Majority replicated index: 0, Committed index: 0, Last appended: 0.0, Last appended by leader: 0, Current term: 0, Majority size: -1, State: 0, Mode: NON_LEADER, active raft config: opid_index: -1 OBSOLETE_local: false peers { permanent_uuid: "c73bec8e5be14031908482443ef2b1ab" member_type: VOTER last_known_addr { host: "127.31.213.193" port: 34447 } } peers { permanent_uuid: "3e0e49cc7c8643a7b466354db06a35c0" member_type: VOTER last_known_addr { host: "127.31.213.194" port: 43569 } } peers { permanent_uuid: "74ac797aa2a641c0b4d3d9a854f648cc" member_type: VOTER last_known_addr { host: "127.31.213.195" port: 44247 } }
I20260710 13:27:42.978475  1449 raft_consensus.cc:493] T db3bb198b27f4067b74125dc5f67273e P 74ac797aa2a641c0b4d3d9a854f648cc [term 0 FOLLOWER]: Starting pre-election (no leader contacted us within the election timeout)
I20260710 13:27:42.978881  1449 raft_consensus.cc:515] T db3bb198b27f4067b74125dc5f67273e P 74ac797aa2a641c0b4d3d9a854f648cc [term 0 FOLLOWER]: Starting pre-election with config: opid_index: -1 OBSOLETE_local: false peers { permanent_uuid: "c73bec8e5be14031908482443ef2b1ab" member_type: VOTER last_known_addr { host: "127.31.213.193" port: 34447 } } peers { permanent_uuid: "3e0e49cc7c8643a7b466354db06a35c0" member_type: VOTER last_known_addr { host: "127.31.213.194" port: 43569 } } peers { permanent_uuid: "74ac797aa2a641c0b4d3d9a854f648cc" member_type: VOTER last_known_addr { host: "127.31.213.195" port: 44247 } }
I20260710 13:27:42.980382  1426 ts_tablet_manager.cc:1434] T 1aab353b204043da87153ae6b69590ed P c73bec8e5be14031908482443ef2b1ab: Time spent starting tablet: real 0.007s	user 0.005s	sys 0.000s
I20260710 13:27:42.980684  1449 leader_election.cc:290] T db3bb198b27f4067b74125dc5f67273e P 74ac797aa2a641c0b4d3d9a854f648cc [CANDIDATE]: Term 1 pre-election: Requested pre-vote from peers c73bec8e5be14031908482443ef2b1ab (127.31.213.193:34447), 3e0e49cc7c8643a7b466354db06a35c0 (127.31.213.194:43569)
I20260710 13:27:42.982136  1308 tablet_service.cc:1917] Received RequestConsensusVote() RPC: tablet_id: "db3bb198b27f4067b74125dc5f67273e" candidate_uuid: "74ac797aa2a641c0b4d3d9a854f648cc" candidate_term: 1 candidate_status { last_received { term: 0 index: 0 } } ignore_live_leader: false dest_uuid: "3e0e49cc7c8643a7b466354db06a35c0" is_pre_election: true
I20260710 13:27:42.982717  1308 raft_consensus.cc:2468] T db3bb198b27f4067b74125dc5f67273e P 3e0e49cc7c8643a7b466354db06a35c0 [term 0 FOLLOWER]: Leader pre-election vote request: Granting yes vote for candidate 74ac797aa2a641c0b4d3d9a854f648cc in term 0.
I20260710 13:27:42.983899  1350 leader_election.cc:304] T db3bb198b27f4067b74125dc5f67273e P 74ac797aa2a641c0b4d3d9a854f648cc [CANDIDATE]: Term 1 pre-election: Election decided. Result: candidate won. Election summary: received 2 responses out of 3 voters: 2 yes votes; 0 no votes. yes voters: 3e0e49cc7c8643a7b466354db06a35c0, 74ac797aa2a641c0b4d3d9a854f648cc; no voters: 
I20260710 13:27:42.985589  1234 tablet_service.cc:1917] Received RequestConsensusVote() RPC: tablet_id: "db3bb198b27f4067b74125dc5f67273e" candidate_uuid: "74ac797aa2a641c0b4d3d9a854f648cc" candidate_term: 1 candidate_status { last_received { term: 0 index: 0 } } ignore_live_leader: false dest_uuid: "c73bec8e5be14031908482443ef2b1ab" is_pre_election: true
I20260710 13:27:42.986151  1234 raft_consensus.cc:2468] T db3bb198b27f4067b74125dc5f67273e P c73bec8e5be14031908482443ef2b1ab [term 0 FOLLOWER]: Leader pre-election vote request: Granting yes vote for candidate 74ac797aa2a641c0b4d3d9a854f648cc in term 0.
I20260710 13:27:42.987953  1449 raft_consensus.cc:2804] T db3bb198b27f4067b74125dc5f67273e P 74ac797aa2a641c0b4d3d9a854f648cc [term 0 FOLLOWER]: Leader pre-election won for term 1
I20260710 13:27:42.988243  1449 raft_consensus.cc:493] T db3bb198b27f4067b74125dc5f67273e P 74ac797aa2a641c0b4d3d9a854f648cc [term 0 FOLLOWER]: Starting leader election (no leader contacted us within the election timeout)
I20260710 13:27:42.988493  1449 raft_consensus.cc:3060] T db3bb198b27f4067b74125dc5f67273e P 74ac797aa2a641c0b4d3d9a854f648cc [term 0 FOLLOWER]: Advancing to term 1
I20260710 13:27:42.989138  1427 tablet_bootstrap.cc:492] T 75470d90c5af44c2b747089705720bbc P 3e0e49cc7c8643a7b466354db06a35c0: No bootstrap required, opened a new log
I20260710 13:27:42.989570  1427 ts_tablet_manager.cc:1403] T 75470d90c5af44c2b747089705720bbc P 3e0e49cc7c8643a7b466354db06a35c0: Time spent bootstrapping tablet: real 0.023s	user 0.021s	sys 0.000s
I20260710 13:27:42.991900  1427 raft_consensus.cc:359] T 75470d90c5af44c2b747089705720bbc P 3e0e49cc7c8643a7b466354db06a35c0 [term 0 FOLLOWER]: Replica starting. Triggering 0 pending ops. Active config: opid_index: -1 OBSOLETE_local: false peers { permanent_uuid: "c73bec8e5be14031908482443ef2b1ab" member_type: VOTER last_known_addr { host: "127.31.213.193" port: 34447 } } peers { permanent_uuid: "3e0e49cc7c8643a7b466354db06a35c0" member_type: VOTER last_known_addr { host: "127.31.213.194" port: 43569 } } peers { permanent_uuid: "74ac797aa2a641c0b4d3d9a854f648cc" member_type: VOTER last_known_addr { host: "127.31.213.195" port: 44247 } }
I20260710 13:27:42.992475  1427 raft_consensus.cc:385] T 75470d90c5af44c2b747089705720bbc P 3e0e49cc7c8643a7b466354db06a35c0 [term 0 FOLLOWER]: Consensus starting up: Expiring failure detector timer to make a prompt election more likely
I20260710 13:27:42.992759  1427 raft_consensus.cc:740] T 75470d90c5af44c2b747089705720bbc P 3e0e49cc7c8643a7b466354db06a35c0 [term 0 FOLLOWER]: Becoming Follower/Learner. State: Replica: 3e0e49cc7c8643a7b466354db06a35c0, State: Initialized, Role: FOLLOWER
I20260710 13:27:42.992590  1449 raft_consensus.cc:515] T db3bb198b27f4067b74125dc5f67273e P 74ac797aa2a641c0b4d3d9a854f648cc [term 1 FOLLOWER]: Starting leader election with config: opid_index: -1 OBSOLETE_local: false peers { permanent_uuid: "c73bec8e5be14031908482443ef2b1ab" member_type: VOTER last_known_addr { host: "127.31.213.193" port: 34447 } } peers { permanent_uuid: "3e0e49cc7c8643a7b466354db06a35c0" member_type: VOTER last_known_addr { host: "127.31.213.194" port: 43569 } } peers { permanent_uuid: "74ac797aa2a641c0b4d3d9a854f648cc" member_type: VOTER last_known_addr { host: "127.31.213.195" port: 44247 } }
I20260710 13:27:42.993403  1427 consensus_queue.cc:260] T 75470d90c5af44c2b747089705720bbc P 3e0e49cc7c8643a7b466354db06a35c0 [NON_LEADER]: Queue going to NON_LEADER mode. State: All replicated index: 0, Majority replicated index: 0, Committed index: 0, Last appended: 0.0, Last appended by leader: 0, Current term: 0, Majority size: -1, State: 0, Mode: NON_LEADER, active raft config: opid_index: -1 OBSOLETE_local: false peers { permanent_uuid: "c73bec8e5be14031908482443ef2b1ab" member_type: VOTER last_known_addr { host: "127.31.213.193" port: 34447 } } peers { permanent_uuid: "3e0e49cc7c8643a7b466354db06a35c0" member_type: VOTER last_known_addr { host: "127.31.213.194" port: 43569 } } peers { permanent_uuid: "74ac797aa2a641c0b4d3d9a854f648cc" member_type: VOTER last_known_addr { host: "127.31.213.195" port: 44247 } }
I20260710 13:27:42.995311  1234 tablet_service.cc:1917] Received RequestConsensusVote() RPC: tablet_id: "db3bb198b27f4067b74125dc5f67273e" candidate_uuid: "74ac797aa2a641c0b4d3d9a854f648cc" candidate_term: 1 candidate_status { last_received { term: 0 index: 0 } } ignore_live_leader: false dest_uuid: "c73bec8e5be14031908482443ef2b1ab"
I20260710 13:27:42.995714  1234 raft_consensus.cc:3060] T db3bb198b27f4067b74125dc5f67273e P c73bec8e5be14031908482443ef2b1ab [term 0 FOLLOWER]: Advancing to term 1
I20260710 13:27:42.998121  1308 tablet_service.cc:1917] Received RequestConsensusVote() RPC: tablet_id: "db3bb198b27f4067b74125dc5f67273e" candidate_uuid: "74ac797aa2a641c0b4d3d9a854f648cc" candidate_term: 1 candidate_status { last_received { term: 0 index: 0 } } ignore_live_leader: false dest_uuid: "3e0e49cc7c8643a7b466354db06a35c0"
I20260710 13:27:42.998647  1308 raft_consensus.cc:3060] T db3bb198b27f4067b74125dc5f67273e P 3e0e49cc7c8643a7b466354db06a35c0 [term 0 FOLLOWER]: Advancing to term 1
I20260710 13:27:43.001266  1427 ts_tablet_manager.cc:1434] T 75470d90c5af44c2b747089705720bbc P 3e0e49cc7c8643a7b466354db06a35c0: Time spent starting tablet: real 0.011s	user 0.006s	sys 0.000s
I20260710 13:27:43.002185  1427 tablet_bootstrap.cc:492] T 1aab353b204043da87153ae6b69590ed P 3e0e49cc7c8643a7b466354db06a35c0: Bootstrap starting.
I20260710 13:27:43.005858  1430 raft_consensus.cc:493] T 3d65d731445a4f1a92d6407b08808251 P 3e0e49cc7c8643a7b466354db06a35c0 [term 0 FOLLOWER]: Starting pre-election (no leader contacted us within the election timeout)
I20260710 13:27:43.006263  1430 raft_consensus.cc:515] T 3d65d731445a4f1a92d6407b08808251 P 3e0e49cc7c8643a7b466354db06a35c0 [term 0 FOLLOWER]: Starting pre-election with config: opid_index: -1 OBSOLETE_local: false peers { permanent_uuid: "c73bec8e5be14031908482443ef2b1ab" member_type: VOTER last_known_addr { host: "127.31.213.193" port: 34447 } } peers { permanent_uuid: "3e0e49cc7c8643a7b466354db06a35c0" member_type: VOTER last_known_addr { host: "127.31.213.194" port: 43569 } } peers { permanent_uuid: "74ac797aa2a641c0b4d3d9a854f648cc" member_type: VOTER last_known_addr { host: "127.31.213.195" port: 44247 } }
I20260710 13:27:43.008124  1430 leader_election.cc:290] T 3d65d731445a4f1a92d6407b08808251 P 3e0e49cc7c8643a7b466354db06a35c0 [CANDIDATE]: Term 1 pre-election: Requested pre-vote from peers c73bec8e5be14031908482443ef2b1ab (127.31.213.193:34447), 74ac797aa2a641c0b4d3d9a854f648cc (127.31.213.195:44247)
I20260710 13:27:43.008301  1427 tablet_bootstrap.cc:654] T 1aab353b204043da87153ae6b69590ed P 3e0e49cc7c8643a7b466354db06a35c0: Neither blocks nor log segments found. Creating new log.
I20260710 13:27:43.009342  1235 tablet_service.cc:1917] Received RequestConsensusVote() RPC: tablet_id: "3d65d731445a4f1a92d6407b08808251" candidate_uuid: "3e0e49cc7c8643a7b466354db06a35c0" candidate_term: 1 candidate_status { last_received { term: 0 index: 0 } } ignore_live_leader: false dest_uuid: "c73bec8e5be14031908482443ef2b1ab" is_pre_election: true
I20260710 13:27:43.009557  1385 tablet_service.cc:1917] Received RequestConsensusVote() RPC: tablet_id: "3d65d731445a4f1a92d6407b08808251" candidate_uuid: "3e0e49cc7c8643a7b466354db06a35c0" candidate_term: 1 candidate_status { last_received { term: 0 index: 0 } } ignore_live_leader: false dest_uuid: "74ac797aa2a641c0b4d3d9a854f648cc" is_pre_election: true
I20260710 13:27:43.009961  1235 raft_consensus.cc:2468] T 3d65d731445a4f1a92d6407b08808251 P c73bec8e5be14031908482443ef2b1ab [term 0 FOLLOWER]: Leader pre-election vote request: Granting yes vote for candidate 3e0e49cc7c8643a7b466354db06a35c0 in term 0.
I20260710 13:27:43.010087  1385 raft_consensus.cc:2468] T 3d65d731445a4f1a92d6407b08808251 P 74ac797aa2a641c0b4d3d9a854f648cc [term 0 FOLLOWER]: Leader pre-election vote request: Granting yes vote for candidate 3e0e49cc7c8643a7b466354db06a35c0 in term 0.
I20260710 13:27:43.011124  1275 leader_election.cc:304] T 3d65d731445a4f1a92d6407b08808251 P 3e0e49cc7c8643a7b466354db06a35c0 [CANDIDATE]: Term 1 pre-election: Election decided. Result: candidate won. Election summary: received 2 responses out of 3 voters: 2 yes votes; 0 no votes. yes voters: 3e0e49cc7c8643a7b466354db06a35c0, 74ac797aa2a641c0b4d3d9a854f648cc; no voters: 
I20260710 13:27:43.012300  1430 raft_consensus.cc:2804] T 3d65d731445a4f1a92d6407b08808251 P 3e0e49cc7c8643a7b466354db06a35c0 [term 0 FOLLOWER]: Leader pre-election won for term 1
I20260710 13:27:43.012652  1430 raft_consensus.cc:493] T 3d65d731445a4f1a92d6407b08808251 P 3e0e49cc7c8643a7b466354db06a35c0 [term 0 FOLLOWER]: Starting leader election (no leader contacted us within the election timeout)
I20260710 13:27:43.012955  1430 raft_consensus.cc:3060] T 3d65d731445a4f1a92d6407b08808251 P 3e0e49cc7c8643a7b466354db06a35c0 [term 0 FOLLOWER]: Advancing to term 1
I20260710 13:27:43.016566  1308 raft_consensus.cc:2468] T db3bb198b27f4067b74125dc5f67273e P 3e0e49cc7c8643a7b466354db06a35c0 [term 1 FOLLOWER]: Leader election vote request: Granting yes vote for candidate 74ac797aa2a641c0b4d3d9a854f648cc in term 1.
I20260710 13:27:43.017482  1234 raft_consensus.cc:2468] T db3bb198b27f4067b74125dc5f67273e P c73bec8e5be14031908482443ef2b1ab [term 1 FOLLOWER]: Leader election vote request: Granting yes vote for candidate 74ac797aa2a641c0b4d3d9a854f648cc in term 1.
I20260710 13:27:43.018604  1350 leader_election.cc:304] T db3bb198b27f4067b74125dc5f67273e P 74ac797aa2a641c0b4d3d9a854f648cc [CANDIDATE]: Term 1 election: Election decided. Result: candidate won. Election summary: received 2 responses out of 3 voters: 2 yes votes; 0 no votes. yes voters: 3e0e49cc7c8643a7b466354db06a35c0, 74ac797aa2a641c0b4d3d9a854f648cc; no voters: 
I20260710 13:27:43.019506  1467 raft_consensus.cc:2804] T db3bb198b27f4067b74125dc5f67273e P 74ac797aa2a641c0b4d3d9a854f648cc [term 1 FOLLOWER]: Leader election won for term 1
I20260710 13:27:43.019928  1467 raft_consensus.cc:697] T db3bb198b27f4067b74125dc5f67273e P 74ac797aa2a641c0b4d3d9a854f648cc [term 1 LEADER]: Becoming Leader. State: Replica: 74ac797aa2a641c0b4d3d9a854f648cc, State: Running, Role: LEADER
I20260710 13:27:43.020658  1467 consensus_queue.cc:237] T db3bb198b27f4067b74125dc5f67273e P 74ac797aa2a641c0b4d3d9a854f648cc [LEADER]: Queue going to LEADER mode. State: All replicated index: 0, Majority replicated index: 0, Committed index: 0, Last appended: 0.0, Last appended by leader: 0, Current term: 1, Majority size: 2, State: 0, Mode: LEADER, active raft config: opid_index: -1 OBSOLETE_local: false peers { permanent_uuid: "c73bec8e5be14031908482443ef2b1ab" member_type: VOTER last_known_addr { host: "127.31.213.193" port: 34447 } } peers { permanent_uuid: "3e0e49cc7c8643a7b466354db06a35c0" member_type: VOTER last_known_addr { host: "127.31.213.194" port: 43569 } } peers { permanent_uuid: "74ac797aa2a641c0b4d3d9a854f648cc" member_type: VOTER last_known_addr { host: "127.31.213.195" port: 44247 } }
I20260710 13:27:43.023622  1449 leader_election.cc:290] T db3bb198b27f4067b74125dc5f67273e P 74ac797aa2a641c0b4d3d9a854f648cc [CANDIDATE]: Term 1 election: Requested vote from peers c73bec8e5be14031908482443ef2b1ab (127.31.213.193:34447), 3e0e49cc7c8643a7b466354db06a35c0 (127.31.213.194:43569)
I20260710 13:27:43.026808  1430 raft_consensus.cc:515] T 3d65d731445a4f1a92d6407b08808251 P 3e0e49cc7c8643a7b466354db06a35c0 [term 1 FOLLOWER]: Starting leader election with config: opid_index: -1 OBSOLETE_local: false peers { permanent_uuid: "c73bec8e5be14031908482443ef2b1ab" member_type: VOTER last_known_addr { host: "127.31.213.193" port: 34447 } } peers { permanent_uuid: "3e0e49cc7c8643a7b466354db06a35c0" member_type: VOTER last_known_addr { host: "127.31.213.194" port: 43569 } } peers { permanent_uuid: "74ac797aa2a641c0b4d3d9a854f648cc" member_type: VOTER last_known_addr { host: "127.31.213.195" port: 44247 } }
I20260710 13:27:43.026809  1427 tablet_bootstrap.cc:492] T 1aab353b204043da87153ae6b69590ed P 3e0e49cc7c8643a7b466354db06a35c0: No bootstrap required, opened a new log
I20260710 13:27:43.030579  1427 ts_tablet_manager.cc:1403] T 1aab353b204043da87153ae6b69590ed P 3e0e49cc7c8643a7b466354db06a35c0: Time spent bootstrapping tablet: real 0.029s	user 0.005s	sys 0.014s
I20260710 13:27:43.033882  1427 raft_consensus.cc:359] T 1aab353b204043da87153ae6b69590ed P 3e0e49cc7c8643a7b466354db06a35c0 [term 0 FOLLOWER]: Replica starting. Triggering 0 pending ops. Active config: opid_index: -1 OBSOLETE_local: false peers { permanent_uuid: "c73bec8e5be14031908482443ef2b1ab" member_type: VOTER last_known_addr { host: "127.31.213.193" port: 34447 } } peers { permanent_uuid: "3e0e49cc7c8643a7b466354db06a35c0" member_type: VOTER last_known_addr { host: "127.31.213.194" port: 43569 } } peers { permanent_uuid: "74ac797aa2a641c0b4d3d9a854f648cc" member_type: VOTER last_known_addr { host: "127.31.213.195" port: 44247 } }
I20260710 13:27:43.035267  1427 raft_consensus.cc:385] T 1aab353b204043da87153ae6b69590ed P 3e0e49cc7c8643a7b466354db06a35c0 [term 0 FOLLOWER]: Consensus starting up: Expiring failure detector timer to make a prompt election more likely
I20260710 13:27:43.030902  1234 tablet_service.cc:1917] Received RequestConsensusVote() RPC: tablet_id: "3d65d731445a4f1a92d6407b08808251" candidate_uuid: "3e0e49cc7c8643a7b466354db06a35c0" candidate_term: 1 candidate_status { last_received { term: 0 index: 0 } } ignore_live_leader: false dest_uuid: "c73bec8e5be14031908482443ef2b1ab"
I20260710 13:27:43.035611  1427 raft_consensus.cc:740] T 1aab353b204043da87153ae6b69590ed P 3e0e49cc7c8643a7b466354db06a35c0 [term 0 FOLLOWER]: Becoming Follower/Learner. State: Replica: 3e0e49cc7c8643a7b466354db06a35c0, State: Initialized, Role: FOLLOWER
I20260710 13:27:43.035780  1234 raft_consensus.cc:3060] T 3d65d731445a4f1a92d6407b08808251 P c73bec8e5be14031908482443ef2b1ab [term 0 FOLLOWER]: Advancing to term 1
I20260710 13:27:43.036036  1134 catalog_manager.cc:5697] T db3bb198b27f4067b74125dc5f67273e P 74ac797aa2a641c0b4d3d9a854f648cc reported cstate change: term changed from 0 to 1, leader changed from <none> to 74ac797aa2a641c0b4d3d9a854f648cc (127.31.213.195). New cstate: current_term: 1 leader_uuid: "74ac797aa2a641c0b4d3d9a854f648cc" committed_config { opid_index: -1 OBSOLETE_local: false peers { permanent_uuid: "c73bec8e5be14031908482443ef2b1ab" member_type: VOTER last_known_addr { host: "127.31.213.193" port: 34447 } health_report { overall_health: UNKNOWN } } peers { permanent_uuid: "3e0e49cc7c8643a7b466354db06a35c0" member_type: VOTER last_known_addr { host: "127.31.213.194" port: 43569 } health_report { overall_health: UNKNOWN } } peers { permanent_uuid: "74ac797aa2a641c0b4d3d9a854f648cc" member_type: VOTER last_known_addr { host: "127.31.213.195" port: 44247 } health_report { overall_health: HEALTHY } } }
I20260710 13:27:43.036427  1427 consensus_queue.cc:260] T 1aab353b204043da87153ae6b69590ed P 3e0e49cc7c8643a7b466354db06a35c0 [NON_LEADER]: Queue going to NON_LEADER mode. State: All replicated index: 0, Majority replicated index: 0, Committed index: 0, Last appended: 0.0, Last appended by leader: 0, Current term: 0, Majority size: -1, State: 0, Mode: NON_LEADER, active raft config: opid_index: -1 OBSOLETE_local: false peers { permanent_uuid: "c73bec8e5be14031908482443ef2b1ab" member_type: VOTER last_known_addr { host: "127.31.213.193" port: 34447 } } peers { permanent_uuid: "3e0e49cc7c8643a7b466354db06a35c0" member_type: VOTER last_known_addr { host: "127.31.213.194" port: 43569 } } peers { permanent_uuid: "74ac797aa2a641c0b4d3d9a854f648cc" member_type: VOTER last_known_addr { host: "127.31.213.195" port: 44247 } }
