I20260710 13:27:24.608738 28296 consensus_queue.cc:237] T 599e0348f81049e898a29a5d3dc9ef7e P 6a55b9cbd90a4efb964b6f6eee9b7ba1 [LEADER]: Queue going to LEADER mode. State: All replicated index: 0, Majority replicated index: 0, Committed index: 0, Last appended: 0.0, Last appended by leader: 0, Current term: 1, Majority size: 2, State: 0, Mode: LEADER, active raft config: opid_index: -1 OBSOLETE_local: false peers { permanent_uuid: "27d3966637d74ac88c7541d29e743ea1" member_type: VOTER last_known_addr { host: "127.26.200.1" port: 36803 } } peers { permanent_uuid: "6a55b9cbd90a4efb964b6f6eee9b7ba1" member_type: VOTER last_known_addr { host: "127.26.200.2" port: 46171 } } peers { permanent_uuid: "b1c7007fb5fc4d148946828c0a39cc47" member_type: VOTER last_known_addr { host: "127.26.200.3" port: 34545 } }
I20260710 13:27:24.615078 27993 catalog_manager.cc:5697] T 599e0348f81049e898a29a5d3dc9ef7e P 6a55b9cbd90a4efb964b6f6eee9b7ba1 reported cstate change: term changed from 0 to 1, leader changed from <none> to 6a55b9cbd90a4efb964b6f6eee9b7ba1 (127.26.200.2). New cstate: current_term: 1 leader_uuid: "6a55b9cbd90a4efb964b6f6eee9b7ba1" committed_config { opid_index: -1 OBSOLETE_local: false peers { permanent_uuid: "27d3966637d74ac88c7541d29e743ea1" member_type: VOTER last_known_addr { host: "127.26.200.1" port: 36803 } health_report { overall_health: UNKNOWN } } peers { permanent_uuid: "6a55b9cbd90a4efb964b6f6eee9b7ba1" member_type: VOTER last_known_addr { host: "127.26.200.2" port: 46171 } health_report { overall_health: HEALTHY } } peers { permanent_uuid: "b1c7007fb5fc4d148946828c0a39cc47" member_type: VOTER last_known_addr { host: "127.26.200.3" port: 34545 } health_report { overall_health: UNKNOWN } } }
I20260710 13:27:24.672487 28293 raft_consensus.cc:493] T 78baf142c0c646798bf4d457b6666315 P b1c7007fb5fc4d148946828c0a39cc47 [term 0 FOLLOWER]: Starting pre-election (no leader contacted us within the election timeout)
I20260710 13:27:24.672940 28293 raft_consensus.cc:515] T 78baf142c0c646798bf4d457b6666315 P b1c7007fb5fc4d148946828c0a39cc47 [term 0 FOLLOWER]: Starting pre-election with config: opid_index: -1 OBSOLETE_local: false peers { permanent_uuid: "27d3966637d74ac88c7541d29e743ea1" member_type: VOTER last_known_addr { host: "127.26.200.1" port: 36803 } } peers { permanent_uuid: "6a55b9cbd90a4efb964b6f6eee9b7ba1" member_type: VOTER last_known_addr { host: "127.26.200.2" port: 46171 } } peers { permanent_uuid: "b1c7007fb5fc4d148946828c0a39cc47" member_type: VOTER last_known_addr { host: "127.26.200.3" port: 34545 } }
I20260710 13:27:24.674518 28293 leader_election.cc:290] T 78baf142c0c646798bf4d457b6666315 P b1c7007fb5fc4d148946828c0a39cc47 [CANDIDATE]: Term 1 pre-election: Requested pre-vote from peers 27d3966637d74ac88c7541d29e743ea1 (127.26.200.1:36803), 6a55b9cbd90a4efb964b6f6eee9b7ba1 (127.26.200.2:46171)
I20260710 13:27:24.675457 28096 tablet_service.cc:1917] Received RequestConsensusVote() RPC: tablet_id: "78baf142c0c646798bf4d457b6666315" candidate_uuid: "b1c7007fb5fc4d148946828c0a39cc47" candidate_term: 1 candidate_status { last_received { term: 0 index: 0 } } ignore_live_leader: false dest_uuid: "27d3966637d74ac88c7541d29e743ea1" is_pre_election: true
I20260710 13:27:24.675580 28171 tablet_service.cc:1917] Received RequestConsensusVote() RPC: tablet_id: "78baf142c0c646798bf4d457b6666315" candidate_uuid: "b1c7007fb5fc4d148946828c0a39cc47" candidate_term: 1 candidate_status { last_received { term: 0 index: 0 } } ignore_live_leader: false dest_uuid: "6a55b9cbd90a4efb964b6f6eee9b7ba1" is_pre_election: true
I20260710 13:27:24.676079 28096 raft_consensus.cc:2393] T 78baf142c0c646798bf4d457b6666315 P 27d3966637d74ac88c7541d29e743ea1 [term 1 FOLLOWER]: Leader pre-election vote request: Denying vote to candidate b1c7007fb5fc4d148946828c0a39cc47 in current term 1: Already voted for candidate 6a55b9cbd90a4efb964b6f6eee9b7ba1 in this term.
I20260710 13:27:24.676927 28209 leader_election.cc:304] T 78baf142c0c646798bf4d457b6666315 P b1c7007fb5fc4d148946828c0a39cc47 [CANDIDATE]: Term 1 pre-election: Election decided. Result: candidate lost. Election summary: received 3 responses out of 3 voters: 1 yes votes; 2 no votes. yes voters: b1c7007fb5fc4d148946828c0a39cc47; no voters: 27d3966637d74ac88c7541d29e743ea1, 6a55b9cbd90a4efb964b6f6eee9b7ba1
I20260710 13:27:24.677525 28293 raft_consensus.cc:3060] T 78baf142c0c646798bf4d457b6666315 P b1c7007fb5fc4d148946828c0a39cc47 [term 0 FOLLOWER]: Advancing to term 1
I20260710 13:27:24.682243 28293 raft_consensus.cc:2749] T 78baf142c0c646798bf4d457b6666315 P b1c7007fb5fc4d148946828c0a39cc47 [term 1 FOLLOWER]: Leader pre-election lost for term 1. Reason: could not achieve majority
I20260710 13:27:24.690119 28296 raft_consensus.cc:493] T c31f6460e12f452c8e6dcaf77315c5fb P 6a55b9cbd90a4efb964b6f6eee9b7ba1 [term 0 FOLLOWER]: Starting pre-election (no leader contacted us within the election timeout)
I20260710 13:27:24.690618 28296 raft_consensus.cc:515] T c31f6460e12f452c8e6dcaf77315c5fb P 6a55b9cbd90a4efb964b6f6eee9b7ba1 [term 0 FOLLOWER]: Starting pre-election with config: opid_index: -1 OBSOLETE_local: false peers { permanent_uuid: "27d3966637d74ac88c7541d29e743ea1" member_type: VOTER last_known_addr { host: "127.26.200.1" port: 36803 } } peers { permanent_uuid: "6a55b9cbd90a4efb964b6f6eee9b7ba1" member_type: VOTER last_known_addr { host: "127.26.200.2" port: 46171 } } peers { permanent_uuid: "b1c7007fb5fc4d148946828c0a39cc47" member_type: VOTER last_known_addr { host: "127.26.200.3" port: 34545 } }
I20260710 13:27:24.692373 28296 leader_election.cc:290] T c31f6460e12f452c8e6dcaf77315c5fb P 6a55b9cbd90a4efb964b6f6eee9b7ba1 [CANDIDATE]: Term 1 pre-election: Requested pre-vote from peers 27d3966637d74ac88c7541d29e743ea1 (127.26.200.1:36803), b1c7007fb5fc4d148946828c0a39cc47 (127.26.200.3:34545)
I20260710 13:27:24.693094 28096 tablet_service.cc:1917] Received RequestConsensusVote() RPC: tablet_id: "c31f6460e12f452c8e6dcaf77315c5fb" candidate_uuid: "6a55b9cbd90a4efb964b6f6eee9b7ba1" candidate_term: 1 candidate_status { last_received { term: 0 index: 0 } } ignore_live_leader: false dest_uuid: "27d3966637d74ac88c7541d29e743ea1" is_pre_election: true
I20260710 13:27:24.693316 28245 tablet_service.cc:1917] Received RequestConsensusVote() RPC: tablet_id: "c31f6460e12f452c8e6dcaf77315c5fb" candidate_uuid: "6a55b9cbd90a4efb964b6f6eee9b7ba1" candidate_term: 1 candidate_status { last_received { term: 0 index: 0 } } ignore_live_leader: false dest_uuid: "b1c7007fb5fc4d148946828c0a39cc47" is_pre_election: true
I20260710 13:27:24.693604 28096 raft_consensus.cc:2468] T c31f6460e12f452c8e6dcaf77315c5fb P 27d3966637d74ac88c7541d29e743ea1 [term 0 FOLLOWER]: Leader pre-election vote request: Granting yes vote for candidate 6a55b9cbd90a4efb964b6f6eee9b7ba1 in term 0.
I20260710 13:27:24.693857 28245 raft_consensus.cc:2468] T c31f6460e12f452c8e6dcaf77315c5fb P b1c7007fb5fc4d148946828c0a39cc47 [term 0 FOLLOWER]: Leader pre-election vote request: Granting yes vote for candidate 6a55b9cbd90a4efb964b6f6eee9b7ba1 in term 0.
I20260710 13:27:24.694550 28135 leader_election.cc:304] T c31f6460e12f452c8e6dcaf77315c5fb P 6a55b9cbd90a4efb964b6f6eee9b7ba1 [CANDIDATE]: Term 1 pre-election: Election decided. Result: candidate won. Election summary: received 2 responses out of 3 voters: 2 yes votes; 0 no votes. yes voters: 27d3966637d74ac88c7541d29e743ea1, 6a55b9cbd90a4efb964b6f6eee9b7ba1; no voters: 
I20260710 13:27:24.695257 28296 raft_consensus.cc:2804] T c31f6460e12f452c8e6dcaf77315c5fb P 6a55b9cbd90a4efb964b6f6eee9b7ba1 [term 0 FOLLOWER]: Leader pre-election won for term 1
I20260710 13:27:24.695544 28296 raft_consensus.cc:493] T c31f6460e12f452c8e6dcaf77315c5fb P 6a55b9cbd90a4efb964b6f6eee9b7ba1 [term 0 FOLLOWER]: Starting leader election (no leader contacted us within the election timeout)
I20260710 13:27:24.695794 28296 raft_consensus.cc:3060] T c31f6460e12f452c8e6dcaf77315c5fb P 6a55b9cbd90a4efb964b6f6eee9b7ba1 [term 0 FOLLOWER]: Advancing to term 1
I20260710 13:27:24.700098 28296 raft_consensus.cc:515] T c31f6460e12f452c8e6dcaf77315c5fb P 6a55b9cbd90a4efb964b6f6eee9b7ba1 [term 1 FOLLOWER]: Starting leader election with config: opid_index: -1 OBSOLETE_local: false peers { permanent_uuid: "27d3966637d74ac88c7541d29e743ea1" member_type: VOTER last_known_addr { host: "127.26.200.1" port: 36803 } } peers { permanent_uuid: "6a55b9cbd90a4efb964b6f6eee9b7ba1" member_type: VOTER last_known_addr { host: "127.26.200.2" port: 46171 } } peers { permanent_uuid: "b1c7007fb5fc4d148946828c0a39cc47" member_type: VOTER last_known_addr { host: "127.26.200.3" port: 34545 } }
I20260710 13:27:24.701610 28296 leader_election.cc:290] T c31f6460e12f452c8e6dcaf77315c5fb P 6a55b9cbd90a4efb964b6f6eee9b7ba1 [CANDIDATE]: Term 1 election: Requested vote from peers 27d3966637d74ac88c7541d29e743ea1 (127.26.200.1:36803), b1c7007fb5fc4d148946828c0a39cc47 (127.26.200.3:34545)
I20260710 13:27:24.702397 28096 tablet_service.cc:1917] Received RequestConsensusVote() RPC: tablet_id: "c31f6460e12f452c8e6dcaf77315c5fb" candidate_uuid: "6a55b9cbd90a4efb964b6f6eee9b7ba1" candidate_term: 1 candidate_status { last_received { term: 0 index: 0 } } ignore_live_leader: false dest_uuid: "27d3966637d74ac88c7541d29e743ea1"
I20260710 13:27:24.702587 28245 tablet_service.cc:1917] Received RequestConsensusVote() RPC: tablet_id: "c31f6460e12f452c8e6dcaf77315c5fb" candidate_uuid: "6a55b9cbd90a4efb964b6f6eee9b7ba1" candidate_term: 1 candidate_status { last_received { term: 0 index: 0 } } ignore_live_leader: false dest_uuid: "b1c7007fb5fc4d148946828c0a39cc47"
I20260710 13:27:24.702852 28096 raft_consensus.cc:3060] T c31f6460e12f452c8e6dcaf77315c5fb P 27d3966637d74ac88c7541d29e743ea1 [term 0 FOLLOWER]: Advancing to term 1
I20260710 13:27:24.703115 28245 raft_consensus.cc:3060] T c31f6460e12f452c8e6dcaf77315c5fb P b1c7007fb5fc4d148946828c0a39cc47 [term 0 FOLLOWER]: Advancing to term 1
I20260710 13:27:24.707505 28096 raft_consensus.cc:2468] T c31f6460e12f452c8e6dcaf77315c5fb P 27d3966637d74ac88c7541d29e743ea1 [term 1 FOLLOWER]: Leader election vote request: Granting yes vote for candidate 6a55b9cbd90a4efb964b6f6eee9b7ba1 in term 1.
I20260710 13:27:24.707710 28245 raft_consensus.cc:2468] T c31f6460e12f452c8e6dcaf77315c5fb P b1c7007fb5fc4d148946828c0a39cc47 [term 1 FOLLOWER]: Leader election vote request: Granting yes vote for candidate 6a55b9cbd90a4efb964b6f6eee9b7ba1 in term 1.
I20260710 13:27:24.708493 28135 leader_election.cc:304] T c31f6460e12f452c8e6dcaf77315c5fb P 6a55b9cbd90a4efb964b6f6eee9b7ba1 [CANDIDATE]: Term 1 election: Election decided. Result: candidate won. Election summary: received 2 responses out of 3 voters: 2 yes votes; 0 no votes. yes voters: 27d3966637d74ac88c7541d29e743ea1, 6a55b9cbd90a4efb964b6f6eee9b7ba1; no voters: 
I20260710 13:27:24.709148 28296 raft_consensus.cc:2804] T c31f6460e12f452c8e6dcaf77315c5fb P 6a55b9cbd90a4efb964b6f6eee9b7ba1 [term 1 FOLLOWER]: Leader election won for term 1
I20260710 13:27:24.709496 28296 raft_consensus.cc:697] T c31f6460e12f452c8e6dcaf77315c5fb P 6a55b9cbd90a4efb964b6f6eee9b7ba1 [term 1 LEADER]: Becoming Leader. State: Replica: 6a55b9cbd90a4efb964b6f6eee9b7ba1, State: Running, Role: LEADER
I20260710 13:27:24.710201 28296 consensus_queue.cc:237] T c31f6460e12f452c8e6dcaf77315c5fb P 6a55b9cbd90a4efb964b6f6eee9b7ba1 [LEADER]: Queue going to LEADER mode. State: All replicated index: 0, Majority replicated index: 0, Committed index: 0, Last appended: 0.0, Last appended by leader: 0, Current term: 1, Majority size: 2, State: 0, Mode: LEADER, active raft config: opid_index: -1 OBSOLETE_local: false peers { permanent_uuid: "27d3966637d74ac88c7541d29e743ea1" member_type: VOTER last_known_addr { host: "127.26.200.1" port: 36803 } } peers { permanent_uuid: "6a55b9cbd90a4efb964b6f6eee9b7ba1" member_type: VOTER last_known_addr { host: "127.26.200.2" port: 46171 } } peers { permanent_uuid: "b1c7007fb5fc4d148946828c0a39cc47" member_type: VOTER last_known_addr { host: "127.26.200.3" port: 34545 } }
I20260710 13:27:24.716442 27993 catalog_manager.cc:5697] T c31f6460e12f452c8e6dcaf77315c5fb P 6a55b9cbd90a4efb964b6f6eee9b7ba1 reported cstate change: term changed from 0 to 1, leader changed from <none> to 6a55b9cbd90a4efb964b6f6eee9b7ba1 (127.26.200.2). New cstate: current_term: 1 leader_uuid: "6a55b9cbd90a4efb964b6f6eee9b7ba1" committed_config { opid_index: -1 OBSOLETE_local: false peers { permanent_uuid: "27d3966637d74ac88c7541d29e743ea1" member_type: VOTER last_known_addr { host: "127.26.200.1" port: 36803 } health_report { overall_health: UNKNOWN } } peers { permanent_uuid: "6a55b9cbd90a4efb964b6f6eee9b7ba1" member_type: VOTER last_known_addr { host: "127.26.200.2" port: 46171 } health_report { overall_health: HEALTHY } } peers { permanent_uuid: "b1c7007fb5fc4d148946828c0a39cc47" member_type: VOTER last_known_addr { host: "127.26.200.3" port: 34545 } health_report { overall_health: UNKNOWN } } }
I20260710 13:27:24.717059 28293 raft_consensus.cc:493] T e38d725568b540f989a7b9b322716d00 P b1c7007fb5fc4d148946828c0a39cc47 [term 0 FOLLOWER]: Starting pre-election (no leader contacted us within the election timeout)
I20260710 13:27:24.717698 28293 raft_consensus.cc:515] T e38d725568b540f989a7b9b322716d00 P b1c7007fb5fc4d148946828c0a39cc47 [term 0 FOLLOWER]: Starting pre-election with config: opid_index: -1 OBSOLETE_local: false peers { permanent_uuid: "27d3966637d74ac88c7541d29e743ea1" member_type: VOTER last_known_addr { host: "127.26.200.1" port: 36803 } } peers { permanent_uuid: "6a55b9cbd90a4efb964b6f6eee9b7ba1" member_type: VOTER last_known_addr { host: "127.26.200.2" port: 46171 } } peers { permanent_uuid: "b1c7007fb5fc4d148946828c0a39cc47" member_type: VOTER last_known_addr { host: "127.26.200.3" port: 34545 } }
I20260710 13:27:24.719846 28296 consensus_queue.cc:1048] T 472cda520a024f92ab2a313c26a49383 P 6a55b9cbd90a4efb964b6f6eee9b7ba1 [LEADER]: Connected to new peer: Peer: permanent_uuid: "27d3966637d74ac88c7541d29e743ea1" member_type: VOTER last_known_addr { host: "127.26.200.1" port: 36803 }, Status: LMP_MISMATCH, Last received: 0.0, Next index: 1, Last known committed idx: 0, Time since last communication: 0.000s
I20260710 13:27:24.720597 28096 tablet_service.cc:1917] Received RequestConsensusVote() RPC: tablet_id: "e38d725568b540f989a7b9b322716d00" candidate_uuid: "b1c7007fb5fc4d148946828c0a39cc47" candidate_term: 1 candidate_status { last_received { term: 0 index: 0 } } ignore_live_leader: false dest_uuid: "27d3966637d74ac88c7541d29e743ea1" is_pre_election: true
I20260710 13:27:24.720609 28171 tablet_service.cc:1917] Received RequestConsensusVote() RPC: tablet_id: "e38d725568b540f989a7b9b322716d00" candidate_uuid: "b1c7007fb5fc4d148946828c0a39cc47" candidate_term: 1 candidate_status { last_received { term: 0 index: 0 } } ignore_live_leader: false dest_uuid: "6a55b9cbd90a4efb964b6f6eee9b7ba1" is_pre_election: true
I20260710 13:27:24.721122 28293 leader_election.cc:290] T e38d725568b540f989a7b9b322716d00 P b1c7007fb5fc4d148946828c0a39cc47 [CANDIDATE]: Term 1 pre-election: Requested pre-vote from peers 27d3966637d74ac88c7541d29e743ea1 (127.26.200.1:36803), 6a55b9cbd90a4efb964b6f6eee9b7ba1 (127.26.200.2:46171)
I20260710 13:27:24.721498 28171 raft_consensus.cc:2393] T e38d725568b540f989a7b9b322716d00 P 6a55b9cbd90a4efb964b6f6eee9b7ba1 [term 1 FOLLOWER]: Leader pre-election vote request: Denying vote to candidate b1c7007fb5fc4d148946828c0a39cc47 in current term 1: Already voted for candidate 27d3966637d74ac88c7541d29e743ea1 in this term.
I20260710 13:27:24.722921 28209 leader_election.cc:304] T e38d725568b540f989a7b9b322716d00 P b1c7007fb5fc4d148946828c0a39cc47 [CANDIDATE]: Term 1 pre-election: Election decided. Result: candidate lost. Election summary: received 3 responses out of 3 voters: 1 yes votes; 2 no votes. yes voters: b1c7007fb5fc4d148946828c0a39cc47; no voters: 27d3966637d74ac88c7541d29e743ea1, 6a55b9cbd90a4efb964b6f6eee9b7ba1
I20260710 13:27:24.723737 28293 raft_consensus.cc:3060] T e38d725568b540f989a7b9b322716d00 P b1c7007fb5fc4d148946828c0a39cc47 [term 0 FOLLOWER]: Advancing to term 1
I20260710 13:27:24.730505 28245 raft_consensus.cc:3060] T 472cda520a024f92ab2a313c26a49383 P b1c7007fb5fc4d148946828c0a39cc47 [term 0 FOLLOWER]: Advancing to term 1
I20260710 13:27:24.734448 28293 raft_consensus.cc:2749] T e38d725568b540f989a7b9b322716d00 P b1c7007fb5fc4d148946828c0a39cc47 [term 1 FOLLOWER]: Leader pre-election lost for term 1. Reason: could not achieve majority
I20260710 13:27:24.739105 28296 consensus_queue.cc:1048] T 472cda520a024f92ab2a313c26a49383 P 6a55b9cbd90a4efb964b6f6eee9b7ba1 [LEADER]: Connected to new peer: Peer: permanent_uuid: "b1c7007fb5fc4d148946828c0a39cc47" member_type: VOTER last_known_addr { host: "127.26.200.3" port: 34545 }, Status: LMP_MISMATCH, Last received: 0.0, Next index: 1, Last known committed idx: 0, Time since last communication: 0.000s
I20260710 13:27:24.820134 28245 tablet_service.cc:2072] Received LeaderStepDown RPC: tablet_id: "2ceacd5a4d634215b6c4faacf0c3c5d9"
dest_uuid: "b1c7007fb5fc4d148946828c0a39cc47"
mode: GRACEFUL
new_leader_uuid: "27d3966637d74ac88c7541d29e743ea1"
 from {username='slave'} at 127.0.0.1:48050
I20260710 13:27:24.820672 28245 raft_consensus.cc:606] T 2ceacd5a4d634215b6c4faacf0c3c5d9 P b1c7007fb5fc4d148946828c0a39cc47 [term 1 LEADER]: Received request to transfer leadership to TS 27d3966637d74ac88c7541d29e743ea1
I20260710 13:27:24.833649 28171 tablet_service.cc:2072] Received LeaderStepDown RPC: tablet_id: "c31f6460e12f452c8e6dcaf77315c5fb"
dest_uuid: "6a55b9cbd90a4efb964b6f6eee9b7ba1"
mode: GRACEFUL
new_leader_uuid: "27d3966637d74ac88c7541d29e743ea1"
 from {username='slave'} at 127.0.0.1:50602
I20260710 13:27:24.834152 28171 raft_consensus.cc:606] T c31f6460e12f452c8e6dcaf77315c5fb P 6a55b9cbd90a4efb964b6f6eee9b7ba1 [term 1 LEADER]: Received request to transfer leadership to TS 27d3966637d74ac88c7541d29e743ea1
I20260710 13:27:24.837867 28293 consensus_queue.cc:1048] T 2ceacd5a4d634215b6c4faacf0c3c5d9 P b1c7007fb5fc4d148946828c0a39cc47 [LEADER]: Connected to new peer: Peer: permanent_uuid: "6a55b9cbd90a4efb964b6f6eee9b7ba1" member_type: VOTER last_known_addr { host: "127.26.200.2" port: 46171 }, Status: LMP_MISMATCH, Last received: 0.0, Next index: 1, Last known committed idx: 0, Time since last communication: 0.000s
I20260710 13:27:24.842296 28169 tablet_service.cc:2072] Received LeaderStepDown RPC: tablet_id: "599e0348f81049e898a29a5d3dc9ef7e"
dest_uuid: "6a55b9cbd90a4efb964b6f6eee9b7ba1"
mode: GRACEFUL
new_leader_uuid: "27d3966637d74ac88c7541d29e743ea1"
 from {username='slave'} at 127.0.0.1:50602
I20260710 13:27:24.842736 28169 raft_consensus.cc:606] T 599e0348f81049e898a29a5d3dc9ef7e P 6a55b9cbd90a4efb964b6f6eee9b7ba1 [term 1 LEADER]: Received request to transfer leadership to TS 27d3966637d74ac88c7541d29e743ea1
I20260710 13:27:24.848008 28322 consensus_queue.cc:1048] T 2ceacd5a4d634215b6c4faacf0c3c5d9 P b1c7007fb5fc4d148946828c0a39cc47 [LEADER]: Connected to new peer: Peer: permanent_uuid: "27d3966637d74ac88c7541d29e743ea1" member_type: VOTER last_known_addr { host: "127.26.200.1" port: 36803 }, Status: LMP_MISMATCH, Last received: 0.0, Next index: 1, Last known committed idx: 0, Time since last communication: 0.000s
I20260710 13:27:24.852041 28169 tablet_service.cc:2072] Received LeaderStepDown RPC: tablet_id: "472cda520a024f92ab2a313c26a49383"
dest_uuid: "6a55b9cbd90a4efb964b6f6eee9b7ba1"
mode: GRACEFUL
new_leader_uuid: "27d3966637d74ac88c7541d29e743ea1"
 from {username='slave'} at 127.0.0.1:50602
I20260710 13:27:24.851950 28294 consensus_queue.cc:1048] T b037f21a60ee4538a717cdeac62f3fa2 P 27d3966637d74ac88c7541d29e743ea1 [LEADER]: Connected to new peer: Peer: permanent_uuid: "b1c7007fb5fc4d148946828c0a39cc47" member_type: VOTER last_known_addr { host: "127.26.200.3" port: 34545 }, Status: LMP_MISMATCH, Last received: 0.0, Next index: 1, Last known committed idx: 0, Time since last communication: 0.000s
I20260710 13:27:24.852651 28169 raft_consensus.cc:606] T 472cda520a024f92ab2a313c26a49383 P 6a55b9cbd90a4efb964b6f6eee9b7ba1 [term 1 LEADER]: Received request to transfer leadership to TS 27d3966637d74ac88c7541d29e743ea1
I20260710 13:27:24.862012 28354 raft_consensus.cc:993] T 2ceacd5a4d634215b6c4faacf0c3c5d9 P b1c7007fb5fc4d148946828c0a39cc47: : Instructing follower 27d3966637d74ac88c7541d29e743ea1 to start an election
I20260710 13:27:24.862620 28354 raft_consensus.cc:1081] T 2ceacd5a4d634215b6c4faacf0c3c5d9 P b1c7007fb5fc4d148946828c0a39cc47 [term 1 LEADER]: Signalling peer 27d3966637d74ac88c7541d29e743ea1 to start an election
I20260710 13:27:24.865566 28097 tablet_service.cc:2044] Received Run Leader Election RPC: tablet_id: "2ceacd5a4d634215b6c4faacf0c3c5d9"
dest_uuid: "27d3966637d74ac88c7541d29e743ea1"
 from {username='slave'} at 127.0.0.1:53274
I20260710 13:27:24.866165 28097 raft_consensus.cc:493] T 2ceacd5a4d634215b6c4faacf0c3c5d9 P 27d3966637d74ac88c7541d29e743ea1 [term 1 FOLLOWER]: Starting forced leader election (received explicit request)
I20260710 13:27:24.866549 28097 raft_consensus.cc:3060] T 2ceacd5a4d634215b6c4faacf0c3c5d9 P 27d3966637d74ac88c7541d29e743ea1 [term 1 FOLLOWER]: Advancing to term 2
I20260710 13:27:24.873381 28097 raft_consensus.cc:515] T 2ceacd5a4d634215b6c4faacf0c3c5d9 P 27d3966637d74ac88c7541d29e743ea1 [term 2 FOLLOWER]: Starting forced leader election with config: opid_index: -1 OBSOLETE_local: false peers { permanent_uuid: "27d3966637d74ac88c7541d29e743ea1" member_type: VOTER last_known_addr { host: "127.26.200.1" port: 36803 } } peers { permanent_uuid: "6a55b9cbd90a4efb964b6f6eee9b7ba1" member_type: VOTER last_known_addr { host: "127.26.200.2" port: 46171 } } peers { permanent_uuid: "b1c7007fb5fc4d148946828c0a39cc47" member_type: VOTER last_known_addr { host: "127.26.200.3" port: 34545 } }
I20260710 13:27:24.876411 28097 leader_election.cc:290] T 2ceacd5a4d634215b6c4faacf0c3c5d9 P 27d3966637d74ac88c7541d29e743ea1 [CANDIDATE]: Term 2 election: Requested vote from peers 6a55b9cbd90a4efb964b6f6eee9b7ba1 (127.26.200.2:46171), b1c7007fb5fc4d148946828c0a39cc47 (127.26.200.3:34545)
I20260710 13:27:24.876649 28243 tablet_service.cc:1917] Received RequestConsensusVote() RPC: tablet_id: "2ceacd5a4d634215b6c4faacf0c3c5d9" candidate_uuid: "27d3966637d74ac88c7541d29e743ea1" candidate_term: 2 candidate_status { last_received { term: 1 index: 1 } } ignore_live_leader: true dest_uuid: "b1c7007fb5fc4d148946828c0a39cc47"
I20260710 13:27:24.877221 28243 raft_consensus.cc:3055] T 2ceacd5a4d634215b6c4faacf0c3c5d9 P b1c7007fb5fc4d148946828c0a39cc47 [term 1 LEADER]: Stepping down as leader of term 1
I20260710 13:27:24.877502 28243 raft_consensus.cc:740] T 2ceacd5a4d634215b6c4faacf0c3c5d9 P b1c7007fb5fc4d148946828c0a39cc47 [term 1 LEADER]: Becoming Follower/Learner. State: Replica: b1c7007fb5fc4d148946828c0a39cc47, State: Running, Role: LEADER
I20260710 13:27:24.878245 28243 consensus_queue.cc:260] T 2ceacd5a4d634215b6c4faacf0c3c5d9 P b1c7007fb5fc4d148946828c0a39cc47 [NON_LEADER]: Queue going to NON_LEADER mode. State: All replicated index: 0, Majority replicated index: 1, Committed index: 1, Last appended: 1.1, Last appended by leader: 1, Current term: 1, Majority size: -1, State: 0, Mode: NON_LEADER, active raft config: opid_index: -1 OBSOLETE_local: false peers { permanent_uuid: "27d3966637d74ac88c7541d29e743ea1" member_type: VOTER last_known_addr { host: "127.26.200.1" port: 36803 } } peers { permanent_uuid: "6a55b9cbd90a4efb964b6f6eee9b7ba1" member_type: VOTER last_known_addr { host: "127.26.200.2" port: 46171 } } peers { permanent_uuid: "b1c7007fb5fc4d148946828c0a39cc47" member_type: VOTER last_known_addr { host: "127.26.200.3" port: 34545 } }
I20260710 13:27:24.879562 28243 raft_consensus.cc:3060] T 2ceacd5a4d634215b6c4faacf0c3c5d9 P b1c7007fb5fc4d148946828c0a39cc47 [term 1 FOLLOWER]: Advancing to term 2
I20260710 13:27:24.885285 28315 consensus_queue.cc:1048] T b037f21a60ee4538a717cdeac62f3fa2 P 27d3966637d74ac88c7541d29e743ea1 [LEADER]: Connected to new peer: Peer: permanent_uuid: "6a55b9cbd90a4efb964b6f6eee9b7ba1" member_type: VOTER last_known_addr { host: "127.26.200.2" port: 46171 }, Status: LMP_MISMATCH, Last received: 0.0, Next index: 1, Last known committed idx: 0, Time since last communication: 0.000s
I20260710 13:27:24.886096 28097 tablet_service.cc:2072] Received LeaderStepDown RPC: tablet_id: "e38d725568b540f989a7b9b322716d00"
dest_uuid: "27d3966637d74ac88c7541d29e743ea1"
mode: GRACEFUL
new_leader_uuid: "6a55b9cbd90a4efb964b6f6eee9b7ba1"
 from {username='slave'} at 127.0.0.1:53284
I20260710 13:27:24.886689 28097 raft_consensus.cc:606] T e38d725568b540f989a7b9b322716d00 P 27d3966637d74ac88c7541d29e743ea1 [term 1 LEADER]: Received request to transfer leadership to TS 6a55b9cbd90a4efb964b6f6eee9b7ba1
I20260710 13:27:24.890215 28171 tablet_service.cc:1917] Received RequestConsensusVote() RPC: tablet_id: "2ceacd5a4d634215b6c4faacf0c3c5d9" candidate_uuid: "27d3966637d74ac88c7541d29e743ea1" candidate_term: 2 candidate_status { last_received { term: 1 index: 1 } } ignore_live_leader: true dest_uuid: "6a55b9cbd90a4efb964b6f6eee9b7ba1"
I20260710 13:27:24.890777 28171 raft_consensus.cc:3060] T 2ceacd5a4d634215b6c4faacf0c3c5d9 P 6a55b9cbd90a4efb964b6f6eee9b7ba1 [term 1 FOLLOWER]: Advancing to term 2
I20260710 13:27:24.899118 28243 raft_consensus.cc:2468] T 2ceacd5a4d634215b6c4faacf0c3c5d9 P b1c7007fb5fc4d148946828c0a39cc47 [term 2 FOLLOWER]: Leader election vote request: Granting yes vote for candidate 27d3966637d74ac88c7541d29e743ea1 in term 2.
I20260710 13:27:24.899681 28171 raft_consensus.cc:2468] T 2ceacd5a4d634215b6c4faacf0c3c5d9 P 6a55b9cbd90a4efb964b6f6eee9b7ba1 [term 2 FOLLOWER]: Leader election vote request: Granting yes vote for candidate 27d3966637d74ac88c7541d29e743ea1 in term 2.
I20260710 13:27:24.900125 28062 leader_election.cc:304] T 2ceacd5a4d634215b6c4faacf0c3c5d9 P 27d3966637d74ac88c7541d29e743ea1 [CANDIDATE]: Term 2 election: Election decided. Result: candidate won. Election summary: received 2 responses out of 3 voters: 2 yes votes; 0 no votes. yes voters: 27d3966637d74ac88c7541d29e743ea1, b1c7007fb5fc4d148946828c0a39cc47; no voters: 
I20260710 13:27:24.900799 28315 raft_consensus.cc:2804] T 2ceacd5a4d634215b6c4faacf0c3c5d9 P 27d3966637d74ac88c7541d29e743ea1 [term 2 FOLLOWER]: Leader election won for term 2
I20260710 13:27:24.901268 28315 raft_consensus.cc:697] T 2ceacd5a4d634215b6c4faacf0c3c5d9 P 27d3966637d74ac88c7541d29e743ea1 [term 2 LEADER]: Becoming Leader. State: Replica: 27d3966637d74ac88c7541d29e743ea1, State: Running, Role: LEADER
I20260710 13:27:24.902024 28315 consensus_queue.cc:237] T 2ceacd5a4d634215b6c4faacf0c3c5d9 P 27d3966637d74ac88c7541d29e743ea1 [LEADER]: Queue going to LEADER mode. State: All replicated index: 0, Majority replicated index: 1, Committed index: 1, Last appended: 1.1, Last appended by leader: 1, Current term: 2, Majority size: 2, State: 0, Mode: LEADER, active raft config: opid_index: -1 OBSOLETE_local: false peers { permanent_uuid: "27d3966637d74ac88c7541d29e743ea1" member_type: VOTER last_known_addr { host: "127.26.200.1" port: 36803 } } peers { permanent_uuid: "6a55b9cbd90a4efb964b6f6eee9b7ba1" member_type: VOTER last_known_addr { host: "127.26.200.2" port: 46171 } } peers { permanent_uuid: "b1c7007fb5fc4d148946828c0a39cc47" member_type: VOTER last_known_addr { host: "127.26.200.3" port: 34545 } }
I20260710 13:27:24.902990 28245 tablet_service.cc:2072] Received LeaderStepDown RPC: tablet_id: "51f30d4474b840e9b16e47b4da3e785f"
dest_uuid: "b1c7007fb5fc4d148946828c0a39cc47"
mode: GRACEFUL
new_leader_uuid: "6a55b9cbd90a4efb964b6f6eee9b7ba1"
 from {username='slave'} at 127.0.0.1:48050
I20260710 13:27:24.903605 28245 raft_consensus.cc:606] T 51f30d4474b840e9b16e47b4da3e785f P b1c7007fb5fc4d148946828c0a39cc47 [term 1 LEADER]: Received request to transfer leadership to TS 6a55b9cbd90a4efb964b6f6eee9b7ba1
I20260710 13:27:24.906944 28294 consensus_queue.cc:1048] T e38d725568b540f989a7b9b322716d00 P 27d3966637d74ac88c7541d29e743ea1 [LEADER]: Connected to new peer: Peer: permanent_uuid: "b1c7007fb5fc4d148946828c0a39cc47" member_type: VOTER last_known_addr { host: "127.26.200.3" port: 34545 }, Status: LMP_MISMATCH, Last received: 0.0, Next index: 1, Last known committed idx: 0, Time since last communication: 0.000s
I20260710 13:27:24.908802 28296 consensus_queue.cc:1048] T 78baf142c0c646798bf4d457b6666315 P 6a55b9cbd90a4efb964b6f6eee9b7ba1 [LEADER]: Connected to new peer: Peer: permanent_uuid: "b1c7007fb5fc4d148946828c0a39cc47" member_type: VOTER last_known_addr { host: "127.26.200.3" port: 34545 }, Status: LMP_MISMATCH, Last received: 0.0, Next index: 1, Last known committed idx: 0, Time since last communication: 0.000s
I20260710 13:27:24.916293 27992 catalog_manager.cc:5697] T 2ceacd5a4d634215b6c4faacf0c3c5d9 P 27d3966637d74ac88c7541d29e743ea1 reported cstate change: term changed from 1 to 2, leader changed from b1c7007fb5fc4d148946828c0a39cc47 (127.26.200.3) to 27d3966637d74ac88c7541d29e743ea1 (127.26.200.1). New cstate: current_term: 2 leader_uuid: "27d3966637d74ac88c7541d29e743ea1" committed_config { opid_index: -1 OBSOLETE_local: false peers { permanent_uuid: "27d3966637d74ac88c7541d29e743ea1" member_type: VOTER last_known_addr { host: "127.26.200.1" port: 36803 } health_report { overall_health: HEALTHY } } peers { permanent_uuid: "6a55b9cbd90a4efb964b6f6eee9b7ba1" member_type: VOTER last_known_addr { host: "127.26.200.2" port: 46171 } health_report { overall_health: UNKNOWN } } peers { permanent_uuid: "b1c7007fb5fc4d148946828c0a39cc47" member_type: VOTER last_known_addr { host: "127.26.200.3" port: 34545 } health_report { overall_health: UNKNOWN } } }
I20260710 13:27:24.921252 28296 consensus_queue.cc:1048] T 78baf142c0c646798bf4d457b6666315 P 6a55b9cbd90a4efb964b6f6eee9b7ba1 [LEADER]: Connected to new peer: Peer: permanent_uuid: "27d3966637d74ac88c7541d29e743ea1" member_type: VOTER last_known_addr { host: "127.26.200.1" port: 36803 }, Status: LMP_MISMATCH, Last received: 0.0, Next index: 1, Last known committed idx: 0, Time since last communication: 0.000s
I20260710 13:27:24.938634 28294 consensus_queue.cc:1048] T e38d725568b540f989a7b9b322716d00 P 27d3966637d74ac88c7541d29e743ea1 [LEADER]: Connected to new peer: Peer: permanent_uuid: "6a55b9cbd90a4efb964b6f6eee9b7ba1" member_type: VOTER last_known_addr { host: "127.26.200.2" port: 46171 }, Status: LMP_MISMATCH, Last received: 0.0, Next index: 1, Last known committed idx: 0, Time since last communication: 0.000s
I20260710 13:27:24.958715 28315 raft_consensus.cc:993] T e38d725568b540f989a7b9b322716d00 P 27d3966637d74ac88c7541d29e743ea1: : Instructing follower 6a55b9cbd90a4efb964b6f6eee9b7ba1 to start an election
I20260710 13:27:24.959161 28363 raft_consensus.cc:1081] T e38d725568b540f989a7b9b322716d00 P 27d3966637d74ac88c7541d29e743ea1 [term 1 LEADER]: Signalling peer 6a55b9cbd90a4efb964b6f6eee9b7ba1 to start an election
I20260710 13:27:24.962438 28169 tablet_service.cc:2044] Received Run Leader Election RPC: tablet_id: "e38d725568b540f989a7b9b322716d00"
dest_uuid: "6a55b9cbd90a4efb964b6f6eee9b7ba1"
 from {username='slave'} at 127.0.0.1:50588
I20260710 13:27:24.963020 28169 raft_consensus.cc:493] T e38d725568b540f989a7b9b322716d00 P 6a55b9cbd90a4efb964b6f6eee9b7ba1 [term 1 FOLLOWER]: Starting forced leader election (received explicit request)
I20260710 13:27:24.963366 28169 raft_consensus.cc:3060] T e38d725568b540f989a7b9b322716d00 P 6a55b9cbd90a4efb964b6f6eee9b7ba1 [term 1 FOLLOWER]: Advancing to term 2
I20260710 13:27:24.967900 28169 raft_consensus.cc:515] T e38d725568b540f989a7b9b322716d00 P 6a55b9cbd90a4efb964b6f6eee9b7ba1 [term 2 FOLLOWER]: Starting forced leader election with config: opid_index: -1 OBSOLETE_local: false peers { permanent_uuid: "27d3966637d74ac88c7541d29e743ea1" member_type: VOTER last_known_addr { host: "127.26.200.1" port: 36803 } } peers { permanent_uuid: "6a55b9cbd90a4efb964b6f6eee9b7ba1" member_type: VOTER last_known_addr { host: "127.26.200.2" port: 46171 } } peers { permanent_uuid: "b1c7007fb5fc4d148946828c0a39cc47" member_type: VOTER last_known_addr { host: "127.26.200.3" port: 34545 } }
I20260710 13:27:24.970096 28169 leader_election.cc:290] T e38d725568b540f989a7b9b322716d00 P 6a55b9cbd90a4efb964b6f6eee9b7ba1 [CANDIDATE]: Term 2 election: Requested vote from peers 27d3966637d74ac88c7541d29e743ea1 (127.26.200.1:36803), b1c7007fb5fc4d148946828c0a39cc47 (127.26.200.3:34545)
I20260710 13:27:24.970270 28097 tablet_service.cc:1917] Received RequestConsensusVote() RPC: tablet_id: "e38d725568b540f989a7b9b322716d00" candidate_uuid: "6a55b9cbd90a4efb964b6f6eee9b7ba1" candidate_term: 2 candidate_status { last_received { term: 1 index: 1 } } ignore_live_leader: true dest_uuid: "27d3966637d74ac88c7541d29e743ea1"
I20260710 13:27:24.970685 28243 tablet_service.cc:1917] Received RequestConsensusVote() RPC: tablet_id: "e38d725568b540f989a7b9b322716d00" candidate_uuid: "6a55b9cbd90a4efb964b6f6eee9b7ba1" candidate_term: 2 candidate_status { last_received { term: 1 index: 1 } } ignore_live_leader: true dest_uuid: "b1c7007fb5fc4d148946828c0a39cc47"
I20260710 13:27:24.970970 28097 raft_consensus.cc:3055] T e38d725568b540f989a7b9b322716d00 P 27d3966637d74ac88c7541d29e743ea1 [term 1 LEADER]: Stepping down as leader of term 1
I20260710 13:27:24.971251 28243 raft_consensus.cc:3060] T e38d725568b540f989a7b9b322716d00 P b1c7007fb5fc4d148946828c0a39cc47 [term 1 FOLLOWER]: Advancing to term 2
I20260710 13:27:24.971390 28097 raft_consensus.cc:740] T e38d725568b540f989a7b9b322716d00 P 27d3966637d74ac88c7541d29e743ea1 [term 1 LEADER]: Becoming Follower/Learner. State: Replica: 27d3966637d74ac88c7541d29e743ea1, State: Running, Role: LEADER
I20260710 13:27:24.972185 28097 consensus_queue.cc:260] T e38d725568b540f989a7b9b322716d00 P 27d3966637d74ac88c7541d29e743ea1 [NON_LEADER]: Queue going to NON_LEADER mode. State: All replicated index: 0, Majority replicated index: 1, Committed index: 1, Last appended: 1.1, Last appended by leader: 1, Current term: 1, Majority size: -1, State: 0, Mode: NON_LEADER, active raft config: opid_index: -1 OBSOLETE_local: false peers { permanent_uuid: "27d3966637d74ac88c7541d29e743ea1" member_type: VOTER last_known_addr { host: "127.26.200.1" port: 36803 } } peers { permanent_uuid: "6a55b9cbd90a4efb964b6f6eee9b7ba1" member_type: VOTER last_known_addr { host: "127.26.200.2" port: 46171 } } peers { permanent_uuid: "b1c7007fb5fc4d148946828c0a39cc47" member_type: VOTER last_known_addr { host: "127.26.200.3" port: 34545 } }
I20260710 13:27:24.973327 28097 raft_consensus.cc:3060] T e38d725568b540f989a7b9b322716d00 P 27d3966637d74ac88c7541d29e743ea1 [term 1 FOLLOWER]: Advancing to term 2
I20260710 13:27:24.977785 28243 raft_consensus.cc:2468] T e38d725568b540f989a7b9b322716d00 P b1c7007fb5fc4d148946828c0a39cc47 [term 2 FOLLOWER]: Leader election vote request: Granting yes vote for candidate 6a55b9cbd90a4efb964b6f6eee9b7ba1 in term 2.
I20260710 13:27:24.979058 28137 leader_election.cc:304] T e38d725568b540f989a7b9b322716d00 P 6a55b9cbd90a4efb964b6f6eee9b7ba1 [CANDIDATE]: Term 2 election: Election decided. Result: candidate won. Election summary: received 2 responses out of 3 voters: 2 yes votes; 0 no votes. yes voters: 6a55b9cbd90a4efb964b6f6eee9b7ba1, b1c7007fb5fc4d148946828c0a39cc47; no voters: 
I20260710 13:27:24.979480 28097 raft_consensus.cc:2468] T e38d725568b540f989a7b9b322716d00 P 27d3966637d74ac88c7541d29e743ea1 [term 2 FOLLOWER]: Leader election vote request: Granting yes vote for candidate 6a55b9cbd90a4efb964b6f6eee9b7ba1 in term 2.
I20260710 13:27:24.979728 28313 raft_consensus.cc:2804] T e38d725568b540f989a7b9b322716d00 P 6a55b9cbd90a4efb964b6f6eee9b7ba1 [term 2 FOLLOWER]: Leader election won for term 2
I20260710 13:27:24.980232 28313 raft_consensus.cc:697] T e38d725568b540f989a7b9b322716d00 P 6a55b9cbd90a4efb964b6f6eee9b7ba1 [term 2 LEADER]: Becoming Leader. State: Replica: 6a55b9cbd90a4efb964b6f6eee9b7ba1, State: Running, Role: LEADER
I20260710 13:27:24.981019 28313 consensus_queue.cc:237] T e38d725568b540f989a7b9b322716d00 P 6a55b9cbd90a4efb964b6f6eee9b7ba1 [LEADER]: Queue going to LEADER mode. State: All replicated index: 0, Majority replicated index: 1, Committed index: 1, Last appended: 1.1, Last appended by leader: 1, Current term: 2, Majority size: 2, State: 0, Mode: LEADER, active raft config: opid_index: -1 OBSOLETE_local: false peers { permanent_uuid: "27d3966637d74ac88c7541d29e743ea1" member_type: VOTER last_known_addr { host: "127.26.200.1" port: 36803 } } peers { permanent_uuid: "6a55b9cbd90a4efb964b6f6eee9b7ba1" member_type: VOTER last_known_addr { host: "127.26.200.2" port: 46171 } } peers { permanent_uuid: "b1c7007fb5fc4d148946828c0a39cc47" member_type: VOTER last_known_addr { host: "127.26.200.3" port: 34545 } }
I20260710 13:27:24.986636 27992 catalog_manager.cc:5697] T e38d725568b540f989a7b9b322716d00 P 6a55b9cbd90a4efb964b6f6eee9b7ba1 reported cstate change: term changed from 1 to 2, leader changed from 27d3966637d74ac88c7541d29e743ea1 (127.26.200.1) to 6a55b9cbd90a4efb964b6f6eee9b7ba1 (127.26.200.2). New cstate: current_term: 2 leader_uuid: "6a55b9cbd90a4efb964b6f6eee9b7ba1" committed_config { opid_index: -1 OBSOLETE_local: false peers { permanent_uuid: "27d3966637d74ac88c7541d29e743ea1" member_type: VOTER last_known_addr { host: "127.26.200.1" port: 36803 } health_report { overall_health: UNKNOWN } } peers { permanent_uuid: "6a55b9cbd90a4efb964b6f6eee9b7ba1" member_type: VOTER last_known_addr { host: "127.26.200.2" port: 46171 } health_report { overall_health: HEALTHY } } peers { permanent_uuid: "b1c7007fb5fc4d148946828c0a39cc47" member_type: VOTER last_known_addr { host: "127.26.200.3" port: 34545 } health_report { overall_health: UNKNOWN } } }
I20260710 13:27:25.007628 28322 consensus_queue.cc:1048] T 51f30d4474b840e9b16e47b4da3e785f P b1c7007fb5fc4d148946828c0a39cc47 [LEADER]: Connected to new peer: Peer: permanent_uuid: "6a55b9cbd90a4efb964b6f6eee9b7ba1" member_type: VOTER last_known_addr { host: "127.26.200.2" port: 46171 }, Status: LMP_MISMATCH, Last received: 0.0, Next index: 1, Last known committed idx: 0, Time since last communication: 0.000s
I20260710 13:27:25.013146 28354 raft_consensus.cc:993] T 51f30d4474b840e9b16e47b4da3e785f P b1c7007fb5fc4d148946828c0a39cc47: : Instructing follower 6a55b9cbd90a4efb964b6f6eee9b7ba1 to start an election
I20260710 13:27:25.013549 28293 raft_consensus.cc:1081] T 51f30d4474b840e9b16e47b4da3e785f P b1c7007fb5fc4d148946828c0a39cc47 [term 1 LEADER]: Signalling peer 6a55b9cbd90a4efb964b6f6eee9b7ba1 to start an election
I20260710 13:27:25.016757 28171 tablet_service.cc:2044] Received Run Leader Election RPC: tablet_id: "51f30d4474b840e9b16e47b4da3e785f"
dest_uuid: "6a55b9cbd90a4efb964b6f6eee9b7ba1"
 from {username='slave'} at 127.0.0.1:50572
I20260710 13:27:25.017290 28171 raft_consensus.cc:493] T 51f30d4474b840e9b16e47b4da3e785f P 6a55b9cbd90a4efb964b6f6eee9b7ba1 [term 1 FOLLOWER]: Starting forced leader election (received explicit request)
I20260710 13:27:25.017679 28171 raft_consensus.cc:3060] T 51f30d4474b840e9b16e47b4da3e785f P 6a55b9cbd90a4efb964b6f6eee9b7ba1 [term 1 FOLLOWER]: Advancing to term 2
I20260710 13:27:25.018250 28293 consensus_queue.cc:1048] T 51f30d4474b840e9b16e47b4da3e785f P b1c7007fb5fc4d148946828c0a39cc47 [LEADER]: Connected to new peer: Peer: permanent_uuid: "27d3966637d74ac88c7541d29e743ea1" member_type: VOTER last_known_addr { host: "127.26.200.1" port: 36803 }, Status: LMP_MISMATCH, Last received: 0.0, Next index: 1, Last known committed idx: 0, Time since last communication: 0.000s
I20260710 13:27:25.024277 28171 raft_consensus.cc:515] T 51f30d4474b840e9b16e47b4da3e785f P 6a55b9cbd90a4efb964b6f6eee9b7ba1 [term 2 FOLLOWER]: Starting forced leader election with config: opid_index: -1 OBSOLETE_local: false peers { permanent_uuid: "27d3966637d74ac88c7541d29e743ea1" member_type: VOTER last_known_addr { host: "127.26.200.1" port: 36803 } } peers { permanent_uuid: "6a55b9cbd90a4efb964b6f6eee9b7ba1" member_type: VOTER last_known_addr { host: "127.26.200.2" port: 46171 } } peers { permanent_uuid: "b1c7007fb5fc4d148946828c0a39cc47" member_type: VOTER last_known_addr { host: "127.26.200.3" port: 34545 } }
I20260710 13:27:25.027493 28171 leader_election.cc:290] T 51f30d4474b840e9b16e47b4da3e785f P 6a55b9cbd90a4efb964b6f6eee9b7ba1 [CANDIDATE]: Term 2 election: Requested vote from peers 27d3966637d74ac88c7541d29e743ea1 (127.26.200.1:36803), b1c7007fb5fc4d148946828c0a39cc47 (127.26.200.3:34545)
I20260710 13:27:25.027518 28243 tablet_service.cc:1917] Received RequestConsensusVote() RPC: tablet_id: "51f30d4474b840e9b16e47b4da3e785f" candidate_uuid: "6a55b9cbd90a4efb964b6f6eee9b7ba1" candidate_term: 2 candidate_status { last_received { term: 1 index: 1 } } ignore_live_leader: true dest_uuid: "b1c7007fb5fc4d148946828c0a39cc47"
I20260710 13:27:25.027235 28097 tablet_service.cc:1917] Received RequestConsensusVote() RPC: tablet_id: "51f30d4474b840e9b16e47b4da3e785f" candidate_uuid: "6a55b9cbd90a4efb964b6f6eee9b7ba1" candidate_term: 2 candidate_status { last_received { term: 1 index: 1 } } ignore_live_leader: true dest_uuid: "27d3966637d74ac88c7541d29e743ea1"
I20260710 13:27:25.028369 28097 raft_consensus.cc:3060] T 51f30d4474b840e9b16e47b4da3e785f P 27d3966637d74ac88c7541d29e743ea1 [term 1 FOLLOWER]: Advancing to term 2
I20260710 13:27:25.028261 28243 raft_consensus.cc:3055] T 51f30d4474b840e9b16e47b4da3e785f P b1c7007fb5fc4d148946828c0a39cc47 [term 1 LEADER]: Stepping down as leader of term 1
I20260710 13:27:25.028924 28243 raft_consensus.cc:740] T 51f30d4474b840e9b16e47b4da3e785f P b1c7007fb5fc4d148946828c0a39cc47 [term 1 LEADER]: Becoming Follower/Learner. State: Replica: b1c7007fb5fc4d148946828c0a39cc47, State: Running, Role: LEADER
I20260710 13:27:25.030813 28243 consensus_queue.cc:260] T 51f30d4474b840e9b16e47b4da3e785f P b1c7007fb5fc4d148946828c0a39cc47 [NON_LEADER]: Queue going to NON_LEADER mode. State: All replicated index: 0, Majority replicated index: 1, Committed index: 1, Last appended: 1.1, Last appended by leader: 1, Current term: 1, Majority size: -1, State: 0, Mode: NON_LEADER, active raft config: opid_index: -1 OBSOLETE_local: false peers { permanent_uuid: "27d3966637d74ac88c7541d29e743ea1" member_type: VOTER last_known_addr { host: "127.26.200.1" port: 36803 } } peers { permanent_uuid: "6a55b9cbd90a4efb964b6f6eee9b7ba1" member_type: VOTER last_known_addr { host: "127.26.200.2" port: 46171 } } peers { permanent_uuid: "b1c7007fb5fc4d148946828c0a39cc47" member_type: VOTER last_known_addr { host: "127.26.200.3" port: 34545 } }
I20260710 13:27:25.032028 28243 raft_consensus.cc:3060] T 51f30d4474b840e9b16e47b4da3e785f P b1c7007fb5fc4d148946828c0a39cc47 [term 1 FOLLOWER]: Advancing to term 2
I20260710 13:27:25.034773 28097 raft_consensus.cc:2468] T 51f30d4474b840e9b16e47b4da3e785f P 27d3966637d74ac88c7541d29e743ea1 [term 2 FOLLOWER]: Leader election vote request: Granting yes vote for candidate 6a55b9cbd90a4efb964b6f6eee9b7ba1 in term 2.
I20260710 13:27:25.035951 28135 leader_election.cc:304] T 51f30d4474b840e9b16e47b4da3e785f P 6a55b9cbd90a4efb964b6f6eee9b7ba1 [CANDIDATE]: Term 2 election: Election decided. Result: candidate won. Election summary: received 2 responses out of 3 voters: 2 yes votes; 0 no votes. yes voters: 27d3966637d74ac88c7541d29e743ea1, 6a55b9cbd90a4efb964b6f6eee9b7ba1; no voters: 
I20260710 13:27:25.036711 28313 raft_consensus.cc:2804] T 51f30d4474b840e9b16e47b4da3e785f P 6a55b9cbd90a4efb964b6f6eee9b7ba1 [term 2 FOLLOWER]: Leader election won for term 2
I20260710 13:27:25.037166 28313 raft_consensus.cc:697] T 51f30d4474b840e9b16e47b4da3e785f P 6a55b9cbd90a4efb964b6f6eee9b7ba1 [term 2 LEADER]: Becoming Leader. State: Replica: 6a55b9cbd90a4efb964b6f6eee9b7ba1, State: Running, Role: LEADER
I20260710 13:27:25.037940 28313 consensus_queue.cc:237] T 51f30d4474b840e9b16e47b4da3e785f P 6a55b9cbd90a4efb964b6f6eee9b7ba1 [LEADER]: Queue going to LEADER mode. State: All replicated index: 0, Majority replicated index: 1, Committed index: 1, Last appended: 1.1, Last appended by leader: 1, Current term: 2, Majority size: 2, State: 0, Mode: LEADER, active raft config: opid_index: -1 OBSOLETE_local: false peers { permanent_uuid: "27d3966637d74ac88c7541d29e743ea1" member_type: VOTER last_known_addr { host: "127.26.200.1" port: 36803 } } peers { permanent_uuid: "6a55b9cbd90a4efb964b6f6eee9b7ba1" member_type: VOTER last_known_addr { host: "127.26.200.2" port: 46171 } } peers { permanent_uuid: "b1c7007fb5fc4d148946828c0a39cc47" member_type: VOTER last_known_addr { host: "127.26.200.3" port: 34545 } }
I20260710 13:27:25.039585 28243 raft_consensus.cc:2468] T 51f30d4474b840e9b16e47b4da3e785f P b1c7007fb5fc4d148946828c0a39cc47 [term 2 FOLLOWER]: Leader election vote request: Granting yes vote for candidate 6a55b9cbd90a4efb964b6f6eee9b7ba1 in term 2.
I20260710 13:27:25.044745 27994 catalog_manager.cc:5697] T 51f30d4474b840e9b16e47b4da3e785f P 6a55b9cbd90a4efb964b6f6eee9b7ba1 reported cstate change: term changed from 1 to 2, leader changed from b1c7007fb5fc4d148946828c0a39cc47 (127.26.200.3) to 6a55b9cbd90a4efb964b6f6eee9b7ba1 (127.26.200.2). New cstate: current_term: 2 leader_uuid: "6a55b9cbd90a4efb964b6f6eee9b7ba1" committed_config { opid_index: -1 OBSOLETE_local: false peers { permanent_uuid: "27d3966637d74ac88c7541d29e743ea1" member_type: VOTER last_known_addr { host: "127.26.200.1" port: 36803 } health_report { overall_health: UNKNOWN } } peers { permanent_uuid: "6a55b9cbd90a4efb964b6f6eee9b7ba1" member_type: VOTER last_known_addr { host: "127.26.200.2" port: 46171 } health_report { overall_health: HEALTHY } } peers { permanent_uuid: "b1c7007fb5fc4d148946828c0a39cc47" member_type: VOTER last_known_addr { host: "127.26.200.3" port: 34545 } health_report { overall_health: UNKNOWN } } }
I20260710 13:27:25.047412 28293 consensus_queue.cc:1048] T 9831e01fcb5f4db3892fea61cbdb6736 P b1c7007fb5fc4d148946828c0a39cc47 [LEADER]: Connected to new peer: Peer: permanent_uuid: "27d3966637d74ac88c7541d29e743ea1" member_type: VOTER last_known_addr { host: "127.26.200.1" port: 36803 }, Status: LMP_MISMATCH, Last received: 0.0, Next index: 1, Last known committed idx: 0, Time since last communication: 0.000s
I20260710 13:27:25.057679 28293 consensus_queue.cc:1048] T 9831e01fcb5f4db3892fea61cbdb6736 P b1c7007fb5fc4d148946828c0a39cc47 [LEADER]: Connected to new peer: Peer: permanent_uuid: "6a55b9cbd90a4efb964b6f6eee9b7ba1" member_type: VOTER last_known_addr { host: "127.26.200.2" port: 46171 }, Status: LMP_MISMATCH, Last received: 0.0, Next index: 1, Last known committed idx: 0, Time since last communication: 0.000s
I20260710 13:27:25.072656 28313 consensus_queue.cc:1048] T 599e0348f81049e898a29a5d3dc9ef7e P 6a55b9cbd90a4efb964b6f6eee9b7ba1 [LEADER]: Connected to new peer: Peer: permanent_uuid: "b1c7007fb5fc4d148946828c0a39cc47" member_type: VOTER last_known_addr { host: "127.26.200.3" port: 34545 }, Status: LMP_MISMATCH, Last received: 0.0, Next index: 1, Last known committed idx: 0, Time since last communication: 0.000s
I20260710 13:27:25.082592 28296 consensus_queue.cc:1048] T 599e0348f81049e898a29a5d3dc9ef7e P 6a55b9cbd90a4efb964b6f6eee9b7ba1 [LEADER]: Connected to new peer: Peer: permanent_uuid: "27d3966637d74ac88c7541d29e743ea1" member_type: VOTER last_known_addr { host: "127.26.200.1" port: 36803 }, Status: LMP_MISMATCH, Last received: 0.0, Next index: 1, Last known committed idx: 0, Time since last communication: 0.000s
I20260710 13:27:25.090456 28313 raft_consensus.cc:993] T 599e0348f81049e898a29a5d3dc9ef7e P 6a55b9cbd90a4efb964b6f6eee9b7ba1: : Instructing follower 27d3966637d74ac88c7541d29e743ea1 to start an election
I20260710 13:27:25.091233 28296 raft_consensus.cc:1081] T 599e0348f81049e898a29a5d3dc9ef7e P 6a55b9cbd90a4efb964b6f6eee9b7ba1 [term 1 LEADER]: Signalling peer 27d3966637d74ac88c7541d29e743ea1 to start an election
I20260710 13:27:25.092082 28361 consensus_queue.cc:1048] T fde1848886234b03b5b0eb2fb5f59a79 P 6a55b9cbd90a4efb964b6f6eee9b7ba1 [LEADER]: Connected to new peer: Peer: permanent_uuid: "27d3966637d74ac88c7541d29e743ea1" member_type: VOTER last_known_addr { host: "127.26.200.1" port: 36803 }, Status: LMP_MISMATCH, Last received: 0.0, Next index: 1, Last known committed idx: 0, Time since last communication: 0.000s
I20260710 13:27:25.092743 28097 tablet_service.cc:2044] Received Run Leader Election RPC: tablet_id: "599e0348f81049e898a29a5d3dc9ef7e"
dest_uuid: "27d3966637d74ac88c7541d29e743ea1"
 from {username='slave'} at 127.0.0.1:53268
I20260710 13:27:25.093272 28097 raft_consensus.cc:493] T 599e0348f81049e898a29a5d3dc9ef7e P 27d3966637d74ac88c7541d29e743ea1 [term 1 FOLLOWER]: Starting forced leader election (received explicit request)
I20260710 13:27:25.093652 28097 raft_consensus.cc:3060] T 599e0348f81049e898a29a5d3dc9ef7e P 27d3966637d74ac88c7541d29e743ea1 [term 1 FOLLOWER]: Advancing to term 2
I20260710 13:27:25.100546 28097 raft_consensus.cc:515] T 599e0348f81049e898a29a5d3dc9ef7e P 27d3966637d74ac88c7541d29e743ea1 [term 2 FOLLOWER]: Starting forced leader election with config: opid_index: -1 OBSOLETE_local: false peers { permanent_uuid: "27d3966637d74ac88c7541d29e743ea1" member_type: VOTER last_known_addr { host: "127.26.200.1" port: 36803 } } peers { permanent_uuid: "6a55b9cbd90a4efb964b6f6eee9b7ba1" member_type: VOTER last_known_addr { host: "127.26.200.2" port: 46171 } } peers { permanent_uuid: "b1c7007fb5fc4d148946828c0a39cc47" member_type: VOTER last_known_addr { host: "127.26.200.3" port: 34545 } }
I20260710 13:27:25.102771 28361 consensus_queue.cc:1048] T fde1848886234b03b5b0eb2fb5f59a79 P 6a55b9cbd90a4efb964b6f6eee9b7ba1 [LEADER]: Connected to new peer: Peer: permanent_uuid: "b1c7007fb5fc4d148946828c0a39cc47" member_type: VOTER last_known_addr { host: "127.26.200.3" port: 34545 }, Status: LMP_MISMATCH, Last received: 0.0, Next index: 1, Last known committed idx: 0, Time since last communication: 0.000s
