I20260710 13:27:39.982789  1788 raft_consensus.cc:2955] T b754d4c0c0644bada60ecb7b1477c9de P 1ffad54524704a25b933cc8c5f1a7376 [term 1 FOLLOWER]: Committing config change with OpId 1.2: config changed from index -1 to 2, NON_VOTER 4fd7229ad42c41079fbc2b657e954f80 (127.0.133.68) added. New config: { opid_index: 2 OBSOLETE_local: false peers { permanent_uuid: "1ffad54524704a25b933cc8c5f1a7376" member_type: VOTER last_known_addr { host: "127.0.133.67" port: 36973 } attrs { replace: true } } peers { permanent_uuid: "d95d356d45794526880e4995b99ad62f" member_type: VOTER last_known_addr { host: "127.0.133.65" port: 35139 } } peers { permanent_uuid: "dde8c099fc90428d8fb39a079b554baf" member_type: VOTER last_known_addr { host: "127.0.133.66" port: 36541 } } peers { permanent_uuid: "4fd7229ad42c41079fbc2b657e954f80" member_type: NON_VOTER last_known_addr { host: "127.0.133.68" port: 34511 } attrs { promote: true } } }
W20260710 13:27:39.988873  1753 consensus_peers.cc:597] T 69d6acb9e7c6468ca1c1d20609c2cb82 P 1ffad54524704a25b933cc8c5f1a7376 -> Peer 4fd7229ad42c41079fbc2b657e954f80 (127.0.133.68:34511): Couldn't send request to peer 4fd7229ad42c41079fbc2b657e954f80. Error code: TABLET_NOT_FOUND (6). Status: Not found: Tablet not found: 69d6acb9e7c6468ca1c1d20609c2cb82. This is attempt 1: this message will repeat every 5th retry.
I20260710 13:27:39.996735  1716 raft_consensus.cc:1275] T 69d6acb9e7c6468ca1c1d20609c2cb82 P dde8c099fc90428d8fb39a079b554baf [term 1 FOLLOWER]: Refusing update from remote peer 1ffad54524704a25b933cc8c5f1a7376: Log matching property violated. Preceding OpId in replica: term: 1 index: 1. Preceding OpId from leader: term: 1 index: 2. (index mismatch)
I20260710 13:27:39.997450  1639 raft_consensus.cc:1275] T 69d6acb9e7c6468ca1c1d20609c2cb82 P d95d356d45794526880e4995b99ad62f [term 1 FOLLOWER]: Refusing update from remote peer 1ffad54524704a25b933cc8c5f1a7376: Log matching property violated. Preceding OpId in replica: term: 1 index: 1. Preceding OpId from leader: term: 1 index: 2. (index mismatch)
I20260710 13:27:39.998988  2140 consensus_queue.cc:1048] T 69d6acb9e7c6468ca1c1d20609c2cb82 P 1ffad54524704a25b933cc8c5f1a7376 [LEADER]: Connected to new peer: Peer: permanent_uuid: "dde8c099fc90428d8fb39a079b554baf" member_type: VOTER last_known_addr { host: "127.0.133.66" port: 36541 } attrs { replace: true }, Status: LMP_MISMATCH, Last received: 0.0, Next index: 2, Last known committed idx: 1, Time since last communication: 0.001s
I20260710 13:27:40.000273  2170 consensus_queue.cc:1048] T 69d6acb9e7c6468ca1c1d20609c2cb82 P 1ffad54524704a25b933cc8c5f1a7376 [LEADER]: Connected to new peer: Peer: permanent_uuid: "d95d356d45794526880e4995b99ad62f" member_type: VOTER last_known_addr { host: "127.0.133.65" port: 35139 }, Status: LMP_MISMATCH, Last received: 0.0, Next index: 2, Last known committed idx: 1, Time since last communication: 0.000s
I20260710 13:27:40.009413  2140 raft_consensus.cc:2955] T 69d6acb9e7c6468ca1c1d20609c2cb82 P 1ffad54524704a25b933cc8c5f1a7376 [term 1 LEADER]: Committing config change with OpId 1.2: config changed from index -1 to 2, NON_VOTER 4fd7229ad42c41079fbc2b657e954f80 (127.0.133.68) added. New config: { opid_index: 2 OBSOLETE_local: false peers { permanent_uuid: "d95d356d45794526880e4995b99ad62f" member_type: VOTER last_known_addr { host: "127.0.133.65" port: 35139 } } peers { permanent_uuid: "dde8c099fc90428d8fb39a079b554baf" member_type: VOTER last_known_addr { host: "127.0.133.66" port: 36541 } attrs { replace: true } } peers { permanent_uuid: "1ffad54524704a25b933cc8c5f1a7376" member_type: VOTER last_known_addr { host: "127.0.133.67" port: 36973 } } peers { permanent_uuid: "4fd7229ad42c41079fbc2b657e954f80" member_type: NON_VOTER last_known_addr { host: "127.0.133.68" port: 34511 } attrs { promote: true } } }
I20260710 13:27:40.014909  1716 raft_consensus.cc:2955] T 69d6acb9e7c6468ca1c1d20609c2cb82 P dde8c099fc90428d8fb39a079b554baf [term 1 FOLLOWER]: Committing config change with OpId 1.2: config changed from index -1 to 2, NON_VOTER 4fd7229ad42c41079fbc2b657e954f80 (127.0.133.68) added. New config: { opid_index: 2 OBSOLETE_local: false peers { permanent_uuid: "d95d356d45794526880e4995b99ad62f" member_type: VOTER last_known_addr { host: "127.0.133.65" port: 35139 } } peers { permanent_uuid: "dde8c099fc90428d8fb39a079b554baf" member_type: VOTER last_known_addr { host: "127.0.133.66" port: 36541 } attrs { replace: true } } peers { permanent_uuid: "1ffad54524704a25b933cc8c5f1a7376" member_type: VOTER last_known_addr { host: "127.0.133.67" port: 36973 } } peers { permanent_uuid: "4fd7229ad42c41079fbc2b657e954f80" member_type: NON_VOTER last_known_addr { host: "127.0.133.68" port: 34511 } attrs { promote: true } } }
I20260710 13:27:40.019371  1639 raft_consensus.cc:2955] T 69d6acb9e7c6468ca1c1d20609c2cb82 P d95d356d45794526880e4995b99ad62f [term 1 FOLLOWER]: Committing config change with OpId 1.2: config changed from index -1 to 2, NON_VOTER 4fd7229ad42c41079fbc2b657e954f80 (127.0.133.68) added. New config: { opid_index: 2 OBSOLETE_local: false peers { permanent_uuid: "d95d356d45794526880e4995b99ad62f" member_type: VOTER last_known_addr { host: "127.0.133.65" port: 35139 } } peers { permanent_uuid: "dde8c099fc90428d8fb39a079b554baf" member_type: VOTER last_known_addr { host: "127.0.133.66" port: 36541 } attrs { replace: true } } peers { permanent_uuid: "1ffad54524704a25b933cc8c5f1a7376" member_type: VOTER last_known_addr { host: "127.0.133.67" port: 36973 } } peers { permanent_uuid: "4fd7229ad42c41079fbc2b657e954f80" member_type: NON_VOTER last_known_addr { host: "127.0.133.68" port: 34511 } attrs { promote: true } } }
I20260710 13:27:40.026091  1637 consensus_queue.cc:237] T 5f230ff44231432991a0da3e6da5e78b P d95d356d45794526880e4995b99ad62f [LEADER]: Queue going to LEADER mode. State: All replicated index: 0, Majority replicated index: 1, Committed index: 1, Last appended: 1.1, Last appended by leader: 0, Current term: 1, Majority size: 2, State: 0, Mode: LEADER, active raft config: opid_index: 2 OBSOLETE_local: false peers { permanent_uuid: "d95d356d45794526880e4995b99ad62f" member_type: VOTER last_known_addr { host: "127.0.133.65" port: 35139 } } peers { permanent_uuid: "dde8c099fc90428d8fb39a079b554baf" member_type: VOTER last_known_addr { host: "127.0.133.66" port: 36541 } } peers { permanent_uuid: "1ffad54524704a25b933cc8c5f1a7376" member_type: VOTER last_known_addr { host: "127.0.133.67" port: 36973 } attrs { replace: true } } peers { permanent_uuid: "4fd7229ad42c41079fbc2b657e954f80" member_type: NON_VOTER last_known_addr { host: "127.0.133.68" port: 34511 } attrs { promote: true } }
I20260710 13:27:40.033252  1538 catalog_manager.cc:5697] T 69d6acb9e7c6468ca1c1d20609c2cb82 P 1ffad54524704a25b933cc8c5f1a7376 reported cstate change: config changed from index -1 to 2, NON_VOTER 4fd7229ad42c41079fbc2b657e954f80 (127.0.133.68) added. New cstate: current_term: 1 leader_uuid: "1ffad54524704a25b933cc8c5f1a7376" committed_config { opid_index: 2 OBSOLETE_local: false peers { permanent_uuid: "d95d356d45794526880e4995b99ad62f" member_type: VOTER last_known_addr { host: "127.0.133.65" port: 35139 } health_report { overall_health: HEALTHY } } peers { permanent_uuid: "dde8c099fc90428d8fb39a079b554baf" member_type: VOTER last_known_addr { host: "127.0.133.66" port: 36541 } attrs { replace: true } health_report { overall_health: HEALTHY } } peers { permanent_uuid: "1ffad54524704a25b933cc8c5f1a7376" member_type: VOTER last_known_addr { host: "127.0.133.67" port: 36973 } health_report { overall_health: HEALTHY } } peers { permanent_uuid: "4fd7229ad42c41079fbc2b657e954f80" member_type: NON_VOTER last_known_addr { host: "127.0.133.68" port: 34511 } attrs { promote: true } health_report { overall_health: UNKNOWN } } }
W20260710 13:27:40.051244  1604 consensus_peers.cc:597] T 5f230ff44231432991a0da3e6da5e78b P d95d356d45794526880e4995b99ad62f -> Peer 4fd7229ad42c41079fbc2b657e954f80 (127.0.133.68:34511): Couldn't send request to peer 4fd7229ad42c41079fbc2b657e954f80. Error code: TABLET_NOT_FOUND (6). Status: Not found: Tablet not found: 5f230ff44231432991a0da3e6da5e78b. This is attempt 1: this message will repeat every 5th retry.
I20260710 13:27:40.052337  1790 raft_consensus.cc:1275] T 5f230ff44231432991a0da3e6da5e78b P 1ffad54524704a25b933cc8c5f1a7376 [term 1 FOLLOWER]: Refusing update from remote peer d95d356d45794526880e4995b99ad62f: Log matching property violated. Preceding OpId in replica: term: 1 index: 1. Preceding OpId from leader: term: 1 index: 2. (index mismatch)
I20260710 13:27:40.052887  1716 raft_consensus.cc:1275] T 5f230ff44231432991a0da3e6da5e78b P dde8c099fc90428d8fb39a079b554baf [term 1 FOLLOWER]: Refusing update from remote peer d95d356d45794526880e4995b99ad62f: Log matching property violated. Preceding OpId in replica: term: 1 index: 1. Preceding OpId from leader: term: 1 index: 2. (index mismatch)
I20260710 13:27:40.053999  2093 consensus_queue.cc:1048] T 5f230ff44231432991a0da3e6da5e78b P d95d356d45794526880e4995b99ad62f [LEADER]: Connected to new peer: Peer: permanent_uuid: "1ffad54524704a25b933cc8c5f1a7376" member_type: VOTER last_known_addr { host: "127.0.133.67" port: 36973 } attrs { replace: true }, Status: LMP_MISMATCH, Last received: 0.0, Next index: 2, Last known committed idx: 1, Time since last communication: 0.000s
I20260710 13:27:40.057309  2091 consensus_queue.cc:1048] T 5f230ff44231432991a0da3e6da5e78b P d95d356d45794526880e4995b99ad62f [LEADER]: Connected to new peer: Peer: permanent_uuid: "dde8c099fc90428d8fb39a079b554baf" member_type: VOTER last_known_addr { host: "127.0.133.66" port: 36541 }, Status: LMP_MISMATCH, Last received: 0.0, Next index: 2, Last known committed idx: 1, Time since last communication: 0.000s
I20260710 13:27:40.071684  2177 raft_consensus.cc:2955] T 5f230ff44231432991a0da3e6da5e78b P d95d356d45794526880e4995b99ad62f [term 1 LEADER]: Committing config change with OpId 1.2: config changed from index -1 to 2, NON_VOTER 4fd7229ad42c41079fbc2b657e954f80 (127.0.133.68) added. New config: { opid_index: 2 OBSOLETE_local: false peers { permanent_uuid: "d95d356d45794526880e4995b99ad62f" member_type: VOTER last_known_addr { host: "127.0.133.65" port: 35139 } } peers { permanent_uuid: "dde8c099fc90428d8fb39a079b554baf" member_type: VOTER last_known_addr { host: "127.0.133.66" port: 36541 } } peers { permanent_uuid: "1ffad54524704a25b933cc8c5f1a7376" member_type: VOTER last_known_addr { host: "127.0.133.67" port: 36973 } attrs { replace: true } } peers { permanent_uuid: "4fd7229ad42c41079fbc2b657e954f80" member_type: NON_VOTER last_known_addr { host: "127.0.133.68" port: 34511 } attrs { promote: true } } }
I20260710 13:27:40.073580  1716 raft_consensus.cc:2955] T 5f230ff44231432991a0da3e6da5e78b P dde8c099fc90428d8fb39a079b554baf [term 1 FOLLOWER]: Committing config change with OpId 1.2: config changed from index -1 to 2, NON_VOTER 4fd7229ad42c41079fbc2b657e954f80 (127.0.133.68) added. New config: { opid_index: 2 OBSOLETE_local: false peers { permanent_uuid: "d95d356d45794526880e4995b99ad62f" member_type: VOTER last_known_addr { host: "127.0.133.65" port: 35139 } } peers { permanent_uuid: "dde8c099fc90428d8fb39a079b554baf" member_type: VOTER last_known_addr { host: "127.0.133.66" port: 36541 } } peers { permanent_uuid: "1ffad54524704a25b933cc8c5f1a7376" member_type: VOTER last_known_addr { host: "127.0.133.67" port: 36973 } attrs { replace: true } } peers { permanent_uuid: "4fd7229ad42c41079fbc2b657e954f80" member_type: NON_VOTER last_known_addr { host: "127.0.133.68" port: 34511 } attrs { promote: true } } }
I20260710 13:27:40.074338  1790 raft_consensus.cc:2955] T 5f230ff44231432991a0da3e6da5e78b P 1ffad54524704a25b933cc8c5f1a7376 [term 1 FOLLOWER]: Committing config change with OpId 1.2: config changed from index -1 to 2, NON_VOTER 4fd7229ad42c41079fbc2b657e954f80 (127.0.133.68) added. New config: { opid_index: 2 OBSOLETE_local: false peers { permanent_uuid: "d95d356d45794526880e4995b99ad62f" member_type: VOTER last_known_addr { host: "127.0.133.65" port: 35139 } } peers { permanent_uuid: "dde8c099fc90428d8fb39a079b554baf" member_type: VOTER last_known_addr { host: "127.0.133.66" port: 36541 } } peers { permanent_uuid: "1ffad54524704a25b933cc8c5f1a7376" member_type: VOTER last_known_addr { host: "127.0.133.67" port: 36973 } attrs { replace: true } } peers { permanent_uuid: "4fd7229ad42c41079fbc2b657e954f80" member_type: NON_VOTER last_known_addr { host: "127.0.133.68" port: 34511 } attrs { promote: true } } }
I20260710 13:27:40.090381  1539 catalog_manager.cc:5697] T 5f230ff44231432991a0da3e6da5e78b P 1ffad54524704a25b933cc8c5f1a7376 reported cstate change: config changed from index -1 to 2, NON_VOTER 4fd7229ad42c41079fbc2b657e954f80 (127.0.133.68) added. New cstate: current_term: 1 leader_uuid: "d95d356d45794526880e4995b99ad62f" committed_config { opid_index: 2 OBSOLETE_local: false peers { permanent_uuid: "d95d356d45794526880e4995b99ad62f" member_type: VOTER last_known_addr { host: "127.0.133.65" port: 35139 } } peers { permanent_uuid: "dde8c099fc90428d8fb39a079b554baf" member_type: VOTER last_known_addr { host: "127.0.133.66" port: 36541 } } peers { permanent_uuid: "1ffad54524704a25b933cc8c5f1a7376" member_type: VOTER last_known_addr { host: "127.0.133.67" port: 36973 } attrs { replace: true } } peers { permanent_uuid: "4fd7229ad42c41079fbc2b657e954f80" member_type: NON_VOTER last_known_addr { host: "127.0.133.68" port: 34511 } attrs { promote: true } } }
I20260710 13:27:40.303845  2185 ts_tablet_manager.cc:933] T f731745a0e32489491385bfffa680d1d P 4fd7229ad42c41079fbc2b657e954f80: Initiating tablet copy from peer 1ffad54524704a25b933cc8c5f1a7376 (127.0.133.67:36973)
I20260710 13:27:40.305938  2185 tablet_copy_client.cc:323] T f731745a0e32489491385bfffa680d1d P 4fd7229ad42c41079fbc2b657e954f80: tablet copy: Beginning tablet copy session from remote peer at address 127.0.133.67:36973
I20260710 13:27:40.307698  1800 tablet_copy_service.cc:140] P 1ffad54524704a25b933cc8c5f1a7376: Received BeginTabletCopySession request for tablet f731745a0e32489491385bfffa680d1d from peer 4fd7229ad42c41079fbc2b657e954f80 ({username='slave'} at 127.0.0.1:56354)
I20260710 13:27:40.308383  1800 tablet_copy_service.cc:161] P 1ffad54524704a25b933cc8c5f1a7376: Beginning new tablet copy session on tablet f731745a0e32489491385bfffa680d1d from peer 4fd7229ad42c41079fbc2b657e954f80 at {username='slave'} at 127.0.0.1:56354: session id = 4fd7229ad42c41079fbc2b657e954f80-f731745a0e32489491385bfffa680d1d
I20260710 13:27:40.314533  1800 tablet_copy_source_session.cc:215] T f731745a0e32489491385bfffa680d1d P 1ffad54524704a25b933cc8c5f1a7376: Tablet Copy: opened 0 blocks and 1 log segments
I20260710 13:27:40.318871  2185 data_dirs.cc:400] Could only allocate 1 dirs of requested 3 for tablet f731745a0e32489491385bfffa680d1d. 1 dirs total, 0 dirs full, 0 dirs failed
I20260710 13:27:40.336206  2185 tablet_copy_client.cc:806] T f731745a0e32489491385bfffa680d1d P 4fd7229ad42c41079fbc2b657e954f80: tablet copy: Starting download of 0 data blocks...
I20260710 13:27:40.336903  2185 tablet_copy_client.cc:670] T f731745a0e32489491385bfffa680d1d P 4fd7229ad42c41079fbc2b657e954f80: tablet copy: Starting download of 1 WAL segments...
I20260710 13:27:40.340603  2185 tablet_copy_client.cc:538] T f731745a0e32489491385bfffa680d1d P 4fd7229ad42c41079fbc2b657e954f80: tablet copy: Tablet Copy complete. Replacing tablet superblock.
I20260710 13:27:40.349092  2185 tablet_bootstrap.cc:492] T f731745a0e32489491385bfffa680d1d P 4fd7229ad42c41079fbc2b657e954f80: Bootstrap starting.
I20260710 13:27:40.375890  2185 tablet_bootstrap.cc:492] T f731745a0e32489491385bfffa680d1d P 4fd7229ad42c41079fbc2b657e954f80: Bootstrap replayed 1/1 log segments. Stats: ops{read=2 overwritten=0 applied=2 ignored=0} inserts{seen=0 ignored=0} mutations{seen=0 ignored=0} orphaned_commits=0. Pending: 0 replicates
I20260710 13:27:40.376654  2185 tablet_bootstrap.cc:492] T f731745a0e32489491385bfffa680d1d P 4fd7229ad42c41079fbc2b657e954f80: Bootstrap complete.
I20260710 13:27:40.377233  2185 ts_tablet_manager.cc:1403] T f731745a0e32489491385bfffa680d1d P 4fd7229ad42c41079fbc2b657e954f80: Time spent bootstrapping tablet: real 0.028s	user 0.016s	sys 0.009s
I20260710 13:27:40.379604  2185 raft_consensus.cc:359] T f731745a0e32489491385bfffa680d1d P 4fd7229ad42c41079fbc2b657e954f80 [term 1 LEARNER]: Replica starting. Triggering 0 pending ops. Active config: opid_index: 2 OBSOLETE_local: false peers { permanent_uuid: "d95d356d45794526880e4995b99ad62f" member_type: VOTER last_known_addr { host: "127.0.133.65" port: 35139 } attrs { replace: true } } peers { permanent_uuid: "dde8c099fc90428d8fb39a079b554baf" member_type: VOTER last_known_addr { host: "127.0.133.66" port: 36541 } } peers { permanent_uuid: "1ffad54524704a25b933cc8c5f1a7376" member_type: VOTER last_known_addr { host: "127.0.133.67" port: 36973 } } peers { permanent_uuid: "4fd7229ad42c41079fbc2b657e954f80" member_type: NON_VOTER last_known_addr { host: "127.0.133.68" port: 34511 } attrs { promote: true } }
I20260710 13:27:40.380255  2185 raft_consensus.cc:740] T f731745a0e32489491385bfffa680d1d P 4fd7229ad42c41079fbc2b657e954f80 [term 1 LEARNER]: Becoming Follower/Learner. State: Replica: 4fd7229ad42c41079fbc2b657e954f80, State: Initialized, Role: LEARNER
I20260710 13:27:40.380837  2185 consensus_queue.cc:260] T f731745a0e32489491385bfffa680d1d P 4fd7229ad42c41079fbc2b657e954f80 [NON_LEADER]: Queue going to NON_LEADER mode. State: All replicated index: 0, Majority replicated index: 0, Committed index: 2, Last appended: 1.2, Last appended by leader: 2, Current term: 0, Majority size: -1, State: 0, Mode: NON_LEADER, active raft config: opid_index: 2 OBSOLETE_local: false peers { permanent_uuid: "d95d356d45794526880e4995b99ad62f" member_type: VOTER last_known_addr { host: "127.0.133.65" port: 35139 } attrs { replace: true } } peers { permanent_uuid: "dde8c099fc90428d8fb39a079b554baf" member_type: VOTER last_known_addr { host: "127.0.133.66" port: 36541 } } peers { permanent_uuid: "1ffad54524704a25b933cc8c5f1a7376" member_type: VOTER last_known_addr { host: "127.0.133.67" port: 36973 } } peers { permanent_uuid: "4fd7229ad42c41079fbc2b657e954f80" member_type: NON_VOTER last_known_addr { host: "127.0.133.68" port: 34511 } attrs { promote: true } }
I20260710 13:27:40.383626  2185 ts_tablet_manager.cc:1434] T f731745a0e32489491385bfffa680d1d P 4fd7229ad42c41079fbc2b657e954f80: Time spent starting tablet: real 0.006s	user 0.008s	sys 0.000s
I20260710 13:27:40.385485  1800 tablet_copy_service.cc:342] P 1ffad54524704a25b933cc8c5f1a7376: Request end of tablet copy session 4fd7229ad42c41079fbc2b657e954f80-f731745a0e32489491385bfffa680d1d received from {username='slave'} at 127.0.0.1:56354
I20260710 13:27:40.385928  1800 tablet_copy_service.cc:434] P 1ffad54524704a25b933cc8c5f1a7376: ending tablet copy session 4fd7229ad42c41079fbc2b657e954f80-f731745a0e32489491385bfffa680d1d on tablet f731745a0e32489491385bfffa680d1d with peer 4fd7229ad42c41079fbc2b657e954f80
I20260710 13:27:40.454144  2185 ts_tablet_manager.cc:933] T 69d6acb9e7c6468ca1c1d20609c2cb82 P 4fd7229ad42c41079fbc2b657e954f80: Initiating tablet copy from peer 1ffad54524704a25b933cc8c5f1a7376 (127.0.133.67:36973)
I20260710 13:27:40.456166  2185 tablet_copy_client.cc:323] T 69d6acb9e7c6468ca1c1d20609c2cb82 P 4fd7229ad42c41079fbc2b657e954f80: tablet copy: Beginning tablet copy session from remote peer at address 127.0.133.67:36973
I20260710 13:27:40.458148  1800 tablet_copy_service.cc:140] P 1ffad54524704a25b933cc8c5f1a7376: Received BeginTabletCopySession request for tablet 69d6acb9e7c6468ca1c1d20609c2cb82 from peer 4fd7229ad42c41079fbc2b657e954f80 ({username='slave'} at 127.0.0.1:56354)
I20260710 13:27:40.458755  1800 tablet_copy_service.cc:161] P 1ffad54524704a25b933cc8c5f1a7376: Beginning new tablet copy session on tablet 69d6acb9e7c6468ca1c1d20609c2cb82 from peer 4fd7229ad42c41079fbc2b657e954f80 at {username='slave'} at 127.0.0.1:56354: session id = 4fd7229ad42c41079fbc2b657e954f80-69d6acb9e7c6468ca1c1d20609c2cb82
I20260710 13:27:40.467182  1800 tablet_copy_source_session.cc:215] T 69d6acb9e7c6468ca1c1d20609c2cb82 P 1ffad54524704a25b933cc8c5f1a7376: Tablet Copy: opened 0 blocks and 1 log segments
I20260710 13:27:40.470877  2185 data_dirs.cc:400] Could only allocate 1 dirs of requested 3 for tablet 69d6acb9e7c6468ca1c1d20609c2cb82. 1 dirs total, 0 dirs full, 0 dirs failed
I20260710 13:27:40.488459  2185 tablet_copy_client.cc:806] T 69d6acb9e7c6468ca1c1d20609c2cb82 P 4fd7229ad42c41079fbc2b657e954f80: tablet copy: Starting download of 0 data blocks...
I20260710 13:27:40.489497  2185 tablet_copy_client.cc:670] T 69d6acb9e7c6468ca1c1d20609c2cb82 P 4fd7229ad42c41079fbc2b657e954f80: tablet copy: Starting download of 1 WAL segments...
I20260710 13:27:40.494268  2185 tablet_copy_client.cc:538] T 69d6acb9e7c6468ca1c1d20609c2cb82 P 4fd7229ad42c41079fbc2b657e954f80: tablet copy: Tablet Copy complete. Replacing tablet superblock.
I20260710 13:27:40.505401  2185 tablet_bootstrap.cc:492] T 69d6acb9e7c6468ca1c1d20609c2cb82 P 4fd7229ad42c41079fbc2b657e954f80: Bootstrap starting.
I20260710 13:27:40.518393  2190 ts_tablet_manager.cc:933] T b754d4c0c0644bada60ecb7b1477c9de P 4fd7229ad42c41079fbc2b657e954f80: Initiating tablet copy from peer d95d356d45794526880e4995b99ad62f (127.0.133.65:35139)
I20260710 13:27:40.528191  2190 tablet_copy_client.cc:323] T b754d4c0c0644bada60ecb7b1477c9de P 4fd7229ad42c41079fbc2b657e954f80: tablet copy: Beginning tablet copy session from remote peer at address 127.0.133.65:35139
I20260710 13:27:40.539688  1651 tablet_copy_service.cc:140] P d95d356d45794526880e4995b99ad62f: Received BeginTabletCopySession request for tablet b754d4c0c0644bada60ecb7b1477c9de from peer 4fd7229ad42c41079fbc2b657e954f80 ({username='slave'} at 127.0.0.1:60598)
I20260710 13:27:40.540314  1651 tablet_copy_service.cc:161] P d95d356d45794526880e4995b99ad62f: Beginning new tablet copy session on tablet b754d4c0c0644bada60ecb7b1477c9de from peer 4fd7229ad42c41079fbc2b657e954f80 at {username='slave'} at 127.0.0.1:60598: session id = 4fd7229ad42c41079fbc2b657e954f80-b754d4c0c0644bada60ecb7b1477c9de
I20260710 13:27:40.554564  1651 tablet_copy_source_session.cc:215] T b754d4c0c0644bada60ecb7b1477c9de P d95d356d45794526880e4995b99ad62f: Tablet Copy: opened 0 blocks and 1 log segments
I20260710 13:27:40.558789  2190 data_dirs.cc:400] Could only allocate 1 dirs of requested 3 for tablet b754d4c0c0644bada60ecb7b1477c9de. 1 dirs total, 0 dirs full, 0 dirs failed
I20260710 13:27:40.573469  2185 tablet_bootstrap.cc:492] T 69d6acb9e7c6468ca1c1d20609c2cb82 P 4fd7229ad42c41079fbc2b657e954f80: Bootstrap replayed 1/1 log segments. Stats: ops{read=2 overwritten=0 applied=2 ignored=0} inserts{seen=0 ignored=0} mutations{seen=0 ignored=0} orphaned_commits=0. Pending: 0 replicates
I20260710 13:27:40.575234  2185 tablet_bootstrap.cc:492] T 69d6acb9e7c6468ca1c1d20609c2cb82 P 4fd7229ad42c41079fbc2b657e954f80: Bootstrap complete.
I20260710 13:27:40.576103  2185 ts_tablet_manager.cc:1403] T 69d6acb9e7c6468ca1c1d20609c2cb82 P 4fd7229ad42c41079fbc2b657e954f80: Time spent bootstrapping tablet: real 0.071s	user 0.030s	sys 0.016s
I20260710 13:27:40.580391  2185 raft_consensus.cc:359] T 69d6acb9e7c6468ca1c1d20609c2cb82 P 4fd7229ad42c41079fbc2b657e954f80 [term 1 LEARNER]: Replica starting. Triggering 0 pending ops. Active config: opid_index: 2 OBSOLETE_local: false peers { permanent_uuid: "d95d356d45794526880e4995b99ad62f" member_type: VOTER last_known_addr { host: "127.0.133.65" port: 35139 } } peers { permanent_uuid: "dde8c099fc90428d8fb39a079b554baf" member_type: VOTER last_known_addr { host: "127.0.133.66" port: 36541 } attrs { replace: true } } peers { permanent_uuid: "1ffad54524704a25b933cc8c5f1a7376" member_type: VOTER last_known_addr { host: "127.0.133.67" port: 36973 } } peers { permanent_uuid: "4fd7229ad42c41079fbc2b657e954f80" member_type: NON_VOTER last_known_addr { host: "127.0.133.68" port: 34511 } attrs { promote: true } }
I20260710 13:27:40.581867  2185 raft_consensus.cc:740] T 69d6acb9e7c6468ca1c1d20609c2cb82 P 4fd7229ad42c41079fbc2b657e954f80 [term 1 LEARNER]: Becoming Follower/Learner. State: Replica: 4fd7229ad42c41079fbc2b657e954f80, State: Initialized, Role: LEARNER
I20260710 13:27:40.582726  2185 consensus_queue.cc:260] T 69d6acb9e7c6468ca1c1d20609c2cb82 P 4fd7229ad42c41079fbc2b657e954f80 [NON_LEADER]: Queue going to NON_LEADER mode. State: All replicated index: 0, Majority replicated index: 0, Committed index: 2, Last appended: 1.2, Last appended by leader: 2, Current term: 0, Majority size: -1, State: 0, Mode: NON_LEADER, active raft config: opid_index: 2 OBSOLETE_local: false peers { permanent_uuid: "d95d356d45794526880e4995b99ad62f" member_type: VOTER last_known_addr { host: "127.0.133.65" port: 35139 } } peers { permanent_uuid: "dde8c099fc90428d8fb39a079b554baf" member_type: VOTER last_known_addr { host: "127.0.133.66" port: 36541 } attrs { replace: true } } peers { permanent_uuid: "1ffad54524704a25b933cc8c5f1a7376" member_type: VOTER last_known_addr { host: "127.0.133.67" port: 36973 } } peers { permanent_uuid: "4fd7229ad42c41079fbc2b657e954f80" member_type: NON_VOTER last_known_addr { host: "127.0.133.68" port: 34511 } attrs { promote: true } }
I20260710 13:27:40.585614  2190 tablet_copy_client.cc:806] T b754d4c0c0644bada60ecb7b1477c9de P 4fd7229ad42c41079fbc2b657e954f80: tablet copy: Starting download of 0 data blocks...
I20260710 13:27:40.585943  2185 ts_tablet_manager.cc:1434] T 69d6acb9e7c6468ca1c1d20609c2cb82 P 4fd7229ad42c41079fbc2b657e954f80: Time spent starting tablet: real 0.009s	user 0.007s	sys 0.000s
I20260710 13:27:40.588371  2190 tablet_copy_client.cc:670] T b754d4c0c0644bada60ecb7b1477c9de P 4fd7229ad42c41079fbc2b657e954f80: tablet copy: Starting download of 1 WAL segments...
I20260710 13:27:40.589272  1800 tablet_copy_service.cc:342] P 1ffad54524704a25b933cc8c5f1a7376: Request end of tablet copy session 4fd7229ad42c41079fbc2b657e954f80-69d6acb9e7c6468ca1c1d20609c2cb82 received from {username='slave'} at 127.0.0.1:56354
I20260710 13:27:40.589740  1800 tablet_copy_service.cc:434] P 1ffad54524704a25b933cc8c5f1a7376: ending tablet copy session 4fd7229ad42c41079fbc2b657e954f80-69d6acb9e7c6468ca1c1d20609c2cb82 on tablet 69d6acb9e7c6468ca1c1d20609c2cb82 with peer 4fd7229ad42c41079fbc2b657e954f80
I20260710 13:27:40.592873  2190 tablet_copy_client.cc:538] T b754d4c0c0644bada60ecb7b1477c9de P 4fd7229ad42c41079fbc2b657e954f80: tablet copy: Tablet Copy complete. Replacing tablet superblock.
I20260710 13:27:40.608610  2190 tablet_bootstrap.cc:492] T b754d4c0c0644bada60ecb7b1477c9de P 4fd7229ad42c41079fbc2b657e954f80: Bootstrap starting.
I20260710 13:27:40.634456  2190 tablet_bootstrap.cc:492] T b754d4c0c0644bada60ecb7b1477c9de P 4fd7229ad42c41079fbc2b657e954f80: Bootstrap replayed 1/1 log segments. Stats: ops{read=2 overwritten=0 applied=2 ignored=0} inserts{seen=0 ignored=0} mutations{seen=0 ignored=0} orphaned_commits=0. Pending: 0 replicates
I20260710 13:27:40.635636  2190 tablet_bootstrap.cc:492] T b754d4c0c0644bada60ecb7b1477c9de P 4fd7229ad42c41079fbc2b657e954f80: Bootstrap complete.
I20260710 13:27:40.636328  2190 ts_tablet_manager.cc:1403] T b754d4c0c0644bada60ecb7b1477c9de P 4fd7229ad42c41079fbc2b657e954f80: Time spent bootstrapping tablet: real 0.028s	user 0.014s	sys 0.011s
I20260710 13:27:40.639425  2190 raft_consensus.cc:359] T b754d4c0c0644bada60ecb7b1477c9de P 4fd7229ad42c41079fbc2b657e954f80 [term 1 LEARNER]: Replica starting. Triggering 0 pending ops. Active config: opid_index: 2 OBSOLETE_local: false peers { permanent_uuid: "1ffad54524704a25b933cc8c5f1a7376" member_type: VOTER last_known_addr { host: "127.0.133.67" port: 36973 } attrs { replace: true } } peers { permanent_uuid: "d95d356d45794526880e4995b99ad62f" member_type: VOTER last_known_addr { host: "127.0.133.65" port: 35139 } } peers { permanent_uuid: "dde8c099fc90428d8fb39a079b554baf" member_type: VOTER last_known_addr { host: "127.0.133.66" port: 36541 } } peers { permanent_uuid: "4fd7229ad42c41079fbc2b657e954f80" member_type: NON_VOTER last_known_addr { host: "127.0.133.68" port: 34511 } attrs { promote: true } }
I20260710 13:27:40.640280  2190 raft_consensus.cc:740] T b754d4c0c0644bada60ecb7b1477c9de P 4fd7229ad42c41079fbc2b657e954f80 [term 1 LEARNER]: Becoming Follower/Learner. State: Replica: 4fd7229ad42c41079fbc2b657e954f80, State: Initialized, Role: LEARNER
I20260710 13:27:40.641021  2190 consensus_queue.cc:260] T b754d4c0c0644bada60ecb7b1477c9de P 4fd7229ad42c41079fbc2b657e954f80 [NON_LEADER]: Queue going to NON_LEADER mode. State: All replicated index: 0, Majority replicated index: 0, Committed index: 2, Last appended: 1.2, Last appended by leader: 2, Current term: 0, Majority size: -1, State: 0, Mode: NON_LEADER, active raft config: opid_index: 2 OBSOLETE_local: false peers { permanent_uuid: "1ffad54524704a25b933cc8c5f1a7376" member_type: VOTER last_known_addr { host: "127.0.133.67" port: 36973 } attrs { replace: true } } peers { permanent_uuid: "d95d356d45794526880e4995b99ad62f" member_type: VOTER last_known_addr { host: "127.0.133.65" port: 35139 } } peers { permanent_uuid: "dde8c099fc90428d8fb39a079b554baf" member_type: VOTER last_known_addr { host: "127.0.133.66" port: 36541 } } peers { permanent_uuid: "4fd7229ad42c41079fbc2b657e954f80" member_type: NON_VOTER last_known_addr { host: "127.0.133.68" port: 34511 } attrs { promote: true } }
I20260710 13:27:40.646102  2190 ts_tablet_manager.cc:1434] T b754d4c0c0644bada60ecb7b1477c9de P 4fd7229ad42c41079fbc2b657e954f80: Time spent starting tablet: real 0.009s	user 0.006s	sys 0.001s
I20260710 13:27:40.648425  1651 tablet_copy_service.cc:342] P d95d356d45794526880e4995b99ad62f: Request end of tablet copy session 4fd7229ad42c41079fbc2b657e954f80-b754d4c0c0644bada60ecb7b1477c9de received from {username='slave'} at 127.0.0.1:60598
I20260710 13:27:40.648900  1651 tablet_copy_service.cc:434] P d95d356d45794526880e4995b99ad62f: ending tablet copy session 4fd7229ad42c41079fbc2b657e954f80-b754d4c0c0644bada60ecb7b1477c9de on tablet b754d4c0c0644bada60ecb7b1477c9de with peer 4fd7229ad42c41079fbc2b657e954f80
I20260710 13:27:40.676230  2190 ts_tablet_manager.cc:933] T 5f230ff44231432991a0da3e6da5e78b P 4fd7229ad42c41079fbc2b657e954f80: Initiating tablet copy from peer d95d356d45794526880e4995b99ad62f (127.0.133.65:35139)
I20260710 13:27:40.678337  2190 tablet_copy_client.cc:323] T 5f230ff44231432991a0da3e6da5e78b P 4fd7229ad42c41079fbc2b657e954f80: tablet copy: Beginning tablet copy session from remote peer at address 127.0.133.65:35139
I20260710 13:27:40.680371  1651 tablet_copy_service.cc:140] P d95d356d45794526880e4995b99ad62f: Received BeginTabletCopySession request for tablet 5f230ff44231432991a0da3e6da5e78b from peer 4fd7229ad42c41079fbc2b657e954f80 ({username='slave'} at 127.0.0.1:60598)
I20260710 13:27:40.680979  1651 tablet_copy_service.cc:161] P d95d356d45794526880e4995b99ad62f: Beginning new tablet copy session on tablet 5f230ff44231432991a0da3e6da5e78b from peer 4fd7229ad42c41079fbc2b657e954f80 at {username='slave'} at 127.0.0.1:60598: session id = 4fd7229ad42c41079fbc2b657e954f80-5f230ff44231432991a0da3e6da5e78b
I20260710 13:27:40.689491  1651 tablet_copy_source_session.cc:215] T 5f230ff44231432991a0da3e6da5e78b P d95d356d45794526880e4995b99ad62f: Tablet Copy: opened 0 blocks and 1 log segments
I20260710 13:27:40.692935  2190 data_dirs.cc:400] Could only allocate 1 dirs of requested 3 for tablet 5f230ff44231432991a0da3e6da5e78b. 1 dirs total, 0 dirs full, 0 dirs failed
I20260710 13:27:40.711990  2190 tablet_copy_client.cc:806] T 5f230ff44231432991a0da3e6da5e78b P 4fd7229ad42c41079fbc2b657e954f80: tablet copy: Starting download of 0 data blocks...
I20260710 13:27:40.712648  2190 tablet_copy_client.cc:670] T 5f230ff44231432991a0da3e6da5e78b P 4fd7229ad42c41079fbc2b657e954f80: tablet copy: Starting download of 1 WAL segments...
I20260710 13:27:40.717417  2190 tablet_copy_client.cc:538] T 5f230ff44231432991a0da3e6da5e78b P 4fd7229ad42c41079fbc2b657e954f80: tablet copy: Tablet Copy complete. Replacing tablet superblock.
I20260710 13:27:40.727881  2190 tablet_bootstrap.cc:492] T 5f230ff44231432991a0da3e6da5e78b P 4fd7229ad42c41079fbc2b657e954f80: Bootstrap starting.
I20260710 13:27:40.749948  2190 tablet_bootstrap.cc:492] T 5f230ff44231432991a0da3e6da5e78b P 4fd7229ad42c41079fbc2b657e954f80: Bootstrap replayed 1/1 log segments. Stats: ops{read=2 overwritten=0 applied=2 ignored=0} inserts{seen=0 ignored=0} mutations{seen=0 ignored=0} orphaned_commits=0. Pending: 0 replicates
I20260710 13:27:40.750977  2190 tablet_bootstrap.cc:492] T 5f230ff44231432991a0da3e6da5e78b P 4fd7229ad42c41079fbc2b657e954f80: Bootstrap complete.
I20260710 13:27:40.751793  2190 ts_tablet_manager.cc:1403] T 5f230ff44231432991a0da3e6da5e78b P 4fd7229ad42c41079fbc2b657e954f80: Time spent bootstrapping tablet: real 0.024s	user 0.018s	sys 0.005s
I20260710 13:27:40.755628  2190 raft_consensus.cc:359] T 5f230ff44231432991a0da3e6da5e78b P 4fd7229ad42c41079fbc2b657e954f80 [term 1 LEARNER]: Replica starting. Triggering 0 pending ops. Active config: opid_index: 2 OBSOLETE_local: false peers { permanent_uuid: "d95d356d45794526880e4995b99ad62f" member_type: VOTER last_known_addr { host: "127.0.133.65" port: 35139 } } peers { permanent_uuid: "dde8c099fc90428d8fb39a079b554baf" member_type: VOTER last_known_addr { host: "127.0.133.66" port: 36541 } } peers { permanent_uuid: "1ffad54524704a25b933cc8c5f1a7376" member_type: VOTER last_known_addr { host: "127.0.133.67" port: 36973 } attrs { replace: true } } peers { permanent_uuid: "4fd7229ad42c41079fbc2b657e954f80" member_type: NON_VOTER last_known_addr { host: "127.0.133.68" port: 34511 } attrs { promote: true } }
I20260710 13:27:40.756644  2190 raft_consensus.cc:740] T 5f230ff44231432991a0da3e6da5e78b P 4fd7229ad42c41079fbc2b657e954f80 [term 1 LEARNER]: Becoming Follower/Learner. State: Replica: 4fd7229ad42c41079fbc2b657e954f80, State: Initialized, Role: LEARNER
I20260710 13:27:40.757320  2190 consensus_queue.cc:260] T 5f230ff44231432991a0da3e6da5e78b P 4fd7229ad42c41079fbc2b657e954f80 [NON_LEADER]: Queue going to NON_LEADER mode. State: All replicated index: 0, Majority replicated index: 0, Committed index: 2, Last appended: 1.2, Last appended by leader: 2, Current term: 0, Majority size: -1, State: 0, Mode: NON_LEADER, active raft config: opid_index: 2 OBSOLETE_local: false peers { permanent_uuid: "d95d356d45794526880e4995b99ad62f" member_type: VOTER last_known_addr { host: "127.0.133.65" port: 35139 } } peers { permanent_uuid: "dde8c099fc90428d8fb39a079b554baf" member_type: VOTER last_known_addr { host: "127.0.133.66" port: 36541 } } peers { permanent_uuid: "1ffad54524704a25b933cc8c5f1a7376" member_type: VOTER last_known_addr { host: "127.0.133.67" port: 36973 } attrs { replace: true } } peers { permanent_uuid: "4fd7229ad42c41079fbc2b657e954f80" member_type: NON_VOTER last_known_addr { host: "127.0.133.68" port: 34511 } attrs { promote: true } }
I20260710 13:27:40.760113  2190 ts_tablet_manager.cc:1434] T 5f230ff44231432991a0da3e6da5e78b P 4fd7229ad42c41079fbc2b657e954f80: Time spent starting tablet: real 0.008s	user 0.003s	sys 0.003s
I20260710 13:27:40.763763  1651 tablet_copy_service.cc:342] P d95d356d45794526880e4995b99ad62f: Request end of tablet copy session 4fd7229ad42c41079fbc2b657e954f80-5f230ff44231432991a0da3e6da5e78b received from {username='slave'} at 127.0.0.1:60598
I20260710 13:27:40.764389  1651 tablet_copy_service.cc:434] P d95d356d45794526880e4995b99ad62f: ending tablet copy session 4fd7229ad42c41079fbc2b657e954f80-5f230ff44231432991a0da3e6da5e78b on tablet 5f230ff44231432991a0da3e6da5e78b with peer 4fd7229ad42c41079fbc2b657e954f80
I20260710 13:27:40.809947  2058 raft_consensus.cc:1217] T f731745a0e32489491385bfffa680d1d P 4fd7229ad42c41079fbc2b657e954f80 [term 1 LEARNER]: Deduplicated request from leader. Original: 1.1->[1.2-1.2]   Dedup: 1.2->[]
I20260710 13:27:41.028069  2058 raft_consensus.cc:1217] T b754d4c0c0644bada60ecb7b1477c9de P 4fd7229ad42c41079fbc2b657e954f80 [term 1 LEARNER]: Deduplicated request from leader. Original: 1.1->[1.2-1.2]   Dedup: 1.2->[]
I20260710 13:27:41.048274  2058 raft_consensus.cc:1217] T 69d6acb9e7c6468ca1c1d20609c2cb82 P 4fd7229ad42c41079fbc2b657e954f80 [term 1 LEARNER]: Deduplicated request from leader. Original: 1.1->[1.2-1.2]   Dedup: 1.2->[]
I20260710 13:27:41.058704  2058 raft_consensus.cc:1217] T 5f230ff44231432991a0da3e6da5e78b P 4fd7229ad42c41079fbc2b657e954f80 [term 1 LEARNER]: Deduplicated request from leader. Original: 1.1->[1.2-1.2]   Dedup: 1.2->[]
I20260710 13:27:41.346763  2098 raft_consensus.cc:1064] T f731745a0e32489491385bfffa680d1d P 1ffad54524704a25b933cc8c5f1a7376: attempting to promote NON_VOTER 4fd7229ad42c41079fbc2b657e954f80 to VOTER
I20260710 13:27:41.349251  2098 consensus_queue.cc:237] T f731745a0e32489491385bfffa680d1d P 1ffad54524704a25b933cc8c5f1a7376 [LEADER]: Queue going to LEADER mode. State: All replicated index: 0, Majority replicated index: 2, Committed index: 2, Last appended: 1.2, Last appended by leader: 0, Current term: 1, Majority size: 3, State: 0, Mode: LEADER, active raft config: opid_index: 3 OBSOLETE_local: false peers { permanent_uuid: "d95d356d45794526880e4995b99ad62f" member_type: VOTER last_known_addr { host: "127.0.133.65" port: 35139 } attrs { replace: true } } peers { permanent_uuid: "dde8c099fc90428d8fb39a079b554baf" member_type: VOTER last_known_addr { host: "127.0.133.66" port: 36541 } } peers { permanent_uuid: "1ffad54524704a25b933cc8c5f1a7376" member_type: VOTER last_known_addr { host: "127.0.133.67" port: 36973 } } peers { permanent_uuid: "4fd7229ad42c41079fbc2b657e954f80" member_type: VOTER last_known_addr { host: "127.0.133.68" port: 34511 } attrs { promote: false } }
I20260710 13:27:41.356778  2058 raft_consensus.cc:1275] T f731745a0e32489491385bfffa680d1d P 4fd7229ad42c41079fbc2b657e954f80 [term 1 LEARNER]: Refusing update from remote peer 1ffad54524704a25b933cc8c5f1a7376: Log matching property violated. Preceding OpId in replica: term: 1 index: 2. Preceding OpId from leader: term: 1 index: 3. (index mismatch)
I20260710 13:27:41.357609  1714 raft_consensus.cc:1275] T f731745a0e32489491385bfffa680d1d P dde8c099fc90428d8fb39a079b554baf [term 1 FOLLOWER]: Refusing update from remote peer 1ffad54524704a25b933cc8c5f1a7376: Log matching property violated. Preceding OpId in replica: term: 1 index: 2. Preceding OpId from leader: term: 1 index: 3. (index mismatch)
I20260710 13:27:41.358050  1637 raft_consensus.cc:1275] T f731745a0e32489491385bfffa680d1d P d95d356d45794526880e4995b99ad62f [term 1 FOLLOWER]: Refusing update from remote peer 1ffad54524704a25b933cc8c5f1a7376: Log matching property violated. Preceding OpId in replica: term: 1 index: 2. Preceding OpId from leader: term: 1 index: 3. (index mismatch)
I20260710 13:27:41.358510  2098 consensus_queue.cc:1048] T f731745a0e32489491385bfffa680d1d P 1ffad54524704a25b933cc8c5f1a7376 [LEADER]: Connected to new peer: Peer: permanent_uuid: "4fd7229ad42c41079fbc2b657e954f80" member_type: VOTER last_known_addr { host: "127.0.133.68" port: 34511 } attrs { promote: false }, Status: LMP_MISMATCH, Last received: 0.0, Next index: 3, Last known committed idx: 2, Time since last communication: 0.000s
I20260710 13:27:41.360842  2196 consensus_queue.cc:1048] T f731745a0e32489491385bfffa680d1d P 1ffad54524704a25b933cc8c5f1a7376 [LEADER]: Connected to new peer: Peer: permanent_uuid: "dde8c099fc90428d8fb39a079b554baf" member_type: VOTER last_known_addr { host: "127.0.133.66" port: 36541 }, Status: LMP_MISMATCH, Last received: 0.0, Next index: 3, Last known committed idx: 2, Time since last communication: 0.000s
I20260710 13:27:41.362057  2170 consensus_queue.cc:1048] T f731745a0e32489491385bfffa680d1d P 1ffad54524704a25b933cc8c5f1a7376 [LEADER]: Connected to new peer: Peer: permanent_uuid: "d95d356d45794526880e4995b99ad62f" member_type: VOTER last_known_addr { host: "127.0.133.65" port: 35139 } attrs { replace: true }, Status: LMP_MISMATCH, Last received: 0.0, Next index: 3, Last known committed idx: 2, Time since last communication: 0.001s
I20260710 13:27:41.388160  2170 raft_consensus.cc:2955] T f731745a0e32489491385bfffa680d1d P 1ffad54524704a25b933cc8c5f1a7376 [term 1 LEADER]: Committing config change with OpId 1.3: config changed from index 2 to 3, 4fd7229ad42c41079fbc2b657e954f80 (127.0.133.68) changed from NON_VOTER to VOTER. New config: { opid_index: 3 OBSOLETE_local: false peers { permanent_uuid: "d95d356d45794526880e4995b99ad62f" member_type: VOTER last_known_addr { host: "127.0.133.65" port: 35139 } attrs { replace: true } } peers { permanent_uuid: "dde8c099fc90428d8fb39a079b554baf" member_type: VOTER last_known_addr { host: "127.0.133.66" port: 36541 } } peers { permanent_uuid: "1ffad54524704a25b933cc8c5f1a7376" member_type: VOTER last_known_addr { host: "127.0.133.67" port: 36973 } } peers { permanent_uuid: "4fd7229ad42c41079fbc2b657e954f80" member_type: VOTER last_known_addr { host: "127.0.133.68" port: 34511 } attrs { promote: false } } }
I20260710 13:27:41.390548  1714 raft_consensus.cc:2955] T f731745a0e32489491385bfffa680d1d P dde8c099fc90428d8fb39a079b554baf [term 1 FOLLOWER]: Committing config change with OpId 1.3: config changed from index 2 to 3, 4fd7229ad42c41079fbc2b657e954f80 (127.0.133.68) changed from NON_VOTER to VOTER. New config: { opid_index: 3 OBSOLETE_local: false peers { permanent_uuid: "d95d356d45794526880e4995b99ad62f" member_type: VOTER last_known_addr { host: "127.0.133.65" port: 35139 } attrs { replace: true } } peers { permanent_uuid: "dde8c099fc90428d8fb39a079b554baf" member_type: VOTER last_known_addr { host: "127.0.133.66" port: 36541 } } peers { permanent_uuid: "1ffad54524704a25b933cc8c5f1a7376" member_type: VOTER last_known_addr { host: "127.0.133.67" port: 36973 } } peers { permanent_uuid: "4fd7229ad42c41079fbc2b657e954f80" member_type: VOTER last_known_addr { host: "127.0.133.68" port: 34511 } attrs { promote: false } } }
I20260710 13:27:41.390971  1637 raft_consensus.cc:2955] T f731745a0e32489491385bfffa680d1d P d95d356d45794526880e4995b99ad62f [term 1 FOLLOWER]: Committing config change with OpId 1.3: config changed from index 2 to 3, 4fd7229ad42c41079fbc2b657e954f80 (127.0.133.68) changed from NON_VOTER to VOTER. New config: { opid_index: 3 OBSOLETE_local: false peers { permanent_uuid: "d95d356d45794526880e4995b99ad62f" member_type: VOTER last_known_addr { host: "127.0.133.65" port: 35139 } attrs { replace: true } } peers { permanent_uuid: "dde8c099fc90428d8fb39a079b554baf" member_type: VOTER last_known_addr { host: "127.0.133.66" port: 36541 } } peers { permanent_uuid: "1ffad54524704a25b933cc8c5f1a7376" member_type: VOTER last_known_addr { host: "127.0.133.67" port: 36973 } } peers { permanent_uuid: "4fd7229ad42c41079fbc2b657e954f80" member_type: VOTER last_known_addr { host: "127.0.133.68" port: 34511 } attrs { promote: false } } }
I20260710 13:27:41.404409  2058 raft_consensus.cc:2955] T f731745a0e32489491385bfffa680d1d P 4fd7229ad42c41079fbc2b657e954f80 [term 1 FOLLOWER]: Committing config change with OpId 1.3: config changed from index 2 to 3, 4fd7229ad42c41079fbc2b657e954f80 (127.0.133.68) changed from NON_VOTER to VOTER. New config: { opid_index: 3 OBSOLETE_local: false peers { permanent_uuid: "d95d356d45794526880e4995b99ad62f" member_type: VOTER last_known_addr { host: "127.0.133.65" port: 35139 } attrs { replace: true } } peers { permanent_uuid: "dde8c099fc90428d8fb39a079b554baf" member_type: VOTER last_known_addr { host: "127.0.133.66" port: 36541 } } peers { permanent_uuid: "1ffad54524704a25b933cc8c5f1a7376" member_type: VOTER last_known_addr { host: "127.0.133.67" port: 36973 } } peers { permanent_uuid: "4fd7229ad42c41079fbc2b657e954f80" member_type: VOTER last_known_addr { host: "127.0.133.68" port: 34511 } attrs { promote: false } } }
I20260710 13:27:41.410176  1539 catalog_manager.cc:5697] T f731745a0e32489491385bfffa680d1d P dde8c099fc90428d8fb39a079b554baf reported cstate change: config changed from index 2 to 3, 4fd7229ad42c41079fbc2b657e954f80 (127.0.133.68) changed from NON_VOTER to VOTER. New cstate: current_term: 1 leader_uuid: "1ffad54524704a25b933cc8c5f1a7376" committed_config { opid_index: 3 OBSOLETE_local: false peers { permanent_uuid: "d95d356d45794526880e4995b99ad62f" member_type: VOTER last_known_addr { host: "127.0.133.65" port: 35139 } attrs { replace: true } } peers { permanent_uuid: "dde8c099fc90428d8fb39a079b554baf" member_type: VOTER last_known_addr { host: "127.0.133.66" port: 36541 } } peers { permanent_uuid: "1ffad54524704a25b933cc8c5f1a7376" member_type: VOTER last_known_addr { host: "127.0.133.67" port: 36973 } } peers { permanent_uuid: "4fd7229ad42c41079fbc2b657e954f80" member_type: VOTER last_known_addr { host: "127.0.133.68" port: 34511 } attrs { promote: false } } }
I20260710 13:27:41.442119  1788 consensus_queue.cc:237] T f731745a0e32489491385bfffa680d1d P 1ffad54524704a25b933cc8c5f1a7376 [LEADER]: Queue going to LEADER mode. State: All replicated index: 0, Majority replicated index: 3, Committed index: 3, Last appended: 1.3, Last appended by leader: 0, Current term: 1, Majority size: 2, State: 0, Mode: LEADER, active raft config: opid_index: 4 OBSOLETE_local: false peers { permanent_uuid: "dde8c099fc90428d8fb39a079b554baf" member_type: VOTER last_known_addr { host: "127.0.133.66" port: 36541 } } peers { permanent_uuid: "1ffad54524704a25b933cc8c5f1a7376" member_type: VOTER last_known_addr { host: "127.0.133.67" port: 36973 } } peers { permanent_uuid: "4fd7229ad42c41079fbc2b657e954f80" member_type: VOTER last_known_addr { host: "127.0.133.68" port: 34511 } attrs { promote: false } }
I20260710 13:27:41.448951  1714 raft_consensus.cc:1275] T f731745a0e32489491385bfffa680d1d P dde8c099fc90428d8fb39a079b554baf [term 1 FOLLOWER]: Refusing update from remote peer 1ffad54524704a25b933cc8c5f1a7376: Log matching property violated. Preceding OpId in replica: term: 1 index: 3. Preceding OpId from leader: term: 1 index: 4. (index mismatch)
I20260710 13:27:41.448951  2058 raft_consensus.cc:1275] T f731745a0e32489491385bfffa680d1d P 4fd7229ad42c41079fbc2b657e954f80 [term 1 FOLLOWER]: Refusing update from remote peer 1ffad54524704a25b933cc8c5f1a7376: Log matching property violated. Preceding OpId in replica: term: 1 index: 3. Preceding OpId from leader: term: 1 index: 4. (index mismatch)
I20260710 13:27:41.450510  2170 consensus_queue.cc:1048] T f731745a0e32489491385bfffa680d1d P 1ffad54524704a25b933cc8c5f1a7376 [LEADER]: Connected to new peer: Peer: permanent_uuid: "4fd7229ad42c41079fbc2b657e954f80" member_type: VOTER last_known_addr { host: "127.0.133.68" port: 34511 } attrs { promote: false }, Status: LMP_MISMATCH, Last received: 0.0, Next index: 4, Last known committed idx: 3, Time since last communication: 0.001s
I20260710 13:27:41.451542  2201 consensus_queue.cc:1048] T f731745a0e32489491385bfffa680d1d P 1ffad54524704a25b933cc8c5f1a7376 [LEADER]: Connected to new peer: Peer: permanent_uuid: "dde8c099fc90428d8fb39a079b554baf" member_type: VOTER last_known_addr { host: "127.0.133.66" port: 36541 }, Status: LMP_MISMATCH, Last received: 0.0, Next index: 4, Last known committed idx: 3, Time since last communication: 0.000s
I20260710 13:27:41.458432  2201 raft_consensus.cc:2955] T f731745a0e32489491385bfffa680d1d P 1ffad54524704a25b933cc8c5f1a7376 [term 1 LEADER]: Committing config change with OpId 1.4: config changed from index 3 to 4, VOTER d95d356d45794526880e4995b99ad62f (127.0.133.65) evicted. New config: { opid_index: 4 OBSOLETE_local: false peers { permanent_uuid: "dde8c099fc90428d8fb39a079b554baf" member_type: VOTER last_known_addr { host: "127.0.133.66" port: 36541 } } peers { permanent_uuid: "1ffad54524704a25b933cc8c5f1a7376" member_type: VOTER last_known_addr { host: "127.0.133.67" port: 36973 } } peers { permanent_uuid: "4fd7229ad42c41079fbc2b657e954f80" member_type: VOTER last_known_addr { host: "127.0.133.68" port: 34511 } attrs { promote: false } } }
I20260710 13:27:41.460486  1714 raft_consensus.cc:2955] T f731745a0e32489491385bfffa680d1d P dde8c099fc90428d8fb39a079b554baf [term 1 FOLLOWER]: Committing config change with OpId 1.4: config changed from index 3 to 4, VOTER d95d356d45794526880e4995b99ad62f (127.0.133.65) evicted. New config: { opid_index: 4 OBSOLETE_local: false peers { permanent_uuid: "dde8c099fc90428d8fb39a079b554baf" member_type: VOTER last_known_addr { host: "127.0.133.66" port: 36541 } } peers { permanent_uuid: "1ffad54524704a25b933cc8c5f1a7376" member_type: VOTER last_known_addr { host: "127.0.133.67" port: 36973 } } peers { permanent_uuid: "4fd7229ad42c41079fbc2b657e954f80" member_type: VOTER last_known_addr { host: "127.0.133.68" port: 34511 } attrs { promote: false } } }
I20260710 13:27:41.460834  2058 raft_consensus.cc:2955] T f731745a0e32489491385bfffa680d1d P 4fd7229ad42c41079fbc2b657e954f80 [term 1 FOLLOWER]: Committing config change with OpId 1.4: config changed from index 3 to 4, VOTER d95d356d45794526880e4995b99ad62f (127.0.133.65) evicted. New config: { opid_index: 4 OBSOLETE_local: false peers { permanent_uuid: "dde8c099fc90428d8fb39a079b554baf" member_type: VOTER last_known_addr { host: "127.0.133.66" port: 36541 } } peers { permanent_uuid: "1ffad54524704a25b933cc8c5f1a7376" member_type: VOTER last_known_addr { host: "127.0.133.67" port: 36973 } } peers { permanent_uuid: "4fd7229ad42c41079fbc2b657e954f80" member_type: VOTER last_known_addr { host: "127.0.133.68" port: 34511 } attrs { promote: false } } }
I20260710 13:27:41.476011  1526 catalog_manager.cc:5210] ChangeConfig:REMOVE_PEER RPC for tablet f731745a0e32489491385bfffa680d1d with cas_config_opid_index 3: ChangeConfig:REMOVE_PEER succeeded (attempt 1)
