I20260710 13:27:37.124677 28838 raft_consensus.cc:2955] T 7827161ddc01450cab1655328d43bb6e P acc6fc9434d148e0a6475af1d2f99a26 [term 1 LEADER]: Committing config change with OpId 1.3: config changed from index 2 to 3, e91484b3eef2416a9af09afd804166e8 (127.26.132.68) changed from NON_VOTER to VOTER. New config: { opid_index: 3 OBSOLETE_local: false peers { permanent_uuid: "acc6fc9434d148e0a6475af1d2f99a26" member_type: VOTER last_known_addr { host: "127.26.132.65" port: 40621 } } peers { permanent_uuid: "b58ea0eb6dc74d73b36d8615ad82ba78" member_type: VOTER last_known_addr { host: "127.26.132.66" port: 38569 } } peers { permanent_uuid: "b0135868680a46239046fab4243930de" member_type: VOTER last_known_addr { host: "127.26.132.67" port: 32791 } attrs { replace: true } } peers { permanent_uuid: "e91484b3eef2416a9af09afd804166e8" member_type: VOTER last_known_addr { host: "127.26.132.68" port: 43501 } attrs { promote: false } } }
I20260710 13:27:37.128203 28804 consensus_queue.cc:1048] T d3ac70ef3bb6425e9310f9266ead627d P b0135868680a46239046fab4243930de [LEADER]: Connected to new peer: Peer: permanent_uuid: "e91484b3eef2416a9af09afd804166e8" member_type: VOTER last_known_addr { host: "127.26.132.68" port: 43501 } attrs { promote: false }, Status: LMP_MISMATCH, Last received: 0.0, Next index: 4, Last known committed idx: 3, Time since last communication: 0.001s
I20260710 13:27:37.128993 28861 ts_tablet_manager.cc:1916] T debf60ba646c4319a9114e5488e6098c P acc6fc9434d148e0a6475af1d2f99a26: Deleting tablet data with delete state TABLET_DATA_TOMBSTONED
I20260710 13:27:37.135506 28414 tablet_service.cc:1558] Processing DeleteTablet for tablet 6ed2343dadbe4e5394843e50e85bc298 with delete_type TABLET_DATA_TOMBSTONED (TS b0135868680a46239046fab4243930de not found in new config with opid_index 4) from {username='slave'} at 127.0.0.1:45082
I20260710 13:27:37.137396 28352 raft_consensus.cc:1275] T 7827161ddc01450cab1655328d43bb6e P b58ea0eb6dc74d73b36d8615ad82ba78 [term 1 FOLLOWER]: Refusing update from remote peer acc6fc9434d148e0a6475af1d2f99a26: Log matching property violated. Preceding OpId in replica: term: 1 index: 2. Preceding OpId from leader: term: 1 index: 3. (index mismatch)
I20260710 13:27:37.139490 28862 consensus_queue.cc:1048] T 7827161ddc01450cab1655328d43bb6e P acc6fc9434d148e0a6475af1d2f99a26 [LEADER]: Connected to new peer: Peer: permanent_uuid: "b58ea0eb6dc74d73b36d8615ad82ba78" member_type: VOTER last_known_addr { host: "127.26.132.66" port: 38569 }, Status: LMP_MISMATCH, Last received: 0.0, Next index: 3, Last known committed idx: 2, Time since last communication: 0.001s
I20260710 13:27:37.145661 28424 raft_consensus.cc:2955] T 7827161ddc01450cab1655328d43bb6e P b0135868680a46239046fab4243930de [term 1 FOLLOWER]: Committing config change with OpId 1.3: config changed from index 2 to 3, e91484b3eef2416a9af09afd804166e8 (127.26.132.68) changed from NON_VOTER to VOTER. New config: { opid_index: 3 OBSOLETE_local: false peers { permanent_uuid: "acc6fc9434d148e0a6475af1d2f99a26" member_type: VOTER last_known_addr { host: "127.26.132.65" port: 40621 } } peers { permanent_uuid: "b58ea0eb6dc74d73b36d8615ad82ba78" member_type: VOTER last_known_addr { host: "127.26.132.66" port: 38569 } } peers { permanent_uuid: "b0135868680a46239046fab4243930de" member_type: VOTER last_known_addr { host: "127.26.132.67" port: 32791 } attrs { replace: true } } peers { permanent_uuid: "e91484b3eef2416a9af09afd804166e8" member_type: VOTER last_known_addr { host: "127.26.132.68" port: 43501 } attrs { promote: false } } }
I20260710 13:27:37.156113 28839 raft_consensus.cc:2955] T d3ac70ef3bb6425e9310f9266ead627d P b0135868680a46239046fab4243930de [term 1 LEADER]: Committing config change with OpId 1.4: config changed from index 3 to 4, VOTER b58ea0eb6dc74d73b36d8615ad82ba78 (127.26.132.66) evicted. New config: { opid_index: 4 OBSOLETE_local: false peers { permanent_uuid: "acc6fc9434d148e0a6475af1d2f99a26" member_type: VOTER last_known_addr { host: "127.26.132.65" port: 40621 } } peers { permanent_uuid: "b0135868680a46239046fab4243930de" member_type: VOTER last_known_addr { host: "127.26.132.67" port: 32791 } } peers { permanent_uuid: "e91484b3eef2416a9af09afd804166e8" member_type: VOTER last_known_addr { host: "127.26.132.68" port: 43501 } attrs { promote: false } } }
I20260710 13:27:37.159590 28866 tablet_replica.cc:333] T 6ed2343dadbe4e5394843e50e85bc298 P b0135868680a46239046fab4243930de: stopping tablet replica
I20260710 13:27:37.160989 28352 raft_consensus.cc:2955] T 7827161ddc01450cab1655328d43bb6e P b58ea0eb6dc74d73b36d8615ad82ba78 [term 1 FOLLOWER]: Committing config change with OpId 1.3: config changed from index 2 to 3, e91484b3eef2416a9af09afd804166e8 (127.26.132.68) changed from NON_VOTER to VOTER. New config: { opid_index: 3 OBSOLETE_local: false peers { permanent_uuid: "acc6fc9434d148e0a6475af1d2f99a26" member_type: VOTER last_known_addr { host: "127.26.132.65" port: 40621 } } peers { permanent_uuid: "b58ea0eb6dc74d73b36d8615ad82ba78" member_type: VOTER last_known_addr { host: "127.26.132.66" port: 38569 } } peers { permanent_uuid: "b0135868680a46239046fab4243930de" member_type: VOTER last_known_addr { host: "127.26.132.67" port: 32791 } attrs { replace: true } } peers { permanent_uuid: "e91484b3eef2416a9af09afd804166e8" member_type: VOTER last_known_addr { host: "127.26.132.68" port: 43501 } attrs { promote: false } } }
I20260710 13:27:37.165253 28866 raft_consensus.cc:2243] T 6ed2343dadbe4e5394843e50e85bc298 P b0135868680a46239046fab4243930de [term 1 FOLLOWER]: Raft consensus shutting down.
W20260710 13:27:37.165104 28241 outbound_call.cc:321] RPC callback for RPC call kudu.consensus.ConsensusService.UpdateConsensus -> {remote=127.26.132.68:43501, user_credentials={real_user=slave}} blocked reactor thread for 53941.8us
I20260710 13:27:37.166117 28866 raft_consensus.cc:2272] T 6ed2343dadbe4e5394843e50e85bc298 P b0135868680a46239046fab4243930de [term 1 FOLLOWER]: Raft consensus is shut down!
I20260710 13:27:37.166304 28160 catalog_manager.cc:5210] ChangeConfig:REMOVE_PEER RPC for tablet 6ed2343dadbe4e5394843e50e85bc298 with cas_config_opid_index 3: ChangeConfig:REMOVE_PEER succeeded (attempt 1)
I20260710 13:27:37.170389 28694 raft_consensus.cc:2955] T d3ac70ef3bb6425e9310f9266ead627d P e91484b3eef2416a9af09afd804166e8 [term 1 FOLLOWER]: Committing config change with OpId 1.4: config changed from index 3 to 4, VOTER b58ea0eb6dc74d73b36d8615ad82ba78 (127.26.132.66) evicted. New config: { opid_index: 4 OBSOLETE_local: false peers { permanent_uuid: "acc6fc9434d148e0a6475af1d2f99a26" member_type: VOTER last_known_addr { host: "127.26.132.65" port: 40621 } } peers { permanent_uuid: "b0135868680a46239046fab4243930de" member_type: VOTER last_known_addr { host: "127.26.132.67" port: 32791 } } peers { permanent_uuid: "e91484b3eef2416a9af09afd804166e8" member_type: VOTER last_known_addr { host: "127.26.132.68" port: 43501 } attrs { promote: false } } }
I20260710 13:27:37.170547 28695 raft_consensus.cc:2955] T 7827161ddc01450cab1655328d43bb6e P e91484b3eef2416a9af09afd804166e8 [term 1 FOLLOWER]: Committing config change with OpId 1.3: config changed from index 2 to 3, e91484b3eef2416a9af09afd804166e8 (127.26.132.68) changed from NON_VOTER to VOTER. New config: { opid_index: 3 OBSOLETE_local: false peers { permanent_uuid: "acc6fc9434d148e0a6475af1d2f99a26" member_type: VOTER last_known_addr { host: "127.26.132.65" port: 40621 } } peers { permanent_uuid: "b58ea0eb6dc74d73b36d8615ad82ba78" member_type: VOTER last_known_addr { host: "127.26.132.66" port: 38569 } } peers { permanent_uuid: "b0135868680a46239046fab4243930de" member_type: VOTER last_known_addr { host: "127.26.132.67" port: 32791 } attrs { replace: true } } peers { permanent_uuid: "e91484b3eef2416a9af09afd804166e8" member_type: VOTER last_known_addr { host: "127.26.132.68" port: 43501 } attrs { promote: false } } }
I20260710 13:27:37.175235 28866 ts_tablet_manager.cc:1916] T 6ed2343dadbe4e5394843e50e85bc298 P b0135868680a46239046fab4243930de: Deleting tablet data with delete state TABLET_DATA_TOMBSTONED
I20260710 13:27:37.177423 28804 consensus_queue.cc:1048] T d3ac70ef3bb6425e9310f9266ead627d P b0135868680a46239046fab4243930de [LEADER]: Connected to new peer: Peer: permanent_uuid: "acc6fc9434d148e0a6475af1d2f99a26" member_type: VOTER last_known_addr { host: "127.26.132.65" port: 40621 }, Status: LMP_MISMATCH, Last received: 0.0, Next index: 4, Last known committed idx: 3, Time since last communication: 0.000s
I20260710 13:27:37.178835 28175 catalog_manager.cc:5697] T 7827161ddc01450cab1655328d43bb6e P b58ea0eb6dc74d73b36d8615ad82ba78 reported cstate change: config changed from index 2 to 3, e91484b3eef2416a9af09afd804166e8 (127.26.132.68) changed from NON_VOTER to VOTER. New cstate: current_term: 1 leader_uuid: "acc6fc9434d148e0a6475af1d2f99a26" committed_config { opid_index: 3 OBSOLETE_local: false peers { permanent_uuid: "acc6fc9434d148e0a6475af1d2f99a26" member_type: VOTER last_known_addr { host: "127.26.132.65" port: 40621 } } peers { permanent_uuid: "b58ea0eb6dc74d73b36d8615ad82ba78" member_type: VOTER last_known_addr { host: "127.26.132.66" port: 38569 } } peers { permanent_uuid: "b0135868680a46239046fab4243930de" member_type: VOTER last_known_addr { host: "127.26.132.67" port: 32791 } attrs { replace: true } } peers { permanent_uuid: "e91484b3eef2416a9af09afd804166e8" member_type: VOTER last_known_addr { host: "127.26.132.68" port: 43501 } attrs { promote: false } } }
I20260710 13:27:37.194115 28159 catalog_manager.cc:5210] ChangeConfig:REMOVE_PEER RPC for tablet d3ac70ef3bb6425e9310f9266ead627d with cas_config_opid_index 3: ChangeConfig:REMOVE_PEER succeeded (attempt 1)
I20260710 13:27:37.197081 28277 raft_consensus.cc:2955] T d3ac70ef3bb6425e9310f9266ead627d P acc6fc9434d148e0a6475af1d2f99a26 [term 1 FOLLOWER]: Committing config change with OpId 1.4: config changed from index 3 to 4, VOTER b58ea0eb6dc74d73b36d8615ad82ba78 (127.26.132.66) evicted. New config: { opid_index: 4 OBSOLETE_local: false peers { permanent_uuid: "acc6fc9434d148e0a6475af1d2f99a26" member_type: VOTER last_known_addr { host: "127.26.132.65" port: 40621 } } peers { permanent_uuid: "b0135868680a46239046fab4243930de" member_type: VOTER last_known_addr { host: "127.26.132.67" port: 32791 } } peers { permanent_uuid: "e91484b3eef2416a9af09afd804166e8" member_type: VOTER last_known_addr { host: "127.26.132.68" port: 43501 } attrs { promote: false } } }
I20260710 13:27:37.200155 28866 ts_tablet_manager.cc:1929] T 6ed2343dadbe4e5394843e50e85bc298 P b0135868680a46239046fab4243930de: tablet deleted with delete type TABLET_DATA_TOMBSTONED: last-logged OpId 1.3
I20260710 13:27:37.200668 28866 log.cc:1199] T 6ed2343dadbe4e5394843e50e85bc298 P b0135868680a46239046fab4243930de: Deleting WAL directory at /tmp/dist-test-taskeH88Sp/test-tmp/auto_leader_rebalancer-test.0.LeaderRebalancerTest.AddTserver.1783690023366643-27153-0/minicluster-data/ts-2-root/wals/6ed2343dadbe4e5394843e50e85bc298
I20260710 13:27:37.202330 28159 catalog_manager.cc:5028] TS b0135868680a46239046fab4243930de (127.26.132.67:32791): tablet 6ed2343dadbe4e5394843e50e85bc298 (table test-workload [id=65391d58203b41098757d05254fce406]) successfully deleted
I20260710 13:27:37.202685 28861 ts_tablet_manager.cc:1929] T debf60ba646c4319a9114e5488e6098c P acc6fc9434d148e0a6475af1d2f99a26: tablet deleted with delete type TABLET_DATA_TOMBSTONED: last-logged OpId 1.3
I20260710 13:27:37.203060 28861 log.cc:1199] T debf60ba646c4319a9114e5488e6098c P acc6fc9434d148e0a6475af1d2f99a26: Deleting WAL directory at /tmp/dist-test-taskeH88Sp/test-tmp/auto_leader_rebalancer-test.0.LeaderRebalancerTest.AddTserver.1783690023366643-27153-0/minicluster-data/ts-0-root/wals/debf60ba646c4319a9114e5488e6098c
I20260710 13:27:37.204669 28160 catalog_manager.cc:5028] TS acc6fc9434d148e0a6475af1d2f99a26 (127.26.132.65:40621): tablet debf60ba646c4319a9114e5488e6098c (table test-workload [id=65391d58203b41098757d05254fce406]) successfully deleted
I20260710 13:27:37.213559 28171 catalog_manager.cc:5697] T d3ac70ef3bb6425e9310f9266ead627d P e91484b3eef2416a9af09afd804166e8 reported cstate change: config changed from index 3 to 4, VOTER b58ea0eb6dc74d73b36d8615ad82ba78 (127.26.132.66) evicted. New cstate: current_term: 1 leader_uuid: "b0135868680a46239046fab4243930de" committed_config { opid_index: 4 OBSOLETE_local: false peers { permanent_uuid: "acc6fc9434d148e0a6475af1d2f99a26" member_type: VOTER last_known_addr { host: "127.26.132.65" port: 40621 } } peers { permanent_uuid: "b0135868680a46239046fab4243930de" member_type: VOTER last_known_addr { host: "127.26.132.67" port: 32791 } } peers { permanent_uuid: "e91484b3eef2416a9af09afd804166e8" member_type: VOTER last_known_addr { host: "127.26.132.68" port: 43501 } attrs { promote: false } } }
I20260710 13:27:37.226707 28341 tablet_service.cc:1558] Processing DeleteTablet for tablet d3ac70ef3bb6425e9310f9266ead627d with delete_type TABLET_DATA_TOMBSTONED (TS b58ea0eb6dc74d73b36d8615ad82ba78 not found in new config with opid_index 4) from {username='slave'} at 127.0.0.1:38364
I20260710 13:27:37.241552 28868 tablet_replica.cc:333] T d3ac70ef3bb6425e9310f9266ead627d P b58ea0eb6dc74d73b36d8615ad82ba78: stopping tablet replica
I20260710 13:27:37.242515 28868 raft_consensus.cc:2243] T d3ac70ef3bb6425e9310f9266ead627d P b58ea0eb6dc74d73b36d8615ad82ba78 [term 1 FOLLOWER]: Raft consensus shutting down.
I20260710 13:27:37.243224 28868 raft_consensus.cc:2272] T d3ac70ef3bb6425e9310f9266ead627d P b58ea0eb6dc74d73b36d8615ad82ba78 [term 1 FOLLOWER]: Raft consensus is shut down!
I20260710 13:27:37.245971 28868 ts_tablet_manager.cc:1916] T d3ac70ef3bb6425e9310f9266ead627d P b58ea0eb6dc74d73b36d8615ad82ba78: Deleting tablet data with delete state TABLET_DATA_TOMBSTONED
I20260710 13:27:37.258914 28868 ts_tablet_manager.cc:1929] T d3ac70ef3bb6425e9310f9266ead627d P b58ea0eb6dc74d73b36d8615ad82ba78: tablet deleted with delete type TABLET_DATA_TOMBSTONED: last-logged OpId 1.3
I20260710 13:27:37.259266 28868 log.cc:1199] T d3ac70ef3bb6425e9310f9266ead627d P b58ea0eb6dc74d73b36d8615ad82ba78: Deleting WAL directory at /tmp/dist-test-taskeH88Sp/test-tmp/auto_leader_rebalancer-test.0.LeaderRebalancerTest.AddTserver.1783690023366643-27153-0/minicluster-data/ts-1-root/wals/d3ac70ef3bb6425e9310f9266ead627d
I20260710 13:27:37.260907 28161 catalog_manager.cc:5028] TS b58ea0eb6dc74d73b36d8615ad82ba78 (127.26.132.66:38569): tablet d3ac70ef3bb6425e9310f9266ead627d (table test-workload [id=65391d58203b41098757d05254fce406]) successfully deleted
I20260710 13:27:37.539904 28277 consensus_queue.cc:237] T 7827161ddc01450cab1655328d43bb6e P acc6fc9434d148e0a6475af1d2f99a26 [LEADER]: Queue going to LEADER mode. State: All replicated index: 0, Majority replicated index: 3, Committed index: 3, Last appended: 1.3, Last appended by leader: 0, Current term: 1, Majority size: 2, State: 0, Mode: LEADER, active raft config: opid_index: 4 OBSOLETE_local: false peers { permanent_uuid: "acc6fc9434d148e0a6475af1d2f99a26" member_type: VOTER last_known_addr { host: "127.26.132.65" port: 40621 } } peers { permanent_uuid: "b58ea0eb6dc74d73b36d8615ad82ba78" member_type: VOTER last_known_addr { host: "127.26.132.66" port: 38569 } } peers { permanent_uuid: "e91484b3eef2416a9af09afd804166e8" member_type: VOTER last_known_addr { host: "127.26.132.68" port: 43501 } attrs { promote: false } }
I20260710 13:27:37.544162 28352 raft_consensus.cc:1275] T 7827161ddc01450cab1655328d43bb6e P b58ea0eb6dc74d73b36d8615ad82ba78 [term 1 FOLLOWER]: Refusing update from remote peer acc6fc9434d148e0a6475af1d2f99a26: Log matching property violated. Preceding OpId in replica: term: 1 index: 3. Preceding OpId from leader: term: 1 index: 4. (index mismatch)
I20260710 13:27:37.544162 28694 raft_consensus.cc:1275] T 7827161ddc01450cab1655328d43bb6e P e91484b3eef2416a9af09afd804166e8 [term 1 FOLLOWER]: Refusing update from remote peer acc6fc9434d148e0a6475af1d2f99a26: Log matching property violated. Preceding OpId in replica: term: 1 index: 3. Preceding OpId from leader: term: 1 index: 4. (index mismatch)
I20260710 13:27:37.545743 28860 consensus_queue.cc:1048] T 7827161ddc01450cab1655328d43bb6e P acc6fc9434d148e0a6475af1d2f99a26 [LEADER]: Connected to new peer: Peer: permanent_uuid: "b58ea0eb6dc74d73b36d8615ad82ba78" member_type: VOTER last_known_addr { host: "127.26.132.66" port: 38569 }, Status: LMP_MISMATCH, Last received: 0.0, Next index: 4, Last known committed idx: 3, Time since last communication: 0.000s
I20260710 13:27:37.546636 28865 consensus_queue.cc:1048] T 7827161ddc01450cab1655328d43bb6e P acc6fc9434d148e0a6475af1d2f99a26 [LEADER]: Connected to new peer: Peer: permanent_uuid: "e91484b3eef2416a9af09afd804166e8" member_type: VOTER last_known_addr { host: "127.26.132.68" port: 43501 } attrs { promote: false }, Status: LMP_MISMATCH, Last received: 0.0, Next index: 4, Last known committed idx: 3, Time since last communication: 0.000s
I20260710 13:27:37.552757 28862 raft_consensus.cc:2955] T 7827161ddc01450cab1655328d43bb6e P acc6fc9434d148e0a6475af1d2f99a26 [term 1 LEADER]: Committing config change with OpId 1.4: config changed from index 3 to 4, VOTER b0135868680a46239046fab4243930de (127.26.132.67) evicted. New config: { opid_index: 4 OBSOLETE_local: false peers { permanent_uuid: "acc6fc9434d148e0a6475af1d2f99a26" member_type: VOTER last_known_addr { host: "127.26.132.65" port: 40621 } } peers { permanent_uuid: "b58ea0eb6dc74d73b36d8615ad82ba78" member_type: VOTER last_known_addr { host: "127.26.132.66" port: 38569 } } peers { permanent_uuid: "e91484b3eef2416a9af09afd804166e8" member_type: VOTER last_known_addr { host: "127.26.132.68" port: 43501 } attrs { promote: false } } }
I20260710 13:27:37.554092 28694 raft_consensus.cc:2955] T 7827161ddc01450cab1655328d43bb6e P e91484b3eef2416a9af09afd804166e8 [term 1 FOLLOWER]: Committing config change with OpId 1.4: config changed from index 3 to 4, VOTER b0135868680a46239046fab4243930de (127.26.132.67) evicted. New config: { opid_index: 4 OBSOLETE_local: false peers { permanent_uuid: "acc6fc9434d148e0a6475af1d2f99a26" member_type: VOTER last_known_addr { host: "127.26.132.65" port: 40621 } } peers { permanent_uuid: "b58ea0eb6dc74d73b36d8615ad82ba78" member_type: VOTER last_known_addr { host: "127.26.132.66" port: 38569 } } peers { permanent_uuid: "e91484b3eef2416a9af09afd804166e8" member_type: VOTER last_known_addr { host: "127.26.132.68" port: 43501 } attrs { promote: false } } }
I20260710 13:27:37.564034 28352 raft_consensus.cc:2955] T 7827161ddc01450cab1655328d43bb6e P b58ea0eb6dc74d73b36d8615ad82ba78 [term 1 FOLLOWER]: Committing config change with OpId 1.4: config changed from index 3 to 4, VOTER b0135868680a46239046fab4243930de (127.26.132.67) evicted. New config: { opid_index: 4 OBSOLETE_local: false peers { permanent_uuid: "acc6fc9434d148e0a6475af1d2f99a26" member_type: VOTER last_known_addr { host: "127.26.132.65" port: 40621 } } peers { permanent_uuid: "b58ea0eb6dc74d73b36d8615ad82ba78" member_type: VOTER last_known_addr { host: "127.26.132.66" port: 38569 } } peers { permanent_uuid: "e91484b3eef2416a9af09afd804166e8" member_type: VOTER last_known_addr { host: "127.26.132.68" port: 43501 } attrs { promote: false } } }
I20260710 13:27:37.566043 28173 catalog_manager.cc:5697] T 7827161ddc01450cab1655328d43bb6e P e91484b3eef2416a9af09afd804166e8 reported cstate change: config changed from index 3 to 4, VOTER b0135868680a46239046fab4243930de (127.26.132.67) evicted. New cstate: current_term: 1 leader_uuid: "acc6fc9434d148e0a6475af1d2f99a26" committed_config { opid_index: 4 OBSOLETE_local: false peers { permanent_uuid: "acc6fc9434d148e0a6475af1d2f99a26" member_type: VOTER last_known_addr { host: "127.26.132.65" port: 40621 } } peers { permanent_uuid: "b58ea0eb6dc74d73b36d8615ad82ba78" member_type: VOTER last_known_addr { host: "127.26.132.66" port: 38569 } } peers { permanent_uuid: "e91484b3eef2416a9af09afd804166e8" member_type: VOTER last_known_addr { host: "127.26.132.68" port: 43501 } attrs { promote: false } } }
I20260710 13:27:37.570232 28160 catalog_manager.cc:5210] ChangeConfig:REMOVE_PEER RPC for tablet 7827161ddc01450cab1655328d43bb6e with cas_config_opid_index 3: ChangeConfig:REMOVE_PEER succeeded (attempt 1)
I20260710 13:27:37.581749 28414 tablet_service.cc:1558] Processing DeleteTablet for tablet 7827161ddc01450cab1655328d43bb6e with delete_type TABLET_DATA_TOMBSTONED (TS b0135868680a46239046fab4243930de not found in new config with opid_index 4) from {username='slave'} at 127.0.0.1:45082
I20260710 13:27:37.584890 28866 tablet_replica.cc:333] T 7827161ddc01450cab1655328d43bb6e P b0135868680a46239046fab4243930de: stopping tablet replica
I20260710 13:27:37.588459 28866 raft_consensus.cc:2243] T 7827161ddc01450cab1655328d43bb6e P b0135868680a46239046fab4243930de [term 1 FOLLOWER]: Raft consensus shutting down.
I20260710 13:27:37.589212 28866 raft_consensus.cc:2272] T 7827161ddc01450cab1655328d43bb6e P b0135868680a46239046fab4243930de [term 1 FOLLOWER]: Raft consensus is shut down!
I20260710 13:27:37.591815 28866 ts_tablet_manager.cc:1916] T 7827161ddc01450cab1655328d43bb6e P b0135868680a46239046fab4243930de: Deleting tablet data with delete state TABLET_DATA_TOMBSTONED
I20260710 13:27:37.603286 28866 ts_tablet_manager.cc:1929] T 7827161ddc01450cab1655328d43bb6e P b0135868680a46239046fab4243930de: tablet deleted with delete type TABLET_DATA_TOMBSTONED: last-logged OpId 1.3
I20260710 13:27:37.603633 28866 log.cc:1199] T 7827161ddc01450cab1655328d43bb6e P b0135868680a46239046fab4243930de: Deleting WAL directory at /tmp/dist-test-taskeH88Sp/test-tmp/auto_leader_rebalancer-test.0.LeaderRebalancerTest.AddTserver.1783690023366643-27153-0/minicluster-data/ts-2-root/wals/7827161ddc01450cab1655328d43bb6e
I20260710 13:27:37.605095 28159 catalog_manager.cc:5028] TS b0135868680a46239046fab4243930de (127.26.132.67:32791): tablet 7827161ddc01450cab1655328d43bb6e (table test-workload [id=65391d58203b41098757d05254fce406]) successfully deleted
I20260710 13:27:38.620850 28352 consensus_queue.cc:237] T 9ff4ec4261de4d778524785587184fee P b58ea0eb6dc74d73b36d8615ad82ba78 [LEADER]: Queue going to LEADER mode. State: All replicated index: 0, Majority replicated index: 1, Committed index: 1, Last appended: 1.1, Last appended by leader: 0, Current term: 1, Majority size: 2, State: 0, Mode: LEADER, active raft config: opid_index: 2 OBSOLETE_local: false peers { permanent_uuid: "acc6fc9434d148e0a6475af1d2f99a26" member_type: VOTER last_known_addr { host: "127.26.132.65" port: 40621 } attrs { replace: true } } peers { permanent_uuid: "b58ea0eb6dc74d73b36d8615ad82ba78" member_type: VOTER last_known_addr { host: "127.26.132.66" port: 38569 } } peers { permanent_uuid: "b0135868680a46239046fab4243930de" member_type: VOTER last_known_addr { host: "127.26.132.67" port: 32791 } } peers { permanent_uuid: "e91484b3eef2416a9af09afd804166e8" member_type: NON_VOTER last_known_addr { host: "127.26.132.68" port: 43501 } attrs { promote: true } }
W20260710 13:27:38.628089 28316 consensus_peers.cc:597] T 9ff4ec4261de4d778524785587184fee P b58ea0eb6dc74d73b36d8615ad82ba78 -> Peer e91484b3eef2416a9af09afd804166e8 (127.26.132.68:43501): Couldn't send request to peer e91484b3eef2416a9af09afd804166e8. Error code: TABLET_NOT_FOUND (6). Status: Not found: Tablet not found: 9ff4ec4261de4d778524785587184fee. This is attempt 1: this message will repeat every 5th retry.
I20260710 13:27:38.628299 28424 raft_consensus.cc:1275] T 9ff4ec4261de4d778524785587184fee P b0135868680a46239046fab4243930de [term 1 FOLLOWER]: Refusing update from remote peer b58ea0eb6dc74d73b36d8615ad82ba78: Log matching property violated. Preceding OpId in replica: term: 1 index: 1. Preceding OpId from leader: term: 1 index: 2. (index mismatch)
I20260710 13:27:38.628597 28273 raft_consensus.cc:1275] T 9ff4ec4261de4d778524785587184fee P acc6fc9434d148e0a6475af1d2f99a26 [term 1 FOLLOWER]: Refusing update from remote peer b58ea0eb6dc74d73b36d8615ad82ba78: Log matching property violated. Preceding OpId in replica: term: 1 index: 1. Preceding OpId from leader: term: 1 index: 2. (index mismatch)
I20260710 13:27:38.629583 28774 consensus_queue.cc:1048] T 9ff4ec4261de4d778524785587184fee P b58ea0eb6dc74d73b36d8615ad82ba78 [LEADER]: Connected to new peer: Peer: permanent_uuid: "b0135868680a46239046fab4243930de" member_type: VOTER last_known_addr { host: "127.26.132.67" port: 32791 }, Status: LMP_MISMATCH, Last received: 0.0, Next index: 2, Last known committed idx: 1, Time since last communication: 0.000s
I20260710 13:27:38.630506 28872 consensus_queue.cc:1048] T 9ff4ec4261de4d778524785587184fee P b58ea0eb6dc74d73b36d8615ad82ba78 [LEADER]: Connected to new peer: Peer: permanent_uuid: "acc6fc9434d148e0a6475af1d2f99a26" member_type: VOTER last_known_addr { host: "127.26.132.65" port: 40621 } attrs { replace: true }, Status: LMP_MISMATCH, Last received: 0.0, Next index: 2, Last known committed idx: 1, Time since last communication: 0.000s
I20260710 13:27:38.638728 28848 raft_consensus.cc:2955] T 9ff4ec4261de4d778524785587184fee P b58ea0eb6dc74d73b36d8615ad82ba78 [term 1 LEADER]: Committing config change with OpId 1.2: config changed from index -1 to 2, NON_VOTER e91484b3eef2416a9af09afd804166e8 (127.26.132.68) added. New config: { opid_index: 2 OBSOLETE_local: false peers { permanent_uuid: "acc6fc9434d148e0a6475af1d2f99a26" member_type: VOTER last_known_addr { host: "127.26.132.65" port: 40621 } attrs { replace: true } } peers { permanent_uuid: "b58ea0eb6dc74d73b36d8615ad82ba78" member_type: VOTER last_known_addr { host: "127.26.132.66" port: 38569 } } peers { permanent_uuid: "b0135868680a46239046fab4243930de" member_type: VOTER last_known_addr { host: "127.26.132.67" port: 32791 } } peers { permanent_uuid: "e91484b3eef2416a9af09afd804166e8" member_type: NON_VOTER last_known_addr { host: "127.26.132.68" port: 43501 } attrs { promote: true } } }
I20260710 13:27:38.641265 28424 raft_consensus.cc:2955] T 9ff4ec4261de4d778524785587184fee P b0135868680a46239046fab4243930de [term 1 FOLLOWER]: Committing config change with OpId 1.2: config changed from index -1 to 2, NON_VOTER e91484b3eef2416a9af09afd804166e8 (127.26.132.68) added. New config: { opid_index: 2 OBSOLETE_local: false peers { permanent_uuid: "acc6fc9434d148e0a6475af1d2f99a26" member_type: VOTER last_known_addr { host: "127.26.132.65" port: 40621 } attrs { replace: true } } peers { permanent_uuid: "b58ea0eb6dc74d73b36d8615ad82ba78" member_type: VOTER last_known_addr { host: "127.26.132.66" port: 38569 } } peers { permanent_uuid: "b0135868680a46239046fab4243930de" member_type: VOTER last_known_addr { host: "127.26.132.67" port: 32791 } } peers { permanent_uuid: "e91484b3eef2416a9af09afd804166e8" member_type: NON_VOTER last_known_addr { host: "127.26.132.68" port: 43501 } attrs { promote: true } } }
I20260710 13:27:38.648036 28273 raft_consensus.cc:2955] T 9ff4ec4261de4d778524785587184fee P acc6fc9434d148e0a6475af1d2f99a26 [term 1 FOLLOWER]: Committing config change with OpId 1.2: config changed from index -1 to 2, NON_VOTER e91484b3eef2416a9af09afd804166e8 (127.26.132.68) added. New config: { opid_index: 2 OBSOLETE_local: false peers { permanent_uuid: "acc6fc9434d148e0a6475af1d2f99a26" member_type: VOTER last_known_addr { host: "127.26.132.65" port: 40621 } attrs { replace: true } } peers { permanent_uuid: "b58ea0eb6dc74d73b36d8615ad82ba78" member_type: VOTER last_known_addr { host: "127.26.132.66" port: 38569 } } peers { permanent_uuid: "b0135868680a46239046fab4243930de" member_type: VOTER last_known_addr { host: "127.26.132.67" port: 32791 } } peers { permanent_uuid: "e91484b3eef2416a9af09afd804166e8" member_type: NON_VOTER last_known_addr { host: "127.26.132.68" port: 43501 } attrs { promote: true } } }
I20260710 13:27:38.655644 28173 catalog_manager.cc:5697] T 9ff4ec4261de4d778524785587184fee P b0135868680a46239046fab4243930de reported cstate change: config changed from index -1 to 2, NON_VOTER e91484b3eef2416a9af09afd804166e8 (127.26.132.68) added. New cstate: current_term: 1 leader_uuid: "b58ea0eb6dc74d73b36d8615ad82ba78" committed_config { opid_index: 2 OBSOLETE_local: false peers { permanent_uuid: "acc6fc9434d148e0a6475af1d2f99a26" member_type: VOTER last_known_addr { host: "127.26.132.65" port: 40621 } attrs { replace: true } } peers { permanent_uuid: "b58ea0eb6dc74d73b36d8615ad82ba78" member_type: VOTER last_known_addr { host: "127.26.132.66" port: 38569 } } peers { permanent_uuid: "b0135868680a46239046fab4243930de" member_type: VOTER last_known_addr { host: "127.26.132.67" port: 32791 } } peers { permanent_uuid: "e91484b3eef2416a9af09afd804166e8" member_type: NON_VOTER last_known_addr { host: "127.26.132.68" port: 43501 } attrs { promote: true } } }
I20260710 13:27:38.660998 28277 consensus_queue.cc:237] T 50abaf25912a4a6f94e207b4324d8ffb P acc6fc9434d148e0a6475af1d2f99a26 [LEADER]: Queue going to LEADER mode. State: All replicated index: 0, Majority replicated index: 1, Committed index: 1, Last appended: 1.1, Last appended by leader: 0, Current term: 1, Majority size: 2, State: 0, Mode: LEADER, active raft config: opid_index: 2 OBSOLETE_local: false peers { permanent_uuid: "acc6fc9434d148e0a6475af1d2f99a26" member_type: VOTER last_known_addr { host: "127.26.132.65" port: 40621 } } peers { permanent_uuid: "b58ea0eb6dc74d73b36d8615ad82ba78" member_type: VOTER last_known_addr { host: "127.26.132.66" port: 38569 } } peers { permanent_uuid: "b0135868680a46239046fab4243930de" member_type: VOTER last_known_addr { host: "127.26.132.67" port: 32791 } attrs { replace: true } } peers { permanent_uuid: "e91484b3eef2416a9af09afd804166e8" member_type: NON_VOTER last_known_addr { host: "127.26.132.68" port: 43501 } attrs { promote: true } }
I20260710 13:27:38.675199 28424 raft_consensus.cc:1275] T 50abaf25912a4a6f94e207b4324d8ffb P b0135868680a46239046fab4243930de [term 1 FOLLOWER]: Refusing update from remote peer acc6fc9434d148e0a6475af1d2f99a26: Log matching property violated. Preceding OpId in replica: term: 1 index: 1. Preceding OpId from leader: term: 1 index: 2. (index mismatch)
I20260710 13:27:38.676709 28352 raft_consensus.cc:1275] T 50abaf25912a4a6f94e207b4324d8ffb P b58ea0eb6dc74d73b36d8615ad82ba78 [term 1 FOLLOWER]: Refusing update from remote peer acc6fc9434d148e0a6475af1d2f99a26: Log matching property violated. Preceding OpId in replica: term: 1 index: 1. Preceding OpId from leader: term: 1 index: 2. (index mismatch)
W20260710 13:27:38.677002 28241 consensus_peers.cc:597] T 50abaf25912a4a6f94e207b4324d8ffb P acc6fc9434d148e0a6475af1d2f99a26 -> Peer e91484b3eef2416a9af09afd804166e8 (127.26.132.68:43501): Couldn't send request to peer e91484b3eef2416a9af09afd804166e8. Error code: TABLET_NOT_FOUND (6). Status: Not found: Tablet not found: 50abaf25912a4a6f94e207b4324d8ffb. This is attempt 1: this message will repeat every 5th retry.
I20260710 13:27:38.677330 28865 consensus_queue.cc:1048] T 50abaf25912a4a6f94e207b4324d8ffb P acc6fc9434d148e0a6475af1d2f99a26 [LEADER]: Connected to new peer: Peer: permanent_uuid: "b0135868680a46239046fab4243930de" member_type: VOTER last_known_addr { host: "127.26.132.67" port: 32791 } attrs { replace: true }, Status: LMP_MISMATCH, Last received: 0.0, Next index: 2, Last known committed idx: 1, Time since last communication: 0.000s
I20260710 13:27:38.678166 28870 consensus_queue.cc:1048] T 50abaf25912a4a6f94e207b4324d8ffb P acc6fc9434d148e0a6475af1d2f99a26 [LEADER]: Connected to new peer: Peer: permanent_uuid: "b58ea0eb6dc74d73b36d8615ad82ba78" member_type: VOTER last_known_addr { host: "127.26.132.66" port: 38569 }, Status: LMP_MISMATCH, Last received: 0.0, Next index: 2, Last known committed idx: 1, Time since last communication: 0.000s
I20260710 13:27:38.687484 28877 raft_consensus.cc:2955] T 50abaf25912a4a6f94e207b4324d8ffb P acc6fc9434d148e0a6475af1d2f99a26 [term 1 LEADER]: Committing config change with OpId 1.2: config changed from index -1 to 2, NON_VOTER e91484b3eef2416a9af09afd804166e8 (127.26.132.68) added. New config: { opid_index: 2 OBSOLETE_local: false peers { permanent_uuid: "acc6fc9434d148e0a6475af1d2f99a26" member_type: VOTER last_known_addr { host: "127.26.132.65" port: 40621 } } peers { permanent_uuid: "b58ea0eb6dc74d73b36d8615ad82ba78" member_type: VOTER last_known_addr { host: "127.26.132.66" port: 38569 } } peers { permanent_uuid: "b0135868680a46239046fab4243930de" member_type: VOTER last_known_addr { host: "127.26.132.67" port: 32791 } attrs { replace: true } } peers { permanent_uuid: "e91484b3eef2416a9af09afd804166e8" member_type: NON_VOTER last_known_addr { host: "127.26.132.68" port: 43501 } attrs { promote: true } } }
I20260710 13:27:38.689703 28424 raft_consensus.cc:2955] T 50abaf25912a4a6f94e207b4324d8ffb P b0135868680a46239046fab4243930de [term 1 FOLLOWER]: Committing config change with OpId 1.2: config changed from index -1 to 2, NON_VOTER e91484b3eef2416a9af09afd804166e8 (127.26.132.68) added. New config: { opid_index: 2 OBSOLETE_local: false peers { permanent_uuid: "acc6fc9434d148e0a6475af1d2f99a26" member_type: VOTER last_known_addr { host: "127.26.132.65" port: 40621 } } peers { permanent_uuid: "b58ea0eb6dc74d73b36d8615ad82ba78" member_type: VOTER last_known_addr { host: "127.26.132.66" port: 38569 } } peers { permanent_uuid: "b0135868680a46239046fab4243930de" member_type: VOTER last_known_addr { host: "127.26.132.67" port: 32791 } attrs { replace: true } } peers { permanent_uuid: "e91484b3eef2416a9af09afd804166e8" member_type: NON_VOTER last_known_addr { host: "127.26.132.68" port: 43501 } attrs { promote: true } } }
I20260710 13:27:38.689698 28352 raft_consensus.cc:2955] T 50abaf25912a4a6f94e207b4324d8ffb P b58ea0eb6dc74d73b36d8615ad82ba78 [term 1 FOLLOWER]: Committing config change with OpId 1.2: config changed from index -1 to 2, NON_VOTER e91484b3eef2416a9af09afd804166e8 (127.26.132.68) added. New config: { opid_index: 2 OBSOLETE_local: false peers { permanent_uuid: "acc6fc9434d148e0a6475af1d2f99a26" member_type: VOTER last_known_addr { host: "127.26.132.65" port: 40621 } } peers { permanent_uuid: "b58ea0eb6dc74d73b36d8615ad82ba78" member_type: VOTER last_known_addr { host: "127.26.132.66" port: 38569 } } peers { permanent_uuid: "b0135868680a46239046fab4243930de" member_type: VOTER last_known_addr { host: "127.26.132.67" port: 32791 } attrs { replace: true } } peers { permanent_uuid: "e91484b3eef2416a9af09afd804166e8" member_type: NON_VOTER last_known_addr { host: "127.26.132.68" port: 43501 } attrs { promote: true } } }
I20260710 13:27:38.702349 28348 consensus_queue.cc:237] T 1d7bd3249d9047cd83d120ff45bf935a P b58ea0eb6dc74d73b36d8615ad82ba78 [LEADER]: Queue going to LEADER mode. State: All replicated index: 0, Majority replicated index: 1, Committed index: 1, Last appended: 1.1, Last appended by leader: 0, Current term: 1, Majority size: 2, State: 0, Mode: LEADER, active raft config: opid_index: 2 OBSOLETE_local: false peers { permanent_uuid: "acc6fc9434d148e0a6475af1d2f99a26" member_type: VOTER last_known_addr { host: "127.26.132.65" port: 40621 } attrs { replace: true } } peers { permanent_uuid: "b58ea0eb6dc74d73b36d8615ad82ba78" member_type: VOTER last_known_addr { host: "127.26.132.66" port: 38569 } } peers { permanent_uuid: "b0135868680a46239046fab4243930de" member_type: VOTER last_known_addr { host: "127.26.132.67" port: 32791 } } peers { permanent_uuid: "e91484b3eef2416a9af09afd804166e8" member_type: NON_VOTER last_known_addr { host: "127.26.132.68" port: 43501 } attrs { promote: true } }
I20260710 13:27:38.702786 28171 catalog_manager.cc:5697] T 50abaf25912a4a6f94e207b4324d8ffb P acc6fc9434d148e0a6475af1d2f99a26 reported cstate change: config changed from index -1 to 2, NON_VOTER e91484b3eef2416a9af09afd804166e8 (127.26.132.68) added. New cstate: current_term: 1 leader_uuid: "acc6fc9434d148e0a6475af1d2f99a26" committed_config { opid_index: 2 OBSOLETE_local: false peers { permanent_uuid: "acc6fc9434d148e0a6475af1d2f99a26" member_type: VOTER last_known_addr { host: "127.26.132.65" port: 40621 } health_report { overall_health: HEALTHY } } peers { permanent_uuid: "b58ea0eb6dc74d73b36d8615ad82ba78" member_type: VOTER last_known_addr { host: "127.26.132.66" port: 38569 } health_report { overall_health: HEALTHY } } peers { permanent_uuid: "b0135868680a46239046fab4243930de" member_type: VOTER last_known_addr { host: "127.26.132.67" port: 32791 } attrs { replace: true } health_report { overall_health: HEALTHY } } peers { permanent_uuid: "e91484b3eef2416a9af09afd804166e8" member_type: NON_VOTER last_known_addr { host: "127.26.132.68" port: 43501 } attrs { promote: true } health_report { overall_health: UNKNOWN } } }
W20260710 13:27:38.710155 28316 consensus_peers.cc:597] T 1d7bd3249d9047cd83d120ff45bf935a P b58ea0eb6dc74d73b36d8615ad82ba78 -> Peer e91484b3eef2416a9af09afd804166e8 (127.26.132.68:43501): Couldn't send request to peer e91484b3eef2416a9af09afd804166e8. Error code: TABLET_NOT_FOUND (6). Status: Not found: Tablet not found: 1d7bd3249d9047cd83d120ff45bf935a. This is attempt 1: this message will repeat every 5th retry.
I20260710 13:27:38.710779 28423 raft_consensus.cc:1275] T 1d7bd3249d9047cd83d120ff45bf935a P b0135868680a46239046fab4243930de [term 1 FOLLOWER]: Refusing update from remote peer b58ea0eb6dc74d73b36d8615ad82ba78: Log matching property violated. Preceding OpId in replica: term: 1 index: 1. Preceding OpId from leader: term: 1 index: 2. (index mismatch)
I20260710 13:27:38.711133 28277 raft_consensus.cc:1275] T 1d7bd3249d9047cd83d120ff45bf935a P acc6fc9434d148e0a6475af1d2f99a26 [term 1 FOLLOWER]: Refusing update from remote peer b58ea0eb6dc74d73b36d8615ad82ba78: Log matching property violated. Preceding OpId in replica: term: 1 index: 1. Preceding OpId from leader: term: 1 index: 2. (index mismatch)
I20260710 13:27:38.712545 28872 consensus_queue.cc:1048] T 1d7bd3249d9047cd83d120ff45bf935a P b58ea0eb6dc74d73b36d8615ad82ba78 [LEADER]: Connected to new peer: Peer: permanent_uuid: "b0135868680a46239046fab4243930de" member_type: VOTER last_known_addr { host: "127.26.132.67" port: 32791 }, Status: LMP_MISMATCH, Last received: 0.0, Next index: 2, Last known committed idx: 1, Time since last communication: 0.000s
I20260710 13:27:38.713512 28875 consensus_queue.cc:1048] T 1d7bd3249d9047cd83d120ff45bf935a P b58ea0eb6dc74d73b36d8615ad82ba78 [LEADER]: Connected to new peer: Peer: permanent_uuid: "acc6fc9434d148e0a6475af1d2f99a26" member_type: VOTER last_known_addr { host: "127.26.132.65" port: 40621 } attrs { replace: true }, Status: LMP_MISMATCH, Last received: 0.0, Next index: 2, Last known committed idx: 1, Time since last communication: 0.001s
I20260710 13:27:38.721946 28875 raft_consensus.cc:2955] T 1d7bd3249d9047cd83d120ff45bf935a P b58ea0eb6dc74d73b36d8615ad82ba78 [term 1 LEADER]: Committing config change with OpId 1.2: config changed from index -1 to 2, NON_VOTER e91484b3eef2416a9af09afd804166e8 (127.26.132.68) added. New config: { opid_index: 2 OBSOLETE_local: false peers { permanent_uuid: "acc6fc9434d148e0a6475af1d2f99a26" member_type: VOTER last_known_addr { host: "127.26.132.65" port: 40621 } attrs { replace: true } } peers { permanent_uuid: "b58ea0eb6dc74d73b36d8615ad82ba78" member_type: VOTER last_known_addr { host: "127.26.132.66" port: 38569 } } peers { permanent_uuid: "b0135868680a46239046fab4243930de" member_type: VOTER last_known_addr { host: "127.26.132.67" port: 32791 } } peers { permanent_uuid: "e91484b3eef2416a9af09afd804166e8" member_type: NON_VOTER last_known_addr { host: "127.26.132.68" port: 43501 } attrs { promote: true } } }
I20260710 13:27:38.723538 28277 raft_consensus.cc:2955] T 1d7bd3249d9047cd83d120ff45bf935a P acc6fc9434d148e0a6475af1d2f99a26 [term 1 FOLLOWER]: Committing config change with OpId 1.2: config changed from index -1 to 2, NON_VOTER e91484b3eef2416a9af09afd804166e8 (127.26.132.68) added. New config: { opid_index: 2 OBSOLETE_local: false peers { permanent_uuid: "acc6fc9434d148e0a6475af1d2f99a26" member_type: VOTER last_known_addr { host: "127.26.132.65" port: 40621 } attrs { replace: true } } peers { permanent_uuid: "b58ea0eb6dc74d73b36d8615ad82ba78" member_type: VOTER last_known_addr { host: "127.26.132.66" port: 38569 } } peers { permanent_uuid: "b0135868680a46239046fab4243930de" member_type: VOTER last_known_addr { host: "127.26.132.67" port: 32791 } } peers { permanent_uuid: "e91484b3eef2416a9af09afd804166e8" member_type: NON_VOTER last_known_addr { host: "127.26.132.68" port: 43501 } attrs { promote: true } } }
I20260710 13:27:38.724344 28424 raft_consensus.cc:2955] T 1d7bd3249d9047cd83d120ff45bf935a P b0135868680a46239046fab4243930de [term 1 FOLLOWER]: Committing config change with OpId 1.2: config changed from index -1 to 2, NON_VOTER e91484b3eef2416a9af09afd804166e8 (127.26.132.68) added. New config: { opid_index: 2 OBSOLETE_local: false peers { permanent_uuid: "acc6fc9434d148e0a6475af1d2f99a26" member_type: VOTER last_known_addr { host: "127.26.132.65" port: 40621 } attrs { replace: true } } peers { permanent_uuid: "b58ea0eb6dc74d73b36d8615ad82ba78" member_type: VOTER last_known_addr { host: "127.26.132.66" port: 38569 } } peers { permanent_uuid: "b0135868680a46239046fab4243930de" member_type: VOTER last_known_addr { host: "127.26.132.67" port: 32791 } } peers { permanent_uuid: "e91484b3eef2416a9af09afd804166e8" member_type: NON_VOTER last_known_addr { host: "127.26.132.68" port: 43501 } attrs { promote: true } } }
I20260710 13:27:38.737062 28174 catalog_manager.cc:5697] T 1d7bd3249d9047cd83d120ff45bf935a P b0135868680a46239046fab4243930de reported cstate change: config changed from index -1 to 2, NON_VOTER e91484b3eef2416a9af09afd804166e8 (127.26.132.68) added. New cstate: current_term: 1 leader_uuid: "b58ea0eb6dc74d73b36d8615ad82ba78" committed_config { opid_index: 2 OBSOLETE_local: false peers { permanent_uuid: "acc6fc9434d148e0a6475af1d2f99a26" member_type: VOTER last_known_addr { host: "127.26.132.65" port: 40621 } attrs { replace: true } } peers { permanent_uuid: "b58ea0eb6dc74d73b36d8615ad82ba78" member_type: VOTER last_known_addr { host: "127.26.132.66" port: 38569 } } peers { permanent_uuid: "b0135868680a46239046fab4243930de" member_type: VOTER last_known_addr { host: "127.26.132.67" port: 32791 } } peers { permanent_uuid: "e91484b3eef2416a9af09afd804166e8" member_type: NON_VOTER last_known_addr { host: "127.26.132.68" port: 43501 } attrs { promote: true } } }
I20260710 13:27:38.738827 28424 consensus_queue.cc:237] T b3214262a4e84c8f8ab6d0f74e549bfc P b0135868680a46239046fab4243930de [LEADER]: Queue going to LEADER mode. State: All replicated index: 0, Majority replicated index: 1, Committed index: 1, Last appended: 1.1, Last appended by leader: 0, Current term: 1, Majority size: 2, State: 0, Mode: LEADER, active raft config: opid_index: 2 OBSOLETE_local: false peers { permanent_uuid: "acc6fc9434d148e0a6475af1d2f99a26" member_type: VOTER last_known_addr { host: "127.26.132.65" port: 40621 } } peers { permanent_uuid: "b58ea0eb6dc74d73b36d8615ad82ba78" member_type: VOTER last_known_addr { host: "127.26.132.66" port: 38569 } attrs { replace: true } } peers { permanent_uuid: "b0135868680a46239046fab4243930de" member_type: VOTER last_known_addr { host: "127.26.132.67" port: 32791 } } peers { permanent_uuid: "e91484b3eef2416a9af09afd804166e8" member_type: NON_VOTER last_known_addr { host: "127.26.132.68" port: 43501 } attrs { promote: true } }
I20260710 13:27:38.746137 28277 raft_consensus.cc:1275] T b3214262a4e84c8f8ab6d0f74e549bfc P acc6fc9434d148e0a6475af1d2f99a26 [term 1 FOLLOWER]: Refusing update from remote peer b0135868680a46239046fab4243930de: Log matching property violated. Preceding OpId in replica: term: 1 index: 1. Preceding OpId from leader: term: 1 index: 2. (index mismatch)
I20260710 13:27:38.747684 28839 consensus_queue.cc:1048] T b3214262a4e84c8f8ab6d0f74e549bfc P b0135868680a46239046fab4243930de [LEADER]: Connected to new peer: Peer: permanent_uuid: "acc6fc9434d148e0a6475af1d2f99a26" member_type: VOTER last_known_addr { host: "127.26.132.65" port: 40621 }, Status: LMP_MISMATCH, Last received: 0.0, Next index: 2, Last known committed idx: 1, Time since last communication: 0.000s
I20260710 13:27:38.748044 28348 raft_consensus.cc:1275] T b3214262a4e84c8f8ab6d0f74e549bfc P b58ea0eb6dc74d73b36d8615ad82ba78 [term 1 FOLLOWER]: Refusing update from remote peer b0135868680a46239046fab4243930de: Log matching property violated. Preceding OpId in replica: term: 1 index: 1. Preceding OpId from leader: term: 1 index: 2. (index mismatch)
W20260710 13:27:38.750097 28390 consensus_peers.cc:597] T b3214262a4e84c8f8ab6d0f74e549bfc P b0135868680a46239046fab4243930de -> Peer e91484b3eef2416a9af09afd804166e8 (127.26.132.68:43501): Couldn't send request to peer e91484b3eef2416a9af09afd804166e8. Error code: TABLET_NOT_FOUND (6). Status: Not found: Tablet not found: b3214262a4e84c8f8ab6d0f74e549bfc. This is attempt 1: this message will repeat every 5th retry.
I20260710 13:27:38.752337 28839 consensus_queue.cc:1048] T b3214262a4e84c8f8ab6d0f74e549bfc P b0135868680a46239046fab4243930de [LEADER]: Connected to new peer: Peer: permanent_uuid: "b58ea0eb6dc74d73b36d8615ad82ba78" member_type: VOTER last_known_addr { host: "127.26.132.66" port: 38569 } attrs { replace: true }, Status: LMP_MISMATCH, Last received: 0.0, Next index: 2, Last known committed idx: 1, Time since last communication: 0.000s
I20260710 13:27:38.770538 28869 raft_consensus.cc:2955] T b3214262a4e84c8f8ab6d0f74e549bfc P b0135868680a46239046fab4243930de [term 1 LEADER]: Committing config change with OpId 1.2: config changed from index -1 to 2, NON_VOTER e91484b3eef2416a9af09afd804166e8 (127.26.132.68) added. New config: { opid_index: 2 OBSOLETE_local: false peers { permanent_uuid: "acc6fc9434d148e0a6475af1d2f99a26" member_type: VOTER last_known_addr { host: "127.26.132.65" port: 40621 } } peers { permanent_uuid: "b58ea0eb6dc74d73b36d8615ad82ba78" member_type: VOTER last_known_addr { host: "127.26.132.66" port: 38569 } attrs { replace: true } } peers { permanent_uuid: "b0135868680a46239046fab4243930de" member_type: VOTER last_known_addr { host: "127.26.132.67" port: 32791 } } peers { permanent_uuid: "e91484b3eef2416a9af09afd804166e8" member_type: NON_VOTER last_known_addr { host: "127.26.132.68" port: 43501 } attrs { promote: true } } }
I20260710 13:27:38.774168 28352 raft_consensus.cc:2955] T b3214262a4e84c8f8ab6d0f74e549bfc P b58ea0eb6dc74d73b36d8615ad82ba78 [term 1 FOLLOWER]: Committing config change with OpId 1.2: config changed from index -1 to 2, NON_VOTER e91484b3eef2416a9af09afd804166e8 (127.26.132.68) added. New config: { opid_index: 2 OBSOLETE_local: false peers { permanent_uuid: "acc6fc9434d148e0a6475af1d2f99a26" member_type: VOTER last_known_addr { host: "127.26.132.65" port: 40621 } } peers { permanent_uuid: "b58ea0eb6dc74d73b36d8615ad82ba78" member_type: VOTER last_known_addr { host: "127.26.132.66" port: 38569 } attrs { replace: true } } peers { permanent_uuid: "b0135868680a46239046fab4243930de" member_type: VOTER last_known_addr { host: "127.26.132.67" port: 32791 } } peers { permanent_uuid: "e91484b3eef2416a9af09afd804166e8" member_type: NON_VOTER last_known_addr { host: "127.26.132.68" port: 43501 } attrs { promote: true } } }
I20260710 13:27:38.775089 28273 raft_consensus.cc:2955] T b3214262a4e84c8f8ab6d0f74e549bfc P acc6fc9434d148e0a6475af1d2f99a26 [term 1 FOLLOWER]: Committing config change with OpId 1.2: config changed from index -1 to 2, NON_VOTER e91484b3eef2416a9af09afd804166e8 (127.26.132.68) added. New config: { opid_index: 2 OBSOLETE_local: false peers { permanent_uuid: "acc6fc9434d148e0a6475af1d2f99a26" member_type: VOTER last_known_addr { host: "127.26.132.65" port: 40621 } } peers { permanent_uuid: "b58ea0eb6dc74d73b36d8615ad82ba78" member_type: VOTER last_known_addr { host: "127.26.132.66" port: 38569 } attrs { replace: true } } peers { permanent_uuid: "b0135868680a46239046fab4243930de" member_type: VOTER last_known_addr { host: "127.26.132.67" port: 32791 } } peers { permanent_uuid: "e91484b3eef2416a9af09afd804166e8" member_type: NON_VOTER last_known_addr { host: "127.26.132.68" port: 43501 } attrs { promote: true } } }
I20260710 13:27:38.787292 28173 catalog_manager.cc:5697] T b3214262a4e84c8f8ab6d0f74e549bfc P b0135868680a46239046fab4243930de reported cstate change: config changed from index -1 to 2, NON_VOTER e91484b3eef2416a9af09afd804166e8 (127.26.132.68) added. New cstate: current_term: 1 leader_uuid: "b0135868680a46239046fab4243930de" committed_config { opid_index: 2 OBSOLETE_local: false peers { permanent_uuid: "acc6fc9434d148e0a6475af1d2f99a26" member_type: VOTER last_known_addr { host: "127.26.132.65" port: 40621 } health_report { overall_health: HEALTHY } } peers { permanent_uuid: "b58ea0eb6dc74d73b36d8615ad82ba78" member_type: VOTER last_known_addr { host: "127.26.132.66" port: 38569 } attrs { replace: true } health_report { overall_health: HEALTHY } } peers { permanent_uuid: "b0135868680a46239046fab4243930de" member_type: VOTER last_known_addr { host: "127.26.132.67" port: 32791 } health_report { overall_health: HEALTHY } } peers { permanent_uuid: "e91484b3eef2416a9af09afd804166e8" member_type: NON_VOTER last_known_addr { host: "127.26.132.68" port: 43501 } attrs { promote: true } health_report { overall_health: UNKNOWN } } }
I20260710 13:27:39.106901 28891 ts_tablet_manager.cc:933] T 1d7bd3249d9047cd83d120ff45bf935a P e91484b3eef2416a9af09afd804166e8: Initiating tablet copy from peer b58ea0eb6dc74d73b36d8615ad82ba78 (127.26.132.66:38569)
I20260710 13:27:39.108719 28891 tablet_copy_client.cc:323] T 1d7bd3249d9047cd83d120ff45bf935a P e91484b3eef2416a9af09afd804166e8: tablet copy: Beginning tablet copy session from remote peer at address 127.26.132.66:38569
I20260710 13:27:39.110255 28362 tablet_copy_service.cc:140] P b58ea0eb6dc74d73b36d8615ad82ba78: Received BeginTabletCopySession request for tablet 1d7bd3249d9047cd83d120ff45bf935a from peer e91484b3eef2416a9af09afd804166e8 ({username='slave'} at 127.0.0.1:43960)
