I20260710 13:27:26.400210 32572 tablet_replica.cc:333] T bb26e2717c794c6699279565af1a001a P d65af6ce923d4b15ac6ca647d5d62cb0: stopping tablet replica
I20260710 13:27:26.400717 32572 raft_consensus.cc:2243] T bb26e2717c794c6699279565af1a001a P d65af6ce923d4b15ac6ca647d5d62cb0 [term 4 FOLLOWER]: Raft consensus shutting down.
I20260710 13:27:26.401191 32572 raft_consensus.cc:2272] T bb26e2717c794c6699279565af1a001a P d65af6ce923d4b15ac6ca647d5d62cb0 [term 4 FOLLOWER]: Raft consensus is shut down!
I20260710 13:27:26.403314 32572 tablet_replica.cc:333] T 3be40fabd0234e2ca38874be0ef24cb3 P d65af6ce923d4b15ac6ca647d5d62cb0: stopping tablet replica
I20260710 13:27:26.403786 32572 raft_consensus.cc:2243] T 3be40fabd0234e2ca38874be0ef24cb3 P d65af6ce923d4b15ac6ca647d5d62cb0 [term 3 FOLLOWER]: Raft consensus shutting down.
I20260710 13:27:26.404268 32572 raft_consensus.cc:2272] T 3be40fabd0234e2ca38874be0ef24cb3 P d65af6ce923d4b15ac6ca647d5d62cb0 [term 3 FOLLOWER]: Raft consensus is shut down!
I20260710 13:27:26.406246 32572 tablet_replica.cc:333] T 6fa1d884bb0244d39b8cde6d373050f9 P d65af6ce923d4b15ac6ca647d5d62cb0: stopping tablet replica
I20260710 13:27:26.406744 32572 raft_consensus.cc:2243] T 6fa1d884bb0244d39b8cde6d373050f9 P d65af6ce923d4b15ac6ca647d5d62cb0 [term 2 FOLLOWER]: Raft consensus shutting down.
I20260710 13:27:26.407148 32572 raft_consensus.cc:2272] T 6fa1d884bb0244d39b8cde6d373050f9 P d65af6ce923d4b15ac6ca647d5d62cb0 [term 2 FOLLOWER]: Raft consensus is shut down!
I20260710 13:27:26.408865 32572 tablet_replica.cc:333] T aebb8cdf504c4a8399cebb222649e181 P d65af6ce923d4b15ac6ca647d5d62cb0: stopping tablet replica
I20260710 13:27:26.409304 32572 raft_consensus.cc:2243] T aebb8cdf504c4a8399cebb222649e181 P d65af6ce923d4b15ac6ca647d5d62cb0 [term 5 LEADER]: Raft consensus shutting down.
I20260710 13:27:26.409997 32572 raft_consensus.cc:2272] T aebb8cdf504c4a8399cebb222649e181 P d65af6ce923d4b15ac6ca647d5d62cb0 [term 5 FOLLOWER]: Raft consensus is shut down!
I20260710 13:27:26.439741 32572 tablet_server.cc:196] TabletServer@127.31.207.2:0 shutdown complete.
W20260710 13:27:26.446076   838 consensus_peers.cc:597] T a4179a75da51481795b803eb3591df7a P b8db680d536144dea201e71fc6a48b57 -> Peer d65af6ce923d4b15ac6ca647d5d62cb0 (127.31.207.2:36361): Couldn't send request to peer d65af6ce923d4b15ac6ca647d5d62cb0. Status: Network error: Client connection negotiation failed: client connection to 127.31.207.2:36361: connect: Connection refused (error 111). This is attempt 1: this message will repeat every 5th retry.
I20260710 13:27:26.460053 32572 tablet_server.cc:179] TabletServer@127.31.207.3:0 shutting down...
I20260710 13:27:26.483175 32572 ts_tablet_manager.cc:1507] Shutting down tablet manager...
I20260710 13:27:26.484122 32572 tablet_replica.cc:333] T 6fa1d884bb0244d39b8cde6d373050f9 P b8db680d536144dea201e71fc6a48b57: stopping tablet replica
I20260710 13:27:26.485154 32572 raft_consensus.cc:2243] T 6fa1d884bb0244d39b8cde6d373050f9 P b8db680d536144dea201e71fc6a48b57 [term 2 FOLLOWER]: Raft consensus shutting down.
I20260710 13:27:26.485841 32572 raft_consensus.cc:2272] T 6fa1d884bb0244d39b8cde6d373050f9 P b8db680d536144dea201e71fc6a48b57 [term 2 FOLLOWER]: Raft consensus is shut down!
I20260710 13:27:26.488036 32572 tablet_replica.cc:333] T a25e575764c3471798f49d2e1968eb93 P b8db680d536144dea201e71fc6a48b57: stopping tablet replica
I20260710 13:27:26.488611 32572 raft_consensus.cc:2243] T a25e575764c3471798f49d2e1968eb93 P b8db680d536144dea201e71fc6a48b57 [term 4 FOLLOWER]: Raft consensus shutting down.
I20260710 13:27:26.489061 32572 raft_consensus.cc:2272] T a25e575764c3471798f49d2e1968eb93 P b8db680d536144dea201e71fc6a48b57 [term 4 FOLLOWER]: Raft consensus is shut down!
I20260710 13:27:26.491632 32572 tablet_replica.cc:333] T cc44b83aeb004461b5d29895d4da3671 P b8db680d536144dea201e71fc6a48b57: stopping tablet replica
I20260710 13:27:26.492347 32572 raft_consensus.cc:2243] T cc44b83aeb004461b5d29895d4da3671 P b8db680d536144dea201e71fc6a48b57 [term 1 FOLLOWER]: Raft consensus shutting down.
I20260710 13:27:26.492826 32572 raft_consensus.cc:2272] T cc44b83aeb004461b5d29895d4da3671 P b8db680d536144dea201e71fc6a48b57 [term 1 FOLLOWER]: Raft consensus is shut down!
W20260710 13:27:26.492767   838 consensus_peers.cc:597] T bb26e2717c794c6699279565af1a001a P b8db680d536144dea201e71fc6a48b57 -> Peer 2697329277924d2b9a7649eb8a47821f (127.31.207.1:44605): Couldn't send request to peer 2697329277924d2b9a7649eb8a47821f. Status: Network error: Client connection negotiation failed: client connection to 127.31.207.1:44605: connect: Connection refused (error 111). This is attempt 1: this message will repeat every 5th retry.
I20260710 13:27:26.494925 32572 tablet_replica.cc:333] T a4179a75da51481795b803eb3591df7a P b8db680d536144dea201e71fc6a48b57: stopping tablet replica
I20260710 13:27:26.495473 32572 raft_consensus.cc:2243] T a4179a75da51481795b803eb3591df7a P b8db680d536144dea201e71fc6a48b57 [term 2 LEADER]: Raft consensus shutting down.
I20260710 13:27:26.496481 32572 raft_consensus.cc:2272] T a4179a75da51481795b803eb3591df7a P b8db680d536144dea201e71fc6a48b57 [term 2 FOLLOWER]: Raft consensus is shut down!
I20260710 13:27:26.498689 32572 tablet_replica.cc:333] T 3be40fabd0234e2ca38874be0ef24cb3 P b8db680d536144dea201e71fc6a48b57: stopping tablet replica
I20260710 13:27:26.499348 32572 raft_consensus.cc:2243] T 3be40fabd0234e2ca38874be0ef24cb3 P b8db680d536144dea201e71fc6a48b57 [term 3 LEADER]: Raft consensus shutting down.
I20260710 13:27:26.500201 32572 raft_consensus.cc:2272] T 3be40fabd0234e2ca38874be0ef24cb3 P b8db680d536144dea201e71fc6a48b57 [term 3 FOLLOWER]: Raft consensus is shut down!
I20260710 13:27:26.502943 32572 tablet_replica.cc:333] T 37ae84fdeac74aa9b545eb4f65d529b0 P b8db680d536144dea201e71fc6a48b57: stopping tablet replica
I20260710 13:27:26.503556 32572 raft_consensus.cc:2243] T 37ae84fdeac74aa9b545eb4f65d529b0 P b8db680d536144dea201e71fc6a48b57 [term 3 FOLLOWER]: Raft consensus shutting down.
I20260710 13:27:26.504340 32572 raft_consensus.cc:2272] T 37ae84fdeac74aa9b545eb4f65d529b0 P b8db680d536144dea201e71fc6a48b57 [term 3 FOLLOWER]: Raft consensus is shut down!
I20260710 13:27:26.506076 32572 tablet_replica.cc:333] T bb26e2717c794c6699279565af1a001a P b8db680d536144dea201e71fc6a48b57: stopping tablet replica
I20260710 13:27:26.506554 32572 raft_consensus.cc:2243] T bb26e2717c794c6699279565af1a001a P b8db680d536144dea201e71fc6a48b57 [term 4 LEADER]: Raft consensus shutting down.
I20260710 13:27:26.507247 32572 raft_consensus.cc:2272] T bb26e2717c794c6699279565af1a001a P b8db680d536144dea201e71fc6a48b57 [term 4 FOLLOWER]: Raft consensus is shut down!
I20260710 13:27:26.509526 32572 tablet_replica.cc:333] T 46246e0aa0b5410da8f7f1098d713d43 P b8db680d536144dea201e71fc6a48b57: stopping tablet replica
I20260710 13:27:26.510068 32572 raft_consensus.cc:2243] T 46246e0aa0b5410da8f7f1098d713d43 P b8db680d536144dea201e71fc6a48b57 [term 2 FOLLOWER]: Raft consensus shutting down.
I20260710 13:27:26.510492 32572 raft_consensus.cc:2272] T 46246e0aa0b5410da8f7f1098d713d43 P b8db680d536144dea201e71fc6a48b57 [term 2 FOLLOWER]: Raft consensus is shut down!
I20260710 13:27:26.512326 32572 tablet_replica.cc:333] T 22725ef574294d81b056ae00bcb27191 P b8db680d536144dea201e71fc6a48b57: stopping tablet replica
I20260710 13:27:26.512835 32572 raft_consensus.cc:2243] T 22725ef574294d81b056ae00bcb27191 P b8db680d536144dea201e71fc6a48b57 [term 3 FOLLOWER]: Raft consensus shutting down.
I20260710 13:27:26.513312 32572 raft_consensus.cc:2272] T 22725ef574294d81b056ae00bcb27191 P b8db680d536144dea201e71fc6a48b57 [term 3 FOLLOWER]: Raft consensus is shut down!
I20260710 13:27:26.514858 32572 tablet_replica.cc:333] T aebb8cdf504c4a8399cebb222649e181 P b8db680d536144dea201e71fc6a48b57: stopping tablet replica
I20260710 13:27:26.515280 32572 raft_consensus.cc:2243] T aebb8cdf504c4a8399cebb222649e181 P b8db680d536144dea201e71fc6a48b57 [term 5 FOLLOWER]: Raft consensus shutting down.
I20260710 13:27:26.515681 32572 raft_consensus.cc:2272] T aebb8cdf504c4a8399cebb222649e181 P b8db680d536144dea201e71fc6a48b57 [term 5 FOLLOWER]: Raft consensus is shut down!
I20260710 13:27:26.543467 32572 tablet_server.cc:196] TabletServer@127.31.207.3:0 shutdown complete.
I20260710 13:27:26.562393 32572 master.cc:562] Master@127.31.207.62:33223 shutting down...
I20260710 13:27:26.582084 32572 raft_consensus.cc:2243] T 00000000000000000000000000000000 P e1b8cca8bc90434492c7d6d03c641a9b [term 1 LEADER]: Raft consensus shutting down.
I20260710 13:27:26.582625 32572 raft_consensus.cc:2272] T 00000000000000000000000000000000 P e1b8cca8bc90434492c7d6d03c641a9b [term 1 FOLLOWER]: Raft consensus is shut down!
I20260710 13:27:26.582960 32572 tablet_replica.cc:333] T 00000000000000000000000000000000 P e1b8cca8bc90434492c7d6d03c641a9b: stopping tablet replica
I20260710 13:27:26.603828 32572 master.cc:584] Master@127.31.207.62:33223 shutdown complete.
2697329277924d2b9a7649eb8a47821f  5
b8db680d536144dea201e71fc6a48b57  1
d65af6ce923d4b15ac6ca647d5d62cb0  4
[       OK ] LeaderRebalancerTest.FunctionalTestForNotDivided (10472 ms)
[ RUN      ] LeaderRebalancerTest.AddTserver
I20260710 13:27:26.646560 32572 internal_mini_cluster.cc:156] Creating distributed mini masters. Addrs: 127.31.207.62:41837
I20260710 13:27:26.647729 32572 file_cache.cc:504] Constructed file cache file cache with capacity 419430
W20260710 13:27:26.653488  1087 instance_detector.cc:116] could not retrieve Azure instance metadata: Network error: curl error: HTTP response code said error: The requested URL returned error: 404
W20260710 13:27:26.653560  1086 instance_detector.cc:116] could not retrieve AWS instance metadata: Network error: curl error: HTTP response code said error: The requested URL returned error: 404
W20260710 13:27:26.655018  1089 instance_detector.cc:116] could not retrieve OpenStack instance metadata: Network error: curl error: HTTP response code said error: The requested URL returned error: 404
I20260710 13:27:26.656385 32572 server_base.cc:1061] running on GCE node
I20260710 13:27:26.657239 32572 hybrid_clock.cc:584] initializing the hybrid clock with 'system_unsync' time source
W20260710 13:27:26.657416 32572 system_unsync_time.cc:38] NTP support is disabled. Clock error bounds will not be accurate. This configuration is not suitable for distributed clusters.
I20260710 13:27:26.657598 32572 hybrid_clock.cc:648] HybridClock initialized: now 1783690046657584 us; error 0 us; skew 500 ppm
I20260710 13:27:26.658166 32572 server_base.cc:861] Flag tcmalloc_max_total_thread_cache_bytes is not working since tcmalloc is not enabled.
I20260710 13:27:26.660683 32572 webserver.cc:533] Webserver started at http://127.31.207.62:43941/ using document root <none> and password file <none>
I20260710 13:27:26.661155 32572 fs_manager.cc:362] Metadata directory not provided
I20260710 13:27:26.661305 32572 fs_manager.cc:368] Using write-ahead log directory (fs_wal_dir) as metadata directory
I20260710 13:27:26.661629 32572 server_base.cc:909] This appears to be a new deployment of Kudu; creating new FS layout
I20260710 13:27:26.662711 32572 fs_manager.cc:1068] Generated new instance metadata in path /tmp/dist-test-task_s2Ghi/test-tmp/auto_leader_rebalancer-test.0.LeaderRebalancerTest.AddTserver.1783690023202361-32572-0/minicluster-data/master-0-root/instance:
uuid: "ef7aa9d300c848a5b6d2fcbc672c02c2"
format_stamp: "Formatted at 2026-07-10 13:27:26 on dist-test-slave-k8vc"
I20260710 13:27:26.667140 32572 fs_manager.cc:696] Time spent creating directory manager: real 0.004s	user 0.006s	sys 0.000s
I20260710 13:27:26.670548  1094 log_block_manager.cc:4127] Time spent loading block containers with low live blocks: real 0.000s	user 0.000s	sys 0.000s
I20260710 13:27:26.671304 32572 fs_manager.cc:730] Time spent opening block manager: real 0.002s	user 0.002s	sys 0.000s
I20260710 13:27:26.671705 32572 fs_manager.cc:647] Opened local filesystem: /tmp/dist-test-task_s2Ghi/test-tmp/auto_leader_rebalancer-test.0.LeaderRebalancerTest.AddTserver.1783690023202361-32572-0/minicluster-data/master-0-root
uuid: "ef7aa9d300c848a5b6d2fcbc672c02c2"
format_stamp: "Formatted at 2026-07-10 13:27:26 on dist-test-slave-k8vc"
I20260710 13:27:26.672039 32572 fs_report.cc:389] FS layout report
--------------------
wal directory: /tmp/dist-test-task_s2Ghi/test-tmp/auto_leader_rebalancer-test.0.LeaderRebalancerTest.AddTserver.1783690023202361-32572-0/minicluster-data/master-0-root
metadata directory: /tmp/dist-test-task_s2Ghi/test-tmp/auto_leader_rebalancer-test.0.LeaderRebalancerTest.AddTserver.1783690023202361-32572-0/minicluster-data/master-0-root
1 data directories: /tmp/dist-test-task_s2Ghi/test-tmp/auto_leader_rebalancer-test.0.LeaderRebalancerTest.AddTserver.1783690023202361-32572-0/minicluster-data/master-0-root/data
Total live blocks: 0
Total live bytes: 0
Total live bytes (after alignment): 0
Total number of LBM containers: 0 (0 full)
Did not check for missing blocks
Did not check for orphaned blocks
Total full LBM containers with extra space: 0 (0 repaired)
Total full LBM container extra space in bytes: 0 (0 repaired)
Total incomplete LBM containers: 0 (0 repaired)
Total LBM partial records: 0 (0 repaired)
Total corrupted LBM metadata records in RocksDB: 0 (0 repaired)
I20260710 13:27:26.704151 32572 rpc_server.cc:225] running with OpenSSL 1.1.1  11 Sep 2018
I20260710 13:27:26.705760 32572 kserver.cc:163] Server-wide thread pool size limit: 3276
I20260710 13:27:26.746809 32572 rpc_server.cc:307] RPC server started. Bound to: 127.31.207.62:41837
I20260710 13:27:26.746920  1145 acceptor_pool.cc:272] collecting diagnostics on the listening RPC socket 127.31.207.62:41837 every 8 connection(s)
I20260710 13:27:26.751077  1146 data_dirs.cc:400] Could only allocate 1 dirs of requested 3 for tablet 00000000000000000000000000000000. 1 dirs total, 0 dirs full, 0 dirs failed
I20260710 13:27:26.761091  1146 tablet_bootstrap.cc:492] T 00000000000000000000000000000000 P ef7aa9d300c848a5b6d2fcbc672c02c2: Bootstrap starting.
I20260710 13:27:26.766062  1146 tablet_bootstrap.cc:654] T 00000000000000000000000000000000 P ef7aa9d300c848a5b6d2fcbc672c02c2: Neither blocks nor log segments found. Creating new log.
I20260710 13:27:26.770319  1146 tablet_bootstrap.cc:492] T 00000000000000000000000000000000 P ef7aa9d300c848a5b6d2fcbc672c02c2: No bootstrap required, opened a new log
I20260710 13:27:26.772557  1146 raft_consensus.cc:359] T 00000000000000000000000000000000 P ef7aa9d300c848a5b6d2fcbc672c02c2 [term 0 FOLLOWER]: Replica starting. Triggering 0 pending ops. Active config: opid_index: -1 OBSOLETE_local: true peers { permanent_uuid: "ef7aa9d300c848a5b6d2fcbc672c02c2" member_type: VOTER }
I20260710 13:27:26.772927  1146 raft_consensus.cc:385] T 00000000000000000000000000000000 P ef7aa9d300c848a5b6d2fcbc672c02c2 [term 0 FOLLOWER]: Consensus starting up: Expiring failure detector timer to make a prompt election more likely
I20260710 13:27:26.773173  1146 raft_consensus.cc:740] T 00000000000000000000000000000000 P ef7aa9d300c848a5b6d2fcbc672c02c2 [term 0 FOLLOWER]: Becoming Follower/Learner. State: Replica: ef7aa9d300c848a5b6d2fcbc672c02c2, State: Initialized, Role: FOLLOWER
I20260710 13:27:26.773878  1146 consensus_queue.cc:260] T 00000000000000000000000000000000 P ef7aa9d300c848a5b6d2fcbc672c02c2 [NON_LEADER]: Queue going to NON_LEADER mode. State: All replicated index: 0, Majority replicated index: 0, Committed index: 0, Last appended: 0.0, Last appended by leader: 0, Current term: 0, Majority size: -1, State: 0, Mode: NON_LEADER, active raft config: opid_index: -1 OBSOLETE_local: true peers { permanent_uuid: "ef7aa9d300c848a5b6d2fcbc672c02c2" member_type: VOTER }
I20260710 13:27:26.774375  1146 raft_consensus.cc:399] T 00000000000000000000000000000000 P ef7aa9d300c848a5b6d2fcbc672c02c2 [term 0 FOLLOWER]: Only one voter in the Raft config. Triggering election immediately
I20260710 13:27:26.774564  1146 raft_consensus.cc:493] T 00000000000000000000000000000000 P ef7aa9d300c848a5b6d2fcbc672c02c2 [term 0 FOLLOWER]: Starting leader election (initial election of a single-replica configuration)
I20260710 13:27:26.774777  1146 raft_consensus.cc:3060] T 00000000000000000000000000000000 P ef7aa9d300c848a5b6d2fcbc672c02c2 [term 0 FOLLOWER]: Advancing to term 1
I20260710 13:27:26.778892  1146 raft_consensus.cc:515] T 00000000000000000000000000000000 P ef7aa9d300c848a5b6d2fcbc672c02c2 [term 1 FOLLOWER]: Starting leader election with config: opid_index: -1 OBSOLETE_local: true peers { permanent_uuid: "ef7aa9d300c848a5b6d2fcbc672c02c2" member_type: VOTER }
I20260710 13:27:26.779352  1146 leader_election.cc:304] T 00000000000000000000000000000000 P ef7aa9d300c848a5b6d2fcbc672c02c2 [CANDIDATE]: Term 1 election: Election decided. Result: candidate won. Election summary: received 1 responses out of 1 voters: 1 yes votes; 0 no votes. yes voters: ef7aa9d300c848a5b6d2fcbc672c02c2; no voters: 
I20260710 13:27:26.780449  1146 leader_election.cc:290] T 00000000000000000000000000000000 P ef7aa9d300c848a5b6d2fcbc672c02c2 [CANDIDATE]: Term 1 election: Requested vote from peers 
I20260710 13:27:26.780750  1149 raft_consensus.cc:2804] T 00000000000000000000000000000000 P ef7aa9d300c848a5b6d2fcbc672c02c2 [term 1 FOLLOWER]: Leader election won for term 1
I20260710 13:27:26.782012  1149 raft_consensus.cc:697] T 00000000000000000000000000000000 P ef7aa9d300c848a5b6d2fcbc672c02c2 [term 1 LEADER]: Becoming Leader. State: Replica: ef7aa9d300c848a5b6d2fcbc672c02c2, State: Running, Role: LEADER
I20260710 13:27:26.782725  1149 consensus_queue.cc:237] T 00000000000000000000000000000000 P ef7aa9d300c848a5b6d2fcbc672c02c2 [LEADER]: Queue going to LEADER mode. State: All replicated index: 0, Majority replicated index: 0, Committed index: 0, Last appended: 0.0, Last appended by leader: 0, Current term: 1, Majority size: 1, State: 0, Mode: LEADER, active raft config: opid_index: -1 OBSOLETE_local: true peers { permanent_uuid: "ef7aa9d300c848a5b6d2fcbc672c02c2" member_type: VOTER }
I20260710 13:27:26.783381  1146 sys_catalog.cc:565] T 00000000000000000000000000000000 P ef7aa9d300c848a5b6d2fcbc672c02c2 [sys.catalog]: configured and running, proceeding with master startup.
I20260710 13:27:26.787256  1150 sys_catalog.cc:455] T 00000000000000000000000000000000 P ef7aa9d300c848a5b6d2fcbc672c02c2 [sys.catalog]: SysCatalogTable state changed. Reason: RaftConsensus started. Latest consensus state: current_term: 1 leader_uuid: "ef7aa9d300c848a5b6d2fcbc672c02c2" committed_config { opid_index: -1 OBSOLETE_local: true peers { permanent_uuid: "ef7aa9d300c848a5b6d2fcbc672c02c2" member_type: VOTER } }
I20260710 13:27:26.788038  1150 sys_catalog.cc:458] T 00000000000000000000000000000000 P ef7aa9d300c848a5b6d2fcbc672c02c2 [sys.catalog]: This master's current role is: LEADER
I20260710 13:27:26.788759  1151 sys_catalog.cc:455] T 00000000000000000000000000000000 P ef7aa9d300c848a5b6d2fcbc672c02c2 [sys.catalog]: SysCatalogTable state changed. Reason: New leader ef7aa9d300c848a5b6d2fcbc672c02c2. Latest consensus state: current_term: 1 leader_uuid: "ef7aa9d300c848a5b6d2fcbc672c02c2" committed_config { opid_index: -1 OBSOLETE_local: true peers { permanent_uuid: "ef7aa9d300c848a5b6d2fcbc672c02c2" member_type: VOTER } }
I20260710 13:27:26.789340  1151 sys_catalog.cc:458] T 00000000000000000000000000000000 P ef7aa9d300c848a5b6d2fcbc672c02c2 [sys.catalog]: This master's current role is: LEADER
I20260710 13:27:26.790771  1157 catalog_manager.cc:1511] Loading table and tablet metadata into memory...
I20260710 13:27:26.797423  1157 catalog_manager.cc:1520] Initializing Kudu cluster ID...
I20260710 13:27:26.798385 32572 internal_mini_cluster.cc:184] Waiting to initialize catalog manager on master 0
I20260710 13:27:26.806070  1157 catalog_manager.cc:1383] Generated new cluster ID: 8b8106889b32493f83a0a951d8fafe78
I20260710 13:27:26.806373  1157 catalog_manager.cc:1531] Initializing Kudu internal certificate authority...
I20260710 13:27:26.819410  1157 catalog_manager.cc:1406] Generated new certificate authority record
I20260710 13:27:26.820668  1157 catalog_manager.cc:1540] Loading token signing keys...
I20260710 13:27:26.838023  1157 catalog_manager.cc:6070] T 00000000000000000000000000000000 P ef7aa9d300c848a5b6d2fcbc672c02c2: Generated new TSK 0
I20260710 13:27:26.838639  1157 catalog_manager.cc:1550] Initializing in-progress tserver states...
I20260710 13:27:26.865265 32572 file_cache.cc:504] Constructed file cache file cache with capacity 419430
W20260710 13:27:26.871353  1167 instance_detector.cc:116] could not retrieve AWS instance metadata: Network error: curl error: HTTP response code said error: The requested URL returned error: 404
W20260710 13:27:26.872609  1168 instance_detector.cc:116] could not retrieve Azure instance metadata: Network error: curl error: HTTP response code said error: The requested URL returned error: 404
W20260710 13:27:26.874156  1170 instance_detector.cc:116] could not retrieve OpenStack instance metadata: Network error: curl error: HTTP response code said error: The requested URL returned error: 404
I20260710 13:27:26.876155 32572 server_base.cc:1061] running on GCE node
I20260710 13:27:26.877251 32572 hybrid_clock.cc:584] initializing the hybrid clock with 'system_unsync' time source
W20260710 13:27:26.877446 32572 system_unsync_time.cc:38] NTP support is disabled. Clock error bounds will not be accurate. This configuration is not suitable for distributed clusters.
I20260710 13:27:26.877610 32572 hybrid_clock.cc:648] HybridClock initialized: now 1783690046877578 us; error 0 us; skew 500 ppm
I20260710 13:27:26.878176 32572 server_base.cc:861] Flag tcmalloc_max_total_thread_cache_bytes is not working since tcmalloc is not enabled.
I20260710 13:27:26.880810 32572 webserver.cc:533] Webserver started at http://127.31.207.1:32813/ using document root <none> and password file <none>
I20260710 13:27:26.881353 32572 fs_manager.cc:362] Metadata directory not provided
I20260710 13:27:26.881600 32572 fs_manager.cc:368] Using write-ahead log directory (fs_wal_dir) as metadata directory
I20260710 13:27:26.881917 32572 server_base.cc:909] This appears to be a new deployment of Kudu; creating new FS layout
I20260710 13:27:26.883055 32572 fs_manager.cc:1068] Generated new instance metadata in path /tmp/dist-test-task_s2Ghi/test-tmp/auto_leader_rebalancer-test.0.LeaderRebalancerTest.AddTserver.1783690023202361-32572-0/minicluster-data/ts-0-root/instance:
uuid: "2ad91c72873a42628e3e6e80bab9304e"
format_stamp: "Formatted at 2026-07-10 13:27:26 on dist-test-slave-k8vc"
I20260710 13:27:26.888083 32572 fs_manager.cc:696] Time spent creating directory manager: real 0.004s	user 0.007s	sys 0.000s
I20260710 13:27:26.891505  1175 log_block_manager.cc:4127] Time spent loading block containers with low live blocks: real 0.000s	user 0.000s	sys 0.000s
I20260710 13:27:26.892644 32572 fs_manager.cc:730] Time spent opening block manager: real 0.003s	user 0.003s	sys 0.000s
I20260710 13:27:26.892961 32572 fs_manager.cc:647] Opened local filesystem: /tmp/dist-test-task_s2Ghi/test-tmp/auto_leader_rebalancer-test.0.LeaderRebalancerTest.AddTserver.1783690023202361-32572-0/minicluster-data/ts-0-root
uuid: "2ad91c72873a42628e3e6e80bab9304e"
format_stamp: "Formatted at 2026-07-10 13:27:26 on dist-test-slave-k8vc"
I20260710 13:27:26.893266 32572 fs_report.cc:389] FS layout report
--------------------
wal directory: /tmp/dist-test-task_s2Ghi/test-tmp/auto_leader_rebalancer-test.0.LeaderRebalancerTest.AddTserver.1783690023202361-32572-0/minicluster-data/ts-0-root
metadata directory: /tmp/dist-test-task_s2Ghi/test-tmp/auto_leader_rebalancer-test.0.LeaderRebalancerTest.AddTserver.1783690023202361-32572-0/minicluster-data/ts-0-root
1 data directories: /tmp/dist-test-task_s2Ghi/test-tmp/auto_leader_rebalancer-test.0.LeaderRebalancerTest.AddTserver.1783690023202361-32572-0/minicluster-data/ts-0-root/data
Total live blocks: 0
Total live bytes: 0
Total live bytes (after alignment): 0
Total number of LBM containers: 0 (0 full)
Did not check for missing blocks
Did not check for orphaned blocks
Total full LBM containers with extra space: 0 (0 repaired)
Total full LBM container extra space in bytes: 0 (0 repaired)
Total incomplete LBM containers: 0 (0 repaired)
Total LBM partial records: 0 (0 repaired)
Total corrupted LBM metadata records in RocksDB: 0 (0 repaired)
I20260710 13:27:26.908624 32572 rpc_server.cc:225] running with OpenSSL 1.1.1  11 Sep 2018
I20260710 13:27:26.909833 32572 kserver.cc:163] Server-wide thread pool size limit: 3276
I20260710 13:27:26.911320 32572 txn_system_client.cc:432] TxnSystemClient initialization is disabled...
I20260710 13:27:26.913573 32572 ts_tablet_manager.cc:585] Loaded tablet metadata (0 total tablets, 0 live tablets)
I20260710 13:27:26.913792 32572 ts_tablet_manager.cc:531] Time spent load tablet metadata: real 0.000s	user 0.000s	sys 0.000s
I20260710 13:27:26.914045 32572 ts_tablet_manager.cc:616] Registered 0 tablets
I20260710 13:27:26.914243 32572 ts_tablet_manager.cc:595] Time spent register tablets: real 0.000s	user 0.000s	sys 0.000s
I20260710 13:27:26.954609 32572 rpc_server.cc:307] RPC server started. Bound to: 127.31.207.1:35047
I20260710 13:27:26.954759  1237 acceptor_pool.cc:272] collecting diagnostics on the listening RPC socket 127.31.207.1:35047 every 8 connection(s)
I20260710 13:27:26.959797 32572 file_cache.cc:504] Constructed file cache file cache with capacity 419430
W20260710 13:27:26.968719  1242 instance_detector.cc:116] could not retrieve AWS instance metadata: Network error: curl error: HTTP response code said error: The requested URL returned error: 404
W20260710 13:27:26.972074  1243 instance_detector.cc:116] could not retrieve Azure instance metadata: Network error: curl error: HTTP response code said error: The requested URL returned error: 404
W20260710 13:27:26.973614  1245 instance_detector.cc:116] could not retrieve OpenStack instance metadata: Network error: curl error: HTTP response code said error: The requested URL returned error: 404
I20260710 13:27:26.974398 32572 server_base.cc:1061] running on GCE node
I20260710 13:27:26.975567 32572 hybrid_clock.cc:584] initializing the hybrid clock with 'system_unsync' time source
W20260710 13:27:26.975755 32572 system_unsync_time.cc:38] NTP support is disabled. Clock error bounds will not be accurate. This configuration is not suitable for distributed clusters.
I20260710 13:27:26.975999 32572 hybrid_clock.cc:648] HybridClock initialized: now 1783690046975980 us; error 0 us; skew 500 ppm
I20260710 13:27:26.976576 32572 server_base.cc:861] Flag tcmalloc_max_total_thread_cache_bytes is not working since tcmalloc is not enabled.
I20260710 13:27:26.979833 32572 webserver.cc:533] Webserver started at http://127.31.207.2:42647/ using document root <none> and password file <none>
I20260710 13:27:26.980376 32572 fs_manager.cc:362] Metadata directory not provided
I20260710 13:27:26.980598 32572 fs_manager.cc:368] Using write-ahead log directory (fs_wal_dir) as metadata directory
I20260710 13:27:26.980931 32572 server_base.cc:909] This appears to be a new deployment of Kudu; creating new FS layout
I20260710 13:27:26.981474  1238 heartbeater.cc:344] Connected to a master server at 127.31.207.62:41837
I20260710 13:27:26.981855  1238 heartbeater.cc:461] Registering TS with master...
I20260710 13:27:26.982403 32572 fs_manager.cc:1068] Generated new instance metadata in path /tmp/dist-test-task_s2Ghi/test-tmp/auto_leader_rebalancer-test.0.LeaderRebalancerTest.AddTserver.1783690023202361-32572-0/minicluster-data/ts-1-root/instance:
uuid: "0552a69281994331a621b70944a1c882"
format_stamp: "Formatted at 2026-07-10 13:27:26 on dist-test-slave-k8vc"
I20260710 13:27:26.982688  1238 heartbeater.cc:507] Master 127.31.207.62:41837 requested a full tablet report, sending...
I20260710 13:27:26.985132  1111 ts_manager.cc:194] Registered new tserver with Master: 2ad91c72873a42628e3e6e80bab9304e (127.31.207.1:35047)
I20260710 13:27:26.987519  1111 master_service.cc:502] Signed X509 certificate for tserver {username='slave'} at 127.0.0.1:56168
I20260710 13:27:26.988272 32572 fs_manager.cc:696] Time spent creating directory manager: real 0.005s	user 0.007s	sys 0.000s
I20260710 13:27:26.992035  1250 log_block_manager.cc:4127] Time spent loading block containers with low live blocks: real 0.000s	user 0.000s	sys 0.000s
I20260710 13:27:26.992930 32572 fs_manager.cc:730] Time spent opening block manager: real 0.002s	user 0.000s	sys 0.004s
I20260710 13:27:26.993227 32572 fs_manager.cc:647] Opened local filesystem: /tmp/dist-test-task_s2Ghi/test-tmp/auto_leader_rebalancer-test.0.LeaderRebalancerTest.AddTserver.1783690023202361-32572-0/minicluster-data/ts-1-root
uuid: "0552a69281994331a621b70944a1c882"
format_stamp: "Formatted at 2026-07-10 13:27:26 on dist-test-slave-k8vc"
I20260710 13:27:26.993495 32572 fs_report.cc:389] FS layout report
--------------------
wal directory: /tmp/dist-test-task_s2Ghi/test-tmp/auto_leader_rebalancer-test.0.LeaderRebalancerTest.AddTserver.1783690023202361-32572-0/minicluster-data/ts-1-root
metadata directory: /tmp/dist-test-task_s2Ghi/test-tmp/auto_leader_rebalancer-test.0.LeaderRebalancerTest.AddTserver.1783690023202361-32572-0/minicluster-data/ts-1-root
1 data directories: /tmp/dist-test-task_s2Ghi/test-tmp/auto_leader_rebalancer-test.0.LeaderRebalancerTest.AddTserver.1783690023202361-32572-0/minicluster-data/ts-1-root/data
Total live blocks: 0
Total live bytes: 0
Total live bytes (after alignment): 0
Total number of LBM containers: 0 (0 full)
Did not check for missing blocks
Did not check for orphaned blocks
Total full LBM containers with extra space: 0 (0 repaired)
Total full LBM container extra space in bytes: 0 (0 repaired)
Total incomplete LBM containers: 0 (0 repaired)
Total LBM partial records: 0 (0 repaired)
Total corrupted LBM metadata records in RocksDB: 0 (0 repaired)
I20260710 13:27:27.013139 32572 rpc_server.cc:225] running with OpenSSL 1.1.1  11 Sep 2018
I20260710 13:27:27.014380 32572 kserver.cc:163] Server-wide thread pool size limit: 3276
I20260710 13:27:27.015866 32572 txn_system_client.cc:432] TxnSystemClient initialization is disabled...
I20260710 13:27:27.018301 32572 ts_tablet_manager.cc:585] Loaded tablet metadata (0 total tablets, 0 live tablets)
I20260710 13:27:27.018534 32572 ts_tablet_manager.cc:531] Time spent load tablet metadata: real 0.000s	user 0.000s	sys 0.000s
I20260710 13:27:27.018790 32572 ts_tablet_manager.cc:616] Registered 0 tablets
I20260710 13:27:27.018961 32572 ts_tablet_manager.cc:595] Time spent register tablets: real 0.000s	user 0.000s	sys 0.000s
I20260710 13:27:27.062084 32572 rpc_server.cc:307] RPC server started. Bound to: 127.31.207.2:44521
I20260710 13:27:27.062427  1312 acceptor_pool.cc:272] collecting diagnostics on the listening RPC socket 127.31.207.2:44521 every 8 connection(s)
I20260710 13:27:27.066948 32572 file_cache.cc:504] Constructed file cache file cache with capacity 419430
W20260710 13:27:27.074257  1316 instance_detector.cc:116] could not retrieve AWS instance metadata: Network error: curl error: HTTP response code said error: The requested URL returned error: 404
W20260710 13:27:27.075451  1317 instance_detector.cc:116] could not retrieve Azure instance metadata: Network error: curl error: HTTP response code said error: The requested URL returned error: 404
W20260710 13:27:27.083406  1320 instance_detector.cc:116] could not retrieve OpenStack instance metadata: Network error: curl error: HTTP response code said error: The requested URL returned error: 404
I20260710 13:27:27.084353 32572 server_base.cc:1061] running on GCE node
I20260710 13:27:27.084961  1313 heartbeater.cc:344] Connected to a master server at 127.31.207.62:41837
I20260710 13:27:27.085350 32572 hybrid_clock.cc:584] initializing the hybrid clock with 'system_unsync' time source
I20260710 13:27:27.085357  1313 heartbeater.cc:461] Registering TS with master...
W20260710 13:27:27.085708 32572 system_unsync_time.cc:38] NTP support is disabled. Clock error bounds will not be accurate. This configuration is not suitable for distributed clusters.
I20260710 13:27:27.085942 32572 hybrid_clock.cc:648] HybridClock initialized: now 1783690047085920 us; error 0 us; skew 500 ppm
I20260710 13:27:27.086396  1313 heartbeater.cc:507] Master 127.31.207.62:41837 requested a full tablet report, sending...
I20260710 13:27:27.086509 32572 server_base.cc:861] Flag tcmalloc_max_total_thread_cache_bytes is not working since tcmalloc is not enabled.
I20260710 13:27:27.089181  1111 ts_manager.cc:194] Registered new tserver with Master: 0552a69281994331a621b70944a1c882 (127.31.207.2:44521)
I20260710 13:27:27.089668 32572 webserver.cc:533] Webserver started at http://127.31.207.3:42251/ using document root <none> and password file <none>
I20260710 13:27:27.090298 32572 fs_manager.cc:362] Metadata directory not provided
I20260710 13:27:27.090534 32572 fs_manager.cc:368] Using write-ahead log directory (fs_wal_dir) as metadata directory
I20260710 13:27:27.090842 32572 server_base.cc:909] This appears to be a new deployment of Kudu; creating new FS layout
I20260710 13:27:27.091077  1111 master_service.cc:502] Signed X509 certificate for tserver {username='slave'} at 127.0.0.1:56184
I20260710 13:27:27.092438 32572 fs_manager.cc:1068] Generated new instance metadata in path /tmp/dist-test-task_s2Ghi/test-tmp/auto_leader_rebalancer-test.0.LeaderRebalancerTest.AddTserver.1783690023202361-32572-0/minicluster-data/ts-2-root/instance:
uuid: "6d25a4ac94d24639894ae278dbb23878"
format_stamp: "Formatted at 2026-07-10 13:27:27 on dist-test-slave-k8vc"
I20260710 13:27:27.099011 32572 fs_manager.cc:696] Time spent creating directory manager: real 0.005s	user 0.006s	sys 0.000s
I20260710 13:27:27.102864  1324 log_block_manager.cc:4127] Time spent loading block containers with low live blocks: real 0.000s	user 0.000s	sys 0.000s
I20260710 13:27:27.103840 32572 fs_manager.cc:730] Time spent opening block manager: real 0.003s	user 0.002s	sys 0.000s
I20260710 13:27:27.104306 32572 fs_manager.cc:647] Opened local filesystem: /tmp/dist-test-task_s2Ghi/test-tmp/auto_leader_rebalancer-test.0.LeaderRebalancerTest.AddTserver.1783690023202361-32572-0/minicluster-data/ts-2-root
uuid: "6d25a4ac94d24639894ae278dbb23878"
format_stamp: "Formatted at 2026-07-10 13:27:27 on dist-test-slave-k8vc"
I20260710 13:27:27.104560 32572 fs_report.cc:389] FS layout report
--------------------
wal directory: /tmp/dist-test-task_s2Ghi/test-tmp/auto_leader_rebalancer-test.0.LeaderRebalancerTest.AddTserver.1783690023202361-32572-0/minicluster-data/ts-2-root
metadata directory: /tmp/dist-test-task_s2Ghi/test-tmp/auto_leader_rebalancer-test.0.LeaderRebalancerTest.AddTserver.1783690023202361-32572-0/minicluster-data/ts-2-root
1 data directories: /tmp/dist-test-task_s2Ghi/test-tmp/auto_leader_rebalancer-test.0.LeaderRebalancerTest.AddTserver.1783690023202361-32572-0/minicluster-data/ts-2-root/data
Total live blocks: 0
Total live bytes: 0
Total live bytes (after alignment): 0
Total number of LBM containers: 0 (0 full)
Did not check for missing blocks
Did not check for orphaned blocks
Total full LBM containers with extra space: 0 (0 repaired)
Total full LBM container extra space in bytes: 0 (0 repaired)
Total incomplete LBM containers: 0 (0 repaired)
Total LBM partial records: 0 (0 repaired)
Total corrupted LBM metadata records in RocksDB: 0 (0 repaired)
I20260710 13:27:27.153038 32572 rpc_server.cc:225] running with OpenSSL 1.1.1  11 Sep 2018
I20260710 13:27:27.154186 32572 kserver.cc:163] Server-wide thread pool size limit: 3276
I20260710 13:27:27.155670 32572 txn_system_client.cc:432] TxnSystemClient initialization is disabled...
I20260710 13:27:27.157877 32572 ts_tablet_manager.cc:585] Loaded tablet metadata (0 total tablets, 0 live tablets)
I20260710 13:27:27.158059 32572 ts_tablet_manager.cc:531] Time spent load tablet metadata: real 0.000s	user 0.000s	sys 0.000s
I20260710 13:27:27.158366 32572 ts_tablet_manager.cc:616] Registered 0 tablets
I20260710 13:27:27.158505 32572 ts_tablet_manager.cc:595] Time spent register tablets: real 0.000s	user 0.000s	sys 0.000s
I20260710 13:27:27.204020 32572 rpc_server.cc:307] RPC server started. Bound to: 127.31.207.3:36135
I20260710 13:27:27.204085  1386 acceptor_pool.cc:272] collecting diagnostics on the listening RPC socket 127.31.207.3:36135 every 8 connection(s)
I20260710 13:27:27.218657  1387 heartbeater.cc:344] Connected to a master server at 127.31.207.62:41837
I20260710 13:27:27.219028  1387 heartbeater.cc:461] Registering TS with master...
I20260710 13:27:27.219740  1387 heartbeater.cc:507] Master 127.31.207.62:41837 requested a full tablet report, sending...
I20260710 13:27:27.221661  1111 ts_manager.cc:194] Registered new tserver with Master: 6d25a4ac94d24639894ae278dbb23878 (127.31.207.3:36135)
I20260710 13:27:27.222162 32572 internal_mini_cluster.cc:371] 3 TS(s) registered with all masters after 0.014536041s
I20260710 13:27:27.223033  1111 master_service.cc:502] Signed X509 certificate for tserver {username='slave'} at 127.0.0.1:56188
I20260710 13:27:27.249140  1111 catalog_manager.cc:2283] Servicing CreateTable request from {username='slave'} at 127.0.0.1:56202:
name: "test-workload"
schema {
  columns {
    name: "key"
    type: INT32
    is_key: true
    is_nullable: false
    encoding: AUTO_ENCODING
    compression: DEFAULT_COMPRESSION
    cfile_block_size: 0
    immutable: false
  }
  columns {
    name: "int_val"
    type: INT32
    is_key: false
    is_nullable: false
    encoding: AUTO_ENCODING
    compression: DEFAULT_COMPRESSION
    cfile_block_size: 0
    immutable: false
  }
  columns {
    name: "string_val"
    type: STRING
    is_key: false
    is_nullable: true
    encoding: AUTO_ENCODING
    compression: DEFAULT_COMPRESSION
    cfile_block_size: 0
    immutable: false
  }
}
num_replicas: 3
split_rows_range_bounds {
  rows: "\004\001\000UUU\005\004\001\000\252\252\252\n\004\001\000\377\377\377\017\004\001\000TUU\025\004\001\000\251\252\252\032\004\001\000\376\377\377\037\004\001\000SUU%\004\001\000\250\252\252*\004\001\000\375\377\377/\004\001\000RUU5\004\001\000\247\252\252:\004\001\000\374\377\377?\004\001\000QUUE\004\001\000\246\252\252J\004\001\000\373\377\377O\004\001\000PUUU\004\001\000\245\252\252Z\004\001\000\372\377\377_\004\001\000OUUe\004\001\000\244\252\252j\004\001\000\371\377\377o\004\001\000NUUu\004\001\000\243\252\252z""\004\001\000UUU\005\004\001\000\252\252\252\n\004\001\000\377\377\377\017\004\001\000TUU\025\004\001\000\251\252\252\032\004\001\000\376\377\377\037\004\001\000SUU%\004\001\000\250\252\252*\004\001\000\375\377\377/\004\001\000RUU5\004\001\000\247\252\252:\004\001\000\374\377\377?\004\001\000QUUE\004\001\000\246\252\252J\004\001\000\373\377\377O\004\001\000PUUU\004\001\000\245\252\252Z\004\001\000\372\377\377_\004\001\000OUUe\004\001\000\244\252\252j\004\001\000\371\377\377o\004\001\000NUUu\004\001\000\243\252\252z"
  indirect_data: """"
}
partition_schema {
  range_schema {
    columns {
      name: "key"
    }
  }
}
W20260710 13:27:27.253297  1111 catalog_manager.cc:7077] The number of live tablet servers is not enough to re-replicate a tablet replica of the newly created table test-workload in case of a server failure: 4 tablet servers would be needed, 3 are available. Consider bringing up more tablet servers.
I20260710 13:27:27.376852  1278 tablet_service.cc:1511] Processing CreateTablet for tablet f7e1ec708be24029a3d59a5a848c0d09 (DEFAULT_TABLE table=test-workload [id=a952175066de41a1b026ed4a9bb14037]), partition=RANGE (key) PARTITION VALUES < 89478485
I20260710 13:27:27.377261  1276 tablet_service.cc:1511] Processing CreateTablet for tablet 24b1c4bd2b64464b91fda6db9e5e4ccb (DEFAULT_TABLE table=test-workload [id=a952175066de41a1b026ed4a9bb14037]), partition=RANGE (key) PARTITION 178956970 <= VALUES < 268435455
I20260710 13:27:27.378322  1278 data_dirs.cc:400] Could only allocate 1 dirs of requested 3 for tablet f7e1ec708be24029a3d59a5a848c0d09. 1 dirs total, 0 dirs full, 0 dirs failed
I20260710 13:27:27.378271  1275 tablet_service.cc:1511] Processing CreateTablet for tablet 1e445d8e661044ea9a5f330b269a8fda (DEFAULT_TABLE table=test-workload [id=a952175066de41a1b026ed4a9bb14037]), partition=RANGE (key) PARTITION 268435455 <= VALUES < 357913940
I20260710 13:27:27.379129  1276 data_dirs.cc:400] Could only allocate 1 dirs of requested 3 for tablet 24b1c4bd2b64464b91fda6db9e5e4ccb. 1 dirs total, 0 dirs full, 0 dirs failed
I20260710 13:27:27.379716  1275 data_dirs.cc:400] Could only allocate 1 dirs of requested 3 for tablet 1e445d8e661044ea9a5f330b269a8fda. 1 dirs total, 0 dirs full, 0 dirs failed
I20260710 13:27:27.380383  1277 tablet_service.cc:1511] Processing CreateTablet for tablet b7adc419734649a09ac29e19d3d7c7c0 (DEFAULT_TABLE table=test-workload [id=a952175066de41a1b026ed4a9bb14037]), partition=RANGE (key) PARTITION 89478485 <= VALUES < 178956970
I20260710 13:27:27.381620  1277 data_dirs.cc:400] Could only allocate 1 dirs of requested 3 for tablet b7adc419734649a09ac29e19d3d7c7c0. 1 dirs total, 0 dirs full, 0 dirs failed
I20260710 13:27:27.383213  1274 tablet_service.cc:1511] Processing CreateTablet for tablet 01244fd298764020aca25cba03c00dd1 (DEFAULT_TABLE table=test-workload [id=a952175066de41a1b026ed4a9bb14037]), partition=RANGE (key) PARTITION 357913940 <= VALUES < 447392425
I20260710 13:27:27.384537  1274 data_dirs.cc:400] Could only allocate 1 dirs of requested 3 for tablet 01244fd298764020aca25cba03c00dd1. 1 dirs total, 0 dirs full, 0 dirs failed
I20260710 13:27:27.386612  1352 tablet_service.cc:1511] Processing CreateTablet for tablet f7e1ec708be24029a3d59a5a848c0d09 (DEFAULT_TABLE table=test-workload [id=a952175066de41a1b026ed4a9bb14037]), partition=RANGE (key) PARTITION VALUES < 89478485
I20260710 13:27:27.387944  1273 tablet_service.cc:1511] Processing CreateTablet for tablet d366fc78ee4a47da9b31db30ae542a60 (DEFAULT_TABLE table=test-workload [id=a952175066de41a1b026ed4a9bb14037]), partition=RANGE (key) PARTITION 447392425 <= VALUES < 536870910
I20260710 13:27:27.389283  1273 data_dirs.cc:400] Could only allocate 1 dirs of requested 3 for tablet d366fc78ee4a47da9b31db30ae542a60. 1 dirs total, 0 dirs full, 0 dirs failed
I20260710 13:27:27.389102  1351 tablet_service.cc:1511] Processing CreateTablet for tablet b7adc419734649a09ac29e19d3d7c7c0 (DEFAULT_TABLE table=test-workload [id=a952175066de41a1b026ed4a9bb14037]), partition=RANGE (key) PARTITION 89478485 <= VALUES < 178956970
I20260710 13:27:27.391376  1350 tablet_service.cc:1511] Processing CreateTablet for tablet 24b1c4bd2b64464b91fda6db9e5e4ccb (DEFAULT_TABLE table=test-workload [id=a952175066de41a1b026ed4a9bb14037]), partition=RANGE (key) PARTITION 178956970 <= VALUES < 268435455
I20260710 13:27:27.394305  1349 tablet_service.cc:1511] Processing CreateTablet for tablet 1e445d8e661044ea9a5f330b269a8fda (DEFAULT_TABLE table=test-workload [id=a952175066de41a1b026ed4a9bb14037]), partition=RANGE (key) PARTITION 268435455 <= VALUES < 357913940
I20260710 13:27:27.397195  1348 tablet_service.cc:1511] Processing CreateTablet for tablet 01244fd298764020aca25cba03c00dd1 (DEFAULT_TABLE table=test-workload [id=a952175066de41a1b026ed4a9bb14037]), partition=RANGE (key) PARTITION 357913940 <= VALUES < 447392425
I20260710 13:27:27.398639  1272 tablet_service.cc:1511] Processing CreateTablet for tablet 4fa968bb3a3e46689a7ae66e0c32390e (DEFAULT_TABLE table=test-workload [id=a952175066de41a1b026ed4a9bb14037]), partition=RANGE (key) PARTITION 536870910 <= VALUES < 626349395
I20260710 13:27:27.400347  1272 data_dirs.cc:400] Could only allocate 1 dirs of requested 3 for tablet 4fa968bb3a3e46689a7ae66e0c32390e. 1 dirs total, 0 dirs full, 0 dirs failed
I20260710 13:27:27.401069  1347 tablet_service.cc:1511] Processing CreateTablet for tablet d366fc78ee4a47da9b31db30ae542a60 (DEFAULT_TABLE table=test-workload [id=a952175066de41a1b026ed4a9bb14037]), partition=RANGE (key) PARTITION 447392425 <= VALUES < 536870910
I20260710 13:27:27.387879  1352 data_dirs.cc:400] Could only allocate 1 dirs of requested 3 for tablet f7e1ec708be24029a3d59a5a848c0d09. 1 dirs total, 0 dirs full, 0 dirs failed
I20260710 13:27:27.408382  1351 data_dirs.cc:400] Could only allocate 1 dirs of requested 3 for tablet b7adc419734649a09ac29e19d3d7c7c0. 1 dirs total, 0 dirs full, 0 dirs failed
I20260710 13:27:27.408265  1271 tablet_service.cc:1511] Processing CreateTablet for tablet 65db62f1c10040808b9fb76104d4d35b (DEFAULT_TABLE table=test-workload [id=a952175066de41a1b026ed4a9bb14037]), partition=RANGE (key) PARTITION 626349395 <= VALUES < 715827880
I20260710 13:27:27.410233  1271 data_dirs.cc:400] Could only allocate 1 dirs of requested 3 for tablet 65db62f1c10040808b9fb76104d4d35b. 1 dirs total, 0 dirs full, 0 dirs failed
I20260710 13:27:27.412355  1350 data_dirs.cc:400] Could only allocate 1 dirs of requested 3 for tablet 24b1c4bd2b64464b91fda6db9e5e4ccb. 1 dirs total, 0 dirs full, 0 dirs failed
I20260710 13:27:27.414189  1270 tablet_service.cc:1511] Processing CreateTablet for tablet 43dd1713a33a44e28c7a40f170009967 (DEFAULT_TABLE table=test-workload [id=a952175066de41a1b026ed4a9bb14037]), partition=RANGE (key) PARTITION 715827880 <= VALUES < 805306365
I20260710 13:27:27.417708  1346 tablet_service.cc:1511] Processing CreateTablet for tablet 4fa968bb3a3e46689a7ae66e0c32390e (DEFAULT_TABLE table=test-workload [id=a952175066de41a1b026ed4a9bb14037]), partition=RANGE (key) PARTITION 536870910 <= VALUES < 626349395
I20260710 13:27:27.419059  1346 data_dirs.cc:400] Could only allocate 1 dirs of requested 3 for tablet 4fa968bb3a3e46689a7ae66e0c32390e. 1 dirs total, 0 dirs full, 0 dirs failed
I20260710 13:27:27.419210  1269 tablet_service.cc:1511] Processing CreateTablet for tablet 7882edb336614eaaa810c271c056fd94 (DEFAULT_TABLE table=test-workload [id=a952175066de41a1b026ed4a9bb14037]), partition=RANGE (key) PARTITION 805306365 <= VALUES < 894784850
I20260710 13:27:27.421602  1345 tablet_service.cc:1511] Processing CreateTablet for tablet 65db62f1c10040808b9fb76104d4d35b (DEFAULT_TABLE table=test-workload [id=a952175066de41a1b026ed4a9bb14037]), partition=RANGE (key) PARTITION 626349395 <= VALUES < 715827880
I20260710 13:27:27.422277  1343 tablet_service.cc:1511] Processing CreateTablet for tablet 7882edb336614eaaa810c271c056fd94 (DEFAULT_TABLE table=test-workload [id=a952175066de41a1b026ed4a9bb14037]), partition=RANGE (key) PARTITION 805306365 <= VALUES < 894784850
I20260710 13:27:27.422717  1270 data_dirs.cc:400] Could only allocate 1 dirs of requested 3 for tablet 43dd1713a33a44e28c7a40f170009967. 1 dirs total, 0 dirs full, 0 dirs failed
I20260710 13:27:27.424283  1347 data_dirs.cc:400] Could only allocate 1 dirs of requested 3 for tablet d366fc78ee4a47da9b31db30ae542a60. 1 dirs total, 0 dirs full, 0 dirs failed
I20260710 13:27:27.424290  1344 tablet_service.cc:1511] Processing CreateTablet for tablet 43dd1713a33a44e28c7a40f170009967 (DEFAULT_TABLE table=test-workload [id=a952175066de41a1b026ed4a9bb14037]), partition=RANGE (key) PARTITION 715827880 <= VALUES < 805306365
I20260710 13:27:27.427021  1348 data_dirs.cc:400] Could only allocate 1 dirs of requested 3 for tablet 01244fd298764020aca25cba03c00dd1. 1 dirs total, 0 dirs full, 0 dirs failed
I20260710 13:27:27.428527  1349 data_dirs.cc:400] Could only allocate 1 dirs of requested 3 for tablet 1e445d8e661044ea9a5f330b269a8fda. 1 dirs total, 0 dirs full, 0 dirs failed
I20260710 13:27:27.429927  1269 data_dirs.cc:400] Could only allocate 1 dirs of requested 3 for tablet 7882edb336614eaaa810c271c056fd94. 1 dirs total, 0 dirs full, 0 dirs failed
I20260710 13:27:27.440336  1345 data_dirs.cc:400] Could only allocate 1 dirs of requested 3 for tablet 65db62f1c10040808b9fb76104d4d35b. 1 dirs total, 0 dirs full, 0 dirs failed
I20260710 13:27:27.444416  1343 data_dirs.cc:400] Could only allocate 1 dirs of requested 3 for tablet 7882edb336614eaaa810c271c056fd94. 1 dirs total, 0 dirs full, 0 dirs failed
I20260710 13:27:27.448405  1344 data_dirs.cc:400] Could only allocate 1 dirs of requested 3 for tablet 43dd1713a33a44e28c7a40f170009967. 1 dirs total, 0 dirs full, 0 dirs failed
I20260710 13:27:27.549022  1402 tablet_bootstrap.cc:492] T 1e445d8e661044ea9a5f330b269a8fda P 0552a69281994331a621b70944a1c882: Bootstrap starting.
I20260710 13:27:27.550725  1275 tablet_service.cc:1511] Processing CreateTablet for tablet f8f423bfacb14c2bab443e109a356121 (DEFAULT_TABLE table=test-workload [id=a952175066de41a1b026ed4a9bb14037]), partition=RANGE (key) PARTITION 894784850 <= VALUES < 984263335
I20260710 13:27:27.552084  1275 data_dirs.cc:400] Could only allocate 1 dirs of requested 3 for tablet f8f423bfacb14c2bab443e109a356121. 1 dirs total, 0 dirs full, 0 dirs failed
I20260710 13:27:27.563597  1402 tablet_bootstrap.cc:654] T 1e445d8e661044ea9a5f330b269a8fda P 0552a69281994331a621b70944a1c882: Neither blocks nor log segments found. Creating new log.
I20260710 13:27:27.568181  1275 tablet_service.cc:1511] Processing CreateTablet for tablet cb6061516ae6430db8a51f14b0826586 (DEFAULT_TABLE table=test-workload [id=a952175066de41a1b026ed4a9bb14037]), partition=RANGE (key) PARTITION 984263335 <= VALUES < 1073741820
I20260710 13:27:27.569476  1275 data_dirs.cc:400] Could only allocate 1 dirs of requested 3 for tablet cb6061516ae6430db8a51f14b0826586. 1 dirs total, 0 dirs full, 0 dirs failed
I20260710 13:27:27.583343  1203 tablet_service.cc:1511] Processing CreateTablet for tablet f7e1ec708be24029a3d59a5a848c0d09 (DEFAULT_TABLE table=test-workload [id=a952175066de41a1b026ed4a9bb14037]), partition=RANGE (key) PARTITION VALUES < 89478485
I20260710 13:27:27.584710  1203 data_dirs.cc:400] Could only allocate 1 dirs of requested 3 for tablet f7e1ec708be24029a3d59a5a848c0d09. 1 dirs total, 0 dirs full, 0 dirs failed
