I20260710 13:27:40.543473  1835 data_dirs.cc:400] Could only allocate 1 dirs of requested 3 for tablet 74c8ee100c9d4734a33ba0837c68fd61. 1 dirs total, 0 dirs full, 0 dirs failed
I20260710 13:27:40.545940  1833 raft_consensus.cc:359] T 5cad21e0f9a34231ac5a108c9b9c4bec P 6638b3aa3f2749d8b2ba34e5a76b5780 [term 1 LEARNER]: Replica starting. Triggering 0 pending ops. Active config: opid_index: 2 OBSOLETE_local: false peers { permanent_uuid: "bc9c8ca7167d4db9b4bd84facbac1e44" member_type: VOTER last_known_addr { host: "127.31.187.129" port: 40059 } } peers { permanent_uuid: "966968fbb95348aba4e808d07a4956ad" member_type: VOTER last_known_addr { host: "127.31.187.130" port: 43711 } attrs { replace: true } } peers { permanent_uuid: "23d555910fa24b45a329d46e8bc67310" member_type: VOTER last_known_addr { host: "127.31.187.131" port: 39599 } } peers { permanent_uuid: "6638b3aa3f2749d8b2ba34e5a76b5780" member_type: NON_VOTER last_known_addr { host: "127.31.187.132" port: 46793 } attrs { promote: true } }
I20260710 13:27:40.546862  1833 raft_consensus.cc:740] T 5cad21e0f9a34231ac5a108c9b9c4bec P 6638b3aa3f2749d8b2ba34e5a76b5780 [term 1 LEARNER]: Becoming Follower/Learner. State: Replica: 6638b3aa3f2749d8b2ba34e5a76b5780, State: Initialized, Role: LEARNER
I20260710 13:27:40.548082  1833 consensus_queue.cc:260] T 5cad21e0f9a34231ac5a108c9b9c4bec P 6638b3aa3f2749d8b2ba34e5a76b5780 [NON_LEADER]: Queue going to NON_LEADER mode. State: All replicated index: 0, Majority replicated index: 0, Committed index: 2, Last appended: 1.2, Last appended by leader: 2, Current term: 0, Majority size: -1, State: 0, Mode: NON_LEADER, active raft config: opid_index: 2 OBSOLETE_local: false peers { permanent_uuid: "bc9c8ca7167d4db9b4bd84facbac1e44" member_type: VOTER last_known_addr { host: "127.31.187.129" port: 40059 } } peers { permanent_uuid: "966968fbb95348aba4e808d07a4956ad" member_type: VOTER last_known_addr { host: "127.31.187.130" port: 43711 } attrs { replace: true } } peers { permanent_uuid: "23d555910fa24b45a329d46e8bc67310" member_type: VOTER last_known_addr { host: "127.31.187.131" port: 39599 } } peers { permanent_uuid: "6638b3aa3f2749d8b2ba34e5a76b5780" member_type: NON_VOTER last_known_addr { host: "127.31.187.132" port: 46793 } attrs { promote: true } }
I20260710 13:27:40.551532  1833 ts_tablet_manager.cc:1434] T 5cad21e0f9a34231ac5a108c9b9c4bec P 6638b3aa3f2749d8b2ba34e5a76b5780: Time spent starting tablet: real 0.008s	user 0.007s	sys 0.000s
I20260710 13:27:40.555121  1158 tablet_copy_service.cc:342] P bc9c8ca7167d4db9b4bd84facbac1e44: Request end of tablet copy session 6638b3aa3f2749d8b2ba34e5a76b5780-5cad21e0f9a34231ac5a108c9b9c4bec received from {username='slave'} at 127.0.0.1:50570
I20260710 13:27:40.555842  1158 tablet_copy_service.cc:434] P bc9c8ca7167d4db9b4bd84facbac1e44: ending tablet copy session 6638b3aa3f2749d8b2ba34e5a76b5780-5cad21e0f9a34231ac5a108c9b9c4bec on tablet 5cad21e0f9a34231ac5a108c9b9c4bec with peer 6638b3aa3f2749d8b2ba34e5a76b5780
I20260710 13:27:40.563450  1835 tablet_copy_client.cc:806] T 74c8ee100c9d4734a33ba0837c68fd61 P 6638b3aa3f2749d8b2ba34e5a76b5780: tablet copy: Starting download of 0 data blocks...
I20260710 13:27:40.564134  1835 tablet_copy_client.cc:670] T 74c8ee100c9d4734a33ba0837c68fd61 P 6638b3aa3f2749d8b2ba34e5a76b5780: tablet copy: Starting download of 1 WAL segments...
I20260710 13:27:40.568305  1835 tablet_copy_client.cc:538] T 74c8ee100c9d4734a33ba0837c68fd61 P 6638b3aa3f2749d8b2ba34e5a76b5780: tablet copy: Tablet Copy complete. Replacing tablet superblock.
I20260710 13:27:40.576006  1835 tablet_bootstrap.cc:492] T 74c8ee100c9d4734a33ba0837c68fd61 P 6638b3aa3f2749d8b2ba34e5a76b5780: Bootstrap starting.
I20260710 13:27:40.581337  1833 ts_tablet_manager.cc:933] T 3ae7b494fd234ebe862ef7c7be5bec97 P 6638b3aa3f2749d8b2ba34e5a76b5780: Initiating tablet copy from peer 23d555910fa24b45a329d46e8bc67310 (127.31.187.131:39599)
I20260710 13:27:40.592646  1833 tablet_copy_client.cc:323] T 3ae7b494fd234ebe862ef7c7be5bec97 P 6638b3aa3f2749d8b2ba34e5a76b5780: tablet copy: Beginning tablet copy session from remote peer at address 127.31.187.131:39599
I20260710 13:27:40.594290  1307 tablet_copy_service.cc:140] P 23d555910fa24b45a329d46e8bc67310: Received BeginTabletCopySession request for tablet 3ae7b494fd234ebe862ef7c7be5bec97 from peer 6638b3aa3f2749d8b2ba34e5a76b5780 ({username='slave'} at 127.0.0.1:33816)
I20260710 13:27:40.594844  1307 tablet_copy_service.cc:161] P 23d555910fa24b45a329d46e8bc67310: Beginning new tablet copy session on tablet 3ae7b494fd234ebe862ef7c7be5bec97 from peer 6638b3aa3f2749d8b2ba34e5a76b5780 at {username='slave'} at 127.0.0.1:33816: session id = 6638b3aa3f2749d8b2ba34e5a76b5780-3ae7b494fd234ebe862ef7c7be5bec97
I20260710 13:27:40.604843  1835 tablet_bootstrap.cc:492] T 74c8ee100c9d4734a33ba0837c68fd61 P 6638b3aa3f2749d8b2ba34e5a76b5780: Bootstrap replayed 1/1 log segments. Stats: ops{read=2 overwritten=0 applied=2 ignored=0} inserts{seen=0 ignored=0} mutations{seen=0 ignored=0} orphaned_commits=0. Pending: 0 replicates
I20260710 13:27:40.605906  1835 tablet_bootstrap.cc:492] T 74c8ee100c9d4734a33ba0837c68fd61 P 6638b3aa3f2749d8b2ba34e5a76b5780: Bootstrap complete.
I20260710 13:27:40.606640  1835 ts_tablet_manager.cc:1403] T 74c8ee100c9d4734a33ba0837c68fd61 P 6638b3aa3f2749d8b2ba34e5a76b5780: Time spent bootstrapping tablet: real 0.031s	user 0.023s	sys 0.009s
I20260710 13:27:40.608019  1841 ts_tablet_manager.cc:933] T bb6e0bf2db4a4748baa79f279f756a85 P 6638b3aa3f2749d8b2ba34e5a76b5780: Initiating tablet copy from peer 966968fbb95348aba4e808d07a4956ad (127.31.187.130:43711)
I20260710 13:27:40.609728  1307 tablet_copy_source_session.cc:215] T 3ae7b494fd234ebe862ef7c7be5bec97 P 23d555910fa24b45a329d46e8bc67310: Tablet Copy: opened 0 blocks and 1 log segments
I20260710 13:27:40.610215  1835 raft_consensus.cc:359] T 74c8ee100c9d4734a33ba0837c68fd61 P 6638b3aa3f2749d8b2ba34e5a76b5780 [term 1 LEARNER]: Replica starting. Triggering 0 pending ops. Active config: opid_index: 2 OBSOLETE_local: false peers { permanent_uuid: "bc9c8ca7167d4db9b4bd84facbac1e44" member_type: VOTER last_known_addr { host: "127.31.187.129" port: 40059 } attrs { replace: true } } peers { permanent_uuid: "966968fbb95348aba4e808d07a4956ad" member_type: VOTER last_known_addr { host: "127.31.187.130" port: 43711 } } peers { permanent_uuid: "23d555910fa24b45a329d46e8bc67310" member_type: VOTER last_known_addr { host: "127.31.187.131" port: 39599 } } peers { permanent_uuid: "6638b3aa3f2749d8b2ba34e5a76b5780" member_type: NON_VOTER last_known_addr { host: "127.31.187.132" port: 46793 } attrs { promote: true } }
I20260710 13:27:40.611478  1835 raft_consensus.cc:740] T 74c8ee100c9d4734a33ba0837c68fd61 P 6638b3aa3f2749d8b2ba34e5a76b5780 [term 1 LEARNER]: Becoming Follower/Learner. State: Replica: 6638b3aa3f2749d8b2ba34e5a76b5780, State: Initialized, Role: LEARNER
I20260710 13:27:40.613227  1833 data_dirs.cc:400] Could only allocate 1 dirs of requested 3 for tablet 3ae7b494fd234ebe862ef7c7be5bec97. 1 dirs total, 0 dirs full, 0 dirs failed
I20260710 13:27:40.612442  1835 consensus_queue.cc:260] T 74c8ee100c9d4734a33ba0837c68fd61 P 6638b3aa3f2749d8b2ba34e5a76b5780 [NON_LEADER]: Queue going to NON_LEADER mode. State: All replicated index: 0, Majority replicated index: 0, Committed index: 2, Last appended: 1.2, Last appended by leader: 2, Current term: 0, Majority size: -1, State: 0, Mode: NON_LEADER, active raft config: opid_index: 2 OBSOLETE_local: false peers { permanent_uuid: "bc9c8ca7167d4db9b4bd84facbac1e44" member_type: VOTER last_known_addr { host: "127.31.187.129" port: 40059 } attrs { replace: true } } peers { permanent_uuid: "966968fbb95348aba4e808d07a4956ad" member_type: VOTER last_known_addr { host: "127.31.187.130" port: 43711 } } peers { permanent_uuid: "23d555910fa24b45a329d46e8bc67310" member_type: VOTER last_known_addr { host: "127.31.187.131" port: 39599 } } peers { permanent_uuid: "6638b3aa3f2749d8b2ba34e5a76b5780" member_type: NON_VOTER last_known_addr { host: "127.31.187.132" port: 46793 } attrs { promote: true } }
I20260710 13:27:40.616328  1835 ts_tablet_manager.cc:1434] T 74c8ee100c9d4734a33ba0837c68fd61 P 6638b3aa3f2749d8b2ba34e5a76b5780: Time spent starting tablet: real 0.009s	user 0.008s	sys 0.001s
I20260710 13:27:40.622357  1232 tablet_copy_service.cc:342] P 966968fbb95348aba4e808d07a4956ad: Request end of tablet copy session 6638b3aa3f2749d8b2ba34e5a76b5780-74c8ee100c9d4734a33ba0837c68fd61 received from {username='slave'} at 127.0.0.1:55446
I20260710 13:27:40.622818  1232 tablet_copy_service.cc:434] P 966968fbb95348aba4e808d07a4956ad: ending tablet copy session 6638b3aa3f2749d8b2ba34e5a76b5780-74c8ee100c9d4734a33ba0837c68fd61 on tablet 74c8ee100c9d4734a33ba0837c68fd61 with peer 6638b3aa3f2749d8b2ba34e5a76b5780
I20260710 13:27:40.629930  1841 tablet_copy_client.cc:323] T bb6e0bf2db4a4748baa79f279f756a85 P 6638b3aa3f2749d8b2ba34e5a76b5780: tablet copy: Beginning tablet copy session from remote peer at address 127.31.187.130:43711
I20260710 13:27:40.634104  1232 tablet_copy_service.cc:140] P 966968fbb95348aba4e808d07a4956ad: Received BeginTabletCopySession request for tablet bb6e0bf2db4a4748baa79f279f756a85 from peer 6638b3aa3f2749d8b2ba34e5a76b5780 ({username='slave'} at 127.0.0.1:55446)
I20260710 13:27:40.634637  1232 tablet_copy_service.cc:161] P 966968fbb95348aba4e808d07a4956ad: Beginning new tablet copy session on tablet bb6e0bf2db4a4748baa79f279f756a85 from peer 6638b3aa3f2749d8b2ba34e5a76b5780 at {username='slave'} at 127.0.0.1:55446: session id = 6638b3aa3f2749d8b2ba34e5a76b5780-bb6e0bf2db4a4748baa79f279f756a85
I20260710 13:27:40.639981  1833 tablet_copy_client.cc:806] T 3ae7b494fd234ebe862ef7c7be5bec97 P 6638b3aa3f2749d8b2ba34e5a76b5780: tablet copy: Starting download of 0 data blocks...
I20260710 13:27:40.640641  1833 tablet_copy_client.cc:670] T 3ae7b494fd234ebe862ef7c7be5bec97 P 6638b3aa3f2749d8b2ba34e5a76b5780: tablet copy: Starting download of 1 WAL segments...
I20260710 13:27:40.644263  1833 tablet_copy_client.cc:538] T 3ae7b494fd234ebe862ef7c7be5bec97 P 6638b3aa3f2749d8b2ba34e5a76b5780: tablet copy: Tablet Copy complete. Replacing tablet superblock.
I20260710 13:27:40.644366  1232 tablet_copy_source_session.cc:215] T bb6e0bf2db4a4748baa79f279f756a85 P 966968fbb95348aba4e808d07a4956ad: Tablet Copy: opened 0 blocks and 1 log segments
I20260710 13:27:40.647476  1841 data_dirs.cc:400] Could only allocate 1 dirs of requested 3 for tablet bb6e0bf2db4a4748baa79f279f756a85. 1 dirs total, 0 dirs full, 0 dirs failed
I20260710 13:27:40.651358  1833 tablet_bootstrap.cc:492] T 3ae7b494fd234ebe862ef7c7be5bec97 P 6638b3aa3f2749d8b2ba34e5a76b5780: Bootstrap starting.
I20260710 13:27:40.664623  1841 tablet_copy_client.cc:806] T bb6e0bf2db4a4748baa79f279f756a85 P 6638b3aa3f2749d8b2ba34e5a76b5780: tablet copy: Starting download of 0 data blocks...
I20260710 13:27:40.665577  1841 tablet_copy_client.cc:670] T bb6e0bf2db4a4748baa79f279f756a85 P 6638b3aa3f2749d8b2ba34e5a76b5780: tablet copy: Starting download of 1 WAL segments...
I20260710 13:27:40.669510  1833 tablet_bootstrap.cc:492] T 3ae7b494fd234ebe862ef7c7be5bec97 P 6638b3aa3f2749d8b2ba34e5a76b5780: Bootstrap replayed 1/1 log segments. Stats: ops{read=2 overwritten=0 applied=2 ignored=0} inserts{seen=0 ignored=0} mutations{seen=0 ignored=0} orphaned_commits=0. Pending: 0 replicates
I20260710 13:27:40.670133  1841 tablet_copy_client.cc:538] T bb6e0bf2db4a4748baa79f279f756a85 P 6638b3aa3f2749d8b2ba34e5a76b5780: tablet copy: Tablet Copy complete. Replacing tablet superblock.
I20260710 13:27:40.670428  1833 tablet_bootstrap.cc:492] T 3ae7b494fd234ebe862ef7c7be5bec97 P 6638b3aa3f2749d8b2ba34e5a76b5780: Bootstrap complete.
I20260710 13:27:40.671057  1833 ts_tablet_manager.cc:1403] T 3ae7b494fd234ebe862ef7c7be5bec97 P 6638b3aa3f2749d8b2ba34e5a76b5780: Time spent bootstrapping tablet: real 0.020s	user 0.016s	sys 0.004s
I20260710 13:27:40.673674  1833 raft_consensus.cc:359] T 3ae7b494fd234ebe862ef7c7be5bec97 P 6638b3aa3f2749d8b2ba34e5a76b5780 [term 1 LEARNER]: Replica starting. Triggering 0 pending ops. Active config: opid_index: 2 OBSOLETE_local: false peers { permanent_uuid: "bc9c8ca7167d4db9b4bd84facbac1e44" member_type: VOTER last_known_addr { host: "127.31.187.129" port: 40059 } } peers { permanent_uuid: "966968fbb95348aba4e808d07a4956ad" member_type: VOTER last_known_addr { host: "127.31.187.130" port: 43711 } attrs { replace: true } } peers { permanent_uuid: "23d555910fa24b45a329d46e8bc67310" member_type: VOTER last_known_addr { host: "127.31.187.131" port: 39599 } } peers { permanent_uuid: "6638b3aa3f2749d8b2ba34e5a76b5780" member_type: NON_VOTER last_known_addr { host: "127.31.187.132" port: 46793 } attrs { promote: true } }
I20260710 13:27:40.674319  1833 raft_consensus.cc:740] T 3ae7b494fd234ebe862ef7c7be5bec97 P 6638b3aa3f2749d8b2ba34e5a76b5780 [term 1 LEARNER]: Becoming Follower/Learner. State: Replica: 6638b3aa3f2749d8b2ba34e5a76b5780, State: Initialized, Role: LEARNER
I20260710 13:27:40.674857  1833 consensus_queue.cc:260] T 3ae7b494fd234ebe862ef7c7be5bec97 P 6638b3aa3f2749d8b2ba34e5a76b5780 [NON_LEADER]: Queue going to NON_LEADER mode. State: All replicated index: 0, Majority replicated index: 0, Committed index: 2, Last appended: 1.2, Last appended by leader: 2, Current term: 0, Majority size: -1, State: 0, Mode: NON_LEADER, active raft config: opid_index: 2 OBSOLETE_local: false peers { permanent_uuid: "bc9c8ca7167d4db9b4bd84facbac1e44" member_type: VOTER last_known_addr { host: "127.31.187.129" port: 40059 } } peers { permanent_uuid: "966968fbb95348aba4e808d07a4956ad" member_type: VOTER last_known_addr { host: "127.31.187.130" port: 43711 } attrs { replace: true } } peers { permanent_uuid: "23d555910fa24b45a329d46e8bc67310" member_type: VOTER last_known_addr { host: "127.31.187.131" port: 39599 } } peers { permanent_uuid: "6638b3aa3f2749d8b2ba34e5a76b5780" member_type: NON_VOTER last_known_addr { host: "127.31.187.132" port: 46793 } attrs { promote: true } }
I20260710 13:27:40.677065  1833 ts_tablet_manager.cc:1434] T 3ae7b494fd234ebe862ef7c7be5bec97 P 6638b3aa3f2749d8b2ba34e5a76b5780: Time spent starting tablet: real 0.006s	user 0.008s	sys 0.000s
I20260710 13:27:40.678998  1307 tablet_copy_service.cc:342] P 23d555910fa24b45a329d46e8bc67310: Request end of tablet copy session 6638b3aa3f2749d8b2ba34e5a76b5780-3ae7b494fd234ebe862ef7c7be5bec97 received from {username='slave'} at 127.0.0.1:33816
I20260710 13:27:40.679407  1307 tablet_copy_service.cc:434] P 23d555910fa24b45a329d46e8bc67310: ending tablet copy session 6638b3aa3f2749d8b2ba34e5a76b5780-3ae7b494fd234ebe862ef7c7be5bec97 on tablet 3ae7b494fd234ebe862ef7c7be5bec97 with peer 6638b3aa3f2749d8b2ba34e5a76b5780
I20260710 13:27:40.679543  1841 tablet_bootstrap.cc:492] T bb6e0bf2db4a4748baa79f279f756a85 P 6638b3aa3f2749d8b2ba34e5a76b5780: Bootstrap starting.
I20260710 13:27:40.700309  1841 tablet_bootstrap.cc:492] T bb6e0bf2db4a4748baa79f279f756a85 P 6638b3aa3f2749d8b2ba34e5a76b5780: Bootstrap replayed 1/1 log segments. Stats: ops{read=2 overwritten=0 applied=2 ignored=0} inserts{seen=0 ignored=0} mutations{seen=0 ignored=0} orphaned_commits=0. Pending: 0 replicates
I20260710 13:27:40.701216  1841 tablet_bootstrap.cc:492] T bb6e0bf2db4a4748baa79f279f756a85 P 6638b3aa3f2749d8b2ba34e5a76b5780: Bootstrap complete.
I20260710 13:27:40.701886  1841 ts_tablet_manager.cc:1403] T bb6e0bf2db4a4748baa79f279f756a85 P 6638b3aa3f2749d8b2ba34e5a76b5780: Time spent bootstrapping tablet: real 0.023s	user 0.020s	sys 0.004s
I20260710 13:27:40.704486  1841 raft_consensus.cc:359] T bb6e0bf2db4a4748baa79f279f756a85 P 6638b3aa3f2749d8b2ba34e5a76b5780 [term 1 LEARNER]: Replica starting. Triggering 0 pending ops. Active config: opid_index: 2 OBSOLETE_local: false peers { permanent_uuid: "bc9c8ca7167d4db9b4bd84facbac1e44" member_type: VOTER last_known_addr { host: "127.31.187.129" port: 40059 } } peers { permanent_uuid: "966968fbb95348aba4e808d07a4956ad" member_type: VOTER last_known_addr { host: "127.31.187.130" port: 43711 } } peers { permanent_uuid: "23d555910fa24b45a329d46e8bc67310" member_type: VOTER last_known_addr { host: "127.31.187.131" port: 39599 } attrs { replace: true } } peers { permanent_uuid: "6638b3aa3f2749d8b2ba34e5a76b5780" member_type: NON_VOTER last_known_addr { host: "127.31.187.132" port: 46793 } attrs { promote: true } }
I20260710 13:27:40.705188  1841 raft_consensus.cc:740] T bb6e0bf2db4a4748baa79f279f756a85 P 6638b3aa3f2749d8b2ba34e5a76b5780 [term 1 LEARNER]: Becoming Follower/Learner. State: Replica: 6638b3aa3f2749d8b2ba34e5a76b5780, State: Initialized, Role: LEARNER
I20260710 13:27:40.705849  1841 consensus_queue.cc:260] T bb6e0bf2db4a4748baa79f279f756a85 P 6638b3aa3f2749d8b2ba34e5a76b5780 [NON_LEADER]: Queue going to NON_LEADER mode. State: All replicated index: 0, Majority replicated index: 0, Committed index: 2, Last appended: 1.2, Last appended by leader: 2, Current term: 0, Majority size: -1, State: 0, Mode: NON_LEADER, active raft config: opid_index: 2 OBSOLETE_local: false peers { permanent_uuid: "bc9c8ca7167d4db9b4bd84facbac1e44" member_type: VOTER last_known_addr { host: "127.31.187.129" port: 40059 } } peers { permanent_uuid: "966968fbb95348aba4e808d07a4956ad" member_type: VOTER last_known_addr { host: "127.31.187.130" port: 43711 } } peers { permanent_uuid: "23d555910fa24b45a329d46e8bc67310" member_type: VOTER last_known_addr { host: "127.31.187.131" port: 39599 } attrs { replace: true } } peers { permanent_uuid: "6638b3aa3f2749d8b2ba34e5a76b5780" member_type: NON_VOTER last_known_addr { host: "127.31.187.132" port: 46793 } attrs { promote: true } }
I20260710 13:27:40.708118  1841 ts_tablet_manager.cc:1434] T bb6e0bf2db4a4748baa79f279f756a85 P 6638b3aa3f2749d8b2ba34e5a76b5780: Time spent starting tablet: real 0.006s	user 0.006s	sys 0.000s
I20260710 13:27:40.710007  1232 tablet_copy_service.cc:342] P 966968fbb95348aba4e808d07a4956ad: Request end of tablet copy session 6638b3aa3f2749d8b2ba34e5a76b5780-bb6e0bf2db4a4748baa79f279f756a85 received from {username='slave'} at 127.0.0.1:55446
I20260710 13:27:40.710438  1232 tablet_copy_service.cc:434] P 966968fbb95348aba4e808d07a4956ad: ending tablet copy session 6638b3aa3f2749d8b2ba34e5a76b5780-bb6e0bf2db4a4748baa79f279f756a85 on tablet bb6e0bf2db4a4748baa79f279f756a85 with peer 6638b3aa3f2749d8b2ba34e5a76b5780
I20260710 13:27:40.946339  1559 raft_consensus.cc:1217] T 74c8ee100c9d4734a33ba0837c68fd61 P 6638b3aa3f2749d8b2ba34e5a76b5780 [term 1 LEARNER]: Deduplicated request from leader. Original: 1.1->[1.2-1.2]   Dedup: 1.2->[]
I20260710 13:27:40.981151  1559 raft_consensus.cc:1217] T 5cad21e0f9a34231ac5a108c9b9c4bec P 6638b3aa3f2749d8b2ba34e5a76b5780 [term 1 LEARNER]: Deduplicated request from leader. Original: 1.1->[1.2-1.2]   Dedup: 1.2->[]
I20260710 13:27:41.115350  1559 raft_consensus.cc:1217] T 3ae7b494fd234ebe862ef7c7be5bec97 P 6638b3aa3f2749d8b2ba34e5a76b5780 [term 1 LEARNER]: Deduplicated request from leader. Original: 1.1->[1.2-1.2]   Dedup: 1.2->[]
I20260710 13:27:41.126557  1559 raft_consensus.cc:1217] T bb6e0bf2db4a4748baa79f279f756a85 P 6638b3aa3f2749d8b2ba34e5a76b5780 [term 1 LEARNER]: Deduplicated request from leader. Original: 1.1->[1.2-1.2]   Dedup: 1.2->[]
I20260710 13:27:41.472194  1827 raft_consensus.cc:1064] T 5cad21e0f9a34231ac5a108c9b9c4bec P bc9c8ca7167d4db9b4bd84facbac1e44: attempting to promote NON_VOTER 6638b3aa3f2749d8b2ba34e5a76b5780 to VOTER
I20260710 13:27:41.474251  1827 consensus_queue.cc:237] T 5cad21e0f9a34231ac5a108c9b9c4bec P bc9c8ca7167d4db9b4bd84facbac1e44 [LEADER]: Queue going to LEADER mode. State: All replicated index: 0, Majority replicated index: 2, Committed index: 2, Last appended: 1.2, Last appended by leader: 0, Current term: 1, Majority size: 3, State: 0, Mode: LEADER, active raft config: opid_index: 3 OBSOLETE_local: false peers { permanent_uuid: "bc9c8ca7167d4db9b4bd84facbac1e44" member_type: VOTER last_known_addr { host: "127.31.187.129" port: 40059 } } peers { permanent_uuid: "966968fbb95348aba4e808d07a4956ad" member_type: VOTER last_known_addr { host: "127.31.187.130" port: 43711 } attrs { replace: true } } peers { permanent_uuid: "23d555910fa24b45a329d46e8bc67310" member_type: VOTER last_known_addr { host: "127.31.187.131" port: 39599 } } peers { permanent_uuid: "6638b3aa3f2749d8b2ba34e5a76b5780" member_type: VOTER last_known_addr { host: "127.31.187.132" port: 46793 } attrs { promote: false } }
I20260710 13:27:41.482601  1297 raft_consensus.cc:1275] T 5cad21e0f9a34231ac5a108c9b9c4bec P 23d555910fa24b45a329d46e8bc67310 [term 1 FOLLOWER]: Refusing update from remote peer bc9c8ca7167d4db9b4bd84facbac1e44: Log matching property violated. Preceding OpId in replica: term: 1 index: 2. Preceding OpId from leader: term: 1 index: 3. (index mismatch)
I20260710 13:27:41.483937  1559 raft_consensus.cc:1275] T 5cad21e0f9a34231ac5a108c9b9c4bec P 6638b3aa3f2749d8b2ba34e5a76b5780 [term 1 LEARNER]: Refusing update from remote peer bc9c8ca7167d4db9b4bd84facbac1e44: Log matching property violated. Preceding OpId in replica: term: 1 index: 2. Preceding OpId from leader: term: 1 index: 3. (index mismatch)
I20260710 13:27:41.484145  1826 consensus_queue.cc:1048] T 5cad21e0f9a34231ac5a108c9b9c4bec P bc9c8ca7167d4db9b4bd84facbac1e44 [LEADER]: Connected to new peer: Peer: permanent_uuid: "23d555910fa24b45a329d46e8bc67310" member_type: VOTER last_known_addr { host: "127.31.187.131" port: 39599 }, Status: LMP_MISMATCH, Last received: 0.0, Next index: 3, Last known committed idx: 2, Time since last communication: 0.000s
I20260710 13:27:41.484572  1223 raft_consensus.cc:1275] T 5cad21e0f9a34231ac5a108c9b9c4bec P 966968fbb95348aba4e808d07a4956ad [term 1 FOLLOWER]: Refusing update from remote peer bc9c8ca7167d4db9b4bd84facbac1e44: Log matching property violated. Preceding OpId in replica: term: 1 index: 2. Preceding OpId from leader: term: 1 index: 3. (index mismatch)
I20260710 13:27:41.485709  1846 consensus_queue.cc:1048] T 5cad21e0f9a34231ac5a108c9b9c4bec P bc9c8ca7167d4db9b4bd84facbac1e44 [LEADER]: Connected to new peer: Peer: permanent_uuid: "6638b3aa3f2749d8b2ba34e5a76b5780" member_type: VOTER last_known_addr { host: "127.31.187.132" port: 46793 } attrs { promote: false }, Status: LMP_MISMATCH, Last received: 0.0, Next index: 3, Last known committed idx: 2, Time since last communication: 0.000s
I20260710 13:27:41.487983  1826 consensus_queue.cc:1048] T 5cad21e0f9a34231ac5a108c9b9c4bec P bc9c8ca7167d4db9b4bd84facbac1e44 [LEADER]: Connected to new peer: Peer: permanent_uuid: "966968fbb95348aba4e808d07a4956ad" member_type: VOTER last_known_addr { host: "127.31.187.130" port: 43711 } attrs { replace: true }, Status: LMP_MISMATCH, Last received: 0.0, Next index: 3, Last known committed idx: 2, Time since last communication: 0.001s
I20260710 13:27:41.497942  1826 raft_consensus.cc:2955] T 5cad21e0f9a34231ac5a108c9b9c4bec P bc9c8ca7167d4db9b4bd84facbac1e44 [term 1 LEADER]: Committing config change with OpId 1.3: config changed from index 2 to 3, 6638b3aa3f2749d8b2ba34e5a76b5780 (127.31.187.132) changed from NON_VOTER to VOTER. New config: { opid_index: 3 OBSOLETE_local: false peers { permanent_uuid: "bc9c8ca7167d4db9b4bd84facbac1e44" member_type: VOTER last_known_addr { host: "127.31.187.129" port: 40059 } } peers { permanent_uuid: "966968fbb95348aba4e808d07a4956ad" member_type: VOTER last_known_addr { host: "127.31.187.130" port: 43711 } attrs { replace: true } } peers { permanent_uuid: "23d555910fa24b45a329d46e8bc67310" member_type: VOTER last_known_addr { host: "127.31.187.131" port: 39599 } } peers { permanent_uuid: "6638b3aa3f2749d8b2ba34e5a76b5780" member_type: VOTER last_known_addr { host: "127.31.187.132" port: 46793 } attrs { promote: false } } }
I20260710 13:27:41.500110  1297 raft_consensus.cc:2955] T 5cad21e0f9a34231ac5a108c9b9c4bec P 23d555910fa24b45a329d46e8bc67310 [term 1 FOLLOWER]: Committing config change with OpId 1.3: config changed from index 2 to 3, 6638b3aa3f2749d8b2ba34e5a76b5780 (127.31.187.132) changed from NON_VOTER to VOTER. New config: { opid_index: 3 OBSOLETE_local: false peers { permanent_uuid: "bc9c8ca7167d4db9b4bd84facbac1e44" member_type: VOTER last_known_addr { host: "127.31.187.129" port: 40059 } } peers { permanent_uuid: "966968fbb95348aba4e808d07a4956ad" member_type: VOTER last_known_addr { host: "127.31.187.130" port: 43711 } attrs { replace: true } } peers { permanent_uuid: "23d555910fa24b45a329d46e8bc67310" member_type: VOTER last_known_addr { host: "127.31.187.131" port: 39599 } } peers { permanent_uuid: "6638b3aa3f2749d8b2ba34e5a76b5780" member_type: VOTER last_known_addr { host: "127.31.187.132" port: 46793 } attrs { promote: false } } }
I20260710 13:27:41.501461  1223 raft_consensus.cc:2955] T 5cad21e0f9a34231ac5a108c9b9c4bec P 966968fbb95348aba4e808d07a4956ad [term 1 FOLLOWER]: Committing config change with OpId 1.3: config changed from index 2 to 3, 6638b3aa3f2749d8b2ba34e5a76b5780 (127.31.187.132) changed from NON_VOTER to VOTER. New config: { opid_index: 3 OBSOLETE_local: false peers { permanent_uuid: "bc9c8ca7167d4db9b4bd84facbac1e44" member_type: VOTER last_known_addr { host: "127.31.187.129" port: 40059 } } peers { permanent_uuid: "966968fbb95348aba4e808d07a4956ad" member_type: VOTER last_known_addr { host: "127.31.187.130" port: 43711 } attrs { replace: true } } peers { permanent_uuid: "23d555910fa24b45a329d46e8bc67310" member_type: VOTER last_known_addr { host: "127.31.187.131" port: 39599 } } peers { permanent_uuid: "6638b3aa3f2749d8b2ba34e5a76b5780" member_type: VOTER last_known_addr { host: "127.31.187.132" port: 46793 } attrs { promote: false } } }
I20260710 13:27:41.512385  1559 raft_consensus.cc:2955] T 5cad21e0f9a34231ac5a108c9b9c4bec P 6638b3aa3f2749d8b2ba34e5a76b5780 [term 1 FOLLOWER]: Committing config change with OpId 1.3: config changed from index 2 to 3, 6638b3aa3f2749d8b2ba34e5a76b5780 (127.31.187.132) changed from NON_VOTER to VOTER. New config: { opid_index: 3 OBSOLETE_local: false peers { permanent_uuid: "bc9c8ca7167d4db9b4bd84facbac1e44" member_type: VOTER last_known_addr { host: "127.31.187.129" port: 40059 } } peers { permanent_uuid: "966968fbb95348aba4e808d07a4956ad" member_type: VOTER last_known_addr { host: "127.31.187.130" port: 43711 } attrs { replace: true } } peers { permanent_uuid: "23d555910fa24b45a329d46e8bc67310" member_type: VOTER last_known_addr { host: "127.31.187.131" port: 39599 } } peers { permanent_uuid: "6638b3aa3f2749d8b2ba34e5a76b5780" member_type: VOTER last_known_addr { host: "127.31.187.132" port: 46793 } attrs { promote: false } } }
I20260710 13:27:41.516165  1043 catalog_manager.cc:5697] T 5cad21e0f9a34231ac5a108c9b9c4bec P 23d555910fa24b45a329d46e8bc67310 reported cstate change: config changed from index 2 to 3, 6638b3aa3f2749d8b2ba34e5a76b5780 (127.31.187.132) changed from NON_VOTER to VOTER. New cstate: current_term: 1 leader_uuid: "bc9c8ca7167d4db9b4bd84facbac1e44" committed_config { opid_index: 3 OBSOLETE_local: false peers { permanent_uuid: "bc9c8ca7167d4db9b4bd84facbac1e44" member_type: VOTER last_known_addr { host: "127.31.187.129" port: 40059 } } peers { permanent_uuid: "966968fbb95348aba4e808d07a4956ad" member_type: VOTER last_known_addr { host: "127.31.187.130" port: 43711 } attrs { replace: true } } peers { permanent_uuid: "23d555910fa24b45a329d46e8bc67310" member_type: VOTER last_known_addr { host: "127.31.187.131" port: 39599 } } peers { permanent_uuid: "6638b3aa3f2749d8b2ba34e5a76b5780" member_type: VOTER last_known_addr { host: "127.31.187.132" port: 46793 } attrs { promote: false } } }
I20260710 13:27:41.540995  1146 consensus_queue.cc:237] T 5cad21e0f9a34231ac5a108c9b9c4bec P bc9c8ca7167d4db9b4bd84facbac1e44 [LEADER]: Queue going to LEADER mode. State: All replicated index: 0, Majority replicated index: 3, Committed index: 3, Last appended: 1.3, Last appended by leader: 0, Current term: 1, Majority size: 2, State: 0, Mode: LEADER, active raft config: opid_index: 4 OBSOLETE_local: false peers { permanent_uuid: "bc9c8ca7167d4db9b4bd84facbac1e44" member_type: VOTER last_known_addr { host: "127.31.187.129" port: 40059 } } peers { permanent_uuid: "23d555910fa24b45a329d46e8bc67310" member_type: VOTER last_known_addr { host: "127.31.187.131" port: 39599 } } peers { permanent_uuid: "6638b3aa3f2749d8b2ba34e5a76b5780" member_type: VOTER last_known_addr { host: "127.31.187.132" port: 46793 } attrs { promote: false } }
I20260710 13:27:41.546003  1559 raft_consensus.cc:1275] T 5cad21e0f9a34231ac5a108c9b9c4bec P 6638b3aa3f2749d8b2ba34e5a76b5780 [term 1 FOLLOWER]: Refusing update from remote peer bc9c8ca7167d4db9b4bd84facbac1e44: Log matching property violated. Preceding OpId in replica: term: 1 index: 3. Preceding OpId from leader: term: 1 index: 4. (index mismatch)
I20260710 13:27:41.547712  1826 consensus_queue.cc:1048] T 5cad21e0f9a34231ac5a108c9b9c4bec P bc9c8ca7167d4db9b4bd84facbac1e44 [LEADER]: Connected to new peer: Peer: permanent_uuid: "6638b3aa3f2749d8b2ba34e5a76b5780" member_type: VOTER last_known_addr { host: "127.31.187.132" port: 46793 } attrs { promote: false }, Status: LMP_MISMATCH, Last received: 0.0, Next index: 4, Last known committed idx: 3, Time since last communication: 0.002s
I20260710 13:27:41.550640  1808 raft_consensus.cc:1064] T 74c8ee100c9d4734a33ba0837c68fd61 P 966968fbb95348aba4e808d07a4956ad: attempting to promote NON_VOTER 6638b3aa3f2749d8b2ba34e5a76b5780 to VOTER
I20260710 13:27:41.550657  1297 raft_consensus.cc:1275] T 5cad21e0f9a34231ac5a108c9b9c4bec P 23d555910fa24b45a329d46e8bc67310 [term 1 FOLLOWER]: Refusing update from remote peer bc9c8ca7167d4db9b4bd84facbac1e44: Log matching property violated. Preceding OpId in replica: term: 1 index: 3. Preceding OpId from leader: term: 1 index: 4. (index mismatch)
I20260710 13:27:41.562935  1808 consensus_queue.cc:237] T 74c8ee100c9d4734a33ba0837c68fd61 P 966968fbb95348aba4e808d07a4956ad [LEADER]: Queue going to LEADER mode. State: All replicated index: 0, Majority replicated index: 2, Committed index: 2, Last appended: 1.2, Last appended by leader: 0, Current term: 1, Majority size: 3, State: 0, Mode: LEADER, active raft config: opid_index: 3 OBSOLETE_local: false peers { permanent_uuid: "bc9c8ca7167d4db9b4bd84facbac1e44" member_type: VOTER last_known_addr { host: "127.31.187.129" port: 40059 } attrs { replace: true } } peers { permanent_uuid: "966968fbb95348aba4e808d07a4956ad" member_type: VOTER last_known_addr { host: "127.31.187.130" port: 43711 } } peers { permanent_uuid: "23d555910fa24b45a329d46e8bc67310" member_type: VOTER last_known_addr { host: "127.31.187.131" port: 39599 } } peers { permanent_uuid: "6638b3aa3f2749d8b2ba34e5a76b5780" member_type: VOTER last_known_addr { host: "127.31.187.132" port: 46793 } attrs { promote: false } }
I20260710 13:27:41.564308  1849 raft_consensus.cc:2955] T 5cad21e0f9a34231ac5a108c9b9c4bec P bc9c8ca7167d4db9b4bd84facbac1e44 [term 1 LEADER]: Committing config change with OpId 1.4: config changed from index 3 to 4, VOTER 966968fbb95348aba4e808d07a4956ad (127.31.187.130) evicted. New config: { opid_index: 4 OBSOLETE_local: false peers { permanent_uuid: "bc9c8ca7167d4db9b4bd84facbac1e44" member_type: VOTER last_known_addr { host: "127.31.187.129" port: 40059 } } peers { permanent_uuid: "23d555910fa24b45a329d46e8bc67310" member_type: VOTER last_known_addr { host: "127.31.187.131" port: 39599 } } peers { permanent_uuid: "6638b3aa3f2749d8b2ba34e5a76b5780" member_type: VOTER last_known_addr { host: "127.31.187.132" port: 46793 } attrs { promote: false } } }
I20260710 13:27:41.566375  1846 consensus_queue.cc:1048] T 5cad21e0f9a34231ac5a108c9b9c4bec P bc9c8ca7167d4db9b4bd84facbac1e44 [LEADER]: Connected to new peer: Peer: permanent_uuid: "23d555910fa24b45a329d46e8bc67310" member_type: VOTER last_known_addr { host: "127.31.187.131" port: 39599 }, Status: LMP_MISMATCH, Last received: 0.0, Next index: 4, Last known committed idx: 3, Time since last communication: 0.000s
I20260710 13:27:41.570701  1297 raft_consensus.cc:2955] T 5cad21e0f9a34231ac5a108c9b9c4bec P 23d555910fa24b45a329d46e8bc67310 [term 1 FOLLOWER]: Committing config change with OpId 1.4: config changed from index 3 to 4, VOTER 966968fbb95348aba4e808d07a4956ad (127.31.187.130) evicted. New config: { opid_index: 4 OBSOLETE_local: false peers { permanent_uuid: "bc9c8ca7167d4db9b4bd84facbac1e44" member_type: VOTER last_known_addr { host: "127.31.187.129" port: 40059 } } peers { permanent_uuid: "23d555910fa24b45a329d46e8bc67310" member_type: VOTER last_known_addr { host: "127.31.187.131" port: 39599 } } peers { permanent_uuid: "6638b3aa3f2749d8b2ba34e5a76b5780" member_type: VOTER last_known_addr { host: "127.31.187.132" port: 46793 } attrs { promote: false } } }
I20260710 13:27:41.584029  1030 catalog_manager.cc:5210] ChangeConfig:REMOVE_PEER RPC for tablet 5cad21e0f9a34231ac5a108c9b9c4bec with cas_config_opid_index 3: ChangeConfig:REMOVE_PEER succeeded (attempt 1)
I20260710 13:27:41.584331  1556 raft_consensus.cc:2955] T 5cad21e0f9a34231ac5a108c9b9c4bec P 6638b3aa3f2749d8b2ba34e5a76b5780 [term 1 FOLLOWER]: Committing config change with OpId 1.4: config changed from index 3 to 4, VOTER 966968fbb95348aba4e808d07a4956ad (127.31.187.130) evicted. New config: { opid_index: 4 OBSOLETE_local: false peers { permanent_uuid: "bc9c8ca7167d4db9b4bd84facbac1e44" member_type: VOTER last_known_addr { host: "127.31.187.129" port: 40059 } } peers { permanent_uuid: "23d555910fa24b45a329d46e8bc67310" member_type: VOTER last_known_addr { host: "127.31.187.131" port: 39599 } } peers { permanent_uuid: "6638b3aa3f2749d8b2ba34e5a76b5780" member_type: VOTER last_known_addr { host: "127.31.187.132" port: 46793 } attrs { promote: false } } }
I20260710 13:27:41.591666  1046 catalog_manager.cc:5697] T 5cad21e0f9a34231ac5a108c9b9c4bec P bc9c8ca7167d4db9b4bd84facbac1e44 reported cstate change: config changed from index 3 to 4, VOTER 966968fbb95348aba4e808d07a4956ad (127.31.187.130) evicted. New cstate: current_term: 1 leader_uuid: "bc9c8ca7167d4db9b4bd84facbac1e44" committed_config { opid_index: 4 OBSOLETE_local: false peers { permanent_uuid: "bc9c8ca7167d4db9b4bd84facbac1e44" member_type: VOTER last_known_addr { host: "127.31.187.129" port: 40059 } health_report { overall_health: HEALTHY } } peers { permanent_uuid: "23d555910fa24b45a329d46e8bc67310" member_type: VOTER last_known_addr { host: "127.31.187.131" port: 39599 } health_report { overall_health: UNKNOWN } } peers { permanent_uuid: "6638b3aa3f2749d8b2ba34e5a76b5780" member_type: VOTER last_known_addr { host: "127.31.187.132" port: 46793 } attrs { promote: false } health_report { overall_health: HEALTHY } } }
I20260710 13:27:41.601344  1845 raft_consensus.cc:1064] T bb6e0bf2db4a4748baa79f279f756a85 P 966968fbb95348aba4e808d07a4956ad: attempting to promote NON_VOTER 6638b3aa3f2749d8b2ba34e5a76b5780 to VOTER
I20260710 13:27:41.609117  1297 raft_consensus.cc:1275] T 74c8ee100c9d4734a33ba0837c68fd61 P 23d555910fa24b45a329d46e8bc67310 [term 1 FOLLOWER]: Refusing update from remote peer 966968fbb95348aba4e808d07a4956ad: Log matching property violated. Preceding OpId in replica: term: 1 index: 2. Preceding OpId from leader: term: 1 index: 3. (index mismatch)
I20260710 13:27:41.614312  1209 tablet_service.cc:1558] Processing DeleteTablet for tablet 5cad21e0f9a34231ac5a108c9b9c4bec with delete_type TABLET_DATA_TOMBSTONED (TS 966968fbb95348aba4e808d07a4956ad not found in new config with opid_index 4) from {username='slave'} at 127.0.0.1:55428
I20260710 13:27:41.613561  1674 consensus_queue.cc:1048] T 74c8ee100c9d4734a33ba0837c68fd61 P 966968fbb95348aba4e808d07a4956ad [LEADER]: Connected to new peer: Peer: permanent_uuid: "23d555910fa24b45a329d46e8bc67310" member_type: VOTER last_known_addr { host: "127.31.187.131" port: 39599 }, Status: LMP_MISMATCH, Last received: 0.0, Next index: 3, Last known committed idx: 2, Time since last communication: 0.005s
I20260710 13:27:41.624919  1861 tablet_replica.cc:333] T 5cad21e0f9a34231ac5a108c9b9c4bec P 966968fbb95348aba4e808d07a4956ad: stopping tablet replica
I20260710 13:27:41.629966  1861 raft_consensus.cc:2243] T 5cad21e0f9a34231ac5a108c9b9c4bec P 966968fbb95348aba4e808d07a4956ad [term 1 FOLLOWER]: Raft consensus shutting down.
W20260710 13:27:41.631942  1186 outbound_call.cc:321] RPC callback for RPC call kudu.consensus.ConsensusService.UpdateConsensus -> {remote=127.31.187.129:40059, user_credentials={real_user=slave}} blocked reactor thread for 65465.1us
W20260710 13:27:41.632642  1186 consensus_peers.cc:183] SignalRequest failed: Illegal state: peer closed
I20260710 13:27:41.635581  1861 raft_consensus.cc:2272] T 5cad21e0f9a34231ac5a108c9b9c4bec P 966968fbb95348aba4e808d07a4956ad [term 1 FOLLOWER]: Raft consensus is shut down!
I20260710 13:27:41.636492  1845 consensus_queue.cc:237] T bb6e0bf2db4a4748baa79f279f756a85 P 966968fbb95348aba4e808d07a4956ad [LEADER]: Queue going to LEADER mode. State: All replicated index: 0, Majority replicated index: 2, Committed index: 2, Last appended: 1.2, Last appended by leader: 0, Current term: 1, Majority size: 3, State: 0, Mode: LEADER, active raft config: opid_index: 3 OBSOLETE_local: false peers { permanent_uuid: "bc9c8ca7167d4db9b4bd84facbac1e44" member_type: VOTER last_known_addr { host: "127.31.187.129" port: 40059 } } peers { permanent_uuid: "966968fbb95348aba4e808d07a4956ad" member_type: VOTER last_known_addr { host: "127.31.187.130" port: 43711 } } peers { permanent_uuid: "23d555910fa24b45a329d46e8bc67310" member_type: VOTER last_known_addr { host: "127.31.187.131" port: 39599 } attrs { replace: true } } peers { permanent_uuid: "6638b3aa3f2749d8b2ba34e5a76b5780" member_type: VOTER last_known_addr { host: "127.31.187.132" port: 46793 } attrs { promote: false } }
I20260710 13:27:41.639382  1861 ts_tablet_manager.cc:1916] T 5cad21e0f9a34231ac5a108c9b9c4bec P 966968fbb95348aba4e808d07a4956ad: Deleting tablet data with delete state TABLET_DATA_TOMBSTONED
I20260710 13:27:41.653162  1556 raft_consensus.cc:1275] T 74c8ee100c9d4734a33ba0837c68fd61 P 6638b3aa3f2749d8b2ba34e5a76b5780 [term 1 LEARNER]: Refusing update from remote peer 966968fbb95348aba4e808d07a4956ad: Log matching property violated. Preceding OpId in replica: term: 1 index: 2. Preceding OpId from leader: term: 1 index: 3. (index mismatch)
I20260710 13:27:41.654841  1858 consensus_queue.cc:1048] T 74c8ee100c9d4734a33ba0837c68fd61 P 966968fbb95348aba4e808d07a4956ad [LEADER]: Connected to new peer: Peer: permanent_uuid: "6638b3aa3f2749d8b2ba34e5a76b5780" member_type: VOTER last_known_addr { host: "127.31.187.132" port: 46793 } attrs { promote: false }, Status: LMP_MISMATCH, Last received: 0.0, Next index: 3, Last known committed idx: 2, Time since last communication: 0.000s
I20260710 13:27:41.659191  1861 ts_tablet_manager.cc:1929] T 5cad21e0f9a34231ac5a108c9b9c4bec P 966968fbb95348aba4e808d07a4956ad: tablet deleted with delete type TABLET_DATA_TOMBSTONED: last-logged OpId 1.3
I20260710 13:27:41.659761  1861 log.cc:1199] T 5cad21e0f9a34231ac5a108c9b9c4bec P 966968fbb95348aba4e808d07a4956ad: Deleting WAL directory at /tmp/dist-test-taskecsEQp/test-tmp/auto_leader_rebalancer-test.0.LeaderRebalancerTest.AddTserver.1783690021726020-32494-0/minicluster-data/ts-1-root/wals/5cad21e0f9a34231ac5a108c9b9c4bec
I20260710 13:27:41.661621  1033 catalog_manager.cc:5028] TS 966968fbb95348aba4e808d07a4956ad (127.31.187.130:43711): tablet 5cad21e0f9a34231ac5a108c9b9c4bec (table test-workload [id=aa692351e5634b859dab46170bab664a]) successfully deleted
I20260710 13:27:41.664328  1556 raft_consensus.cc:1275] T bb6e0bf2db4a4748baa79f279f756a85 P 6638b3aa3f2749d8b2ba34e5a76b5780 [term 1 LEARNER]: Refusing update from remote peer 966968fbb95348aba4e808d07a4956ad: Log matching property violated. Preceding OpId in replica: term: 1 index: 2. Preceding OpId from leader: term: 1 index: 3. (index mismatch)
I20260710 13:27:41.665210  1146 raft_consensus.cc:1275] T bb6e0bf2db4a4748baa79f279f756a85 P bc9c8ca7167d4db9b4bd84facbac1e44 [term 1 FOLLOWER]: Refusing update from remote peer 966968fbb95348aba4e808d07a4956ad: Log matching property violated. Preceding OpId in replica: term: 1 index: 2. Preceding OpId from leader: term: 1 index: 3. (index mismatch)
I20260710 13:27:41.665907  1145 raft_consensus.cc:1275] T 74c8ee100c9d4734a33ba0837c68fd61 P bc9c8ca7167d4db9b4bd84facbac1e44 [term 1 FOLLOWER]: Refusing update from remote peer 966968fbb95348aba4e808d07a4956ad: Log matching property violated. Preceding OpId in replica: term: 1 index: 2. Preceding OpId from leader: term: 1 index: 3. (index mismatch)
I20260710 13:27:41.667171  1808 consensus_queue.cc:1048] T bb6e0bf2db4a4748baa79f279f756a85 P 966968fbb95348aba4e808d07a4956ad [LEADER]: Connected to new peer: Peer: permanent_uuid: "6638b3aa3f2749d8b2ba34e5a76b5780" member_type: VOTER last_known_addr { host: "127.31.187.132" port: 46793 } attrs { promote: false }, Status: LMP_MISMATCH, Last received: 0.0, Next index: 3, Last known committed idx: 2, Time since last communication: 0.000s
I20260710 13:27:41.668252  1297 raft_consensus.cc:1275] T bb6e0bf2db4a4748baa79f279f756a85 P 23d555910fa24b45a329d46e8bc67310 [term 1 FOLLOWER]: Refusing update from remote peer 966968fbb95348aba4e808d07a4956ad: Log matching property violated. Preceding OpId in replica: term: 1 index: 2. Preceding OpId from leader: term: 1 index: 3. (index mismatch)
I20260710 13:27:41.669852  1674 consensus_queue.cc:1048] T bb6e0bf2db4a4748baa79f279f756a85 P 966968fbb95348aba4e808d07a4956ad [LEADER]: Connected to new peer: Peer: permanent_uuid: "bc9c8ca7167d4db9b4bd84facbac1e44" member_type: VOTER last_known_addr { host: "127.31.187.129" port: 40059 }, Status: LMP_MISMATCH, Last received: 0.0, Next index: 3, Last known committed idx: 2, Time since last communication: 0.001s
I20260710 13:27:41.670974  1857 consensus_queue.cc:1048] T bb6e0bf2db4a4748baa79f279f756a85 P 966968fbb95348aba4e808d07a4956ad [LEADER]: Connected to new peer: Peer: permanent_uuid: "23d555910fa24b45a329d46e8bc67310" member_type: VOTER last_known_addr { host: "127.31.187.131" port: 39599 } attrs { replace: true }, Status: LMP_MISMATCH, Last received: 0.0, Next index: 3, Last known committed idx: 2, Time since last communication: 0.001s
I20260710 13:27:41.688091  1857 raft_consensus.cc:2955] T 74c8ee100c9d4734a33ba0837c68fd61 P 966968fbb95348aba4e808d07a4956ad [term 1 LEADER]: Committing config change with OpId 1.3: config changed from index 2 to 3, 6638b3aa3f2749d8b2ba34e5a76b5780 (127.31.187.132) changed from NON_VOTER to VOTER. New config: { opid_index: 3 OBSOLETE_local: false peers { permanent_uuid: "bc9c8ca7167d4db9b4bd84facbac1e44" member_type: VOTER last_known_addr { host: "127.31.187.129" port: 40059 } attrs { replace: true } } peers { permanent_uuid: "966968fbb95348aba4e808d07a4956ad" member_type: VOTER last_known_addr { host: "127.31.187.130" port: 43711 } } peers { permanent_uuid: "23d555910fa24b45a329d46e8bc67310" member_type: VOTER last_known_addr { host: "127.31.187.131" port: 39599 } } peers { permanent_uuid: "6638b3aa3f2749d8b2ba34e5a76b5780" member_type: VOTER last_known_addr { host: "127.31.187.132" port: 46793 } attrs { promote: false } } }
I20260710 13:27:41.691216  1556 raft_consensus.cc:2955] T 74c8ee100c9d4734a33ba0837c68fd61 P 6638b3aa3f2749d8b2ba34e5a76b5780 [term 1 FOLLOWER]: Committing config change with OpId 1.3: config changed from index 2 to 3, 6638b3aa3f2749d8b2ba34e5a76b5780 (127.31.187.132) changed from NON_VOTER to VOTER. New config: { opid_index: 3 OBSOLETE_local: false peers { permanent_uuid: "bc9c8ca7167d4db9b4bd84facbac1e44" member_type: VOTER last_known_addr { host: "127.31.187.129" port: 40059 } attrs { replace: true } } peers { permanent_uuid: "966968fbb95348aba4e808d07a4956ad" member_type: VOTER last_known_addr { host: "127.31.187.130" port: 43711 } } peers { permanent_uuid: "23d555910fa24b45a329d46e8bc67310" member_type: VOTER last_known_addr { host: "127.31.187.131" port: 39599 } } peers { permanent_uuid: "6638b3aa3f2749d8b2ba34e5a76b5780" member_type: VOTER last_known_addr { host: "127.31.187.132" port: 46793 } attrs { promote: false } } }
I20260710 13:27:41.705169  1858 consensus_queue.cc:1048] T 74c8ee100c9d4734a33ba0837c68fd61 P 966968fbb95348aba4e808d07a4956ad [LEADER]: Connected to new peer: Peer: permanent_uuid: "bc9c8ca7167d4db9b4bd84facbac1e44" member_type: VOTER last_known_addr { host: "127.31.187.129" port: 40059 } attrs { replace: true }, Status: LMP_MISMATCH, Last received: 0.0, Next index: 3, Last known committed idx: 2, Time since last communication: 0.001s
I20260710 13:27:41.707721  1046 catalog_manager.cc:5697] T 74c8ee100c9d4734a33ba0837c68fd61 P 966968fbb95348aba4e808d07a4956ad reported cstate change: config changed from index 2 to 3, 6638b3aa3f2749d8b2ba34e5a76b5780 (127.31.187.132) changed from NON_VOTER to VOTER. New cstate: current_term: 1 leader_uuid: "966968fbb95348aba4e808d07a4956ad" committed_config { opid_index: 3 OBSOLETE_local: false peers { permanent_uuid: "bc9c8ca7167d4db9b4bd84facbac1e44" member_type: VOTER last_known_addr { host: "127.31.187.129" port: 40059 } attrs { replace: true } health_report { overall_health: UNKNOWN } } peers { permanent_uuid: "966968fbb95348aba4e808d07a4956ad" member_type: VOTER last_known_addr { host: "127.31.187.130" port: 43711 } health_report { overall_health: HEALTHY } } peers { permanent_uuid: "23d555910fa24b45a329d46e8bc67310" member_type: VOTER last_known_addr { host: "127.31.187.131" port: 39599 } health_report { overall_health: HEALTHY } } peers { permanent_uuid: "6638b3aa3f2749d8b2ba34e5a76b5780" member_type: VOTER last_known_addr { host: "127.31.187.132" port: 46793 } attrs { promote: false } health_report { overall_health: HEALTHY } } }
I20260710 13:27:41.712424  1845 raft_consensus.cc:2955] T bb6e0bf2db4a4748baa79f279f756a85 P 966968fbb95348aba4e808d07a4956ad [term 1 LEADER]: Committing config change with OpId 1.3: config changed from index 2 to 3, 6638b3aa3f2749d8b2ba34e5a76b5780 (127.31.187.132) changed from NON_VOTER to VOTER. New config: { opid_index: 3 OBSOLETE_local: false peers { permanent_uuid: "bc9c8ca7167d4db9b4bd84facbac1e44" member_type: VOTER last_known_addr { host: "127.31.187.129" port: 40059 } } peers { permanent_uuid: "966968fbb95348aba4e808d07a4956ad" member_type: VOTER last_known_addr { host: "127.31.187.130" port: 43711 } } peers { permanent_uuid: "23d555910fa24b45a329d46e8bc67310" member_type: VOTER last_known_addr { host: "127.31.187.131" port: 39599 } attrs { replace: true } } peers { permanent_uuid: "6638b3aa3f2749d8b2ba34e5a76b5780" member_type: VOTER last_known_addr { host: "127.31.187.132" port: 46793 } attrs { promote: false } } }
I20260710 13:27:41.717577  1297 raft_consensus.cc:2955] T 74c8ee100c9d4734a33ba0837c68fd61 P 23d555910fa24b45a329d46e8bc67310 [term 1 FOLLOWER]: Committing config change with OpId 1.3: config changed from index 2 to 3, 6638b3aa3f2749d8b2ba34e5a76b5780 (127.31.187.132) changed from NON_VOTER to VOTER. New config: { opid_index: 3 OBSOLETE_local: false peers { permanent_uuid: "bc9c8ca7167d4db9b4bd84facbac1e44" member_type: VOTER last_known_addr { host: "127.31.187.129" port: 40059 } attrs { replace: true } } peers { permanent_uuid: "966968fbb95348aba4e808d07a4956ad" member_type: VOTER last_known_addr { host: "127.31.187.130" port: 43711 } } peers { permanent_uuid: "23d555910fa24b45a329d46e8bc67310" member_type: VOTER last_known_addr { host: "127.31.187.131" port: 39599 } } peers { permanent_uuid: "6638b3aa3f2749d8b2ba34e5a76b5780" member_type: VOTER last_known_addr { host: "127.31.187.132" port: 46793 } attrs { promote: false } } }
I20260710 13:27:41.717999  1559 raft_consensus.cc:2955] T bb6e0bf2db4a4748baa79f279f756a85 P 6638b3aa3f2749d8b2ba34e5a76b5780 [term 1 FOLLOWER]: Committing config change with OpId 1.3: config changed from index 2 to 3, 6638b3aa3f2749d8b2ba34e5a76b5780 (127.31.187.132) changed from NON_VOTER to VOTER. New config: { opid_index: 3 OBSOLETE_local: false peers { permanent_uuid: "bc9c8ca7167d4db9b4bd84facbac1e44" member_type: VOTER last_known_addr { host: "127.31.187.129" port: 40059 } } peers { permanent_uuid: "966968fbb95348aba4e808d07a4956ad" member_type: VOTER last_known_addr { host: "127.31.187.130" port: 43711 } } peers { permanent_uuid: "23d555910fa24b45a329d46e8bc67310" member_type: VOTER last_known_addr { host: "127.31.187.131" port: 39599 } attrs { replace: true } } peers { permanent_uuid: "6638b3aa3f2749d8b2ba34e5a76b5780" member_type: VOTER last_known_addr { host: "127.31.187.132" port: 46793 } attrs { promote: false } } }
I20260710 13:27:41.737080  1220 consensus_queue.cc:237] T 74c8ee100c9d4734a33ba0837c68fd61 P 966968fbb95348aba4e808d07a4956ad [LEADER]: Queue going to LEADER mode. State: All replicated index: 0, Majority replicated index: 3, Committed index: 3, Last appended: 1.3, Last appended by leader: 0, Current term: 1, Majority size: 2, State: 0, Mode: LEADER, active raft config: opid_index: 4 OBSOLETE_local: false peers { permanent_uuid: "966968fbb95348aba4e808d07a4956ad" member_type: VOTER last_known_addr { host: "127.31.187.130" port: 43711 } } peers { permanent_uuid: "23d555910fa24b45a329d46e8bc67310" member_type: VOTER last_known_addr { host: "127.31.187.131" port: 39599 } } peers { permanent_uuid: "6638b3aa3f2749d8b2ba34e5a76b5780" member_type: VOTER last_known_addr { host: "127.31.187.132" port: 46793 } attrs { promote: false } }
