I20260710 13:27:10.671044 32687 raft_consensus.cc:3060] T dd087229e84d4e4a81370af3409d8804 P 21e830d0f4064fbfbd28b48bdf576c36 [term 1 FOLLOWER]: Advancing to term 2
I20260710 13:27:10.672783 32761 raft_consensus.cc:2468] T dd087229e84d4e4a81370af3409d8804 P a43ba87452e54257bbfc2828a4a3bb09 [term 2 FOLLOWER]: Leader election vote request: Granting yes vote for candidate 99fb9984267d414f9847ef0a6be8e798 in term 2.
I20260710 13:27:10.673589 32579 leader_election.cc:304] T dd087229e84d4e4a81370af3409d8804 P 99fb9984267d414f9847ef0a6be8e798 [CANDIDATE]: Term 2 election: Election decided. Result: candidate won. Election summary: received 2 responses out of 3 voters: 2 yes votes; 0 no votes. yes voters: 99fb9984267d414f9847ef0a6be8e798, a43ba87452e54257bbfc2828a4a3bb09; no voters: 
I20260710 13:27:10.674225   480 raft_consensus.cc:2804] T dd087229e84d4e4a81370af3409d8804 P 99fb9984267d414f9847ef0a6be8e798 [term 2 FOLLOWER]: Leader election won for term 2
I20260710 13:27:10.674573   480 raft_consensus.cc:697] T dd087229e84d4e4a81370af3409d8804 P 99fb9984267d414f9847ef0a6be8e798 [term 2 LEADER]: Becoming Leader. State: Replica: 99fb9984267d414f9847ef0a6be8e798, State: Running, Role: LEADER
I20260710 13:27:10.675221   480 consensus_queue.cc:237] T dd087229e84d4e4a81370af3409d8804 P 99fb9984267d414f9847ef0a6be8e798 [LEADER]: Queue going to LEADER mode. State: All replicated index: 0, Majority replicated index: 1, Committed index: 1, Last appended: 1.1, Last appended by leader: 1, Current term: 2, Majority size: 2, State: 0, Mode: LEADER, active raft config: opid_index: -1 OBSOLETE_local: false peers { permanent_uuid: "99fb9984267d414f9847ef0a6be8e798" member_type: VOTER last_known_addr { host: "127.31.183.129" port: 45857 } } peers { permanent_uuid: "21e830d0f4064fbfbd28b48bdf576c36" member_type: VOTER last_known_addr { host: "127.31.183.130" port: 42847 } } peers { permanent_uuid: "a43ba87452e54257bbfc2828a4a3bb09" member_type: VOTER last_known_addr { host: "127.31.183.131" port: 44501 } }
I20260710 13:27:10.677850 32687 raft_consensus.cc:2468] T dd087229e84d4e4a81370af3409d8804 P 21e830d0f4064fbfbd28b48bdf576c36 [term 2 FOLLOWER]: Leader election vote request: Granting yes vote for candidate 99fb9984267d414f9847ef0a6be8e798 in term 2.
I20260710 13:27:10.682018 32508 catalog_manager.cc:5697] T dd087229e84d4e4a81370af3409d8804 P 99fb9984267d414f9847ef0a6be8e798 reported cstate change: term changed from 1 to 2, leader changed from 21e830d0f4064fbfbd28b48bdf576c36 (127.31.183.130) to 99fb9984267d414f9847ef0a6be8e798 (127.31.183.129). New cstate: current_term: 2 leader_uuid: "99fb9984267d414f9847ef0a6be8e798" committed_config { opid_index: -1 OBSOLETE_local: false peers { permanent_uuid: "99fb9984267d414f9847ef0a6be8e798" member_type: VOTER last_known_addr { host: "127.31.183.129" port: 45857 } health_report { overall_health: HEALTHY } } peers { permanent_uuid: "21e830d0f4064fbfbd28b48bdf576c36" member_type: VOTER last_known_addr { host: "127.31.183.130" port: 42847 } health_report { overall_health: UNKNOWN } } peers { permanent_uuid: "a43ba87452e54257bbfc2828a4a3bb09" member_type: VOTER last_known_addr { host: "127.31.183.131" port: 44501 } health_report { overall_health: UNKNOWN } } }
I20260710 13:27:10.939399 32687 raft_consensus.cc:1275] T d3a2014053c4497c86e1da2118e5e841 P 21e830d0f4064fbfbd28b48bdf576c36 [term 3 FOLLOWER]: Refusing update from remote peer 99fb9984267d414f9847ef0a6be8e798: Log matching property violated. Preceding OpId in replica: term: 2 index: 2. Preceding OpId from leader: term: 3 index: 3. (index mismatch)
I20260710 13:27:10.940708   480 consensus_queue.cc:1048] T d3a2014053c4497c86e1da2118e5e841 P 99fb9984267d414f9847ef0a6be8e798 [LEADER]: Connected to new peer: Peer: permanent_uuid: "21e830d0f4064fbfbd28b48bdf576c36" member_type: VOTER last_known_addr { host: "127.31.183.130" port: 42847 }, Status: LMP_MISMATCH, Last received: 0.0, Next index: 3, Last known committed idx: 2, Time since last communication: 0.000s
I20260710 13:27:10.954967 32761 raft_consensus.cc:1275] T d3a2014053c4497c86e1da2118e5e841 P a43ba87452e54257bbfc2828a4a3bb09 [term 3 FOLLOWER]: Refusing update from remote peer 99fb9984267d414f9847ef0a6be8e798: Log matching property violated. Preceding OpId in replica: term: 2 index: 2. Preceding OpId from leader: term: 3 index: 3. (index mismatch)
I20260710 13:27:10.959049   481 consensus_queue.cc:1048] T d3a2014053c4497c86e1da2118e5e841 P 99fb9984267d414f9847ef0a6be8e798 [LEADER]: Connected to new peer: Peer: permanent_uuid: "a43ba87452e54257bbfc2828a4a3bb09" member_type: VOTER last_known_addr { host: "127.31.183.131" port: 44501 }, Status: LMP_MISMATCH, Last received: 0.0, Next index: 3, Last known committed idx: 2, Time since last communication: 0.001s
I20260710 13:27:11.121637 32687 raft_consensus.cc:1275] T dd087229e84d4e4a81370af3409d8804 P 21e830d0f4064fbfbd28b48bdf576c36 [term 2 FOLLOWER]: Refusing update from remote peer 99fb9984267d414f9847ef0a6be8e798: Log matching property violated. Preceding OpId in replica: term: 1 index: 1. Preceding OpId from leader: term: 2 index: 2. (index mismatch)
I20260710 13:27:11.122750   480 consensus_queue.cc:1048] T dd087229e84d4e4a81370af3409d8804 P 99fb9984267d414f9847ef0a6be8e798 [LEADER]: Connected to new peer: Peer: permanent_uuid: "21e830d0f4064fbfbd28b48bdf576c36" member_type: VOTER last_known_addr { host: "127.31.183.130" port: 42847 }, Status: LMP_MISMATCH, Last received: 0.0, Next index: 2, Last known committed idx: 1, Time since last communication: 0.000s
I20260710 13:27:11.130791 32761 raft_consensus.cc:1275] T dd087229e84d4e4a81370af3409d8804 P a43ba87452e54257bbfc2828a4a3bb09 [term 2 FOLLOWER]: Refusing update from remote peer 99fb9984267d414f9847ef0a6be8e798: Log matching property violated. Preceding OpId in replica: term: 1 index: 1. Preceding OpId from leader: term: 2 index: 2. (index mismatch)
I20260710 13:27:11.132705   496 consensus_queue.cc:1048] T dd087229e84d4e4a81370af3409d8804 P 99fb9984267d414f9847ef0a6be8e798 [LEADER]: Connected to new peer: Peer: permanent_uuid: "a43ba87452e54257bbfc2828a4a3bb09" member_type: VOTER last_known_addr { host: "127.31.183.131" port: 44501 }, Status: LMP_MISMATCH, Last received: 0.0, Next index: 2, Last known committed idx: 1, Time since last communication: 0.001s
I20260710 13:27:11.137184 32612 raft_consensus.cc:1275] T e28b4123983440c6b4676a87a9f5dd30 P 99fb9984267d414f9847ef0a6be8e798 [term 4 FOLLOWER]: Refusing update from remote peer a43ba87452e54257bbfc2828a4a3bb09: Log matching property violated. Preceding OpId in replica: term: 3 index: 3. Preceding OpId from leader: term: 4 index: 4. (index mismatch)
I20260710 13:27:11.138746   488 consensus_queue.cc:1048] T e28b4123983440c6b4676a87a9f5dd30 P a43ba87452e54257bbfc2828a4a3bb09 [LEADER]: Connected to new peer: Peer: permanent_uuid: "99fb9984267d414f9847ef0a6be8e798" member_type: VOTER last_known_addr { host: "127.31.183.129" port: 45857 }, Status: LMP_MISMATCH, Last received: 0.0, Next index: 4, Last known committed idx: 3, Time since last communication: 0.000s
I20260710 13:27:11.149799 32687 raft_consensus.cc:1275] T e28b4123983440c6b4676a87a9f5dd30 P 21e830d0f4064fbfbd28b48bdf576c36 [term 4 FOLLOWER]: Refusing update from remote peer a43ba87452e54257bbfc2828a4a3bb09: Log matching property violated. Preceding OpId in replica: term: 3 index: 3. Preceding OpId from leader: term: 4 index: 4. (index mismatch)
I20260710 13:27:11.151139   473 consensus_queue.cc:1048] T e28b4123983440c6b4676a87a9f5dd30 P a43ba87452e54257bbfc2828a4a3bb09 [LEADER]: Connected to new peer: Peer: permanent_uuid: "21e830d0f4064fbfbd28b48bdf576c36" member_type: VOTER last_known_addr { host: "127.31.183.130" port: 42847 }, Status: LMP_MISMATCH, Last received: 0.0, Next index: 4, Last known committed idx: 3, Time since last communication: 0.000s
I20260710 13:27:11.172277 32687 raft_consensus.cc:1275] T 3c995101d7624843b62096fb229e12b8 P 21e830d0f4064fbfbd28b48bdf576c36 [term 3 FOLLOWER]: Refusing update from remote peer a43ba87452e54257bbfc2828a4a3bb09: Log matching property violated. Preceding OpId in replica: term: 2 index: 2. Preceding OpId from leader: term: 3 index: 3. (index mismatch)
I20260710 13:27:11.173336   473 consensus_queue.cc:1048] T 3c995101d7624843b62096fb229e12b8 P a43ba87452e54257bbfc2828a4a3bb09 [LEADER]: Connected to new peer: Peer: permanent_uuid: "21e830d0f4064fbfbd28b48bdf576c36" member_type: VOTER last_known_addr { host: "127.31.183.130" port: 42847 }, Status: LMP_MISMATCH, Last received: 0.0, Next index: 3, Last known committed idx: 2, Time since last communication: 0.000s
I20260710 13:27:11.181453 32612 raft_consensus.cc:1275] T 3c995101d7624843b62096fb229e12b8 P 99fb9984267d414f9847ef0a6be8e798 [term 3 FOLLOWER]: Refusing update from remote peer a43ba87452e54257bbfc2828a4a3bb09: Log matching property violated. Preceding OpId in replica: term: 2 index: 2. Preceding OpId from leader: term: 3 index: 3. (index mismatch)
I20260710 13:27:11.182864   488 consensus_queue.cc:1048] T 3c995101d7624843b62096fb229e12b8 P a43ba87452e54257bbfc2828a4a3bb09 [LEADER]: Connected to new peer: Peer: permanent_uuid: "99fb9984267d414f9847ef0a6be8e798" member_type: VOTER last_known_addr { host: "127.31.183.129" port: 45857 }, Status: LMP_MISMATCH, Last received: 0.0, Next index: 3, Last known committed idx: 2, Time since last communication: 0.000s
I20260710 13:27:11.261304 32762 raft_consensus.cc:1275] T cd9dda20108243efa7ee30ab592568ec P a43ba87452e54257bbfc2828a4a3bb09 [term 3 FOLLOWER]: Refusing update from remote peer 99fb9984267d414f9847ef0a6be8e798: Log matching property violated. Preceding OpId in replica: term: 2 index: 2. Preceding OpId from leader: term: 3 index: 3. (index mismatch)
I20260710 13:27:11.262537   481 consensus_queue.cc:1048] T cd9dda20108243efa7ee30ab592568ec P 99fb9984267d414f9847ef0a6be8e798 [LEADER]: Connected to new peer: Peer: permanent_uuid: "a43ba87452e54257bbfc2828a4a3bb09" member_type: VOTER last_known_addr { host: "127.31.183.131" port: 44501 }, Status: LMP_MISMATCH, Last received: 0.0, Next index: 3, Last known committed idx: 2, Time since last communication: 0.000s
I20260710 13:27:11.269660 32687 raft_consensus.cc:1275] T cd9dda20108243efa7ee30ab592568ec P 21e830d0f4064fbfbd28b48bdf576c36 [term 3 FOLLOWER]: Refusing update from remote peer 99fb9984267d414f9847ef0a6be8e798: Log matching property violated. Preceding OpId in replica: term: 2 index: 2. Preceding OpId from leader: term: 3 index: 3. (index mismatch)
I20260710 13:27:11.271071   496 consensus_queue.cc:1048] T cd9dda20108243efa7ee30ab592568ec P 99fb9984267d414f9847ef0a6be8e798 [LEADER]: Connected to new peer: Peer: permanent_uuid: "21e830d0f4064fbfbd28b48bdf576c36" member_type: VOTER last_known_addr { host: "127.31.183.130" port: 42847 }, Status: LMP_MISMATCH, Last received: 0.0, Next index: 3, Last known committed idx: 2, Time since last communication: 0.000s
I20260710 13:27:11.499279 32478 auto_leader_rebalancer.cc:141] leader rebalance for table test-workload
I20260710 13:27:11.504431 32478 tablet_server.cc:179] TabletServer@127.31.183.129:0 shutting down...
I20260710 13:27:11.527627 32478 ts_tablet_manager.cc:1507] Shutting down tablet manager...
I20260710 13:27:11.528349 32478 tablet_replica.cc:333] T dd087229e84d4e4a81370af3409d8804 P 99fb9984267d414f9847ef0a6be8e798: stopping tablet replica
I20260710 13:27:11.529088 32478 raft_consensus.cc:2243] T dd087229e84d4e4a81370af3409d8804 P 99fb9984267d414f9847ef0a6be8e798 [term 2 LEADER]: Raft consensus shutting down.
I20260710 13:27:11.529841 32478 raft_consensus.cc:2272] T dd087229e84d4e4a81370af3409d8804 P 99fb9984267d414f9847ef0a6be8e798 [term 2 FOLLOWER]: Raft consensus is shut down!
I20260710 13:27:11.532835 32478 tablet_replica.cc:333] T cd9dda20108243efa7ee30ab592568ec P 99fb9984267d414f9847ef0a6be8e798: stopping tablet replica
I20260710 13:27:11.533322 32478 raft_consensus.cc:2243] T cd9dda20108243efa7ee30ab592568ec P 99fb9984267d414f9847ef0a6be8e798 [term 3 LEADER]: Raft consensus shutting down.
I20260710 13:27:11.534008 32478 raft_consensus.cc:2272] T cd9dda20108243efa7ee30ab592568ec P 99fb9984267d414f9847ef0a6be8e798 [term 3 FOLLOWER]: Raft consensus is shut down!
I20260710 13:27:11.535714 32478 tablet_replica.cc:333] T 09821290224a44339703166d1a1dbe36 P 99fb9984267d414f9847ef0a6be8e798: stopping tablet replica
I20260710 13:27:11.536173 32478 raft_consensus.cc:2243] T 09821290224a44339703166d1a1dbe36 P 99fb9984267d414f9847ef0a6be8e798 [term 1 FOLLOWER]: Raft consensus shutting down.
I20260710 13:27:11.536528 32478 raft_consensus.cc:2272] T 09821290224a44339703166d1a1dbe36 P 99fb9984267d414f9847ef0a6be8e798 [term 1 FOLLOWER]: Raft consensus is shut down!
I20260710 13:27:11.538097 32478 tablet_replica.cc:333] T 5c869d8f9bdb4d10b7ce9634080576e9 P 99fb9984267d414f9847ef0a6be8e798: stopping tablet replica
I20260710 13:27:11.538507 32478 raft_consensus.cc:2243] T 5c869d8f9bdb4d10b7ce9634080576e9 P 99fb9984267d414f9847ef0a6be8e798 [term 3 FOLLOWER]: Raft consensus shutting down.
I20260710 13:27:11.538852 32478 raft_consensus.cc:2272] T 5c869d8f9bdb4d10b7ce9634080576e9 P 99fb9984267d414f9847ef0a6be8e798 [term 3 FOLLOWER]: Raft consensus is shut down!
I20260710 13:27:11.540382 32478 tablet_replica.cc:333] T 3c995101d7624843b62096fb229e12b8 P 99fb9984267d414f9847ef0a6be8e798: stopping tablet replica
I20260710 13:27:11.540794 32478 raft_consensus.cc:2243] T 3c995101d7624843b62096fb229e12b8 P 99fb9984267d414f9847ef0a6be8e798 [term 3 FOLLOWER]: Raft consensus shutting down.
I20260710 13:27:11.541173 32478 raft_consensus.cc:2272] T 3c995101d7624843b62096fb229e12b8 P 99fb9984267d414f9847ef0a6be8e798 [term 3 FOLLOWER]: Raft consensus is shut down!
I20260710 13:27:11.543016 32478 tablet_replica.cc:333] T 5874fc3b1dce484796b7319cdad2e8d1 P 99fb9984267d414f9847ef0a6be8e798: stopping tablet replica
I20260710 13:27:11.543447 32478 raft_consensus.cc:2243] T 5874fc3b1dce484796b7319cdad2e8d1 P 99fb9984267d414f9847ef0a6be8e798 [term 3 FOLLOWER]: Raft consensus shutting down.
I20260710 13:27:11.543797 32478 raft_consensus.cc:2272] T 5874fc3b1dce484796b7319cdad2e8d1 P 99fb9984267d414f9847ef0a6be8e798 [term 3 FOLLOWER]: Raft consensus is shut down!
I20260710 13:27:11.545243 32478 tablet_replica.cc:333] T 1b8239fa6d3e4e52adb95cf6896b2178 P 99fb9984267d414f9847ef0a6be8e798: stopping tablet replica
I20260710 13:27:11.545663 32478 raft_consensus.cc:2243] T 1b8239fa6d3e4e52adb95cf6896b2178 P 99fb9984267d414f9847ef0a6be8e798 [term 2 FOLLOWER]: Raft consensus shutting down.
I20260710 13:27:11.546032 32478 raft_consensus.cc:2272] T 1b8239fa6d3e4e52adb95cf6896b2178 P 99fb9984267d414f9847ef0a6be8e798 [term 2 FOLLOWER]: Raft consensus is shut down!
I20260710 13:27:11.547555 32478 tablet_replica.cc:333] T e28b4123983440c6b4676a87a9f5dd30 P 99fb9984267d414f9847ef0a6be8e798: stopping tablet replica
I20260710 13:27:11.547951 32478 raft_consensus.cc:2243] T e28b4123983440c6b4676a87a9f5dd30 P 99fb9984267d414f9847ef0a6be8e798 [term 4 FOLLOWER]: Raft consensus shutting down.
I20260710 13:27:11.548306 32478 raft_consensus.cc:2272] T e28b4123983440c6b4676a87a9f5dd30 P 99fb9984267d414f9847ef0a6be8e798 [term 4 FOLLOWER]: Raft consensus is shut down!
I20260710 13:27:11.550011 32478 tablet_replica.cc:333] T d3a2014053c4497c86e1da2118e5e841 P 99fb9984267d414f9847ef0a6be8e798: stopping tablet replica
I20260710 13:27:11.550447 32478 raft_consensus.cc:2243] T d3a2014053c4497c86e1da2118e5e841 P 99fb9984267d414f9847ef0a6be8e798 [term 3 LEADER]: Raft consensus shutting down.
I20260710 13:27:11.551084 32478 raft_consensus.cc:2272] T d3a2014053c4497c86e1da2118e5e841 P 99fb9984267d414f9847ef0a6be8e798 [term 3 FOLLOWER]: Raft consensus is shut down!
W20260710 13:27:11.640443 32652 proxy.cc:239] Call had error, refreshing address and retrying: Network error: Client connection negotiation failed: client connection to 127.31.183.129:45857: connect: Connection refused (error 111)
I20260710 13:27:11.644601 32478 tablet_server.cc:196] TabletServer@127.31.183.129:0 shutdown complete.
W20260710 13:27:11.644991 32652 consensus_peers.cc:597] T 5c869d8f9bdb4d10b7ce9634080576e9 P 21e830d0f4064fbfbd28b48bdf576c36 -> Peer 99fb9984267d414f9847ef0a6be8e798 (127.31.183.129:45857): Couldn't send request to peer 99fb9984267d414f9847ef0a6be8e798. Status: Network error: Client connection negotiation failed: client connection to 127.31.183.129:45857: connect: Connection refused (error 111). This is attempt 1: this message will repeat every 5th retry.
W20260710 13:27:11.828933 32726 consensus_peers.cc:597] T 3c995101d7624843b62096fb229e12b8 P a43ba87452e54257bbfc2828a4a3bb09 -> Peer 99fb9984267d414f9847ef0a6be8e798 (127.31.183.129:45857): Couldn't send request to peer 99fb9984267d414f9847ef0a6be8e798. Status: Network error: Client connection negotiation failed: client connection to 127.31.183.129:45857: connect: Connection refused (error 111). This is attempt 1: this message will repeat every 5th retry.
W20260710 13:27:11.832567 32726 consensus_peers.cc:597] T e28b4123983440c6b4676a87a9f5dd30 P a43ba87452e54257bbfc2828a4a3bb09 -> Peer 99fb9984267d414f9847ef0a6be8e798 (127.31.183.129:45857): Couldn't send request to peer 99fb9984267d414f9847ef0a6be8e798. Status: Network error: Client connection negotiation failed: client connection to 127.31.183.129:45857: connect: Connection refused (error 111). This is attempt 1: this message will repeat every 5th retry.
W20260710 13:27:11.950028 32726 consensus_peers.cc:597] T 1b8239fa6d3e4e52adb95cf6896b2178 P a43ba87452e54257bbfc2828a4a3bb09 -> Peer 99fb9984267d414f9847ef0a6be8e798 (127.31.183.129:45857): Couldn't send request to peer 99fb9984267d414f9847ef0a6be8e798. Status: Network error: Client connection negotiation failed: client connection to 127.31.183.129:45857: connect: Connection refused (error 111). This is attempt 1: this message will repeat every 5th retry.
I20260710 13:27:11.960188 32478 tablet_server.cc:179] TabletServer@127.31.183.130:0 shutting down...
W20260710 13:27:11.966938 32652 consensus_peers.cc:597] T 09821290224a44339703166d1a1dbe36 P 21e830d0f4064fbfbd28b48bdf576c36 -> Peer 99fb9984267d414f9847ef0a6be8e798 (127.31.183.129:45857): Couldn't send request to peer 99fb9984267d414f9847ef0a6be8e798. Status: Network error: Client connection negotiation failed: client connection to 127.31.183.129:45857: connect: Connection refused (error 111). This is attempt 1: this message will repeat every 5th retry.
I20260710 13:27:11.983367 32478 ts_tablet_manager.cc:1507] Shutting down tablet manager...
I20260710 13:27:11.983969 32478 tablet_replica.cc:333] T dd087229e84d4e4a81370af3409d8804 P 21e830d0f4064fbfbd28b48bdf576c36: stopping tablet replica
I20260710 13:27:11.984561 32478 raft_consensus.cc:2243] T dd087229e84d4e4a81370af3409d8804 P 21e830d0f4064fbfbd28b48bdf576c36 [term 2 FOLLOWER]: Raft consensus shutting down.
I20260710 13:27:11.984954 32478 raft_consensus.cc:2272] T dd087229e84d4e4a81370af3409d8804 P 21e830d0f4064fbfbd28b48bdf576c36 [term 2 FOLLOWER]: Raft consensus is shut down!
I20260710 13:27:11.986905 32478 tablet_replica.cc:333] T cd9dda20108243efa7ee30ab592568ec P 21e830d0f4064fbfbd28b48bdf576c36: stopping tablet replica
I20260710 13:27:11.987345 32478 raft_consensus.cc:2243] T cd9dda20108243efa7ee30ab592568ec P 21e830d0f4064fbfbd28b48bdf576c36 [term 3 FOLLOWER]: Raft consensus shutting down.
I20260710 13:27:11.987685 32478 raft_consensus.cc:2272] T cd9dda20108243efa7ee30ab592568ec P 21e830d0f4064fbfbd28b48bdf576c36 [term 3 FOLLOWER]: Raft consensus is shut down!
I20260710 13:27:11.989910 32478 tablet_replica.cc:333] T 5874fc3b1dce484796b7319cdad2e8d1 P 21e830d0f4064fbfbd28b48bdf576c36: stopping tablet replica
I20260710 13:27:11.990365 32478 raft_consensus.cc:2243] T 5874fc3b1dce484796b7319cdad2e8d1 P 21e830d0f4064fbfbd28b48bdf576c36 [term 3 LEADER]: Raft consensus shutting down.
I20260710 13:27:11.991015 32478 raft_consensus.cc:2272] T 5874fc3b1dce484796b7319cdad2e8d1 P 21e830d0f4064fbfbd28b48bdf576c36 [term 3 FOLLOWER]: Raft consensus is shut down!
I20260710 13:27:11.992519 32478 tablet_replica.cc:333] T 1b8239fa6d3e4e52adb95cf6896b2178 P 21e830d0f4064fbfbd28b48bdf576c36: stopping tablet replica
I20260710 13:27:11.992926 32478 raft_consensus.cc:2243] T 1b8239fa6d3e4e52adb95cf6896b2178 P 21e830d0f4064fbfbd28b48bdf576c36 [term 2 FOLLOWER]: Raft consensus shutting down.
I20260710 13:27:11.993260 32478 raft_consensus.cc:2272] T 1b8239fa6d3e4e52adb95cf6896b2178 P 21e830d0f4064fbfbd28b48bdf576c36 [term 2 FOLLOWER]: Raft consensus is shut down!
I20260710 13:27:11.995157 32478 tablet_replica.cc:333] T 09821290224a44339703166d1a1dbe36 P 21e830d0f4064fbfbd28b48bdf576c36: stopping tablet replica
I20260710 13:27:11.995646 32478 raft_consensus.cc:2243] T 09821290224a44339703166d1a1dbe36 P 21e830d0f4064fbfbd28b48bdf576c36 [term 1 LEADER]: Raft consensus shutting down.
I20260710 13:27:11.996488 32478 raft_consensus.cc:2272] T 09821290224a44339703166d1a1dbe36 P 21e830d0f4064fbfbd28b48bdf576c36 [term 1 FOLLOWER]: Raft consensus is shut down!
W20260710 13:27:11.997771 32726 consensus_peers.cc:597] T 1b8239fa6d3e4e52adb95cf6896b2178 P a43ba87452e54257bbfc2828a4a3bb09 -> Peer 21e830d0f4064fbfbd28b48bdf576c36 (127.31.183.130:42847): Couldn't send request to peer 21e830d0f4064fbfbd28b48bdf576c36. Status: Remote error: Service unavailable: service kudu.consensus.ConsensusService not registered on TabletServer. This is attempt 1: this message will repeat every 5th retry.
I20260710 13:27:11.998476 32478 tablet_replica.cc:333] T d3a2014053c4497c86e1da2118e5e841 P 21e830d0f4064fbfbd28b48bdf576c36: stopping tablet replica
I20260710 13:27:11.998898 32478 raft_consensus.cc:2243] T d3a2014053c4497c86e1da2118e5e841 P 21e830d0f4064fbfbd28b48bdf576c36 [term 3 FOLLOWER]: Raft consensus shutting down.
I20260710 13:27:11.999207 32478 raft_consensus.cc:2272] T d3a2014053c4497c86e1da2118e5e841 P 21e830d0f4064fbfbd28b48bdf576c36 [term 3 FOLLOWER]: Raft consensus is shut down!
I20260710 13:27:12.000610 32478 tablet_replica.cc:333] T e28b4123983440c6b4676a87a9f5dd30 P 21e830d0f4064fbfbd28b48bdf576c36: stopping tablet replica
I20260710 13:27:12.001003 32478 raft_consensus.cc:2243] T e28b4123983440c6b4676a87a9f5dd30 P 21e830d0f4064fbfbd28b48bdf576c36 [term 4 FOLLOWER]: Raft consensus shutting down.
I20260710 13:27:12.001302 32478 raft_consensus.cc:2272] T e28b4123983440c6b4676a87a9f5dd30 P 21e830d0f4064fbfbd28b48bdf576c36 [term 4 FOLLOWER]: Raft consensus is shut down!
I20260710 13:27:12.003544 32478 tablet_replica.cc:333] T 3c995101d7624843b62096fb229e12b8 P 21e830d0f4064fbfbd28b48bdf576c36: stopping tablet replica
I20260710 13:27:12.004132 32478 raft_consensus.cc:2243] T 3c995101d7624843b62096fb229e12b8 P 21e830d0f4064fbfbd28b48bdf576c36 [term 3 FOLLOWER]: Raft consensus shutting down.
I20260710 13:27:12.004585 32478 raft_consensus.cc:2272] T 3c995101d7624843b62096fb229e12b8 P 21e830d0f4064fbfbd28b48bdf576c36 [term 3 FOLLOWER]: Raft consensus is shut down!
I20260710 13:27:12.006330 32478 tablet_replica.cc:333] T 5c869d8f9bdb4d10b7ce9634080576e9 P 21e830d0f4064fbfbd28b48bdf576c36: stopping tablet replica
I20260710 13:27:12.006704 32478 raft_consensus.cc:2243] T 5c869d8f9bdb4d10b7ce9634080576e9 P 21e830d0f4064fbfbd28b48bdf576c36 [term 3 LEADER]: Raft consensus shutting down.
I20260710 13:27:12.007335 32478 raft_consensus.cc:2272] T 5c869d8f9bdb4d10b7ce9634080576e9 P 21e830d0f4064fbfbd28b48bdf576c36 [term 3 FOLLOWER]: Raft consensus is shut down!
W20260710 13:27:12.029582 32726 consensus_peers.cc:597] T e28b4123983440c6b4676a87a9f5dd30 P a43ba87452e54257bbfc2828a4a3bb09 -> Peer 21e830d0f4064fbfbd28b48bdf576c36 (127.31.183.130:42847): Couldn't send request to peer 21e830d0f4064fbfbd28b48bdf576c36. Status: Network error: Client connection negotiation failed: client connection to 127.31.183.130:42847: connect: Connection refused (error 111). This is attempt 1: this message will repeat every 5th retry.
W20260710 13:27:12.211867 32726 consensus_peers.cc:597] T 3c995101d7624843b62096fb229e12b8 P a43ba87452e54257bbfc2828a4a3bb09 -> Peer 21e830d0f4064fbfbd28b48bdf576c36 (127.31.183.130:42847): Couldn't send request to peer 21e830d0f4064fbfbd28b48bdf576c36. Status: Network error: Client connection negotiation failed: client connection to 127.31.183.130:42847: connect: Connection refused (error 111). This is attempt 1: this message will repeat every 5th retry.
I20260710 13:27:12.771592   473 raft_consensus.cc:493] T cd9dda20108243efa7ee30ab592568ec P a43ba87452e54257bbfc2828a4a3bb09 [term 3 FOLLOWER]: Starting pre-election (detected failure of leader 99fb9984267d414f9847ef0a6be8e798)
I20260710 13:27:12.772075   473 raft_consensus.cc:515] T cd9dda20108243efa7ee30ab592568ec P a43ba87452e54257bbfc2828a4a3bb09 [term 3 FOLLOWER]: Starting pre-election with config: opid_index: -1 OBSOLETE_local: false peers { permanent_uuid: "99fb9984267d414f9847ef0a6be8e798" member_type: VOTER last_known_addr { host: "127.31.183.129" port: 45857 } } peers { permanent_uuid: "21e830d0f4064fbfbd28b48bdf576c36" member_type: VOTER last_known_addr { host: "127.31.183.130" port: 42847 } } peers { permanent_uuid: "a43ba87452e54257bbfc2828a4a3bb09" member_type: VOTER last_known_addr { host: "127.31.183.131" port: 44501 } }
I20260710 13:27:12.773590   473 leader_election.cc:290] T cd9dda20108243efa7ee30ab592568ec P a43ba87452e54257bbfc2828a4a3bb09 [CANDIDATE]: Term 4 pre-election: Requested pre-vote from peers 99fb9984267d414f9847ef0a6be8e798 (127.31.183.129:45857), 21e830d0f4064fbfbd28b48bdf576c36 (127.31.183.130:42847)
W20260710 13:27:12.777578 32726 leader_election.cc:336] T cd9dda20108243efa7ee30ab592568ec P a43ba87452e54257bbfc2828a4a3bb09 [CANDIDATE]: Term 4 pre-election: RPC error from VoteRequest() call to peer 99fb9984267d414f9847ef0a6be8e798 (127.31.183.129:45857): Network error: Client connection negotiation failed: client connection to 127.31.183.129:45857: connect: Connection refused (error 111)
W20260710 13:27:12.778317 32726 leader_election.cc:336] T cd9dda20108243efa7ee30ab592568ec P a43ba87452e54257bbfc2828a4a3bb09 [CANDIDATE]: Term 4 pre-election: RPC error from VoteRequest() call to peer 21e830d0f4064fbfbd28b48bdf576c36 (127.31.183.130:42847): Network error: Client connection negotiation failed: client connection to 127.31.183.130:42847: connect: Connection refused (error 111)
I20260710 13:27:12.778620 32726 leader_election.cc:304] T cd9dda20108243efa7ee30ab592568ec P a43ba87452e54257bbfc2828a4a3bb09 [CANDIDATE]: Term 4 pre-election: Election decided. Result: candidate lost. Election summary: received 3 responses out of 3 voters: 1 yes votes; 2 no votes. yes voters: a43ba87452e54257bbfc2828a4a3bb09; no voters: 21e830d0f4064fbfbd28b48bdf576c36, 99fb9984267d414f9847ef0a6be8e798
I20260710 13:27:12.779209   473 raft_consensus.cc:2749] T cd9dda20108243efa7ee30ab592568ec P a43ba87452e54257bbfc2828a4a3bb09 [term 3 FOLLOWER]: Leader pre-election lost for term 4. Reason: could not achieve majority
W20260710 13:27:12.872097 32709 debug-util.cc:398] Leaking SignalData structure 0x7b080012d060 after lost signal to thread 32481
W20260710 13:27:12.872792 32709 debug-util.cc:398] Leaking SignalData structure 0x7b080012d740 after lost signal to thread 32544
W20260710 13:27:12.873462 32709 debug-util.cc:398] Leaking SignalData structure 0x7b08000414a0 after lost signal to thread 32712
I20260710 13:27:12.873979   473 raft_consensus.cc:493] T d3a2014053c4497c86e1da2118e5e841 P a43ba87452e54257bbfc2828a4a3bb09 [term 3 FOLLOWER]: Starting pre-election (detected failure of leader 99fb9984267d414f9847ef0a6be8e798)
W20260710 13:27:12.874281 32709 debug-util.cc:398] Leaking SignalData structure 0x7b08001a2620 after lost signal to thread 318
I20260710 13:27:12.874502   473 raft_consensus.cc:515] T d3a2014053c4497c86e1da2118e5e841 P a43ba87452e54257bbfc2828a4a3bb09 [term 3 FOLLOWER]: Starting pre-election with config: opid_index: -1 OBSOLETE_local: false peers { permanent_uuid: "99fb9984267d414f9847ef0a6be8e798" member_type: VOTER last_known_addr { host: "127.31.183.129" port: 45857 } } peers { permanent_uuid: "21e830d0f4064fbfbd28b48bdf576c36" member_type: VOTER last_known_addr { host: "127.31.183.130" port: 42847 } } peers { permanent_uuid: "a43ba87452e54257bbfc2828a4a3bb09" member_type: VOTER last_known_addr { host: "127.31.183.131" port: 44501 } }
I20260710 13:27:12.876547   473 leader_election.cc:290] T d3a2014053c4497c86e1da2118e5e841 P a43ba87452e54257bbfc2828a4a3bb09 [CANDIDATE]: Term 4 pre-election: Requested pre-vote from peers 99fb9984267d414f9847ef0a6be8e798 (127.31.183.129:45857), 21e830d0f4064fbfbd28b48bdf576c36 (127.31.183.130:42847)
W20260710 13:27:12.880293 32726 leader_election.cc:336] T d3a2014053c4497c86e1da2118e5e841 P a43ba87452e54257bbfc2828a4a3bb09 [CANDIDATE]: Term 4 pre-election: RPC error from VoteRequest() call to peer 99fb9984267d414f9847ef0a6be8e798 (127.31.183.129:45857): Network error: Client connection negotiation failed: client connection to 127.31.183.129:45857: connect: Connection refused (error 111)
W20260710 13:27:12.881042 32726 leader_election.cc:336] T d3a2014053c4497c86e1da2118e5e841 P a43ba87452e54257bbfc2828a4a3bb09 [CANDIDATE]: Term 4 pre-election: RPC error from VoteRequest() call to peer 21e830d0f4064fbfbd28b48bdf576c36 (127.31.183.130:42847): Network error: Client connection negotiation failed: client connection to 127.31.183.130:42847: connect: Connection refused (error 111)
I20260710 13:27:12.881352 32726 leader_election.cc:304] T d3a2014053c4497c86e1da2118e5e841 P a43ba87452e54257bbfc2828a4a3bb09 [CANDIDATE]: Term 4 pre-election: Election decided. Result: candidate lost. Election summary: received 3 responses out of 3 voters: 1 yes votes; 2 no votes. yes voters: a43ba87452e54257bbfc2828a4a3bb09; no voters: 21e830d0f4064fbfbd28b48bdf576c36, 99fb9984267d414f9847ef0a6be8e798
I20260710 13:27:12.881942   473 raft_consensus.cc:2749] T d3a2014053c4497c86e1da2118e5e841 P a43ba87452e54257bbfc2828a4a3bb09 [term 3 FOLLOWER]: Leader pre-election lost for term 4. Reason: could not achieve majority
I20260710 13:27:13.015069   473 raft_consensus.cc:493] T dd087229e84d4e4a81370af3409d8804 P a43ba87452e54257bbfc2828a4a3bb09 [term 2 FOLLOWER]: Starting pre-election (detected failure of leader 99fb9984267d414f9847ef0a6be8e798)
I20260710 13:27:13.015617   473 raft_consensus.cc:515] T dd087229e84d4e4a81370af3409d8804 P a43ba87452e54257bbfc2828a4a3bb09 [term 2 FOLLOWER]: Starting pre-election with config: opid_index: -1 OBSOLETE_local: false peers { permanent_uuid: "99fb9984267d414f9847ef0a6be8e798" member_type: VOTER last_known_addr { host: "127.31.183.129" port: 45857 } } peers { permanent_uuid: "21e830d0f4064fbfbd28b48bdf576c36" member_type: VOTER last_known_addr { host: "127.31.183.130" port: 42847 } } peers { permanent_uuid: "a43ba87452e54257bbfc2828a4a3bb09" member_type: VOTER last_known_addr { host: "127.31.183.131" port: 44501 } }
I20260710 13:27:13.017690   473 leader_election.cc:290] T dd087229e84d4e4a81370af3409d8804 P a43ba87452e54257bbfc2828a4a3bb09 [CANDIDATE]: Term 3 pre-election: Requested pre-vote from peers 99fb9984267d414f9847ef0a6be8e798 (127.31.183.129:45857), 21e830d0f4064fbfbd28b48bdf576c36 (127.31.183.130:42847)
W20260710 13:27:13.021591 32726 leader_election.cc:336] T dd087229e84d4e4a81370af3409d8804 P a43ba87452e54257bbfc2828a4a3bb09 [CANDIDATE]: Term 3 pre-election: RPC error from VoteRequest() call to peer 99fb9984267d414f9847ef0a6be8e798 (127.31.183.129:45857): Network error: Client connection negotiation failed: client connection to 127.31.183.129:45857: connect: Connection refused (error 111)
W20260710 13:27:13.022284 32726 leader_election.cc:336] T dd087229e84d4e4a81370af3409d8804 P a43ba87452e54257bbfc2828a4a3bb09 [CANDIDATE]: Term 3 pre-election: RPC error from VoteRequest() call to peer 21e830d0f4064fbfbd28b48bdf576c36 (127.31.183.130:42847): Network error: Client connection negotiation failed: client connection to 127.31.183.130:42847: connect: Connection refused (error 111)
I20260710 13:27:13.022581 32726 leader_election.cc:304] T dd087229e84d4e4a81370af3409d8804 P a43ba87452e54257bbfc2828a4a3bb09 [CANDIDATE]: Term 3 pre-election: Election decided. Result: candidate lost. Election summary: received 3 responses out of 3 voters: 1 yes votes; 2 no votes. yes voters: a43ba87452e54257bbfc2828a4a3bb09; no voters: 21e830d0f4064fbfbd28b48bdf576c36, 99fb9984267d414f9847ef0a6be8e798
I20260710 13:27:13.023149   473 raft_consensus.cc:2749] T dd087229e84d4e4a81370af3409d8804 P a43ba87452e54257bbfc2828a4a3bb09 [term 2 FOLLOWER]: Leader pre-election lost for term 3. Reason: could not achieve majority
W20260710 13:27:13.030535 32478 thread.cc:527] Waited for 1000ms trying to join with diag-logger (tid 32709)
I20260710 13:27:13.455976   473 raft_consensus.cc:493] T 5874fc3b1dce484796b7319cdad2e8d1 P a43ba87452e54257bbfc2828a4a3bb09 [term 3 FOLLOWER]: Starting pre-election (detected failure of leader 21e830d0f4064fbfbd28b48bdf576c36)
I20260710 13:27:13.456525   473 raft_consensus.cc:515] T 5874fc3b1dce484796b7319cdad2e8d1 P a43ba87452e54257bbfc2828a4a3bb09 [term 3 FOLLOWER]: Starting pre-election with config: opid_index: -1 OBSOLETE_local: false peers { permanent_uuid: "99fb9984267d414f9847ef0a6be8e798" member_type: VOTER last_known_addr { host: "127.31.183.129" port: 45857 } } peers { permanent_uuid: "21e830d0f4064fbfbd28b48bdf576c36" member_type: VOTER last_known_addr { host: "127.31.183.130" port: 42847 } } peers { permanent_uuid: "a43ba87452e54257bbfc2828a4a3bb09" member_type: VOTER last_known_addr { host: "127.31.183.131" port: 44501 } }
I20260710 13:27:13.458552   473 leader_election.cc:290] T 5874fc3b1dce484796b7319cdad2e8d1 P a43ba87452e54257bbfc2828a4a3bb09 [CANDIDATE]: Term 4 pre-election: Requested pre-vote from peers 99fb9984267d414f9847ef0a6be8e798 (127.31.183.129:45857), 21e830d0f4064fbfbd28b48bdf576c36 (127.31.183.130:42847)
I20260710 13:27:13.460367   473 raft_consensus.cc:493] T 09821290224a44339703166d1a1dbe36 P a43ba87452e54257bbfc2828a4a3bb09 [term 1 FOLLOWER]: Starting pre-election (detected failure of leader 21e830d0f4064fbfbd28b48bdf576c36)
I20260710 13:27:13.460811   473 raft_consensus.cc:515] T 09821290224a44339703166d1a1dbe36 P a43ba87452e54257bbfc2828a4a3bb09 [term 1 FOLLOWER]: Starting pre-election with config: opid_index: -1 OBSOLETE_local: false peers { permanent_uuid: "99fb9984267d414f9847ef0a6be8e798" member_type: VOTER last_known_addr { host: "127.31.183.129" port: 45857 } } peers { permanent_uuid: "21e830d0f4064fbfbd28b48bdf576c36" member_type: VOTER last_known_addr { host: "127.31.183.130" port: 42847 } } peers { permanent_uuid: "a43ba87452e54257bbfc2828a4a3bb09" member_type: VOTER last_known_addr { host: "127.31.183.131" port: 44501 } }
W20260710 13:27:13.462327 32726 leader_election.cc:336] T 5874fc3b1dce484796b7319cdad2e8d1 P a43ba87452e54257bbfc2828a4a3bb09 [CANDIDATE]: Term 4 pre-election: RPC error from VoteRequest() call to peer 99fb9984267d414f9847ef0a6be8e798 (127.31.183.129:45857): Network error: Client connection negotiation failed: client connection to 127.31.183.129:45857: connect: Connection refused (error 111)
I20260710 13:27:13.463490   473 leader_election.cc:290] T 09821290224a44339703166d1a1dbe36 P a43ba87452e54257bbfc2828a4a3bb09 [CANDIDATE]: Term 2 pre-election: Requested pre-vote from peers 99fb9984267d414f9847ef0a6be8e798 (127.31.183.129:45857), 21e830d0f4064fbfbd28b48bdf576c36 (127.31.183.130:42847)
I20260710 13:27:13.464035   473 raft_consensus.cc:493] T 5c869d8f9bdb4d10b7ce9634080576e9 P a43ba87452e54257bbfc2828a4a3bb09 [term 3 FOLLOWER]: Starting pre-election (detected failure of leader 21e830d0f4064fbfbd28b48bdf576c36)
I20260710 13:27:13.464524   473 raft_consensus.cc:515] T 5c869d8f9bdb4d10b7ce9634080576e9 P a43ba87452e54257bbfc2828a4a3bb09 [term 3 FOLLOWER]: Starting pre-election with config: opid_index: -1 OBSOLETE_local: false peers { permanent_uuid: "99fb9984267d414f9847ef0a6be8e798" member_type: VOTER last_known_addr { host: "127.31.183.129" port: 45857 } } peers { permanent_uuid: "21e830d0f4064fbfbd28b48bdf576c36" member_type: VOTER last_known_addr { host: "127.31.183.130" port: 42847 } } peers { permanent_uuid: "a43ba87452e54257bbfc2828a4a3bb09" member_type: VOTER last_known_addr { host: "127.31.183.131" port: 44501 } }
W20260710 13:27:13.466565 32726 leader_election.cc:336] T 5874fc3b1dce484796b7319cdad2e8d1 P a43ba87452e54257bbfc2828a4a3bb09 [CANDIDATE]: Term 4 pre-election: RPC error from VoteRequest() call to peer 21e830d0f4064fbfbd28b48bdf576c36 (127.31.183.130:42847): Network error: Client connection negotiation failed: client connection to 127.31.183.130:42847: connect: Connection refused (error 111)
I20260710 13:27:13.466984 32726 leader_election.cc:304] T 5874fc3b1dce484796b7319cdad2e8d1 P a43ba87452e54257bbfc2828a4a3bb09 [CANDIDATE]: Term 4 pre-election: Election decided. Result: candidate lost. Election summary: received 3 responses out of 3 voters: 1 yes votes; 2 no votes. yes voters: a43ba87452e54257bbfc2828a4a3bb09; no voters: 21e830d0f4064fbfbd28b48bdf576c36, 99fb9984267d414f9847ef0a6be8e798
I20260710 13:27:13.467283   473 leader_election.cc:290] T 5c869d8f9bdb4d10b7ce9634080576e9 P a43ba87452e54257bbfc2828a4a3bb09 [CANDIDATE]: Term 4 pre-election: Requested pre-vote from peers 99fb9984267d414f9847ef0a6be8e798 (127.31.183.129:45857), 21e830d0f4064fbfbd28b48bdf576c36 (127.31.183.130:42847)
I20260710 13:27:13.468356   515 raft_consensus.cc:2749] T 5874fc3b1dce484796b7319cdad2e8d1 P a43ba87452e54257bbfc2828a4a3bb09 [term 3 FOLLOWER]: Leader pre-election lost for term 4. Reason: could not achieve majority
W20260710 13:27:13.470937 32726 leader_election.cc:336] T 09821290224a44339703166d1a1dbe36 P a43ba87452e54257bbfc2828a4a3bb09 [CANDIDATE]: Term 2 pre-election: RPC error from VoteRequest() call to peer 99fb9984267d414f9847ef0a6be8e798 (127.31.183.129:45857): Network error: Client connection negotiation failed: client connection to 127.31.183.129:45857: connect: Connection refused (error 111)
W20260710 13:27:13.472040 32726 leader_election.cc:336] T 09821290224a44339703166d1a1dbe36 P a43ba87452e54257bbfc2828a4a3bb09 [CANDIDATE]: Term 2 pre-election: RPC error from VoteRequest() call to peer 21e830d0f4064fbfbd28b48bdf576c36 (127.31.183.130:42847): Network error: Client connection negotiation failed: client connection to 127.31.183.130:42847: connect: Connection refused (error 111)
I20260710 13:27:13.472412 32726 leader_election.cc:304] T 09821290224a44339703166d1a1dbe36 P a43ba87452e54257bbfc2828a4a3bb09 [CANDIDATE]: Term 2 pre-election: Election decided. Result: candidate lost. Election summary: received 3 responses out of 3 voters: 1 yes votes; 2 no votes. yes voters: a43ba87452e54257bbfc2828a4a3bb09; no voters: 21e830d0f4064fbfbd28b48bdf576c36, 99fb9984267d414f9847ef0a6be8e798
I20260710 13:27:13.473058   515 raft_consensus.cc:2749] T 09821290224a44339703166d1a1dbe36 P a43ba87452e54257bbfc2828a4a3bb09 [term 1 FOLLOWER]: Leader pre-election lost for term 2. Reason: could not achieve majority
W20260710 13:27:13.474567 32726 leader_election.cc:336] T 5c869d8f9bdb4d10b7ce9634080576e9 P a43ba87452e54257bbfc2828a4a3bb09 [CANDIDATE]: Term 4 pre-election: RPC error from VoteRequest() call to peer 99fb9984267d414f9847ef0a6be8e798 (127.31.183.129:45857): Network error: Client connection negotiation failed: client connection to 127.31.183.129:45857: connect: Connection refused (error 111)
W20260710 13:27:13.475174 32726 leader_election.cc:336] T 5c869d8f9bdb4d10b7ce9634080576e9 P a43ba87452e54257bbfc2828a4a3bb09 [CANDIDATE]: Term 4 pre-election: RPC error from VoteRequest() call to peer 21e830d0f4064fbfbd28b48bdf576c36 (127.31.183.130:42847): Network error: Client connection negotiation failed: client connection to 127.31.183.130:42847: connect: Connection refused (error 111)
I20260710 13:27:13.475440 32726 leader_election.cc:304] T 5c869d8f9bdb4d10b7ce9634080576e9 P a43ba87452e54257bbfc2828a4a3bb09 [CANDIDATE]: Term 4 pre-election: Election decided. Result: candidate lost. Election summary: received 3 responses out of 3 voters: 1 yes votes; 2 no votes. yes voters: a43ba87452e54257bbfc2828a4a3bb09; no voters: 21e830d0f4064fbfbd28b48bdf576c36, 99fb9984267d414f9847ef0a6be8e798
I20260710 13:27:13.475919   515 raft_consensus.cc:2749] T 5c869d8f9bdb4d10b7ce9634080576e9 P a43ba87452e54257bbfc2828a4a3bb09 [term 3 FOLLOWER]: Leader pre-election lost for term 4. Reason: could not achieve majority
W20260710 13:27:13.833046 32726 consensus_peers.cc:597] T 3c995101d7624843b62096fb229e12b8 P a43ba87452e54257bbfc2828a4a3bb09 -> Peer 99fb9984267d414f9847ef0a6be8e798 (127.31.183.129:45857): Couldn't send request to peer 99fb9984267d414f9847ef0a6be8e798. Status: Network error: Client connection negotiation failed: client connection to 127.31.183.129:45857: connect: Connection refused (error 111). This is attempt 6: this message will repeat every 5th retry.
W20260710 13:27:14.030984 32478 thread.cc:527] Waited for 2000ms trying to join with diag-logger (tid 32709)
W20260710 13:27:14.081844 32726 consensus_peers.cc:597] T e28b4123983440c6b4676a87a9f5dd30 P a43ba87452e54257bbfc2828a4a3bb09 -> Peer 99fb9984267d414f9847ef0a6be8e798 (127.31.183.129:45857): Couldn't send request to peer 99fb9984267d414f9847ef0a6be8e798. Status: Network error: Client connection negotiation failed: client connection to 127.31.183.129:45857: connect: Connection refused (error 111). This is attempt 6: this message will repeat every 5th retry.
W20260710 13:27:14.319792 32726 consensus_peers.cc:597] T e28b4123983440c6b4676a87a9f5dd30 P a43ba87452e54257bbfc2828a4a3bb09 -> Peer 21e830d0f4064fbfbd28b48bdf576c36 (127.31.183.130:42847): Couldn't send request to peer 21e830d0f4064fbfbd28b48bdf576c36. Status: Network error: Client connection negotiation failed: client connection to 127.31.183.130:42847: connect: Connection refused (error 111). This is attempt 6: this message will repeat every 5th retry.
W20260710 13:27:14.448598 32726 consensus_peers.cc:597] T 1b8239fa6d3e4e52adb95cf6896b2178 P a43ba87452e54257bbfc2828a4a3bb09 -> Peer 21e830d0f4064fbfbd28b48bdf576c36 (127.31.183.130:42847): Couldn't send request to peer 21e830d0f4064fbfbd28b48bdf576c36. Status: Network error: Client connection negotiation failed: client connection to 127.31.183.130:42847: connect: Connection refused (error 111). This is attempt 6: this message will repeat every 5th retry.
W20260710 13:27:14.452359 32726 consensus_peers.cc:597] T 1b8239fa6d3e4e52adb95cf6896b2178 P a43ba87452e54257bbfc2828a4a3bb09 -> Peer 99fb9984267d414f9847ef0a6be8e798 (127.31.183.129:45857): Couldn't send request to peer 99fb9984267d414f9847ef0a6be8e798. Status: Network error: Client connection negotiation failed: client connection to 127.31.183.129:45857: connect: Connection refused (error 111). This is attempt 6: this message will repeat every 5th retry.
I20260710 13:27:14.656396   515 raft_consensus.cc:493] T dd087229e84d4e4a81370af3409d8804 P a43ba87452e54257bbfc2828a4a3bb09 [term 2 FOLLOWER]: Starting pre-election (detected failure of leader 99fb9984267d414f9847ef0a6be8e798)
I20260710 13:27:14.656878   515 raft_consensus.cc:515] T dd087229e84d4e4a81370af3409d8804 P a43ba87452e54257bbfc2828a4a3bb09 [term 2 FOLLOWER]: Starting pre-election with config: opid_index: -1 OBSOLETE_local: false peers { permanent_uuid: "99fb9984267d414f9847ef0a6be8e798" member_type: VOTER last_known_addr { host: "127.31.183.129" port: 45857 } } peers { permanent_uuid: "21e830d0f4064fbfbd28b48bdf576c36" member_type: VOTER last_known_addr { host: "127.31.183.130" port: 42847 } } peers { permanent_uuid: "a43ba87452e54257bbfc2828a4a3bb09" member_type: VOTER last_known_addr { host: "127.31.183.131" port: 44501 } }
I20260710 13:27:14.658501   515 leader_election.cc:290] T dd087229e84d4e4a81370af3409d8804 P a43ba87452e54257bbfc2828a4a3bb09 [CANDIDATE]: Term 3 pre-election: Requested pre-vote from peers 99fb9984267d414f9847ef0a6be8e798 (127.31.183.129:45857), 21e830d0f4064fbfbd28b48bdf576c36 (127.31.183.130:42847)
W20260710 13:27:14.662701 32726 leader_election.cc:336] T dd087229e84d4e4a81370af3409d8804 P a43ba87452e54257bbfc2828a4a3bb09 [CANDIDATE]: Term 3 pre-election: RPC error from VoteRequest() call to peer 99fb9984267d414f9847ef0a6be8e798 (127.31.183.129:45857): Network error: Client connection negotiation failed: client connection to 127.31.183.129:45857: connect: Connection refused (error 111)
W20260710 13:27:14.663341 32726 leader_election.cc:336] T dd087229e84d4e4a81370af3409d8804 P a43ba87452e54257bbfc2828a4a3bb09 [CANDIDATE]: Term 3 pre-election: RPC error from VoteRequest() call to peer 21e830d0f4064fbfbd28b48bdf576c36 (127.31.183.130:42847): Network error: Client connection negotiation failed: client connection to 127.31.183.130:42847: connect: Connection refused (error 111)
I20260710 13:27:14.663686 32726 leader_election.cc:304] T dd087229e84d4e4a81370af3409d8804 P a43ba87452e54257bbfc2828a4a3bb09 [CANDIDATE]: Term 3 pre-election: Election decided. Result: candidate lost. Election summary: received 3 responses out of 3 voters: 1 yes votes; 2 no votes. yes voters: a43ba87452e54257bbfc2828a4a3bb09; no voters: 21e830d0f4064fbfbd28b48bdf576c36, 99fb9984267d414f9847ef0a6be8e798
I20260710 13:27:14.664301   515 raft_consensus.cc:2749] T dd087229e84d4e4a81370af3409d8804 P a43ba87452e54257bbfc2828a4a3bb09 [term 2 FOLLOWER]: Leader pre-election lost for term 3. Reason: could not achieve majority
W20260710 13:27:14.753886 32726 consensus_peers.cc:597] T 3c995101d7624843b62096fb229e12b8 P a43ba87452e54257bbfc2828a4a3bb09 -> Peer 21e830d0f4064fbfbd28b48bdf576c36 (127.31.183.130:42847): Couldn't send request to peer 21e830d0f4064fbfbd28b48bdf576c36. Status: Network error: Client connection negotiation failed: client connection to 127.31.183.130:42847: connect: Connection refused (error 111). This is attempt 6: this message will repeat every 5th retry.
I20260710 13:27:14.831461   515 raft_consensus.cc:493] T cd9dda20108243efa7ee30ab592568ec P a43ba87452e54257bbfc2828a4a3bb09 [term 3 FOLLOWER]: Starting pre-election (detected failure of leader 99fb9984267d414f9847ef0a6be8e798)
I20260710 13:27:14.831879   515 raft_consensus.cc:515] T cd9dda20108243efa7ee30ab592568ec P a43ba87452e54257bbfc2828a4a3bb09 [term 3 FOLLOWER]: Starting pre-election with config: opid_index: -1 OBSOLETE_local: false peers { permanent_uuid: "99fb9984267d414f9847ef0a6be8e798" member_type: VOTER last_known_addr { host: "127.31.183.129" port: 45857 } } peers { permanent_uuid: "21e830d0f4064fbfbd28b48bdf576c36" member_type: VOTER last_known_addr { host: "127.31.183.130" port: 42847 } } peers { permanent_uuid: "a43ba87452e54257bbfc2828a4a3bb09" member_type: VOTER last_known_addr { host: "127.31.183.131" port: 44501 } }
I20260710 13:27:14.833371   515 leader_election.cc:290] T cd9dda20108243efa7ee30ab592568ec P a43ba87452e54257bbfc2828a4a3bb09 [CANDIDATE]: Term 4 pre-election: Requested pre-vote from peers 99fb9984267d414f9847ef0a6be8e798 (127.31.183.129:45857), 21e830d0f4064fbfbd28b48bdf576c36 (127.31.183.130:42847)
W20260710 13:27:14.836740 32726 leader_election.cc:336] T cd9dda20108243efa7ee30ab592568ec P a43ba87452e54257bbfc2828a4a3bb09 [CANDIDATE]: Term 4 pre-election: RPC error from VoteRequest() call to peer 99fb9984267d414f9847ef0a6be8e798 (127.31.183.129:45857): Network error: Client connection negotiation failed: client connection to 127.31.183.129:45857: connect: Connection refused (error 111)
W20260710 13:27:14.837338 32726 leader_election.cc:336] T cd9dda20108243efa7ee30ab592568ec P a43ba87452e54257bbfc2828a4a3bb09 [CANDIDATE]: Term 4 pre-election: RPC error from VoteRequest() call to peer 21e830d0f4064fbfbd28b48bdf576c36 (127.31.183.130:42847): Network error: Client connection negotiation failed: client connection to 127.31.183.130:42847: connect: Connection refused (error 111)
I20260710 13:27:14.837682 32726 leader_election.cc:304] T cd9dda20108243efa7ee30ab592568ec P a43ba87452e54257bbfc2828a4a3bb09 [CANDIDATE]: Term 4 pre-election: Election decided. Result: candidate lost. Election summary: received 3 responses out of 3 voters: 1 yes votes; 2 no votes. yes voters: a43ba87452e54257bbfc2828a4a3bb09; no voters: 21e830d0f4064fbfbd28b48bdf576c36, 99fb9984267d414f9847ef0a6be8e798
I20260710 13:27:14.838313   515 raft_consensus.cc:2749] T cd9dda20108243efa7ee30ab592568ec P a43ba87452e54257bbfc2828a4a3bb09 [term 3 FOLLOWER]: Leader pre-election lost for term 4. Reason: could not achieve majority
I20260710 13:27:14.881141   515 raft_consensus.cc:493] T d3a2014053c4497c86e1da2118e5e841 P a43ba87452e54257bbfc2828a4a3bb09 [term 3 FOLLOWER]: Starting pre-election (detected failure of leader 99fb9984267d414f9847ef0a6be8e798)
I20260710 13:27:14.881546   515 raft_consensus.cc:515] T d3a2014053c4497c86e1da2118e5e841 P a43ba87452e54257bbfc2828a4a3bb09 [term 3 FOLLOWER]: Starting pre-election with config: opid_index: -1 OBSOLETE_local: false peers { permanent_uuid: "99fb9984267d414f9847ef0a6be8e798" member_type: VOTER last_known_addr { host: "127.31.183.129" port: 45857 } } peers { permanent_uuid: "21e830d0f4064fbfbd28b48bdf576c36" member_type: VOTER last_known_addr { host: "127.31.183.130" port: 42847 } } peers { permanent_uuid: "a43ba87452e54257bbfc2828a4a3bb09" member_type: VOTER last_known_addr { host: "127.31.183.131" port: 44501 } }
I20260710 13:27:14.883074   515 leader_election.cc:290] T d3a2014053c4497c86e1da2118e5e841 P a43ba87452e54257bbfc2828a4a3bb09 [CANDIDATE]: Term 4 pre-election: Requested pre-vote from peers 99fb9984267d414f9847ef0a6be8e798 (127.31.183.129:45857), 21e830d0f4064fbfbd28b48bdf576c36 (127.31.183.130:42847)
W20260710 13:27:14.886559 32726 leader_election.cc:336] T d3a2014053c4497c86e1da2118e5e841 P a43ba87452e54257bbfc2828a4a3bb09 [CANDIDATE]: Term 4 pre-election: RPC error from VoteRequest() call to peer 99fb9984267d414f9847ef0a6be8e798 (127.31.183.129:45857): Network error: Client connection negotiation failed: client connection to 127.31.183.129:45857: connect: Connection refused (error 111)
