I20260710 13:27:31.601858  1026 catalog_manager.cc:5697] T 9f9f304a4d4748b182e51f882b3b824e P 7f697b6ac4c84814bebe77057afc2bd3 reported cstate change: config changed from index 2 to 3, 5e97a4ea6bfa41eead5f7b52755b1854 (127.31.183.132) changed from NON_VOTER to VOTER. New cstate: current_term: 1 leader_uuid: "40bb2041858d444792823b1b5e5ed86f" committed_config { opid_index: 3 OBSOLETE_local: false peers { permanent_uuid: "40bb2041858d444792823b1b5e5ed86f" member_type: VOTER last_known_addr { host: "127.31.183.129" port: 45499 } } peers { permanent_uuid: "c4d526b3c5774e4aa1187156e29fc7a1" member_type: VOTER last_known_addr { host: "127.31.183.130" port: 42539 } } peers { permanent_uuid: "7f697b6ac4c84814bebe77057afc2bd3" member_type: VOTER last_known_addr { host: "127.31.183.131" port: 44391 } attrs { replace: true } } peers { permanent_uuid: "5e97a4ea6bfa41eead5f7b52755b1854" member_type: VOTER last_known_addr { host: "127.31.183.132" port: 39799 } attrs { promote: false } } }
I20260710 13:27:31.605719  1543 raft_consensus.cc:1275] T facbcfc361b8404c8cbe1d4be4e1a0be P 5e97a4ea6bfa41eead5f7b52755b1854 [term 1 LEARNER]: Refusing update from remote peer 40bb2041858d444792823b1b5e5ed86f: Log matching property violated. Preceding OpId in replica: term: 1 index: 2. Preceding OpId from leader: term: 1 index: 3. (index mismatch)
I20260710 13:27:31.605716  1203 raft_consensus.cc:1275] T facbcfc361b8404c8cbe1d4be4e1a0be P c4d526b3c5774e4aa1187156e29fc7a1 [term 1 FOLLOWER]: Refusing update from remote peer 40bb2041858d444792823b1b5e5ed86f: Log matching property violated. Preceding OpId in replica: term: 1 index: 2. Preceding OpId from leader: term: 1 index: 3. (index mismatch)
I20260710 13:27:31.608484  1635 consensus_queue.cc:1048] T facbcfc361b8404c8cbe1d4be4e1a0be P 40bb2041858d444792823b1b5e5ed86f [LEADER]: Connected to new peer: Peer: permanent_uuid: "5e97a4ea6bfa41eead5f7b52755b1854" member_type: VOTER last_known_addr { host: "127.31.183.132" port: 39799 } attrs { promote: false }, Status: LMP_MISMATCH, Last received: 0.0, Next index: 3, Last known committed idx: 2, Time since last communication: 0.001s
I20260710 13:27:31.619827  1275 raft_consensus.cc:1275] T facbcfc361b8404c8cbe1d4be4e1a0be P 7f697b6ac4c84814bebe77057afc2bd3 [term 1 FOLLOWER]: Refusing update from remote peer 40bb2041858d444792823b1b5e5ed86f: Log matching property violated. Preceding OpId in replica: term: 1 index: 2. Preceding OpId from leader: term: 1 index: 3. (index mismatch)
I20260710 13:27:31.620286  1638 ts_tablet_manager.cc:1916] T 9adff13c7efa4699aacce7f8f73619cd P c4d526b3c5774e4aa1187156e29fc7a1: Deleting tablet data with delete state TABLET_DATA_TOMBSTONED
I20260710 13:27:31.628623  1616 consensus_queue.cc:1048] T facbcfc361b8404c8cbe1d4be4e1a0be P 40bb2041858d444792823b1b5e5ed86f [LEADER]: Connected to new peer: Peer: permanent_uuid: "7f697b6ac4c84814bebe77057afc2bd3" member_type: VOTER last_known_addr { host: "127.31.183.131" port: 44391 }, Status: LMP_MISMATCH, Last received: 0.0, Next index: 3, Last known committed idx: 2, Time since last communication: 0.000s
I20260710 13:27:31.632509  1543 raft_consensus.cc:2955] T 9f9f304a4d4748b182e51f882b3b824e P 5e97a4ea6bfa41eead5f7b52755b1854 [term 1 FOLLOWER]: Committing config change with OpId 1.3: config changed from index 2 to 3, 5e97a4ea6bfa41eead5f7b52755b1854 (127.31.183.132) changed from NON_VOTER to VOTER. New config: { opid_index: 3 OBSOLETE_local: false peers { permanent_uuid: "40bb2041858d444792823b1b5e5ed86f" member_type: VOTER last_known_addr { host: "127.31.183.129" port: 45499 } } peers { permanent_uuid: "c4d526b3c5774e4aa1187156e29fc7a1" member_type: VOTER last_known_addr { host: "127.31.183.130" port: 42539 } } peers { permanent_uuid: "7f697b6ac4c84814bebe77057afc2bd3" member_type: VOTER last_known_addr { host: "127.31.183.131" port: 44391 } attrs { replace: true } } peers { permanent_uuid: "5e97a4ea6bfa41eead5f7b52755b1854" member_type: VOTER last_known_addr { host: "127.31.183.132" port: 39799 } attrs { promote: false } } }
I20260710 13:27:31.642984  1638 ts_tablet_manager.cc:1929] T 9adff13c7efa4699aacce7f8f73619cd P c4d526b3c5774e4aa1187156e29fc7a1: tablet deleted with delete type TABLET_DATA_TOMBSTONED: last-logged OpId 1.3
I20260710 13:27:31.641248  1127 consensus_queue.cc:237] T 9f9f304a4d4748b182e51f882b3b824e P 40bb2041858d444792823b1b5e5ed86f [LEADER]: Queue going to LEADER mode. State: All replicated index: 0, Majority replicated index: 3, Committed index: 3, Last appended: 1.3, Last appended by leader: 0, Current term: 1, Majority size: 2, State: 0, Mode: LEADER, active raft config: opid_index: 4 OBSOLETE_local: false peers { permanent_uuid: "40bb2041858d444792823b1b5e5ed86f" member_type: VOTER last_known_addr { host: "127.31.183.129" port: 45499 } } peers { permanent_uuid: "c4d526b3c5774e4aa1187156e29fc7a1" member_type: VOTER last_known_addr { host: "127.31.183.130" port: 42539 } } peers { permanent_uuid: "5e97a4ea6bfa41eead5f7b52755b1854" member_type: VOTER last_known_addr { host: "127.31.183.132" port: 39799 } attrs { promote: false } }
I20260710 13:27:31.643467  1638 log.cc:1199] T 9adff13c7efa4699aacce7f8f73619cd P c4d526b3c5774e4aa1187156e29fc7a1: Deleting WAL directory at /tmp/dist-test-taskLgrZnD/test-tmp/auto_leader_rebalancer-test.0.LeaderRebalancerTest.AddTserver.1783690019514825-32478-0/minicluster-data/ts-1-root/wals/9adff13c7efa4699aacce7f8f73619cd
I20260710 13:27:31.645211  1013 catalog_manager.cc:5028] TS c4d526b3c5774e4aa1187156e29fc7a1 (127.31.183.130:42539): tablet 9adff13c7efa4699aacce7f8f73619cd (table test-workload [id=a2f3afcace0a433fb1d7aa6e8a76e489]) successfully deleted
I20260710 13:27:31.651270  1203 raft_consensus.cc:1275] T 9f9f304a4d4748b182e51f882b3b824e P c4d526b3c5774e4aa1187156e29fc7a1 [term 1 FOLLOWER]: Refusing update from remote peer 40bb2041858d444792823b1b5e5ed86f: Log matching property violated. Preceding OpId in replica: term: 1 index: 3. Preceding OpId from leader: term: 1 index: 4. (index mismatch)
I20260710 13:27:31.651994  1544 raft_consensus.cc:1275] T 9f9f304a4d4748b182e51f882b3b824e P 5e97a4ea6bfa41eead5f7b52755b1854 [term 1 FOLLOWER]: Refusing update from remote peer 40bb2041858d444792823b1b5e5ed86f: Log matching property violated. Preceding OpId in replica: term: 1 index: 3. Preceding OpId from leader: term: 1 index: 4. (index mismatch)
I20260710 13:27:31.653376  1635 consensus_queue.cc:1048] T facbcfc361b8404c8cbe1d4be4e1a0be P 40bb2041858d444792823b1b5e5ed86f [LEADER]: Connected to new peer: Peer: permanent_uuid: "c4d526b3c5774e4aa1187156e29fc7a1" member_type: VOTER last_known_addr { host: "127.31.183.130" port: 42539 } attrs { replace: true }, Status: LMP_MISMATCH, Last received: 0.0, Next index: 3, Last known committed idx: 2, Time since last communication: 0.000s
I20260710 13:27:31.658177  1382 consensus_queue.cc:1048] T 9f9f304a4d4748b182e51f882b3b824e P 40bb2041858d444792823b1b5e5ed86f [LEADER]: Connected to new peer: Peer: permanent_uuid: "5e97a4ea6bfa41eead5f7b52755b1854" member_type: VOTER last_known_addr { host: "127.31.183.132" port: 39799 } attrs { promote: false }, Status: LMP_MISMATCH, Last received: 0.0, Next index: 4, Last known committed idx: 3, Time since last communication: 0.000s
I20260710 13:27:31.659471  1382 consensus_queue.cc:1048] T 9f9f304a4d4748b182e51f882b3b824e P 40bb2041858d444792823b1b5e5ed86f [LEADER]: Connected to new peer: Peer: permanent_uuid: "c4d526b3c5774e4aa1187156e29fc7a1" member_type: VOTER last_known_addr { host: "127.31.183.130" port: 42539 }, Status: LMP_MISMATCH, Last received: 0.0, Next index: 4, Last known committed idx: 3, Time since last communication: 0.000s
I20260710 13:27:31.669762  1635 raft_consensus.cc:2955] T 9f9f304a4d4748b182e51f882b3b824e P 40bb2041858d444792823b1b5e5ed86f [term 1 LEADER]: Committing config change with OpId 1.4: config changed from index 3 to 4, VOTER 7f697b6ac4c84814bebe77057afc2bd3 (127.31.183.131) evicted. New config: { opid_index: 4 OBSOLETE_local: false peers { permanent_uuid: "40bb2041858d444792823b1b5e5ed86f" member_type: VOTER last_known_addr { host: "127.31.183.129" port: 45499 } } peers { permanent_uuid: "c4d526b3c5774e4aa1187156e29fc7a1" member_type: VOTER last_known_addr { host: "127.31.183.130" port: 42539 } } peers { permanent_uuid: "5e97a4ea6bfa41eead5f7b52755b1854" member_type: VOTER last_known_addr { host: "127.31.183.132" port: 39799 } attrs { promote: false } } }
I20260710 13:27:31.671219  1641 raft_consensus.cc:2955] T facbcfc361b8404c8cbe1d4be4e1a0be P 40bb2041858d444792823b1b5e5ed86f [term 1 LEADER]: Committing config change with OpId 1.3: config changed from index 2 to 3, 5e97a4ea6bfa41eead5f7b52755b1854 (127.31.183.132) changed from NON_VOTER to VOTER. New config: { opid_index: 3 OBSOLETE_local: false peers { permanent_uuid: "40bb2041858d444792823b1b5e5ed86f" member_type: VOTER last_known_addr { host: "127.31.183.129" port: 45499 } } peers { permanent_uuid: "c4d526b3c5774e4aa1187156e29fc7a1" member_type: VOTER last_known_addr { host: "127.31.183.130" port: 42539 } attrs { replace: true } } peers { permanent_uuid: "7f697b6ac4c84814bebe77057afc2bd3" member_type: VOTER last_known_addr { host: "127.31.183.131" port: 44391 } } peers { permanent_uuid: "5e97a4ea6bfa41eead5f7b52755b1854" member_type: VOTER last_known_addr { host: "127.31.183.132" port: 39799 } attrs { promote: false } } }
I20260710 13:27:31.679525  1011 catalog_manager.cc:5210] ChangeConfig:REMOVE_PEER RPC for tablet 9f9f304a4d4748b182e51f882b3b824e with cas_config_opid_index 3: ChangeConfig:REMOVE_PEER succeeded (attempt 1)
I20260710 13:27:31.684662  1274 raft_consensus.cc:2955] T facbcfc361b8404c8cbe1d4be4e1a0be P 7f697b6ac4c84814bebe77057afc2bd3 [term 1 FOLLOWER]: Committing config change with OpId 1.3: config changed from index 2 to 3, 5e97a4ea6bfa41eead5f7b52755b1854 (127.31.183.132) changed from NON_VOTER to VOTER. New config: { opid_index: 3 OBSOLETE_local: false peers { permanent_uuid: "40bb2041858d444792823b1b5e5ed86f" member_type: VOTER last_known_addr { host: "127.31.183.129" port: 45499 } } peers { permanent_uuid: "c4d526b3c5774e4aa1187156e29fc7a1" member_type: VOTER last_known_addr { host: "127.31.183.130" port: 42539 } attrs { replace: true } } peers { permanent_uuid: "7f697b6ac4c84814bebe77057afc2bd3" member_type: VOTER last_known_addr { host: "127.31.183.131" port: 44391 } } peers { permanent_uuid: "5e97a4ea6bfa41eead5f7b52755b1854" member_type: VOTER last_known_addr { host: "127.31.183.132" port: 39799 } attrs { promote: false } } }
I20260710 13:27:31.684566  1023 catalog_manager.cc:5697] T 9f9f304a4d4748b182e51f882b3b824e P 40bb2041858d444792823b1b5e5ed86f reported cstate change: config changed from index 3 to 4, VOTER 7f697b6ac4c84814bebe77057afc2bd3 (127.31.183.131) evicted. New cstate: current_term: 1 leader_uuid: "40bb2041858d444792823b1b5e5ed86f" committed_config { opid_index: 4 OBSOLETE_local: false peers { permanent_uuid: "40bb2041858d444792823b1b5e5ed86f" member_type: VOTER last_known_addr { host: "127.31.183.129" port: 45499 } health_report { overall_health: HEALTHY } } peers { permanent_uuid: "c4d526b3c5774e4aa1187156e29fc7a1" member_type: VOTER last_known_addr { host: "127.31.183.130" port: 42539 } health_report { overall_health: UNKNOWN } } peers { permanent_uuid: "5e97a4ea6bfa41eead5f7b52755b1854" member_type: VOTER last_known_addr { host: "127.31.183.132" port: 39799 } attrs { promote: false } health_report { overall_health: HEALTHY } } }
I20260710 13:27:31.687659  1543 raft_consensus.cc:2955] T 9f9f304a4d4748b182e51f882b3b824e P 5e97a4ea6bfa41eead5f7b52755b1854 [term 1 FOLLOWER]: Committing config change with OpId 1.4: config changed from index 3 to 4, VOTER 7f697b6ac4c84814bebe77057afc2bd3 (127.31.183.131) evicted. New config: { opid_index: 4 OBSOLETE_local: false peers { permanent_uuid: "40bb2041858d444792823b1b5e5ed86f" member_type: VOTER last_known_addr { host: "127.31.183.129" port: 45499 } } peers { permanent_uuid: "c4d526b3c5774e4aa1187156e29fc7a1" member_type: VOTER last_known_addr { host: "127.31.183.130" port: 42539 } } peers { permanent_uuid: "5e97a4ea6bfa41eead5f7b52755b1854" member_type: VOTER last_known_addr { host: "127.31.183.132" port: 39799 } attrs { promote: false } } }
I20260710 13:27:31.689935  1544 raft_consensus.cc:2955] T facbcfc361b8404c8cbe1d4be4e1a0be P 5e97a4ea6bfa41eead5f7b52755b1854 [term 1 FOLLOWER]: Committing config change with OpId 1.3: config changed from index 2 to 3, 5e97a4ea6bfa41eead5f7b52755b1854 (127.31.183.132) changed from NON_VOTER to VOTER. New config: { opid_index: 3 OBSOLETE_local: false peers { permanent_uuid: "40bb2041858d444792823b1b5e5ed86f" member_type: VOTER last_known_addr { host: "127.31.183.129" port: 45499 } } peers { permanent_uuid: "c4d526b3c5774e4aa1187156e29fc7a1" member_type: VOTER last_known_addr { host: "127.31.183.130" port: 42539 } attrs { replace: true } } peers { permanent_uuid: "7f697b6ac4c84814bebe77057afc2bd3" member_type: VOTER last_known_addr { host: "127.31.183.131" port: 44391 } } peers { permanent_uuid: "5e97a4ea6bfa41eead5f7b52755b1854" member_type: VOTER last_known_addr { host: "127.31.183.132" port: 39799 } attrs { promote: false } } }
I20260710 13:27:31.696161  1265 tablet_service.cc:1558] Processing DeleteTablet for tablet 9f9f304a4d4748b182e51f882b3b824e with delete_type TABLET_DATA_TOMBSTONED (TS 7f697b6ac4c84814bebe77057afc2bd3 not found in new config with opid_index 4) from {username='slave'} at 127.0.0.1:47756
I20260710 13:27:31.698362  1201 raft_consensus.cc:2955] T 9f9f304a4d4748b182e51f882b3b824e P c4d526b3c5774e4aa1187156e29fc7a1 [term 1 FOLLOWER]: Committing config change with OpId 1.4: config changed from index 3 to 4, VOTER 7f697b6ac4c84814bebe77057afc2bd3 (127.31.183.131) evicted. New config: { opid_index: 4 OBSOLETE_local: false peers { permanent_uuid: "40bb2041858d444792823b1b5e5ed86f" member_type: VOTER last_known_addr { host: "127.31.183.129" port: 45499 } } peers { permanent_uuid: "c4d526b3c5774e4aa1187156e29fc7a1" member_type: VOTER last_known_addr { host: "127.31.183.130" port: 42539 } } peers { permanent_uuid: "5e97a4ea6bfa41eead5f7b52755b1854" member_type: VOTER last_known_addr { host: "127.31.183.132" port: 39799 } attrs { promote: false } } }
I20260710 13:27:31.702822  1026 catalog_manager.cc:5697] T facbcfc361b8404c8cbe1d4be4e1a0be P 5e97a4ea6bfa41eead5f7b52755b1854 reported cstate change: config changed from index 2 to 3, 5e97a4ea6bfa41eead5f7b52755b1854 (127.31.183.132) changed from NON_VOTER to VOTER. New cstate: current_term: 1 leader_uuid: "40bb2041858d444792823b1b5e5ed86f" committed_config { opid_index: 3 OBSOLETE_local: false peers { permanent_uuid: "40bb2041858d444792823b1b5e5ed86f" member_type: VOTER last_known_addr { host: "127.31.183.129" port: 45499 } } peers { permanent_uuid: "c4d526b3c5774e4aa1187156e29fc7a1" member_type: VOTER last_known_addr { host: "127.31.183.130" port: 42539 } attrs { replace: true } } peers { permanent_uuid: "7f697b6ac4c84814bebe77057afc2bd3" member_type: VOTER last_known_addr { host: "127.31.183.131" port: 44391 } } peers { permanent_uuid: "5e97a4ea6bfa41eead5f7b52755b1854" member_type: VOTER last_known_addr { host: "127.31.183.132" port: 39799 } attrs { promote: false } } }
I20260710 13:27:31.721235  1645 tablet_replica.cc:333] T 9f9f304a4d4748b182e51f882b3b824e P 7f697b6ac4c84814bebe77057afc2bd3: stopping tablet replica
I20260710 13:27:31.722815  1203 raft_consensus.cc:2955] T facbcfc361b8404c8cbe1d4be4e1a0be P c4d526b3c5774e4aa1187156e29fc7a1 [term 1 FOLLOWER]: Committing config change with OpId 1.3: config changed from index 2 to 3, 5e97a4ea6bfa41eead5f7b52755b1854 (127.31.183.132) changed from NON_VOTER to VOTER. New config: { opid_index: 3 OBSOLETE_local: false peers { permanent_uuid: "40bb2041858d444792823b1b5e5ed86f" member_type: VOTER last_known_addr { host: "127.31.183.129" port: 45499 } } peers { permanent_uuid: "c4d526b3c5774e4aa1187156e29fc7a1" member_type: VOTER last_known_addr { host: "127.31.183.130" port: 42539 } attrs { replace: true } } peers { permanent_uuid: "7f697b6ac4c84814bebe77057afc2bd3" member_type: VOTER last_known_addr { host: "127.31.183.131" port: 44391 } } peers { permanent_uuid: "5e97a4ea6bfa41eead5f7b52755b1854" member_type: VOTER last_known_addr { host: "127.31.183.132" port: 39799 } attrs { promote: false } } }
I20260710 13:27:31.728957  1645 raft_consensus.cc:2243] T 9f9f304a4d4748b182e51f882b3b824e P 7f697b6ac4c84814bebe77057afc2bd3 [term 1 FOLLOWER]: Raft consensus shutting down.
I20260710 13:27:31.729692  1645 raft_consensus.cc:2272] T 9f9f304a4d4748b182e51f882b3b824e P 7f697b6ac4c84814bebe77057afc2bd3 [term 1 FOLLOWER]: Raft consensus is shut down!
I20260710 13:27:31.735321  1127 consensus_queue.cc:237] T facbcfc361b8404c8cbe1d4be4e1a0be P 40bb2041858d444792823b1b5e5ed86f [LEADER]: Queue going to LEADER mode. State: All replicated index: 0, Majority replicated index: 3, Committed index: 3, Last appended: 1.3, Last appended by leader: 0, Current term: 1, Majority size: 2, State: 0, Mode: LEADER, active raft config: opid_index: 4 OBSOLETE_local: false peers { permanent_uuid: "40bb2041858d444792823b1b5e5ed86f" member_type: VOTER last_known_addr { host: "127.31.183.129" port: 45499 } } peers { permanent_uuid: "7f697b6ac4c84814bebe77057afc2bd3" member_type: VOTER last_known_addr { host: "127.31.183.131" port: 44391 } } peers { permanent_uuid: "5e97a4ea6bfa41eead5f7b52755b1854" member_type: VOTER last_known_addr { host: "127.31.183.132" port: 39799 } attrs { promote: false } }
I20260710 13:27:31.740880  1543 raft_consensus.cc:1275] T facbcfc361b8404c8cbe1d4be4e1a0be P 5e97a4ea6bfa41eead5f7b52755b1854 [term 1 FOLLOWER]: Refusing update from remote peer 40bb2041858d444792823b1b5e5ed86f: Log matching property violated. Preceding OpId in replica: term: 1 index: 3. Preceding OpId from leader: term: 1 index: 4. (index mismatch)
I20260710 13:27:31.741430  1645 ts_tablet_manager.cc:1916] T 9f9f304a4d4748b182e51f882b3b824e P 7f697b6ac4c84814bebe77057afc2bd3: Deleting tablet data with delete state TABLET_DATA_TOMBSTONED
I20260710 13:27:31.743494  1274 raft_consensus.cc:1275] T facbcfc361b8404c8cbe1d4be4e1a0be P 7f697b6ac4c84814bebe77057afc2bd3 [term 1 FOLLOWER]: Refusing update from remote peer 40bb2041858d444792823b1b5e5ed86f: Log matching property violated. Preceding OpId in replica: term: 1 index: 3. Preceding OpId from leader: term: 1 index: 4. (index mismatch)
I20260710 13:27:31.745847  1382 consensus_queue.cc:1048] T facbcfc361b8404c8cbe1d4be4e1a0be P 40bb2041858d444792823b1b5e5ed86f [LEADER]: Connected to new peer: Peer: permanent_uuid: "7f697b6ac4c84814bebe77057afc2bd3" member_type: VOTER last_known_addr { host: "127.31.183.131" port: 44391 }, Status: LMP_MISMATCH, Last received: 0.0, Next index: 4, Last known committed idx: 3, Time since last communication: 0.000s
I20260710 13:27:31.748485  1382 consensus_queue.cc:1048] T facbcfc361b8404c8cbe1d4be4e1a0be P 40bb2041858d444792823b1b5e5ed86f [LEADER]: Connected to new peer: Peer: permanent_uuid: "5e97a4ea6bfa41eead5f7b52755b1854" member_type: VOTER last_known_addr { host: "127.31.183.132" port: 39799 } attrs { promote: false }, Status: LMP_MISMATCH, Last received: 0.0, Next index: 4, Last known committed idx: 3, Time since last communication: 0.000s
I20260710 13:27:31.751974  1635 raft_consensus.cc:2955] T facbcfc361b8404c8cbe1d4be4e1a0be P 40bb2041858d444792823b1b5e5ed86f [term 1 LEADER]: Committing config change with OpId 1.4: config changed from index 3 to 4, VOTER c4d526b3c5774e4aa1187156e29fc7a1 (127.31.183.130) evicted. New config: { opid_index: 4 OBSOLETE_local: false peers { permanent_uuid: "40bb2041858d444792823b1b5e5ed86f" member_type: VOTER last_known_addr { host: "127.31.183.129" port: 45499 } } peers { permanent_uuid: "7f697b6ac4c84814bebe77057afc2bd3" member_type: VOTER last_known_addr { host: "127.31.183.131" port: 44391 } } peers { permanent_uuid: "5e97a4ea6bfa41eead5f7b52755b1854" member_type: VOTER last_known_addr { host: "127.31.183.132" port: 39799 } attrs { promote: false } } }
I20260710 13:27:31.757619  1645 ts_tablet_manager.cc:1929] T 9f9f304a4d4748b182e51f882b3b824e P 7f697b6ac4c84814bebe77057afc2bd3: tablet deleted with delete type TABLET_DATA_TOMBSTONED: last-logged OpId 1.3
I20260710 13:27:31.758104  1645 log.cc:1199] T 9f9f304a4d4748b182e51f882b3b824e P 7f697b6ac4c84814bebe77057afc2bd3: Deleting WAL directory at /tmp/dist-test-taskLgrZnD/test-tmp/auto_leader_rebalancer-test.0.LeaderRebalancerTest.AddTserver.1783690019514825-32478-0/minicluster-data/ts-2-root/wals/9f9f304a4d4748b182e51f882b3b824e
I20260710 13:27:31.759791  1011 catalog_manager.cc:5028] TS 7f697b6ac4c84814bebe77057afc2bd3 (127.31.183.131:44391): tablet 9f9f304a4d4748b182e51f882b3b824e (table test-workload [id=a2f3afcace0a433fb1d7aa6e8a76e489]) successfully deleted
I20260710 13:27:31.760146  1275 raft_consensus.cc:2955] T facbcfc361b8404c8cbe1d4be4e1a0be P 7f697b6ac4c84814bebe77057afc2bd3 [term 1 FOLLOWER]: Committing config change with OpId 1.4: config changed from index 3 to 4, VOTER c4d526b3c5774e4aa1187156e29fc7a1 (127.31.183.130) evicted. New config: { opid_index: 4 OBSOLETE_local: false peers { permanent_uuid: "40bb2041858d444792823b1b5e5ed86f" member_type: VOTER last_known_addr { host: "127.31.183.129" port: 45499 } } peers { permanent_uuid: "7f697b6ac4c84814bebe77057afc2bd3" member_type: VOTER last_known_addr { host: "127.31.183.131" port: 44391 } } peers { permanent_uuid: "5e97a4ea6bfa41eead5f7b52755b1854" member_type: VOTER last_known_addr { host: "127.31.183.132" port: 39799 } attrs { promote: false } } }
I20260710 13:27:31.767796  1011 catalog_manager.cc:5210] ChangeConfig:REMOVE_PEER RPC for tablet facbcfc361b8404c8cbe1d4be4e1a0be with cas_config_opid_index 3: ChangeConfig:REMOVE_PEER succeeded (attempt 1)
I20260710 13:27:31.768045  1543 raft_consensus.cc:2955] T facbcfc361b8404c8cbe1d4be4e1a0be P 5e97a4ea6bfa41eead5f7b52755b1854 [term 1 FOLLOWER]: Committing config change with OpId 1.4: config changed from index 3 to 4, VOTER c4d526b3c5774e4aa1187156e29fc7a1 (127.31.183.130) evicted. New config: { opid_index: 4 OBSOLETE_local: false peers { permanent_uuid: "40bb2041858d444792823b1b5e5ed86f" member_type: VOTER last_known_addr { host: "127.31.183.129" port: 45499 } } peers { permanent_uuid: "7f697b6ac4c84814bebe77057afc2bd3" member_type: VOTER last_known_addr { host: "127.31.183.131" port: 44391 } } peers { permanent_uuid: "5e97a4ea6bfa41eead5f7b52755b1854" member_type: VOTER last_known_addr { host: "127.31.183.132" port: 39799 } attrs { promote: false } } }
I20260710 13:27:31.771354  1025 catalog_manager.cc:5697] T facbcfc361b8404c8cbe1d4be4e1a0be P 40bb2041858d444792823b1b5e5ed86f reported cstate change: config changed from index 3 to 4, VOTER c4d526b3c5774e4aa1187156e29fc7a1 (127.31.183.130) evicted. New cstate: current_term: 1 leader_uuid: "40bb2041858d444792823b1b5e5ed86f" committed_config { opid_index: 4 OBSOLETE_local: false peers { permanent_uuid: "40bb2041858d444792823b1b5e5ed86f" member_type: VOTER last_known_addr { host: "127.31.183.129" port: 45499 } health_report { overall_health: HEALTHY } } peers { permanent_uuid: "7f697b6ac4c84814bebe77057afc2bd3" member_type: VOTER last_known_addr { host: "127.31.183.131" port: 44391 } health_report { overall_health: HEALTHY } } peers { permanent_uuid: "5e97a4ea6bfa41eead5f7b52755b1854" member_type: VOTER last_known_addr { host: "127.31.183.132" port: 39799 } attrs { promote: false } health_report { overall_health: HEALTHY } } }
I20260710 13:27:31.782256  1191 tablet_service.cc:1558] Processing DeleteTablet for tablet facbcfc361b8404c8cbe1d4be4e1a0be with delete_type TABLET_DATA_TOMBSTONED (TS c4d526b3c5774e4aa1187156e29fc7a1 not found in new config with opid_index 4) from {username='slave'} at 127.0.0.1:37610
I20260710 13:27:31.783217  1638 tablet_replica.cc:333] T facbcfc361b8404c8cbe1d4be4e1a0be P c4d526b3c5774e4aa1187156e29fc7a1: stopping tablet replica
I20260710 13:27:31.784214  1638 raft_consensus.cc:2243] T facbcfc361b8404c8cbe1d4be4e1a0be P c4d526b3c5774e4aa1187156e29fc7a1 [term 1 FOLLOWER]: Raft consensus shutting down.
I20260710 13:27:31.784821  1638 raft_consensus.cc:2272] T facbcfc361b8404c8cbe1d4be4e1a0be P c4d526b3c5774e4aa1187156e29fc7a1 [term 1 FOLLOWER]: Raft consensus is shut down!
I20260710 13:27:31.787730  1638 ts_tablet_manager.cc:1916] T facbcfc361b8404c8cbe1d4be4e1a0be P c4d526b3c5774e4aa1187156e29fc7a1: Deleting tablet data with delete state TABLET_DATA_TOMBSTONED
I20260710 13:27:31.798628  1638 ts_tablet_manager.cc:1929] T facbcfc361b8404c8cbe1d4be4e1a0be P c4d526b3c5774e4aa1187156e29fc7a1: tablet deleted with delete type TABLET_DATA_TOMBSTONED: last-logged OpId 1.3
I20260710 13:27:31.798907  1638 log.cc:1199] T facbcfc361b8404c8cbe1d4be4e1a0be P c4d526b3c5774e4aa1187156e29fc7a1: Deleting WAL directory at /tmp/dist-test-taskLgrZnD/test-tmp/auto_leader_rebalancer-test.0.LeaderRebalancerTest.AddTserver.1783690019514825-32478-0/minicluster-data/ts-1-root/wals/facbcfc361b8404c8cbe1d4be4e1a0be
I20260710 13:27:31.800057  1013 catalog_manager.cc:5028] TS c4d526b3c5774e4aa1187156e29fc7a1 (127.31.183.130:42539): tablet facbcfc361b8404c8cbe1d4be4e1a0be (table test-workload [id=a2f3afcace0a433fb1d7aa6e8a76e489]) successfully deleted
I20260710 13:27:32.810245  1201 consensus_queue.cc:237] T eaf24156e942482a9912ac51291ab993 P c4d526b3c5774e4aa1187156e29fc7a1 [LEADER]: Queue going to LEADER mode. State: All replicated index: 0, Majority replicated index: 1, Committed index: 1, Last appended: 1.1, Last appended by leader: 0, Current term: 1, Majority size: 2, State: 0, Mode: LEADER, active raft config: opid_index: 2 OBSOLETE_local: false peers { permanent_uuid: "40bb2041858d444792823b1b5e5ed86f" member_type: VOTER last_known_addr { host: "127.31.183.129" port: 45499 } attrs { replace: true } } peers { permanent_uuid: "c4d526b3c5774e4aa1187156e29fc7a1" member_type: VOTER last_known_addr { host: "127.31.183.130" port: 42539 } } peers { permanent_uuid: "7f697b6ac4c84814bebe77057afc2bd3" member_type: VOTER last_known_addr { host: "127.31.183.131" port: 44391 } } peers { permanent_uuid: "5e97a4ea6bfa41eead5f7b52755b1854" member_type: NON_VOTER last_known_addr { host: "127.31.183.132" port: 39799 } attrs { promote: true } }
I20260710 13:27:32.815618  1275 raft_consensus.cc:1275] T eaf24156e942482a9912ac51291ab993 P 7f697b6ac4c84814bebe77057afc2bd3 [term 1 FOLLOWER]: Refusing update from remote peer c4d526b3c5774e4aa1187156e29fc7a1: Log matching property violated. Preceding OpId in replica: term: 1 index: 1. Preceding OpId from leader: term: 1 index: 2. (index mismatch)
W20260710 13:27:32.823156  1169 consensus_peers.cc:597] T eaf24156e942482a9912ac51291ab993 P c4d526b3c5774e4aa1187156e29fc7a1 -> Peer 5e97a4ea6bfa41eead5f7b52755b1854 (127.31.183.132:39799): Couldn't send request to peer 5e97a4ea6bfa41eead5f7b52755b1854. Error code: TABLET_NOT_FOUND (6). Status: Not found: Tablet not found: eaf24156e942482a9912ac51291ab993. This is attempt 1: this message will repeat every 5th retry.
I20260710 13:27:32.823453  1648 consensus_queue.cc:1048] T eaf24156e942482a9912ac51291ab993 P c4d526b3c5774e4aa1187156e29fc7a1 [LEADER]: Connected to new peer: Peer: permanent_uuid: "7f697b6ac4c84814bebe77057afc2bd3" member_type: VOTER last_known_addr { host: "127.31.183.131" port: 44391 }, Status: LMP_MISMATCH, Last received: 0.0, Next index: 2, Last known committed idx: 1, Time since last communication: 0.000s
I20260710 13:27:32.823714  1127 raft_consensus.cc:1275] T eaf24156e942482a9912ac51291ab993 P 40bb2041858d444792823b1b5e5ed86f [term 1 FOLLOWER]: Refusing update from remote peer c4d526b3c5774e4aa1187156e29fc7a1: Log matching property violated. Preceding OpId in replica: term: 1 index: 1. Preceding OpId from leader: term: 1 index: 2. (index mismatch)
I20260710 13:27:32.826426  1648 consensus_queue.cc:1048] T eaf24156e942482a9912ac51291ab993 P c4d526b3c5774e4aa1187156e29fc7a1 [LEADER]: Connected to new peer: Peer: permanent_uuid: "40bb2041858d444792823b1b5e5ed86f" member_type: VOTER last_known_addr { host: "127.31.183.129" port: 45499 } attrs { replace: true }, Status: LMP_MISMATCH, Last received: 0.0, Next index: 2, Last known committed idx: 1, Time since last communication: 0.000s
I20260710 13:27:32.834079  1613 raft_consensus.cc:2955] T eaf24156e942482a9912ac51291ab993 P c4d526b3c5774e4aa1187156e29fc7a1 [term 1 LEADER]: Committing config change with OpId 1.2: config changed from index -1 to 2, NON_VOTER 5e97a4ea6bfa41eead5f7b52755b1854 (127.31.183.132) added. New config: { opid_index: 2 OBSOLETE_local: false peers { permanent_uuid: "40bb2041858d444792823b1b5e5ed86f" member_type: VOTER last_known_addr { host: "127.31.183.129" port: 45499 } attrs { replace: true } } peers { permanent_uuid: "c4d526b3c5774e4aa1187156e29fc7a1" member_type: VOTER last_known_addr { host: "127.31.183.130" port: 42539 } } peers { permanent_uuid: "7f697b6ac4c84814bebe77057afc2bd3" member_type: VOTER last_known_addr { host: "127.31.183.131" port: 44391 } } peers { permanent_uuid: "5e97a4ea6bfa41eead5f7b52755b1854" member_type: NON_VOTER last_known_addr { host: "127.31.183.132" port: 39799 } attrs { promote: true } } }
I20260710 13:27:32.835083  1128 raft_consensus.cc:2955] T eaf24156e942482a9912ac51291ab993 P 40bb2041858d444792823b1b5e5ed86f [term 1 FOLLOWER]: Committing config change with OpId 1.2: config changed from index -1 to 2, NON_VOTER 5e97a4ea6bfa41eead5f7b52755b1854 (127.31.183.132) added. New config: { opid_index: 2 OBSOLETE_local: false peers { permanent_uuid: "40bb2041858d444792823b1b5e5ed86f" member_type: VOTER last_known_addr { host: "127.31.183.129" port: 45499 } attrs { replace: true } } peers { permanent_uuid: "c4d526b3c5774e4aa1187156e29fc7a1" member_type: VOTER last_known_addr { host: "127.31.183.130" port: 42539 } } peers { permanent_uuid: "7f697b6ac4c84814bebe77057afc2bd3" member_type: VOTER last_known_addr { host: "127.31.183.131" port: 44391 } } peers { permanent_uuid: "5e97a4ea6bfa41eead5f7b52755b1854" member_type: NON_VOTER last_known_addr { host: "127.31.183.132" port: 39799 } attrs { promote: true } } }
I20260710 13:27:32.839752  1275 raft_consensus.cc:2955] T eaf24156e942482a9912ac51291ab993 P 7f697b6ac4c84814bebe77057afc2bd3 [term 1 FOLLOWER]: Committing config change with OpId 1.2: config changed from index -1 to 2, NON_VOTER 5e97a4ea6bfa41eead5f7b52755b1854 (127.31.183.132) added. New config: { opid_index: 2 OBSOLETE_local: false peers { permanent_uuid: "40bb2041858d444792823b1b5e5ed86f" member_type: VOTER last_known_addr { host: "127.31.183.129" port: 45499 } attrs { replace: true } } peers { permanent_uuid: "c4d526b3c5774e4aa1187156e29fc7a1" member_type: VOTER last_known_addr { host: "127.31.183.130" port: 42539 } } peers { permanent_uuid: "7f697b6ac4c84814bebe77057afc2bd3" member_type: VOTER last_known_addr { host: "127.31.183.131" port: 44391 } } peers { permanent_uuid: "5e97a4ea6bfa41eead5f7b52755b1854" member_type: NON_VOTER last_known_addr { host: "127.31.183.132" port: 39799 } attrs { promote: true } } }
I20260710 13:27:32.847514  1128 consensus_queue.cc:237] T 9f9b3b5547494520ac84eacbad699664 P 40bb2041858d444792823b1b5e5ed86f [LEADER]: Queue going to LEADER mode. State: All replicated index: 0, Majority replicated index: 1, Committed index: 1, Last appended: 1.1, Last appended by leader: 0, Current term: 1, Majority size: 2, State: 0, Mode: LEADER, active raft config: opid_index: 2 OBSOLETE_local: false peers { permanent_uuid: "40bb2041858d444792823b1b5e5ed86f" member_type: VOTER last_known_addr { host: "127.31.183.129" port: 45499 } } peers { permanent_uuid: "c4d526b3c5774e4aa1187156e29fc7a1" member_type: VOTER last_known_addr { host: "127.31.183.130" port: 42539 } } peers { permanent_uuid: "7f697b6ac4c84814bebe77057afc2bd3" member_type: VOTER last_known_addr { host: "127.31.183.131" port: 44391 } attrs { replace: true } } peers { permanent_uuid: "5e97a4ea6bfa41eead5f7b52755b1854" member_type: NON_VOTER last_known_addr { host: "127.31.183.132" port: 39799 } attrs { promote: true } }
I20260710 13:27:32.849222  1025 catalog_manager.cc:5697] T eaf24156e942482a9912ac51291ab993 P c4d526b3c5774e4aa1187156e29fc7a1 reported cstate change: config changed from index -1 to 2, NON_VOTER 5e97a4ea6bfa41eead5f7b52755b1854 (127.31.183.132) added. New cstate: current_term: 1 leader_uuid: "c4d526b3c5774e4aa1187156e29fc7a1" committed_config { opid_index: 2 OBSOLETE_local: false peers { permanent_uuid: "40bb2041858d444792823b1b5e5ed86f" member_type: VOTER last_known_addr { host: "127.31.183.129" port: 45499 } attrs { replace: true } health_report { overall_health: HEALTHY } } peers { permanent_uuid: "c4d526b3c5774e4aa1187156e29fc7a1" member_type: VOTER last_known_addr { host: "127.31.183.130" port: 42539 } health_report { overall_health: HEALTHY } } peers { permanent_uuid: "7f697b6ac4c84814bebe77057afc2bd3" member_type: VOTER last_known_addr { host: "127.31.183.131" port: 44391 } health_report { overall_health: HEALTHY } } peers { permanent_uuid: "5e97a4ea6bfa41eead5f7b52755b1854" member_type: NON_VOTER last_known_addr { host: "127.31.183.132" port: 39799 } attrs { promote: true } health_report { overall_health: UNKNOWN } } }
I20260710 13:27:32.856093  1275 raft_consensus.cc:1275] T 9f9b3b5547494520ac84eacbad699664 P 7f697b6ac4c84814bebe77057afc2bd3 [term 1 FOLLOWER]: Refusing update from remote peer 40bb2041858d444792823b1b5e5ed86f: Log matching property violated. Preceding OpId in replica: term: 1 index: 1. Preceding OpId from leader: term: 1 index: 2. (index mismatch)
W20260710 13:27:32.856613  1094 consensus_peers.cc:597] T 9f9b3b5547494520ac84eacbad699664 P 40bb2041858d444792823b1b5e5ed86f -> Peer 5e97a4ea6bfa41eead5f7b52755b1854 (127.31.183.132:39799): Couldn't send request to peer 5e97a4ea6bfa41eead5f7b52755b1854. Error code: TABLET_NOT_FOUND (6). Status: Not found: Tablet not found: 9f9b3b5547494520ac84eacbad699664. This is attempt 1: this message will repeat every 5th retry.
I20260710 13:27:32.858071  1635 consensus_queue.cc:1048] T 9f9b3b5547494520ac84eacbad699664 P 40bb2041858d444792823b1b5e5ed86f [LEADER]: Connected to new peer: Peer: permanent_uuid: "7f697b6ac4c84814bebe77057afc2bd3" member_type: VOTER last_known_addr { host: "127.31.183.131" port: 44391 } attrs { replace: true }, Status: LMP_MISMATCH, Last received: 0.0, Next index: 2, Last known committed idx: 1, Time since last communication: 0.000s
I20260710 13:27:32.867278  1646 raft_consensus.cc:2955] T 9f9b3b5547494520ac84eacbad699664 P 40bb2041858d444792823b1b5e5ed86f [term 1 LEADER]: Committing config change with OpId 1.2: config changed from index -1 to 2, NON_VOTER 5e97a4ea6bfa41eead5f7b52755b1854 (127.31.183.132) added. New config: { opid_index: 2 OBSOLETE_local: false peers { permanent_uuid: "40bb2041858d444792823b1b5e5ed86f" member_type: VOTER last_known_addr { host: "127.31.183.129" port: 45499 } } peers { permanent_uuid: "c4d526b3c5774e4aa1187156e29fc7a1" member_type: VOTER last_known_addr { host: "127.31.183.130" port: 42539 } } peers { permanent_uuid: "7f697b6ac4c84814bebe77057afc2bd3" member_type: VOTER last_known_addr { host: "127.31.183.131" port: 44391 } attrs { replace: true } } peers { permanent_uuid: "5e97a4ea6bfa41eead5f7b52755b1854" member_type: NON_VOTER last_known_addr { host: "127.31.183.132" port: 39799 } attrs { promote: true } } }
I20260710 13:27:32.869114  1201 raft_consensus.cc:1275] T 9f9b3b5547494520ac84eacbad699664 P c4d526b3c5774e4aa1187156e29fc7a1 [term 1 FOLLOWER]: Refusing update from remote peer 40bb2041858d444792823b1b5e5ed86f: Log matching property violated. Preceding OpId in replica: term: 1 index: 1. Preceding OpId from leader: term: 1 index: 2. (index mismatch)
I20260710 13:27:32.868495  1275 raft_consensus.cc:2955] T 9f9b3b5547494520ac84eacbad699664 P 7f697b6ac4c84814bebe77057afc2bd3 [term 1 FOLLOWER]: Committing config change with OpId 1.2: config changed from index -1 to 2, NON_VOTER 5e97a4ea6bfa41eead5f7b52755b1854 (127.31.183.132) added. New config: { opid_index: 2 OBSOLETE_local: false peers { permanent_uuid: "40bb2041858d444792823b1b5e5ed86f" member_type: VOTER last_known_addr { host: "127.31.183.129" port: 45499 } } peers { permanent_uuid: "c4d526b3c5774e4aa1187156e29fc7a1" member_type: VOTER last_known_addr { host: "127.31.183.130" port: 42539 } } peers { permanent_uuid: "7f697b6ac4c84814bebe77057afc2bd3" member_type: VOTER last_known_addr { host: "127.31.183.131" port: 44391 } attrs { replace: true } } peers { permanent_uuid: "5e97a4ea6bfa41eead5f7b52755b1854" member_type: NON_VOTER last_known_addr { host: "127.31.183.132" port: 39799 } attrs { promote: true } } }
I20260710 13:27:32.870730  1652 consensus_queue.cc:1048] T 9f9b3b5547494520ac84eacbad699664 P 40bb2041858d444792823b1b5e5ed86f [LEADER]: Connected to new peer: Peer: permanent_uuid: "c4d526b3c5774e4aa1187156e29fc7a1" member_type: VOTER last_known_addr { host: "127.31.183.130" port: 42539 }, Status: LMP_MISMATCH, Last received: 0.0, Next index: 2, Last known committed idx: 1, Time since last communication: 0.000s
I20260710 13:27:32.882377  1201 raft_consensus.cc:2955] T 9f9b3b5547494520ac84eacbad699664 P c4d526b3c5774e4aa1187156e29fc7a1 [term 1 FOLLOWER]: Committing config change with OpId 1.2: config changed from index -1 to 2, NON_VOTER 5e97a4ea6bfa41eead5f7b52755b1854 (127.31.183.132) added. New config: { opid_index: 2 OBSOLETE_local: false peers { permanent_uuid: "40bb2041858d444792823b1b5e5ed86f" member_type: VOTER last_known_addr { host: "127.31.183.129" port: 45499 } } peers { permanent_uuid: "c4d526b3c5774e4aa1187156e29fc7a1" member_type: VOTER last_known_addr { host: "127.31.183.130" port: 42539 } } peers { permanent_uuid: "7f697b6ac4c84814bebe77057afc2bd3" member_type: VOTER last_known_addr { host: "127.31.183.131" port: 44391 } attrs { replace: true } } peers { permanent_uuid: "5e97a4ea6bfa41eead5f7b52755b1854" member_type: NON_VOTER last_known_addr { host: "127.31.183.132" port: 39799 } attrs { promote: true } } }
I20260710 13:27:32.885207  1128 consensus_queue.cc:237] T 1c72b588a0294cc797c23b3ef5789159 P 40bb2041858d444792823b1b5e5ed86f [LEADER]: Queue going to LEADER mode. State: All replicated index: 0, Majority replicated index: 1, Committed index: 1, Last appended: 1.1, Last appended by leader: 0, Current term: 1, Majority size: 2, State: 0, Mode: LEADER, active raft config: opid_index: 2 OBSOLETE_local: false peers { permanent_uuid: "40bb2041858d444792823b1b5e5ed86f" member_type: VOTER last_known_addr { host: "127.31.183.129" port: 45499 } } peers { permanent_uuid: "c4d526b3c5774e4aa1187156e29fc7a1" member_type: VOTER last_known_addr { host: "127.31.183.130" port: 42539 } attrs { replace: true } } peers { permanent_uuid: "7f697b6ac4c84814bebe77057afc2bd3" member_type: VOTER last_known_addr { host: "127.31.183.131" port: 44391 } } peers { permanent_uuid: "5e97a4ea6bfa41eead5f7b52755b1854" member_type: NON_VOTER last_known_addr { host: "127.31.183.132" port: 39799 } attrs { promote: true } }
I20260710 13:27:32.895681  1025 catalog_manager.cc:5697] T 9f9b3b5547494520ac84eacbad699664 P 40bb2041858d444792823b1b5e5ed86f reported cstate change: config changed from index -1 to 2, NON_VOTER 5e97a4ea6bfa41eead5f7b52755b1854 (127.31.183.132) added. New cstate: current_term: 1 leader_uuid: "40bb2041858d444792823b1b5e5ed86f" committed_config { opid_index: 2 OBSOLETE_local: false peers { permanent_uuid: "40bb2041858d444792823b1b5e5ed86f" member_type: VOTER last_known_addr { host: "127.31.183.129" port: 45499 } health_report { overall_health: HEALTHY } } peers { permanent_uuid: "c4d526b3c5774e4aa1187156e29fc7a1" member_type: VOTER last_known_addr { host: "127.31.183.130" port: 42539 } health_report { overall_health: UNKNOWN } } peers { permanent_uuid: "7f697b6ac4c84814bebe77057afc2bd3" member_type: VOTER last_known_addr { host: "127.31.183.131" port: 44391 } attrs { replace: true } health_report { overall_health: HEALTHY } } peers { permanent_uuid: "5e97a4ea6bfa41eead5f7b52755b1854" member_type: NON_VOTER last_known_addr { host: "127.31.183.132" port: 39799 } attrs { promote: true } health_report { overall_health: UNKNOWN } } }
W20260710 13:27:32.898350  1094 consensus_peers.cc:597] T 1c72b588a0294cc797c23b3ef5789159 P 40bb2041858d444792823b1b5e5ed86f -> Peer 5e97a4ea6bfa41eead5f7b52755b1854 (127.31.183.132:39799): Couldn't send request to peer 5e97a4ea6bfa41eead5f7b52755b1854. Error code: TABLET_NOT_FOUND (6). Status: Not found: Tablet not found: 1c72b588a0294cc797c23b3ef5789159. This is attempt 1: this message will repeat every 5th retry.
I20260710 13:27:32.898494  1275 raft_consensus.cc:1275] T 1c72b588a0294cc797c23b3ef5789159 P 7f697b6ac4c84814bebe77057afc2bd3 [term 1 FOLLOWER]: Refusing update from remote peer 40bb2041858d444792823b1b5e5ed86f: Log matching property violated. Preceding OpId in replica: term: 1 index: 1. Preceding OpId from leader: term: 1 index: 2. (index mismatch)
I20260710 13:27:32.899924  1652 consensus_queue.cc:1048] T 1c72b588a0294cc797c23b3ef5789159 P 40bb2041858d444792823b1b5e5ed86f [LEADER]: Connected to new peer: Peer: permanent_uuid: "7f697b6ac4c84814bebe77057afc2bd3" member_type: VOTER last_known_addr { host: "127.31.183.131" port: 44391 }, Status: LMP_MISMATCH, Last received: 0.0, Next index: 2, Last known committed idx: 1, Time since last communication: 0.000s
I20260710 13:27:32.902420  1201 raft_consensus.cc:1275] T 1c72b588a0294cc797c23b3ef5789159 P c4d526b3c5774e4aa1187156e29fc7a1 [term 1 FOLLOWER]: Refusing update from remote peer 40bb2041858d444792823b1b5e5ed86f: Log matching property violated. Preceding OpId in replica: term: 1 index: 1. Preceding OpId from leader: term: 1 index: 2. (index mismatch)
I20260710 13:27:32.904929  1652 consensus_queue.cc:1048] T 1c72b588a0294cc797c23b3ef5789159 P 40bb2041858d444792823b1b5e5ed86f [LEADER]: Connected to new peer: Peer: permanent_uuid: "c4d526b3c5774e4aa1187156e29fc7a1" member_type: VOTER last_known_addr { host: "127.31.183.130" port: 42539 } attrs { replace: true }, Status: LMP_MISMATCH, Last received: 0.0, Next index: 2, Last known committed idx: 1, Time since last communication: 0.000s
I20260710 13:27:32.906879  1635 raft_consensus.cc:2955] T 1c72b588a0294cc797c23b3ef5789159 P 40bb2041858d444792823b1b5e5ed86f [term 1 LEADER]: Committing config change with OpId 1.2: config changed from index -1 to 2, NON_VOTER 5e97a4ea6bfa41eead5f7b52755b1854 (127.31.183.132) added. New config: { opid_index: 2 OBSOLETE_local: false peers { permanent_uuid: "40bb2041858d444792823b1b5e5ed86f" member_type: VOTER last_known_addr { host: "127.31.183.129" port: 45499 } } peers { permanent_uuid: "c4d526b3c5774e4aa1187156e29fc7a1" member_type: VOTER last_known_addr { host: "127.31.183.130" port: 42539 } attrs { replace: true } } peers { permanent_uuid: "7f697b6ac4c84814bebe77057afc2bd3" member_type: VOTER last_known_addr { host: "127.31.183.131" port: 44391 } } peers { permanent_uuid: "5e97a4ea6bfa41eead5f7b52755b1854" member_type: NON_VOTER last_known_addr { host: "127.31.183.132" port: 39799 } attrs { promote: true } } }
I20260710 13:27:32.908217  1275 raft_consensus.cc:2955] T 1c72b588a0294cc797c23b3ef5789159 P 7f697b6ac4c84814bebe77057afc2bd3 [term 1 FOLLOWER]: Committing config change with OpId 1.2: config changed from index -1 to 2, NON_VOTER 5e97a4ea6bfa41eead5f7b52755b1854 (127.31.183.132) added. New config: { opid_index: 2 OBSOLETE_local: false peers { permanent_uuid: "40bb2041858d444792823b1b5e5ed86f" member_type: VOTER last_known_addr { host: "127.31.183.129" port: 45499 } } peers { permanent_uuid: "c4d526b3c5774e4aa1187156e29fc7a1" member_type: VOTER last_known_addr { host: "127.31.183.130" port: 42539 } attrs { replace: true } } peers { permanent_uuid: "7f697b6ac4c84814bebe77057afc2bd3" member_type: VOTER last_known_addr { host: "127.31.183.131" port: 44391 } } peers { permanent_uuid: "5e97a4ea6bfa41eead5f7b52755b1854" member_type: NON_VOTER last_known_addr { host: "127.31.183.132" port: 39799 } attrs { promote: true } } }
I20260710 13:27:32.919250  1203 consensus_queue.cc:237] T 1e0a9b26344d4da7b733c5483a034478 P c4d526b3c5774e4aa1187156e29fc7a1 [LEADER]: Queue going to LEADER mode. State: All replicated index: 0, Majority replicated index: 1, Committed index: 1, Last appended: 1.1, Last appended by leader: 0, Current term: 1, Majority size: 2, State: 0, Mode: LEADER, active raft config: opid_index: 2 OBSOLETE_local: false peers { permanent_uuid: "40bb2041858d444792823b1b5e5ed86f" member_type: VOTER last_known_addr { host: "127.31.183.129" port: 45499 } attrs { replace: true } } peers { permanent_uuid: "c4d526b3c5774e4aa1187156e29fc7a1" member_type: VOTER last_known_addr { host: "127.31.183.130" port: 42539 } } peers { permanent_uuid: "7f697b6ac4c84814bebe77057afc2bd3" member_type: VOTER last_known_addr { host: "127.31.183.131" port: 44391 } } peers { permanent_uuid: "5e97a4ea6bfa41eead5f7b52755b1854" member_type: NON_VOTER last_known_addr { host: "127.31.183.132" port: 39799 } attrs { promote: true } }
I20260710 13:27:32.920508  1025 catalog_manager.cc:5697] T 1c72b588a0294cc797c23b3ef5789159 P 40bb2041858d444792823b1b5e5ed86f reported cstate change: config changed from index -1 to 2, NON_VOTER 5e97a4ea6bfa41eead5f7b52755b1854 (127.31.183.132) added. New cstate: current_term: 1 leader_uuid: "40bb2041858d444792823b1b5e5ed86f" committed_config { opid_index: 2 OBSOLETE_local: false peers { permanent_uuid: "40bb2041858d444792823b1b5e5ed86f" member_type: VOTER last_known_addr { host: "127.31.183.129" port: 45499 } health_report { overall_health: HEALTHY } } peers { permanent_uuid: "c4d526b3c5774e4aa1187156e29fc7a1" member_type: VOTER last_known_addr { host: "127.31.183.130" port: 42539 } attrs { replace: true } health_report { overall_health: UNKNOWN } } peers { permanent_uuid: "7f697b6ac4c84814bebe77057afc2bd3" member_type: VOTER last_known_addr { host: "127.31.183.131" port: 44391 } health_report { overall_health: HEALTHY } } peers { permanent_uuid: "5e97a4ea6bfa41eead5f7b52755b1854" member_type: NON_VOTER last_known_addr { host: "127.31.183.132" port: 39799 } attrs { promote: true } health_report { overall_health: UNKNOWN } } }
I20260710 13:27:32.924703  1201 raft_consensus.cc:2955] T 1c72b588a0294cc797c23b3ef5789159 P c4d526b3c5774e4aa1187156e29fc7a1 [term 1 FOLLOWER]: Committing config change with OpId 1.2: config changed from index -1 to 2, NON_VOTER 5e97a4ea6bfa41eead5f7b52755b1854 (127.31.183.132) added. New config: { opid_index: 2 OBSOLETE_local: false peers { permanent_uuid: "40bb2041858d444792823b1b5e5ed86f" member_type: VOTER last_known_addr { host: "127.31.183.129" port: 45499 } } peers { permanent_uuid: "c4d526b3c5774e4aa1187156e29fc7a1" member_type: VOTER last_known_addr { host: "127.31.183.130" port: 42539 } attrs { replace: true } } peers { permanent_uuid: "7f697b6ac4c84814bebe77057afc2bd3" member_type: VOTER last_known_addr { host: "127.31.183.131" port: 44391 } } peers { permanent_uuid: "5e97a4ea6bfa41eead5f7b52755b1854" member_type: NON_VOTER last_known_addr { host: "127.31.183.132" port: 39799 } attrs { promote: true } } }
I20260710 13:27:32.926932  1275 raft_consensus.cc:1275] T 1e0a9b26344d4da7b733c5483a034478 P 7f697b6ac4c84814bebe77057afc2bd3 [term 1 FOLLOWER]: Refusing update from remote peer c4d526b3c5774e4aa1187156e29fc7a1: Log matching property violated. Preceding OpId in replica: term: 1 index: 1. Preceding OpId from leader: term: 1 index: 2. (index mismatch)
I20260710 13:27:32.927222  1128 raft_consensus.cc:1275] T 1e0a9b26344d4da7b733c5483a034478 P 40bb2041858d444792823b1b5e5ed86f [term 1 FOLLOWER]: Refusing update from remote peer c4d526b3c5774e4aa1187156e29fc7a1: Log matching property violated. Preceding OpId in replica: term: 1 index: 1. Preceding OpId from leader: term: 1 index: 2. (index mismatch)
I20260710 13:27:32.928225  1612 consensus_queue.cc:1048] T 1e0a9b26344d4da7b733c5483a034478 P c4d526b3c5774e4aa1187156e29fc7a1 [LEADER]: Connected to new peer: Peer: permanent_uuid: "7f697b6ac4c84814bebe77057afc2bd3" member_type: VOTER last_known_addr { host: "127.31.183.131" port: 44391 }, Status: LMP_MISMATCH, Last received: 0.0, Next index: 2, Last known committed idx: 1, Time since last communication: 0.000s
I20260710 13:27:32.928982  1648 consensus_queue.cc:1048] T 1e0a9b26344d4da7b733c5483a034478 P c4d526b3c5774e4aa1187156e29fc7a1 [LEADER]: Connected to new peer: Peer: permanent_uuid: "40bb2041858d444792823b1b5e5ed86f" member_type: VOTER last_known_addr { host: "127.31.183.129" port: 45499 } attrs { replace: true }, Status: LMP_MISMATCH, Last received: 0.0, Next index: 2, Last known committed idx: 1, Time since last communication: 0.000s
W20260710 13:27:32.931659  1169 consensus_peers.cc:597] T 1e0a9b26344d4da7b733c5483a034478 P c4d526b3c5774e4aa1187156e29fc7a1 -> Peer 5e97a4ea6bfa41eead5f7b52755b1854 (127.31.183.132:39799): Couldn't send request to peer 5e97a4ea6bfa41eead5f7b52755b1854. Error code: TABLET_NOT_FOUND (6). Status: Not found: Tablet not found: 1e0a9b26344d4da7b733c5483a034478. This is attempt 1: this message will repeat every 5th retry.
I20260710 13:27:32.942632  1612 raft_consensus.cc:2955] T 1e0a9b26344d4da7b733c5483a034478 P c4d526b3c5774e4aa1187156e29fc7a1 [term 1 LEADER]: Committing config change with OpId 1.2: config changed from index -1 to 2, NON_VOTER 5e97a4ea6bfa41eead5f7b52755b1854 (127.31.183.132) added. New config: { opid_index: 2 OBSOLETE_local: false peers { permanent_uuid: "40bb2041858d444792823b1b5e5ed86f" member_type: VOTER last_known_addr { host: "127.31.183.129" port: 45499 } attrs { replace: true } } peers { permanent_uuid: "c4d526b3c5774e4aa1187156e29fc7a1" member_type: VOTER last_known_addr { host: "127.31.183.130" port: 42539 } } peers { permanent_uuid: "7f697b6ac4c84814bebe77057afc2bd3" member_type: VOTER last_known_addr { host: "127.31.183.131" port: 44391 } } peers { permanent_uuid: "5e97a4ea6bfa41eead5f7b52755b1854" member_type: NON_VOTER last_known_addr { host: "127.31.183.132" port: 39799 } attrs { promote: true } } }
