I20260710 13:27:17.067999 28212 consensus_queue.cc:260] T 80a786806b574a37957fc2c1e2634f96 P e7e4401733ef420f965ba741494e0b7b [NON_LEADER]: Queue going to NON_LEADER mode. State: All replicated index: 0, Majority replicated index: 2, Committed index: 2, Last appended: 2.2, Last appended by leader: 2, Current term: 2, Majority size: -1, State: 0, Mode: NON_LEADER, active raft config: opid_index: -1 OBSOLETE_local: false peers { permanent_uuid: "c56ad5cbe3ee4a01b32b3baa14d1a673" member_type: VOTER last_known_addr { host: "127.26.218.65" port: 46593 } } peers { permanent_uuid: "e7e4401733ef420f965ba741494e0b7b" member_type: VOTER last_known_addr { host: "127.26.218.66" port: 40013 } } peers { permanent_uuid: "55b3b60b5dcc45a79ca58dbe3f20a508" member_type: VOTER last_known_addr { host: "127.26.218.67" port: 33399 } }
I20260710 13:27:17.068948 28212 raft_consensus.cc:3060] T 80a786806b574a37957fc2c1e2634f96 P e7e4401733ef420f965ba741494e0b7b [term 2 FOLLOWER]: Advancing to term 3
I20260710 13:27:17.071424 28286 raft_consensus.cc:2468] T 80a786806b574a37957fc2c1e2634f96 P 55b3b60b5dcc45a79ca58dbe3f20a508 [term 3 FOLLOWER]: Leader election vote request: Granting yes vote for candidate c56ad5cbe3ee4a01b32b3baa14d1a673 in term 3.
I20260710 13:27:17.072227 28103 leader_election.cc:304] T 80a786806b574a37957fc2c1e2634f96 P c56ad5cbe3ee4a01b32b3baa14d1a673 [CANDIDATE]: Term 3 election: Election decided. Result: candidate won. Election summary: received 2 responses out of 3 voters: 2 yes votes; 0 no votes. yes voters: 55b3b60b5dcc45a79ca58dbe3f20a508, c56ad5cbe3ee4a01b32b3baa14d1a673; no voters: 
I20260710 13:27:17.072852 28417 raft_consensus.cc:2804] T 80a786806b574a37957fc2c1e2634f96 P c56ad5cbe3ee4a01b32b3baa14d1a673 [term 3 FOLLOWER]: Leader election won for term 3
I20260710 13:27:17.073315 28417 raft_consensus.cc:697] T 80a786806b574a37957fc2c1e2634f96 P c56ad5cbe3ee4a01b32b3baa14d1a673 [term 3 LEADER]: Becoming Leader. State: Replica: c56ad5cbe3ee4a01b32b3baa14d1a673, State: Running, Role: LEADER
I20260710 13:27:17.073436 28212 raft_consensus.cc:2468] T 80a786806b574a37957fc2c1e2634f96 P e7e4401733ef420f965ba741494e0b7b [term 3 FOLLOWER]: Leader election vote request: Granting yes vote for candidate c56ad5cbe3ee4a01b32b3baa14d1a673 in term 3.
I20260710 13:27:17.074143 28417 consensus_queue.cc:237] T 80a786806b574a37957fc2c1e2634f96 P c56ad5cbe3ee4a01b32b3baa14d1a673 [LEADER]: Queue going to LEADER mode. State: All replicated index: 0, Majority replicated index: 2, Committed index: 2, Last appended: 2.2, Last appended by leader: 2, Current term: 3, Majority size: 2, State: 0, Mode: LEADER, active raft config: opid_index: -1 OBSOLETE_local: false peers { permanent_uuid: "c56ad5cbe3ee4a01b32b3baa14d1a673" member_type: VOTER last_known_addr { host: "127.26.218.65" port: 46593 } } peers { permanent_uuid: "e7e4401733ef420f965ba741494e0b7b" member_type: VOTER last_known_addr { host: "127.26.218.66" port: 40013 } } peers { permanent_uuid: "55b3b60b5dcc45a79ca58dbe3f20a508" member_type: VOTER last_known_addr { host: "127.26.218.67" port: 33399 } }
I20260710 13:27:17.081236 28034 catalog_manager.cc:5697] T 80a786806b574a37957fc2c1e2634f96 P c56ad5cbe3ee4a01b32b3baa14d1a673 reported cstate change: term changed from 2 to 3, leader changed from e7e4401733ef420f965ba741494e0b7b (127.26.218.66) to c56ad5cbe3ee4a01b32b3baa14d1a673 (127.26.218.65). New cstate: current_term: 3 leader_uuid: "c56ad5cbe3ee4a01b32b3baa14d1a673" committed_config { opid_index: -1 OBSOLETE_local: false peers { permanent_uuid: "c56ad5cbe3ee4a01b32b3baa14d1a673" member_type: VOTER last_known_addr { host: "127.26.218.65" port: 46593 } health_report { overall_health: HEALTHY } } peers { permanent_uuid: "e7e4401733ef420f965ba741494e0b7b" member_type: VOTER last_known_addr { host: "127.26.218.66" port: 40013 } health_report { overall_health: UNKNOWN } } peers { permanent_uuid: "55b3b60b5dcc45a79ca58dbe3f20a508" member_type: VOTER last_known_addr { host: "127.26.218.67" port: 33399 } health_report { overall_health: UNKNOWN } } }
I20260710 13:27:17.120645 28439 raft_consensus.cc:993] T 1097012bc376466399435e3416df69b5 P 55b3b60b5dcc45a79ca58dbe3f20a508: : Instructing follower c56ad5cbe3ee4a01b32b3baa14d1a673 to start an election
I20260710 13:27:17.121155 28418 raft_consensus.cc:1081] T 1097012bc376466399435e3416df69b5 P 55b3b60b5dcc45a79ca58dbe3f20a508 [term 2 LEADER]: Signalling peer c56ad5cbe3ee4a01b32b3baa14d1a673 to start an election
I20260710 13:27:17.122476 28135 tablet_service.cc:2044] Received Run Leader Election RPC: tablet_id: "1097012bc376466399435e3416df69b5"
dest_uuid: "c56ad5cbe3ee4a01b32b3baa14d1a673"
 from {username='slave'} at 127.0.0.1:39816
I20260710 13:27:17.122972 28135 raft_consensus.cc:493] T 1097012bc376466399435e3416df69b5 P c56ad5cbe3ee4a01b32b3baa14d1a673 [term 2 FOLLOWER]: Starting forced leader election (received explicit request)
I20260710 13:27:17.123324 28135 raft_consensus.cc:3060] T 1097012bc376466399435e3416df69b5 P c56ad5cbe3ee4a01b32b3baa14d1a673 [term 2 FOLLOWER]: Advancing to term 3
I20260710 13:27:17.128079 28135 raft_consensus.cc:515] T 1097012bc376466399435e3416df69b5 P c56ad5cbe3ee4a01b32b3baa14d1a673 [term 3 FOLLOWER]: Starting forced leader election with config: opid_index: -1 OBSOLETE_local: false peers { permanent_uuid: "c56ad5cbe3ee4a01b32b3baa14d1a673" member_type: VOTER last_known_addr { host: "127.26.218.65" port: 46593 } } peers { permanent_uuid: "e7e4401733ef420f965ba741494e0b7b" member_type: VOTER last_known_addr { host: "127.26.218.66" port: 40013 } } peers { permanent_uuid: "55b3b60b5dcc45a79ca58dbe3f20a508" member_type: VOTER last_known_addr { host: "127.26.218.67" port: 33399 } }
I20260710 13:27:17.129596 28135 leader_election.cc:290] T 1097012bc376466399435e3416df69b5 P c56ad5cbe3ee4a01b32b3baa14d1a673 [CANDIDATE]: Term 3 election: Requested vote from peers e7e4401733ef420f965ba741494e0b7b (127.26.218.66:40013), 55b3b60b5dcc45a79ca58dbe3f20a508 (127.26.218.67:33399)
I20260710 13:27:17.130401 28212 tablet_service.cc:1917] Received RequestConsensusVote() RPC: tablet_id: "1097012bc376466399435e3416df69b5" candidate_uuid: "c56ad5cbe3ee4a01b32b3baa14d1a673" candidate_term: 3 candidate_status { last_received { term: 2 index: 2 } } ignore_live_leader: true dest_uuid: "e7e4401733ef420f965ba741494e0b7b"
I20260710 13:27:17.130578 28286 tablet_service.cc:1917] Received RequestConsensusVote() RPC: tablet_id: "1097012bc376466399435e3416df69b5" candidate_uuid: "c56ad5cbe3ee4a01b32b3baa14d1a673" candidate_term: 3 candidate_status { last_received { term: 2 index: 2 } } ignore_live_leader: true dest_uuid: "55b3b60b5dcc45a79ca58dbe3f20a508"
I20260710 13:27:17.130826 28212 raft_consensus.cc:3060] T 1097012bc376466399435e3416df69b5 P e7e4401733ef420f965ba741494e0b7b [term 2 FOLLOWER]: Advancing to term 3
I20260710 13:27:17.131064 28286 raft_consensus.cc:3055] T 1097012bc376466399435e3416df69b5 P 55b3b60b5dcc45a79ca58dbe3f20a508 [term 2 LEADER]: Stepping down as leader of term 2
I20260710 13:27:17.133739 28286 raft_consensus.cc:740] T 1097012bc376466399435e3416df69b5 P 55b3b60b5dcc45a79ca58dbe3f20a508 [term 2 LEADER]: Becoming Follower/Learner. State: Replica: 55b3b60b5dcc45a79ca58dbe3f20a508, State: Running, Role: LEADER
I20260710 13:27:17.134349 28286 consensus_queue.cc:260] T 1097012bc376466399435e3416df69b5 P 55b3b60b5dcc45a79ca58dbe3f20a508 [NON_LEADER]: Queue going to NON_LEADER mode. State: All replicated index: 0, Majority replicated index: 2, Committed index: 2, Last appended: 2.2, Last appended by leader: 2, Current term: 2, Majority size: -1, State: 0, Mode: NON_LEADER, active raft config: opid_index: -1 OBSOLETE_local: false peers { permanent_uuid: "c56ad5cbe3ee4a01b32b3baa14d1a673" member_type: VOTER last_known_addr { host: "127.26.218.65" port: 46593 } } peers { permanent_uuid: "e7e4401733ef420f965ba741494e0b7b" member_type: VOTER last_known_addr { host: "127.26.218.66" port: 40013 } } peers { permanent_uuid: "55b3b60b5dcc45a79ca58dbe3f20a508" member_type: VOTER last_known_addr { host: "127.26.218.67" port: 33399 } }
I20260710 13:27:17.135070 28212 raft_consensus.cc:2468] T 1097012bc376466399435e3416df69b5 P e7e4401733ef420f965ba741494e0b7b [term 3 FOLLOWER]: Leader election vote request: Granting yes vote for candidate c56ad5cbe3ee4a01b32b3baa14d1a673 in term 3.
I20260710 13:27:17.135247 28286 raft_consensus.cc:3060] T 1097012bc376466399435e3416df69b5 P 55b3b60b5dcc45a79ca58dbe3f20a508 [term 2 FOLLOWER]: Advancing to term 3
I20260710 13:27:17.135915 28102 leader_election.cc:304] T 1097012bc376466399435e3416df69b5 P c56ad5cbe3ee4a01b32b3baa14d1a673 [CANDIDATE]: Term 3 election: Election decided. Result: candidate won. Election summary: received 2 responses out of 3 voters: 2 yes votes; 0 no votes. yes voters: c56ad5cbe3ee4a01b32b3baa14d1a673, e7e4401733ef420f965ba741494e0b7b; no voters: 
I20260710 13:27:17.136557 28417 raft_consensus.cc:2804] T 1097012bc376466399435e3416df69b5 P c56ad5cbe3ee4a01b32b3baa14d1a673 [term 3 FOLLOWER]: Leader election won for term 3
I20260710 13:27:17.137015 28417 raft_consensus.cc:697] T 1097012bc376466399435e3416df69b5 P c56ad5cbe3ee4a01b32b3baa14d1a673 [term 3 LEADER]: Becoming Leader. State: Replica: c56ad5cbe3ee4a01b32b3baa14d1a673, State: Running, Role: LEADER
I20260710 13:27:17.137760 28417 consensus_queue.cc:237] T 1097012bc376466399435e3416df69b5 P c56ad5cbe3ee4a01b32b3baa14d1a673 [LEADER]: Queue going to LEADER mode. State: All replicated index: 0, Majority replicated index: 2, Committed index: 2, Last appended: 2.2, Last appended by leader: 2, Current term: 3, Majority size: 2, State: 0, Mode: LEADER, active raft config: opid_index: -1 OBSOLETE_local: false peers { permanent_uuid: "c56ad5cbe3ee4a01b32b3baa14d1a673" member_type: VOTER last_known_addr { host: "127.26.218.65" port: 46593 } } peers { permanent_uuid: "e7e4401733ef420f965ba741494e0b7b" member_type: VOTER last_known_addr { host: "127.26.218.66" port: 40013 } } peers { permanent_uuid: "55b3b60b5dcc45a79ca58dbe3f20a508" member_type: VOTER last_known_addr { host: "127.26.218.67" port: 33399 } }
I20260710 13:27:17.141189 28286 raft_consensus.cc:2468] T 1097012bc376466399435e3416df69b5 P 55b3b60b5dcc45a79ca58dbe3f20a508 [term 3 FOLLOWER]: Leader election vote request: Granting yes vote for candidate c56ad5cbe3ee4a01b32b3baa14d1a673 in term 3.
I20260710 13:27:17.144196 28034 catalog_manager.cc:5697] T 1097012bc376466399435e3416df69b5 P c56ad5cbe3ee4a01b32b3baa14d1a673 reported cstate change: term changed from 2 to 3, leader changed from 55b3b60b5dcc45a79ca58dbe3f20a508 (127.26.218.67) to c56ad5cbe3ee4a01b32b3baa14d1a673 (127.26.218.65). New cstate: current_term: 3 leader_uuid: "c56ad5cbe3ee4a01b32b3baa14d1a673" committed_config { opid_index: -1 OBSOLETE_local: false peers { permanent_uuid: "c56ad5cbe3ee4a01b32b3baa14d1a673" member_type: VOTER last_known_addr { host: "127.26.218.65" port: 46593 } health_report { overall_health: HEALTHY } } peers { permanent_uuid: "e7e4401733ef420f965ba741494e0b7b" member_type: VOTER last_known_addr { host: "127.26.218.66" port: 40013 } health_report { overall_health: UNKNOWN } } peers { permanent_uuid: "55b3b60b5dcc45a79ca58dbe3f20a508" member_type: VOTER last_known_addr { host: "127.26.218.67" port: 33399 } health_report { overall_health: UNKNOWN } } }
I20260710 13:27:17.297219 28437 raft_consensus.cc:993] T 1a1a63855af64cfea2649538cd05b3ee P e7e4401733ef420f965ba741494e0b7b: : Instructing follower c56ad5cbe3ee4a01b32b3baa14d1a673 to start an election
I20260710 13:27:17.297657 28341 raft_consensus.cc:1081] T 1a1a63855af64cfea2649538cd05b3ee P e7e4401733ef420f965ba741494e0b7b [term 2 LEADER]: Signalling peer c56ad5cbe3ee4a01b32b3baa14d1a673 to start an election
I20260710 13:27:17.298996 28135 tablet_service.cc:2044] Received Run Leader Election RPC: tablet_id: "1a1a63855af64cfea2649538cd05b3ee"
dest_uuid: "c56ad5cbe3ee4a01b32b3baa14d1a673"
 from {username='slave'} at 127.0.0.1:39800
I20260710 13:27:17.299414 28135 raft_consensus.cc:493] T 1a1a63855af64cfea2649538cd05b3ee P c56ad5cbe3ee4a01b32b3baa14d1a673 [term 2 FOLLOWER]: Starting forced leader election (received explicit request)
I20260710 13:27:17.299650 28135 raft_consensus.cc:3060] T 1a1a63855af64cfea2649538cd05b3ee P c56ad5cbe3ee4a01b32b3baa14d1a673 [term 2 FOLLOWER]: Advancing to term 3
I20260710 13:27:17.304510 28135 raft_consensus.cc:515] T 1a1a63855af64cfea2649538cd05b3ee P c56ad5cbe3ee4a01b32b3baa14d1a673 [term 3 FOLLOWER]: Starting forced leader election with config: opid_index: -1 OBSOLETE_local: false peers { permanent_uuid: "c56ad5cbe3ee4a01b32b3baa14d1a673" member_type: VOTER last_known_addr { host: "127.26.218.65" port: 46593 } } peers { permanent_uuid: "e7e4401733ef420f965ba741494e0b7b" member_type: VOTER last_known_addr { host: "127.26.218.66" port: 40013 } } peers { permanent_uuid: "55b3b60b5dcc45a79ca58dbe3f20a508" member_type: VOTER last_known_addr { host: "127.26.218.67" port: 33399 } }
I20260710 13:27:17.306102 28135 leader_election.cc:290] T 1a1a63855af64cfea2649538cd05b3ee P c56ad5cbe3ee4a01b32b3baa14d1a673 [CANDIDATE]: Term 3 election: Requested vote from peers e7e4401733ef420f965ba741494e0b7b (127.26.218.66:40013), 55b3b60b5dcc45a79ca58dbe3f20a508 (127.26.218.67:33399)
I20260710 13:27:17.306740 28212 tablet_service.cc:1917] Received RequestConsensusVote() RPC: tablet_id: "1a1a63855af64cfea2649538cd05b3ee" candidate_uuid: "c56ad5cbe3ee4a01b32b3baa14d1a673" candidate_term: 3 candidate_status { last_received { term: 2 index: 2 } } ignore_live_leader: true dest_uuid: "e7e4401733ef420f965ba741494e0b7b"
I20260710 13:27:17.307365 28212 raft_consensus.cc:3055] T 1a1a63855af64cfea2649538cd05b3ee P e7e4401733ef420f965ba741494e0b7b [term 2 LEADER]: Stepping down as leader of term 2
I20260710 13:27:17.307632 28212 raft_consensus.cc:740] T 1a1a63855af64cfea2649538cd05b3ee P e7e4401733ef420f965ba741494e0b7b [term 2 LEADER]: Becoming Follower/Learner. State: Replica: e7e4401733ef420f965ba741494e0b7b, State: Running, Role: LEADER
I20260710 13:27:17.307749 28285 tablet_service.cc:1917] Received RequestConsensusVote() RPC: tablet_id: "1a1a63855af64cfea2649538cd05b3ee" candidate_uuid: "c56ad5cbe3ee4a01b32b3baa14d1a673" candidate_term: 3 candidate_status { last_received { term: 2 index: 2 } } ignore_live_leader: true dest_uuid: "55b3b60b5dcc45a79ca58dbe3f20a508"
I20260710 13:27:17.308279 28285 raft_consensus.cc:3060] T 1a1a63855af64cfea2649538cd05b3ee P 55b3b60b5dcc45a79ca58dbe3f20a508 [term 2 FOLLOWER]: Advancing to term 3
I20260710 13:27:17.308292 28212 consensus_queue.cc:260] T 1a1a63855af64cfea2649538cd05b3ee P e7e4401733ef420f965ba741494e0b7b [NON_LEADER]: Queue going to NON_LEADER mode. State: All replicated index: 0, Majority replicated index: 2, Committed index: 2, Last appended: 2.2, Last appended by leader: 2, Current term: 2, Majority size: -1, State: 0, Mode: NON_LEADER, active raft config: opid_index: -1 OBSOLETE_local: false peers { permanent_uuid: "c56ad5cbe3ee4a01b32b3baa14d1a673" member_type: VOTER last_known_addr { host: "127.26.218.65" port: 46593 } } peers { permanent_uuid: "e7e4401733ef420f965ba741494e0b7b" member_type: VOTER last_known_addr { host: "127.26.218.66" port: 40013 } } peers { permanent_uuid: "55b3b60b5dcc45a79ca58dbe3f20a508" member_type: VOTER last_known_addr { host: "127.26.218.67" port: 33399 } }
I20260710 13:27:17.309386 28212 raft_consensus.cc:3060] T 1a1a63855af64cfea2649538cd05b3ee P e7e4401733ef420f965ba741494e0b7b [term 2 FOLLOWER]: Advancing to term 3
I20260710 13:27:17.312999 28285 raft_consensus.cc:2468] T 1a1a63855af64cfea2649538cd05b3ee P 55b3b60b5dcc45a79ca58dbe3f20a508 [term 3 FOLLOWER]: Leader election vote request: Granting yes vote for candidate c56ad5cbe3ee4a01b32b3baa14d1a673 in term 3.
I20260710 13:27:17.313241 28212 raft_consensus.cc:2468] T 1a1a63855af64cfea2649538cd05b3ee P e7e4401733ef420f965ba741494e0b7b [term 3 FOLLOWER]: Leader election vote request: Granting yes vote for candidate c56ad5cbe3ee4a01b32b3baa14d1a673 in term 3.
I20260710 13:27:17.313891 28103 leader_election.cc:304] T 1a1a63855af64cfea2649538cd05b3ee P c56ad5cbe3ee4a01b32b3baa14d1a673 [CANDIDATE]: Term 3 election: Election decided. Result: candidate won. Election summary: received 2 responses out of 3 voters: 2 yes votes; 0 no votes. yes voters: 55b3b60b5dcc45a79ca58dbe3f20a508, c56ad5cbe3ee4a01b32b3baa14d1a673; no voters: 
I20260710 13:27:17.314535 28417 raft_consensus.cc:2804] T 1a1a63855af64cfea2649538cd05b3ee P c56ad5cbe3ee4a01b32b3baa14d1a673 [term 3 FOLLOWER]: Leader election won for term 3
I20260710 13:27:17.314968 28417 raft_consensus.cc:697] T 1a1a63855af64cfea2649538cd05b3ee P c56ad5cbe3ee4a01b32b3baa14d1a673 [term 3 LEADER]: Becoming Leader. State: Replica: c56ad5cbe3ee4a01b32b3baa14d1a673, State: Running, Role: LEADER
I20260710 13:27:17.315667 28417 consensus_queue.cc:237] T 1a1a63855af64cfea2649538cd05b3ee P c56ad5cbe3ee4a01b32b3baa14d1a673 [LEADER]: Queue going to LEADER mode. State: All replicated index: 0, Majority replicated index: 2, Committed index: 2, Last appended: 2.2, Last appended by leader: 2, Current term: 3, Majority size: 2, State: 0, Mode: LEADER, active raft config: opid_index: -1 OBSOLETE_local: false peers { permanent_uuid: "c56ad5cbe3ee4a01b32b3baa14d1a673" member_type: VOTER last_known_addr { host: "127.26.218.65" port: 46593 } } peers { permanent_uuid: "e7e4401733ef420f965ba741494e0b7b" member_type: VOTER last_known_addr { host: "127.26.218.66" port: 40013 } } peers { permanent_uuid: "55b3b60b5dcc45a79ca58dbe3f20a508" member_type: VOTER last_known_addr { host: "127.26.218.67" port: 33399 } }
I20260710 13:27:17.321348 28034 catalog_manager.cc:5697] T 1a1a63855af64cfea2649538cd05b3ee P c56ad5cbe3ee4a01b32b3baa14d1a673 reported cstate change: term changed from 2 to 3, leader changed from e7e4401733ef420f965ba741494e0b7b (127.26.218.66) to c56ad5cbe3ee4a01b32b3baa14d1a673 (127.26.218.65). New cstate: current_term: 3 leader_uuid: "c56ad5cbe3ee4a01b32b3baa14d1a673" committed_config { opid_index: -1 OBSOLETE_local: false peers { permanent_uuid: "c56ad5cbe3ee4a01b32b3baa14d1a673" member_type: VOTER last_known_addr { host: "127.26.218.65" port: 46593 } health_report { overall_health: HEALTHY } } peers { permanent_uuid: "e7e4401733ef420f965ba741494e0b7b" member_type: VOTER last_known_addr { host: "127.26.218.66" port: 40013 } health_report { overall_health: UNKNOWN } } peers { permanent_uuid: "55b3b60b5dcc45a79ca58dbe3f20a508" member_type: VOTER last_known_addr { host: "127.26.218.67" port: 33399 } health_report { overall_health: UNKNOWN } } }
I20260710 13:27:17.338070 28212 raft_consensus.cc:1275] T ea17c3a97c3a4ee290ca9ec7b1a76abe P e7e4401733ef420f965ba741494e0b7b [term 4 FOLLOWER]: Refusing update from remote peer c56ad5cbe3ee4a01b32b3baa14d1a673: Log matching property violated. Preceding OpId in replica: term: 3 index: 3. Preceding OpId from leader: term: 4 index: 4. (index mismatch)
I20260710 13:27:17.339105 28417 consensus_queue.cc:1048] T ea17c3a97c3a4ee290ca9ec7b1a76abe P c56ad5cbe3ee4a01b32b3baa14d1a673 [LEADER]: Connected to new peer: Peer: permanent_uuid: "e7e4401733ef420f965ba741494e0b7b" member_type: VOTER last_known_addr { host: "127.26.218.66" port: 40013 }, Status: LMP_MISMATCH, Last received: 0.0, Next index: 4, Last known committed idx: 3, Time since last communication: 0.000s
I20260710 13:27:17.347270 28285 raft_consensus.cc:1275] T ea17c3a97c3a4ee290ca9ec7b1a76abe P 55b3b60b5dcc45a79ca58dbe3f20a508 [term 4 FOLLOWER]: Refusing update from remote peer c56ad5cbe3ee4a01b32b3baa14d1a673: Log matching property violated. Preceding OpId in replica: term: 3 index: 3. Preceding OpId from leader: term: 4 index: 4. (index mismatch)
I20260710 13:27:17.348995 28433 consensus_queue.cc:1048] T ea17c3a97c3a4ee290ca9ec7b1a76abe P c56ad5cbe3ee4a01b32b3baa14d1a673 [LEADER]: Connected to new peer: Peer: permanent_uuid: "55b3b60b5dcc45a79ca58dbe3f20a508" member_type: VOTER last_known_addr { host: "127.26.218.67" port: 33399 }, Status: LMP_MISMATCH, Last received: 0.0, Next index: 4, Last known committed idx: 3, Time since last communication: 0.000s
I20260710 13:27:17.375610 28437 raft_consensus.cc:993] T 2b0b7d6dad6a4743ba0a33d149991757 P e7e4401733ef420f965ba741494e0b7b: : Instructing follower c56ad5cbe3ee4a01b32b3baa14d1a673 to start an election
I20260710 13:27:17.376067 28341 raft_consensus.cc:1081] T 2b0b7d6dad6a4743ba0a33d149991757 P e7e4401733ef420f965ba741494e0b7b [term 2 LEADER]: Signalling peer c56ad5cbe3ee4a01b32b3baa14d1a673 to start an election
I20260710 13:27:17.377445 28135 tablet_service.cc:2044] Received Run Leader Election RPC: tablet_id: "2b0b7d6dad6a4743ba0a33d149991757"
dest_uuid: "c56ad5cbe3ee4a01b32b3baa14d1a673"
 from {username='slave'} at 127.0.0.1:39800
I20260710 13:27:17.377930 28135 raft_consensus.cc:493] T 2b0b7d6dad6a4743ba0a33d149991757 P c56ad5cbe3ee4a01b32b3baa14d1a673 [term 2 FOLLOWER]: Starting forced leader election (received explicit request)
I20260710 13:27:17.378226 28135 raft_consensus.cc:3060] T 2b0b7d6dad6a4743ba0a33d149991757 P c56ad5cbe3ee4a01b32b3baa14d1a673 [term 2 FOLLOWER]: Advancing to term 3
I20260710 13:27:17.383460 28135 raft_consensus.cc:515] T 2b0b7d6dad6a4743ba0a33d149991757 P c56ad5cbe3ee4a01b32b3baa14d1a673 [term 3 FOLLOWER]: Starting forced leader election with config: opid_index: -1 OBSOLETE_local: false peers { permanent_uuid: "c56ad5cbe3ee4a01b32b3baa14d1a673" member_type: VOTER last_known_addr { host: "127.26.218.65" port: 46593 } } peers { permanent_uuid: "e7e4401733ef420f965ba741494e0b7b" member_type: VOTER last_known_addr { host: "127.26.218.66" port: 40013 } } peers { permanent_uuid: "55b3b60b5dcc45a79ca58dbe3f20a508" member_type: VOTER last_known_addr { host: "127.26.218.67" port: 33399 } }
I20260710 13:27:17.385174 28135 leader_election.cc:290] T 2b0b7d6dad6a4743ba0a33d149991757 P c56ad5cbe3ee4a01b32b3baa14d1a673 [CANDIDATE]: Term 3 election: Requested vote from peers e7e4401733ef420f965ba741494e0b7b (127.26.218.66:40013), 55b3b60b5dcc45a79ca58dbe3f20a508 (127.26.218.67:33399)
I20260710 13:27:17.386049 28212 tablet_service.cc:1917] Received RequestConsensusVote() RPC: tablet_id: "2b0b7d6dad6a4743ba0a33d149991757" candidate_uuid: "c56ad5cbe3ee4a01b32b3baa14d1a673" candidate_term: 3 candidate_status { last_received { term: 2 index: 2 } } ignore_live_leader: true dest_uuid: "e7e4401733ef420f965ba741494e0b7b"
I20260710 13:27:17.386344 28285 tablet_service.cc:1917] Received RequestConsensusVote() RPC: tablet_id: "2b0b7d6dad6a4743ba0a33d149991757" candidate_uuid: "c56ad5cbe3ee4a01b32b3baa14d1a673" candidate_term: 3 candidate_status { last_received { term: 2 index: 2 } } ignore_live_leader: true dest_uuid: "55b3b60b5dcc45a79ca58dbe3f20a508"
I20260710 13:27:17.386559 28212 raft_consensus.cc:3055] T 2b0b7d6dad6a4743ba0a33d149991757 P e7e4401733ef420f965ba741494e0b7b [term 2 LEADER]: Stepping down as leader of term 2
I20260710 13:27:17.386962 28212 raft_consensus.cc:740] T 2b0b7d6dad6a4743ba0a33d149991757 P e7e4401733ef420f965ba741494e0b7b [term 2 LEADER]: Becoming Follower/Learner. State: Replica: e7e4401733ef420f965ba741494e0b7b, State: Running, Role: LEADER
I20260710 13:27:17.387007 28285 raft_consensus.cc:3060] T 2b0b7d6dad6a4743ba0a33d149991757 P 55b3b60b5dcc45a79ca58dbe3f20a508 [term 2 FOLLOWER]: Advancing to term 3
I20260710 13:27:17.387622 28212 consensus_queue.cc:260] T 2b0b7d6dad6a4743ba0a33d149991757 P e7e4401733ef420f965ba741494e0b7b [NON_LEADER]: Queue going to NON_LEADER mode. State: All replicated index: 0, Majority replicated index: 2, Committed index: 2, Last appended: 2.2, Last appended by leader: 2, Current term: 2, Majority size: -1, State: 0, Mode: NON_LEADER, active raft config: opid_index: -1 OBSOLETE_local: false peers { permanent_uuid: "c56ad5cbe3ee4a01b32b3baa14d1a673" member_type: VOTER last_known_addr { host: "127.26.218.65" port: 46593 } } peers { permanent_uuid: "e7e4401733ef420f965ba741494e0b7b" member_type: VOTER last_known_addr { host: "127.26.218.66" port: 40013 } } peers { permanent_uuid: "55b3b60b5dcc45a79ca58dbe3f20a508" member_type: VOTER last_known_addr { host: "127.26.218.67" port: 33399 } }
I20260710 13:27:17.388484 28212 raft_consensus.cc:3060] T 2b0b7d6dad6a4743ba0a33d149991757 P e7e4401733ef420f965ba741494e0b7b [term 2 FOLLOWER]: Advancing to term 3
I20260710 13:27:17.391891 28285 raft_consensus.cc:2468] T 2b0b7d6dad6a4743ba0a33d149991757 P 55b3b60b5dcc45a79ca58dbe3f20a508 [term 3 FOLLOWER]: Leader election vote request: Granting yes vote for candidate c56ad5cbe3ee4a01b32b3baa14d1a673 in term 3.
I20260710 13:27:17.392735 28212 raft_consensus.cc:2468] T 2b0b7d6dad6a4743ba0a33d149991757 P e7e4401733ef420f965ba741494e0b7b [term 3 FOLLOWER]: Leader election vote request: Granting yes vote for candidate c56ad5cbe3ee4a01b32b3baa14d1a673 in term 3.
I20260710 13:27:17.392761 28103 leader_election.cc:304] T 2b0b7d6dad6a4743ba0a33d149991757 P c56ad5cbe3ee4a01b32b3baa14d1a673 [CANDIDATE]: Term 3 election: Election decided. Result: candidate won. Election summary: received 2 responses out of 3 voters: 2 yes votes; 0 no votes. yes voters: 55b3b60b5dcc45a79ca58dbe3f20a508, c56ad5cbe3ee4a01b32b3baa14d1a673; no voters: 
I20260710 13:27:17.393517 28433 raft_consensus.cc:2804] T 2b0b7d6dad6a4743ba0a33d149991757 P c56ad5cbe3ee4a01b32b3baa14d1a673 [term 3 FOLLOWER]: Leader election won for term 3
I20260710 13:27:17.393874 28433 raft_consensus.cc:697] T 2b0b7d6dad6a4743ba0a33d149991757 P c56ad5cbe3ee4a01b32b3baa14d1a673 [term 3 LEADER]: Becoming Leader. State: Replica: c56ad5cbe3ee4a01b32b3baa14d1a673, State: Running, Role: LEADER
I20260710 13:27:17.394533 28433 consensus_queue.cc:237] T 2b0b7d6dad6a4743ba0a33d149991757 P c56ad5cbe3ee4a01b32b3baa14d1a673 [LEADER]: Queue going to LEADER mode. State: All replicated index: 0, Majority replicated index: 2, Committed index: 2, Last appended: 2.2, Last appended by leader: 2, Current term: 3, Majority size: 2, State: 0, Mode: LEADER, active raft config: opid_index: -1 OBSOLETE_local: false peers { permanent_uuid: "c56ad5cbe3ee4a01b32b3baa14d1a673" member_type: VOTER last_known_addr { host: "127.26.218.65" port: 46593 } } peers { permanent_uuid: "e7e4401733ef420f965ba741494e0b7b" member_type: VOTER last_known_addr { host: "127.26.218.66" port: 40013 } } peers { permanent_uuid: "55b3b60b5dcc45a79ca58dbe3f20a508" member_type: VOTER last_known_addr { host: "127.26.218.67" port: 33399 } }
I20260710 13:27:17.401363 28034 catalog_manager.cc:5697] T 2b0b7d6dad6a4743ba0a33d149991757 P c56ad5cbe3ee4a01b32b3baa14d1a673 reported cstate change: term changed from 2 to 3, leader changed from e7e4401733ef420f965ba741494e0b7b (127.26.218.66) to c56ad5cbe3ee4a01b32b3baa14d1a673 (127.26.218.65). New cstate: current_term: 3 leader_uuid: "c56ad5cbe3ee4a01b32b3baa14d1a673" committed_config { opid_index: -1 OBSOLETE_local: false peers { permanent_uuid: "c56ad5cbe3ee4a01b32b3baa14d1a673" member_type: VOTER last_known_addr { host: "127.26.218.65" port: 46593 } health_report { overall_health: HEALTHY } } peers { permanent_uuid: "e7e4401733ef420f965ba741494e0b7b" member_type: VOTER last_known_addr { host: "127.26.218.66" port: 40013 } health_report { overall_health: UNKNOWN } } peers { permanent_uuid: "55b3b60b5dcc45a79ca58dbe3f20a508" member_type: VOTER last_known_addr { host: "127.26.218.67" port: 33399 } health_report { overall_health: UNKNOWN } } }
I20260710 13:27:17.552291 28285 raft_consensus.cc:1275] T 80a786806b574a37957fc2c1e2634f96 P 55b3b60b5dcc45a79ca58dbe3f20a508 [term 3 FOLLOWER]: Refusing update from remote peer c56ad5cbe3ee4a01b32b3baa14d1a673: Log matching property violated. Preceding OpId in replica: term: 2 index: 2. Preceding OpId from leader: term: 3 index: 3. (index mismatch)
I20260710 13:27:17.553512 28433 consensus_queue.cc:1048] T 80a786806b574a37957fc2c1e2634f96 P c56ad5cbe3ee4a01b32b3baa14d1a673 [LEADER]: Connected to new peer: Peer: permanent_uuid: "55b3b60b5dcc45a79ca58dbe3f20a508" member_type: VOTER last_known_addr { host: "127.26.218.67" port: 33399 }, Status: LMP_MISMATCH, Last received: 0.0, Next index: 3, Last known committed idx: 2, Time since last communication: 0.000s
I20260710 13:27:17.561895 28212 raft_consensus.cc:1275] T 80a786806b574a37957fc2c1e2634f96 P e7e4401733ef420f965ba741494e0b7b [term 3 FOLLOWER]: Refusing update from remote peer c56ad5cbe3ee4a01b32b3baa14d1a673: Log matching property violated. Preceding OpId in replica: term: 2 index: 2. Preceding OpId from leader: term: 3 index: 3. (index mismatch)
I20260710 13:27:17.564445 28433 consensus_queue.cc:1048] T 80a786806b574a37957fc2c1e2634f96 P c56ad5cbe3ee4a01b32b3baa14d1a673 [LEADER]: Connected to new peer: Peer: permanent_uuid: "e7e4401733ef420f965ba741494e0b7b" member_type: VOTER last_known_addr { host: "127.26.218.66" port: 40013 }, Status: LMP_MISMATCH, Last received: 0.0, Next index: 3, Last known committed idx: 2, Time since last communication: 0.001s
I20260710 13:27:17.577627 28285 raft_consensus.cc:1275] T 1097012bc376466399435e3416df69b5 P 55b3b60b5dcc45a79ca58dbe3f20a508 [term 3 FOLLOWER]: Refusing update from remote peer c56ad5cbe3ee4a01b32b3baa14d1a673: Log matching property violated. Preceding OpId in replica: term: 2 index: 2. Preceding OpId from leader: term: 3 index: 3. (index mismatch)
I20260710 13:27:17.579520 28433 consensus_queue.cc:1048] T 1097012bc376466399435e3416df69b5 P c56ad5cbe3ee4a01b32b3baa14d1a673 [LEADER]: Connected to new peer: Peer: permanent_uuid: "55b3b60b5dcc45a79ca58dbe3f20a508" member_type: VOTER last_known_addr { host: "127.26.218.67" port: 33399 }, Status: LMP_MISMATCH, Last received: 0.0, Next index: 3, Last known committed idx: 2, Time since last communication: 0.000s
I20260710 13:27:17.588943 28212 raft_consensus.cc:1275] T 1097012bc376466399435e3416df69b5 P e7e4401733ef420f965ba741494e0b7b [term 3 FOLLOWER]: Refusing update from remote peer c56ad5cbe3ee4a01b32b3baa14d1a673: Log matching property violated. Preceding OpId in replica: term: 2 index: 2. Preceding OpId from leader: term: 3 index: 3. (index mismatch)
I20260710 13:27:17.590555 28447 consensus_queue.cc:1048] T 1097012bc376466399435e3416df69b5 P c56ad5cbe3ee4a01b32b3baa14d1a673 [LEADER]: Connected to new peer: Peer: permanent_uuid: "e7e4401733ef420f965ba741494e0b7b" member_type: VOTER last_known_addr { host: "127.26.218.66" port: 40013 }, Status: LMP_MISMATCH, Last received: 0.0, Next index: 3, Last known committed idx: 2, Time since last communication: 0.000s
I20260710 13:27:17.852438 28212 raft_consensus.cc:1275] T 2b0b7d6dad6a4743ba0a33d149991757 P e7e4401733ef420f965ba741494e0b7b [term 3 FOLLOWER]: Refusing update from remote peer c56ad5cbe3ee4a01b32b3baa14d1a673: Log matching property violated. Preceding OpId in replica: term: 2 index: 2. Preceding OpId from leader: term: 3 index: 3. (index mismatch)
I20260710 13:27:17.853657 28209 raft_consensus.cc:1275] T 1a1a63855af64cfea2649538cd05b3ee P e7e4401733ef420f965ba741494e0b7b [term 3 FOLLOWER]: Refusing update from remote peer c56ad5cbe3ee4a01b32b3baa14d1a673: Log matching property violated. Preceding OpId in replica: term: 2 index: 2. Preceding OpId from leader: term: 3 index: 3. (index mismatch)
I20260710 13:27:17.853683 28447 consensus_queue.cc:1048] T 2b0b7d6dad6a4743ba0a33d149991757 P c56ad5cbe3ee4a01b32b3baa14d1a673 [LEADER]: Connected to new peer: Peer: permanent_uuid: "e7e4401733ef420f965ba741494e0b7b" member_type: VOTER last_known_addr { host: "127.26.218.66" port: 40013 }, Status: LMP_MISMATCH, Last received: 0.0, Next index: 3, Last known committed idx: 2, Time since last communication: 0.000s
I20260710 13:27:17.854872 28433 consensus_queue.cc:1048] T 1a1a63855af64cfea2649538cd05b3ee P c56ad5cbe3ee4a01b32b3baa14d1a673 [LEADER]: Connected to new peer: Peer: permanent_uuid: "e7e4401733ef420f965ba741494e0b7b" member_type: VOTER last_known_addr { host: "127.26.218.66" port: 40013 }, Status: LMP_MISMATCH, Last received: 0.0, Next index: 3, Last known committed idx: 2, Time since last communication: 0.000s
I20260710 13:27:17.863201 28285 raft_consensus.cc:1275] T 2b0b7d6dad6a4743ba0a33d149991757 P 55b3b60b5dcc45a79ca58dbe3f20a508 [term 3 FOLLOWER]: Refusing update from remote peer c56ad5cbe3ee4a01b32b3baa14d1a673: Log matching property violated. Preceding OpId in replica: term: 2 index: 2. Preceding OpId from leader: term: 3 index: 3. (index mismatch)
I20260710 13:27:17.864974 28417 consensus_queue.cc:1048] T 2b0b7d6dad6a4743ba0a33d149991757 P c56ad5cbe3ee4a01b32b3baa14d1a673 [LEADER]: Connected to new peer: Peer: permanent_uuid: "55b3b60b5dcc45a79ca58dbe3f20a508" member_type: VOTER last_known_addr { host: "127.26.218.67" port: 33399 }, Status: LMP_MISMATCH, Last received: 0.0, Next index: 3, Last known committed idx: 2, Time since last communication: 0.000s
I20260710 13:27:17.869782 28286 raft_consensus.cc:1275] T 1a1a63855af64cfea2649538cd05b3ee P 55b3b60b5dcc45a79ca58dbe3f20a508 [term 3 FOLLOWER]: Refusing update from remote peer c56ad5cbe3ee4a01b32b3baa14d1a673: Log matching property violated. Preceding OpId in replica: term: 2 index: 2. Preceding OpId from leader: term: 3 index: 3. (index mismatch)
I20260710 13:27:17.873585 28433 consensus_queue.cc:1048] T 1a1a63855af64cfea2649538cd05b3ee P c56ad5cbe3ee4a01b32b3baa14d1a673 [LEADER]: Connected to new peer: Peer: permanent_uuid: "55b3b60b5dcc45a79ca58dbe3f20a508" member_type: VOTER last_known_addr { host: "127.26.218.67" port: 33399 }, Status: LMP_MISMATCH, Last received: 0.0, Next index: 3, Last known committed idx: 2, Time since last communication: 0.001s
I20260710 13:27:19.898034 27497 auto_leader_rebalancer.cc:141] leader rebalance for table test-workload
I20260710 13:27:19.908743 28135 tablet_service.cc:2072] Received LeaderStepDown RPC: tablet_id: "2b0b7d6dad6a4743ba0a33d149991757"
dest_uuid: "c56ad5cbe3ee4a01b32b3baa14d1a673"
mode: GRACEFUL
new_leader_uuid: "e7e4401733ef420f965ba741494e0b7b"
 from {username='slave'} at 127.0.0.1:55970
I20260710 13:27:19.909443 28135 raft_consensus.cc:606] T 2b0b7d6dad6a4743ba0a33d149991757 P c56ad5cbe3ee4a01b32b3baa14d1a673 [term 3 LEADER]: Received request to transfer leadership to TS e7e4401733ef420f965ba741494e0b7b
I20260710 13:27:19.911759 28135 tablet_service.cc:2072] Received LeaderStepDown RPC: tablet_id: "3660beaa27a3437dbcb4cba2d15eb1d3"
dest_uuid: "c56ad5cbe3ee4a01b32b3baa14d1a673"
mode: GRACEFUL
new_leader_uuid: "55b3b60b5dcc45a79ca58dbe3f20a508"
 from {username='slave'} at 127.0.0.1:55970
I20260710 13:27:19.912223 28135 raft_consensus.cc:606] T 3660beaa27a3437dbcb4cba2d15eb1d3 P c56ad5cbe3ee4a01b32b3baa14d1a673 [term 1 LEADER]: Received request to transfer leadership to TS 55b3b60b5dcc45a79ca58dbe3f20a508
I20260710 13:27:19.914472 28135 tablet_service.cc:2072] Received LeaderStepDown RPC: tablet_id: "7ab2cc6127184b0d84e1e207fa165fad"
dest_uuid: "c56ad5cbe3ee4a01b32b3baa14d1a673"
mode: GRACEFUL
new_leader_uuid: "55b3b60b5dcc45a79ca58dbe3f20a508"
 from {username='slave'} at 127.0.0.1:55970
I20260710 13:27:19.915069 28135 raft_consensus.cc:606] T 7ab2cc6127184b0d84e1e207fa165fad P c56ad5cbe3ee4a01b32b3baa14d1a673 [term 2 LEADER]: Received request to transfer leadership to TS 55b3b60b5dcc45a79ca58dbe3f20a508
I20260710 13:27:19.917291 28135 tablet_service.cc:2072] Received LeaderStepDown RPC: tablet_id: "80a786806b574a37957fc2c1e2634f96"
dest_uuid: "c56ad5cbe3ee4a01b32b3baa14d1a673"
mode: GRACEFUL
new_leader_uuid: "e7e4401733ef420f965ba741494e0b7b"
 from {username='slave'} at 127.0.0.1:55970
I20260710 13:27:19.917709 28135 raft_consensus.cc:606] T 80a786806b574a37957fc2c1e2634f96 P c56ad5cbe3ee4a01b32b3baa14d1a673 [term 3 LEADER]: Received request to transfer leadership to TS e7e4401733ef420f965ba741494e0b7b
I20260710 13:27:19.918622 27497 auto_leader_rebalancer.cc:479] table: test-workload, leader rebalance finish, leader transfer count: 4
I20260710 13:27:19.919111 27497 auto_leader_rebalancer.cc:554] All tables' leader rebalancing finished this round
I20260710 13:27:19.956466 28456 raft_consensus.cc:993] T 2b0b7d6dad6a4743ba0a33d149991757 P c56ad5cbe3ee4a01b32b3baa14d1a673: : Instructing follower e7e4401733ef420f965ba741494e0b7b to start an election
I20260710 13:27:19.957089 28457 raft_consensus.cc:1081] T 2b0b7d6dad6a4743ba0a33d149991757 P c56ad5cbe3ee4a01b32b3baa14d1a673 [term 3 LEADER]: Signalling peer e7e4401733ef420f965ba741494e0b7b to start an election
I20260710 13:27:19.958652 28209 tablet_service.cc:2044] Received Run Leader Election RPC: tablet_id: "2b0b7d6dad6a4743ba0a33d149991757"
dest_uuid: "e7e4401733ef420f965ba741494e0b7b"
 from {username='slave'} at 127.0.0.1:33434
I20260710 13:27:19.959201 28209 raft_consensus.cc:493] T 2b0b7d6dad6a4743ba0a33d149991757 P e7e4401733ef420f965ba741494e0b7b [term 3 FOLLOWER]: Starting forced leader election (received explicit request)
I20260710 13:27:19.959522 28209 raft_consensus.cc:3060] T 2b0b7d6dad6a4743ba0a33d149991757 P e7e4401733ef420f965ba741494e0b7b [term 3 FOLLOWER]: Advancing to term 4
I20260710 13:27:19.965660 28209 raft_consensus.cc:515] T 2b0b7d6dad6a4743ba0a33d149991757 P e7e4401733ef420f965ba741494e0b7b [term 4 FOLLOWER]: Starting forced leader election with config: opid_index: -1 OBSOLETE_local: false peers { permanent_uuid: "c56ad5cbe3ee4a01b32b3baa14d1a673" member_type: VOTER last_known_addr { host: "127.26.218.65" port: 46593 } } peers { permanent_uuid: "e7e4401733ef420f965ba741494e0b7b" member_type: VOTER last_known_addr { host: "127.26.218.66" port: 40013 } } peers { permanent_uuid: "55b3b60b5dcc45a79ca58dbe3f20a508" member_type: VOTER last_known_addr { host: "127.26.218.67" port: 33399 } }
I20260710 13:27:19.967573 28209 leader_election.cc:290] T 2b0b7d6dad6a4743ba0a33d149991757 P e7e4401733ef420f965ba741494e0b7b [CANDIDATE]: Term 4 election: Requested vote from peers c56ad5cbe3ee4a01b32b3baa14d1a673 (127.26.218.65:46593), 55b3b60b5dcc45a79ca58dbe3f20a508 (127.26.218.67:33399)
I20260710 13:27:19.968375 28135 tablet_service.cc:1917] Received RequestConsensusVote() RPC: tablet_id: "2b0b7d6dad6a4743ba0a33d149991757" candidate_uuid: "e7e4401733ef420f965ba741494e0b7b" candidate_term: 4 candidate_status { last_received { term: 3 index: 3 } } ignore_live_leader: true dest_uuid: "c56ad5cbe3ee4a01b32b3baa14d1a673"
I20260710 13:27:19.968915 28286 tablet_service.cc:1917] Received RequestConsensusVote() RPC: tablet_id: "2b0b7d6dad6a4743ba0a33d149991757" candidate_uuid: "e7e4401733ef420f965ba741494e0b7b" candidate_term: 4 candidate_status { last_received { term: 3 index: 3 } } ignore_live_leader: true dest_uuid: "55b3b60b5dcc45a79ca58dbe3f20a508"
I20260710 13:27:19.969045 28135 raft_consensus.cc:3055] T 2b0b7d6dad6a4743ba0a33d149991757 P c56ad5cbe3ee4a01b32b3baa14d1a673 [term 3 LEADER]: Stepping down as leader of term 3
I20260710 13:27:19.969347 28286 raft_consensus.cc:3060] T 2b0b7d6dad6a4743ba0a33d149991757 P 55b3b60b5dcc45a79ca58dbe3f20a508 [term 3 FOLLOWER]: Advancing to term 4
I20260710 13:27:19.969336 28135 raft_consensus.cc:740] T 2b0b7d6dad6a4743ba0a33d149991757 P c56ad5cbe3ee4a01b32b3baa14d1a673 [term 3 LEADER]: Becoming Follower/Learner. State: Replica: c56ad5cbe3ee4a01b32b3baa14d1a673, State: Running, Role: LEADER
I20260710 13:27:19.970203 28135 consensus_queue.cc:260] T 2b0b7d6dad6a4743ba0a33d149991757 P c56ad5cbe3ee4a01b32b3baa14d1a673 [NON_LEADER]: Queue going to NON_LEADER mode. State: All replicated index: 0, Majority replicated index: 3, Committed index: 3, Last appended: 3.3, Last appended by leader: 3, Current term: 3, Majority size: -1, State: 0, Mode: NON_LEADER, active raft config: opid_index: -1 OBSOLETE_local: false peers { permanent_uuid: "c56ad5cbe3ee4a01b32b3baa14d1a673" member_type: VOTER last_known_addr { host: "127.26.218.65" port: 46593 } } peers { permanent_uuid: "e7e4401733ef420f965ba741494e0b7b" member_type: VOTER last_known_addr { host: "127.26.218.66" port: 40013 } } peers { permanent_uuid: "55b3b60b5dcc45a79ca58dbe3f20a508" member_type: VOTER last_known_addr { host: "127.26.218.67" port: 33399 } }
I20260710 13:27:19.971311 28135 raft_consensus.cc:3060] T 2b0b7d6dad6a4743ba0a33d149991757 P c56ad5cbe3ee4a01b32b3baa14d1a673 [term 3 FOLLOWER]: Advancing to term 4
I20260710 13:27:19.974323 28286 raft_consensus.cc:2468] T 2b0b7d6dad6a4743ba0a33d149991757 P 55b3b60b5dcc45a79ca58dbe3f20a508 [term 4 FOLLOWER]: Leader election vote request: Granting yes vote for candidate e7e4401733ef420f965ba741494e0b7b in term 4.
I20260710 13:27:19.975449 28178 leader_election.cc:304] T 2b0b7d6dad6a4743ba0a33d149991757 P e7e4401733ef420f965ba741494e0b7b [CANDIDATE]: Term 4 election: Election decided. Result: candidate won. Election summary: received 2 responses out of 3 voters: 2 yes votes; 0 no votes. yes voters: 55b3b60b5dcc45a79ca58dbe3f20a508, e7e4401733ef420f965ba741494e0b7b; no voters: 
I20260710 13:27:19.976249 28341 raft_consensus.cc:2804] T 2b0b7d6dad6a4743ba0a33d149991757 P e7e4401733ef420f965ba741494e0b7b [term 4 FOLLOWER]: Leader election won for term 4
I20260710 13:27:19.976888 28135 raft_consensus.cc:2468] T 2b0b7d6dad6a4743ba0a33d149991757 P c56ad5cbe3ee4a01b32b3baa14d1a673 [term 4 FOLLOWER]: Leader election vote request: Granting yes vote for candidate e7e4401733ef420f965ba741494e0b7b in term 4.
I20260710 13:27:19.977216 28341 raft_consensus.cc:697] T 2b0b7d6dad6a4743ba0a33d149991757 P e7e4401733ef420f965ba741494e0b7b [term 4 LEADER]: Becoming Leader. State: Replica: e7e4401733ef420f965ba741494e0b7b, State: Running, Role: LEADER
I20260710 13:27:19.978264 28341 consensus_queue.cc:237] T 2b0b7d6dad6a4743ba0a33d149991757 P e7e4401733ef420f965ba741494e0b7b [LEADER]: Queue going to LEADER mode. State: All replicated index: 0, Majority replicated index: 3, Committed index: 3, Last appended: 3.3, Last appended by leader: 3, Current term: 4, Majority size: 2, State: 0, Mode: LEADER, active raft config: opid_index: -1 OBSOLETE_local: false peers { permanent_uuid: "c56ad5cbe3ee4a01b32b3baa14d1a673" member_type: VOTER last_known_addr { host: "127.26.218.65" port: 46593 } } peers { permanent_uuid: "e7e4401733ef420f965ba741494e0b7b" member_type: VOTER last_known_addr { host: "127.26.218.66" port: 40013 } } peers { permanent_uuid: "55b3b60b5dcc45a79ca58dbe3f20a508" member_type: VOTER last_known_addr { host: "127.26.218.67" port: 33399 } }
I20260710 13:27:19.985219 28033 catalog_manager.cc:5697] T 2b0b7d6dad6a4743ba0a33d149991757 P e7e4401733ef420f965ba741494e0b7b reported cstate change: term changed from 3 to 4, leader changed from c56ad5cbe3ee4a01b32b3baa14d1a673 (127.26.218.65) to e7e4401733ef420f965ba741494e0b7b (127.26.218.66). New cstate: current_term: 4 leader_uuid: "e7e4401733ef420f965ba741494e0b7b" committed_config { opid_index: -1 OBSOLETE_local: false peers { permanent_uuid: "c56ad5cbe3ee4a01b32b3baa14d1a673" member_type: VOTER last_known_addr { host: "127.26.218.65" port: 46593 } health_report { overall_health: UNKNOWN } } peers { permanent_uuid: "e7e4401733ef420f965ba741494e0b7b" member_type: VOTER last_known_addr { host: "127.26.218.66" port: 40013 } health_report { overall_health: HEALTHY } } peers { permanent_uuid: "55b3b60b5dcc45a79ca58dbe3f20a508" member_type: VOTER last_known_addr { host: "127.26.218.67" port: 33399 } health_report { overall_health: UNKNOWN } } }
I20260710 13:27:20.190651 28456 raft_consensus.cc:993] T 7ab2cc6127184b0d84e1e207fa165fad P c56ad5cbe3ee4a01b32b3baa14d1a673: : Instructing follower 55b3b60b5dcc45a79ca58dbe3f20a508 to start an election
I20260710 13:27:20.191097 28457 raft_consensus.cc:1081] T 7ab2cc6127184b0d84e1e207fa165fad P c56ad5cbe3ee4a01b32b3baa14d1a673 [term 2 LEADER]: Signalling peer 55b3b60b5dcc45a79ca58dbe3f20a508 to start an election
I20260710 13:27:20.192502 28286 tablet_service.cc:2044] Received Run Leader Election RPC: tablet_id: "7ab2cc6127184b0d84e1e207fa165fad"
dest_uuid: "55b3b60b5dcc45a79ca58dbe3f20a508"
 from {username='slave'} at 127.0.0.1:42512
I20260710 13:27:20.192930 28286 raft_consensus.cc:493] T 7ab2cc6127184b0d84e1e207fa165fad P 55b3b60b5dcc45a79ca58dbe3f20a508 [term 2 FOLLOWER]: Starting forced leader election (received explicit request)
I20260710 13:27:20.193188 28286 raft_consensus.cc:3060] T 7ab2cc6127184b0d84e1e207fa165fad P 55b3b60b5dcc45a79ca58dbe3f20a508 [term 2 FOLLOWER]: Advancing to term 3
I20260710 13:27:20.197770 28286 raft_consensus.cc:515] T 7ab2cc6127184b0d84e1e207fa165fad P 55b3b60b5dcc45a79ca58dbe3f20a508 [term 3 FOLLOWER]: Starting forced leader election with config: opid_index: -1 OBSOLETE_local: false peers { permanent_uuid: "c56ad5cbe3ee4a01b32b3baa14d1a673" member_type: VOTER last_known_addr { host: "127.26.218.65" port: 46593 } } peers { permanent_uuid: "e7e4401733ef420f965ba741494e0b7b" member_type: VOTER last_known_addr { host: "127.26.218.66" port: 40013 } } peers { permanent_uuid: "55b3b60b5dcc45a79ca58dbe3f20a508" member_type: VOTER last_known_addr { host: "127.26.218.67" port: 33399 } }
I20260710 13:27:20.199292 28286 leader_election.cc:290] T 7ab2cc6127184b0d84e1e207fa165fad P 55b3b60b5dcc45a79ca58dbe3f20a508 [CANDIDATE]: Term 3 election: Requested vote from peers c56ad5cbe3ee4a01b32b3baa14d1a673 (127.26.218.65:46593), e7e4401733ef420f965ba741494e0b7b (127.26.218.66:40013)
I20260710 13:27:20.199976 28135 tablet_service.cc:1917] Received RequestConsensusVote() RPC: tablet_id: "7ab2cc6127184b0d84e1e207fa165fad" candidate_uuid: "55b3b60b5dcc45a79ca58dbe3f20a508" candidate_term: 3 candidate_status { last_received { term: 2 index: 2 } } ignore_live_leader: true dest_uuid: "c56ad5cbe3ee4a01b32b3baa14d1a673"
I20260710 13:27:20.200534 28135 raft_consensus.cc:3055] T 7ab2cc6127184b0d84e1e207fa165fad P c56ad5cbe3ee4a01b32b3baa14d1a673 [term 2 LEADER]: Stepping down as leader of term 2
I20260710 13:27:20.200462 28209 tablet_service.cc:1917] Received RequestConsensusVote() RPC: tablet_id: "7ab2cc6127184b0d84e1e207fa165fad" candidate_uuid: "55b3b60b5dcc45a79ca58dbe3f20a508" candidate_term: 3 candidate_status { last_received { term: 2 index: 2 } } ignore_live_leader: true dest_uuid: "e7e4401733ef420f965ba741494e0b7b"
I20260710 13:27:20.200793 28135 raft_consensus.cc:740] T 7ab2cc6127184b0d84e1e207fa165fad P c56ad5cbe3ee4a01b32b3baa14d1a673 [term 2 LEADER]: Becoming Follower/Learner. State: Replica: c56ad5cbe3ee4a01b32b3baa14d1a673, State: Running, Role: LEADER
I20260710 13:27:20.200975 28209 raft_consensus.cc:3060] T 7ab2cc6127184b0d84e1e207fa165fad P e7e4401733ef420f965ba741494e0b7b [term 2 FOLLOWER]: Advancing to term 3
I20260710 13:27:20.201475 28135 consensus_queue.cc:260] T 7ab2cc6127184b0d84e1e207fa165fad P c56ad5cbe3ee4a01b32b3baa14d1a673 [NON_LEADER]: Queue going to NON_LEADER mode. State: All replicated index: 0, Majority replicated index: 2, Committed index: 2, Last appended: 2.2, Last appended by leader: 2, Current term: 2, Majority size: -1, State: 0, Mode: NON_LEADER, active raft config: opid_index: -1 OBSOLETE_local: false peers { permanent_uuid: "c56ad5cbe3ee4a01b32b3baa14d1a673" member_type: VOTER last_known_addr { host: "127.26.218.65" port: 46593 } } peers { permanent_uuid: "e7e4401733ef420f965ba741494e0b7b" member_type: VOTER last_known_addr { host: "127.26.218.66" port: 40013 } } peers { permanent_uuid: "55b3b60b5dcc45a79ca58dbe3f20a508" member_type: VOTER last_known_addr { host: "127.26.218.67" port: 33399 } }
I20260710 13:27:20.202353 28135 raft_consensus.cc:3060] T 7ab2cc6127184b0d84e1e207fa165fad P c56ad5cbe3ee4a01b32b3baa14d1a673 [term 2 FOLLOWER]: Advancing to term 3
I20260710 13:27:20.205971 28209 raft_consensus.cc:2468] T 7ab2cc6127184b0d84e1e207fa165fad P e7e4401733ef420f965ba741494e0b7b [term 3 FOLLOWER]: Leader election vote request: Granting yes vote for candidate 55b3b60b5dcc45a79ca58dbe3f20a508 in term 3.
I20260710 13:27:20.206573 28135 raft_consensus.cc:2468] T 7ab2cc6127184b0d84e1e207fa165fad P c56ad5cbe3ee4a01b32b3baa14d1a673 [term 3 FOLLOWER]: Leader election vote request: Granting yes vote for candidate 55b3b60b5dcc45a79ca58dbe3f20a508 in term 3.
I20260710 13:27:20.207232 28251 leader_election.cc:304] T 7ab2cc6127184b0d84e1e207fa165fad P 55b3b60b5dcc45a79ca58dbe3f20a508 [CANDIDATE]: Term 3 election: Election decided. Result: candidate won. Election summary: received 2 responses out of 3 voters: 2 yes votes; 0 no votes. yes voters: 55b3b60b5dcc45a79ca58dbe3f20a508, e7e4401733ef420f965ba741494e0b7b; no voters: 
I20260710 13:27:20.208002 28418 raft_consensus.cc:2804] T 7ab2cc6127184b0d84e1e207fa165fad P 55b3b60b5dcc45a79ca58dbe3f20a508 [term 3 FOLLOWER]: Leader election won for term 3
I20260710 13:27:20.209190 28418 raft_consensus.cc:697] T 7ab2cc6127184b0d84e1e207fa165fad P 55b3b60b5dcc45a79ca58dbe3f20a508 [term 3 LEADER]: Becoming Leader. State: Replica: 55b3b60b5dcc45a79ca58dbe3f20a508, State: Running, Role: LEADER
I20260710 13:27:20.209972 28418 consensus_queue.cc:237] T 7ab2cc6127184b0d84e1e207fa165fad P 55b3b60b5dcc45a79ca58dbe3f20a508 [LEADER]: Queue going to LEADER mode. State: All replicated index: 0, Majority replicated index: 2, Committed index: 2, Last appended: 2.2, Last appended by leader: 2, Current term: 3, Majority size: 2, State: 0, Mode: LEADER, active raft config: opid_index: -1 OBSOLETE_local: false peers { permanent_uuid: "c56ad5cbe3ee4a01b32b3baa14d1a673" member_type: VOTER last_known_addr { host: "127.26.218.65" port: 46593 } } peers { permanent_uuid: "e7e4401733ef420f965ba741494e0b7b" member_type: VOTER last_known_addr { host: "127.26.218.66" port: 40013 } } peers { permanent_uuid: "55b3b60b5dcc45a79ca58dbe3f20a508" member_type: VOTER last_known_addr { host: "127.26.218.67" port: 33399 } }
