I20260710 13:27:43.081473   728 consensus_queue.cc:260] T ad2db22da8024b2095e99ce0a20ccf13 P 9846dc3bee4446beb223e011fc28611e [NON_LEADER]: Queue going to NON_LEADER mode. State: All replicated index: 0, Majority replicated index: 4, Committed index: 4, Last appended: 1.4, Last appended by leader: 4, Current term: 1, Majority size: -1, State: 0, Mode: NON_LEADER, active raft config: opid_index: 4 OBSOLETE_local: false peers { permanent_uuid: "9846dc3bee4446beb223e011fc28611e" member_type: VOTER last_known_addr { host: "127.31.88.129" port: 38385 } } peers { permanent_uuid: "feaed867898f41dda236d6a1d5df3fd6" member_type: VOTER last_known_addr { host: "127.31.88.131" port: 41699 } } peers { permanent_uuid: "2d0705f11c89494ab16a2cdd64b43202" member_type: VOTER last_known_addr { host: "127.31.88.132" port: 34457 } attrs { promote: false } }
I20260710 13:27:43.082573   728 raft_consensus.cc:3060] T ad2db22da8024b2095e99ce0a20ccf13 P 9846dc3bee4446beb223e011fc28611e [term 1 FOLLOWER]: Advancing to term 2
I20260710 13:27:43.084687   875 tablet_service.cc:1917] Received RequestConsensusVote() RPC: tablet_id: "ad2db22da8024b2095e99ce0a20ccf13" candidate_uuid: "2d0705f11c89494ab16a2cdd64b43202" candidate_term: 2 candidate_status { last_received { term: 1 index: 4 } } ignore_live_leader: true dest_uuid: "feaed867898f41dda236d6a1d5df3fd6"
I20260710 13:27:43.085222   875 raft_consensus.cc:3060] T ad2db22da8024b2095e99ce0a20ccf13 P feaed867898f41dda236d6a1d5df3fd6 [term 1 FOLLOWER]: Advancing to term 2
I20260710 13:27:43.089178   728 raft_consensus.cc:2468] T ad2db22da8024b2095e99ce0a20ccf13 P 9846dc3bee4446beb223e011fc28611e [term 2 FOLLOWER]: Leader election vote request: Granting yes vote for candidate 2d0705f11c89494ab16a2cdd64b43202 in term 2.
I20260710 13:27:43.089505  1141 leader_election.cc:290] T ad2db22da8024b2095e99ce0a20ccf13 P 2d0705f11c89494ab16a2cdd64b43202 [CANDIDATE]: Term 2 election: Requested vote from peers 9846dc3bee4446beb223e011fc28611e (127.31.88.129:38385), feaed867898f41dda236d6a1d5df3fd6 (127.31.88.131:41699)
I20260710 13:27:43.090770  1100 leader_election.cc:304] T ad2db22da8024b2095e99ce0a20ccf13 P 2d0705f11c89494ab16a2cdd64b43202 [CANDIDATE]: Term 2 election: Election decided. Result: candidate won. Election summary: received 2 responses out of 3 voters: 2 yes votes; 0 no votes. yes voters: 2d0705f11c89494ab16a2cdd64b43202, 9846dc3bee4446beb223e011fc28611e; no voters: 
I20260710 13:27:43.091919  1531 raft_consensus.cc:2804] T ad2db22da8024b2095e99ce0a20ccf13 P 2d0705f11c89494ab16a2cdd64b43202 [term 2 FOLLOWER]: Leader election won for term 2
I20260710 13:27:43.092521  1531 raft_consensus.cc:697] T ad2db22da8024b2095e99ce0a20ccf13 P 2d0705f11c89494ab16a2cdd64b43202 [term 2 LEADER]: Becoming Leader. State: Replica: 2d0705f11c89494ab16a2cdd64b43202, State: Running, Role: LEADER
I20260710 13:27:43.093168  1531 consensus_queue.cc:237] T ad2db22da8024b2095e99ce0a20ccf13 P 2d0705f11c89494ab16a2cdd64b43202 [LEADER]: Queue going to LEADER mode. State: All replicated index: 0, Majority replicated index: 4, Committed index: 4, Last appended: 1.4, Last appended by leader: 4, Current term: 2, Majority size: 2, State: 0, Mode: LEADER, active raft config: opid_index: 4 OBSOLETE_local: false peers { permanent_uuid: "9846dc3bee4446beb223e011fc28611e" member_type: VOTER last_known_addr { host: "127.31.88.129" port: 38385 } } peers { permanent_uuid: "feaed867898f41dda236d6a1d5df3fd6" member_type: VOTER last_known_addr { host: "127.31.88.131" port: 41699 } } peers { permanent_uuid: "2d0705f11c89494ab16a2cdd64b43202" member_type: VOTER last_known_addr { host: "127.31.88.132" port: 34457 } attrs { promote: false } }
I20260710 13:27:43.097918   875 raft_consensus.cc:2468] T ad2db22da8024b2095e99ce0a20ccf13 P feaed867898f41dda236d6a1d5df3fd6 [term 2 FOLLOWER]: Leader election vote request: Granting yes vote for candidate 2d0705f11c89494ab16a2cdd64b43202 in term 2.
I20260710 13:27:43.102905   624 catalog_manager.cc:5697] T ad2db22da8024b2095e99ce0a20ccf13 P 2d0705f11c89494ab16a2cdd64b43202 reported cstate change: term changed from 1 to 2, leader changed from 9846dc3bee4446beb223e011fc28611e (127.31.88.129) to 2d0705f11c89494ab16a2cdd64b43202 (127.31.88.132). New cstate: current_term: 2 leader_uuid: "2d0705f11c89494ab16a2cdd64b43202" committed_config { opid_index: 4 OBSOLETE_local: false peers { permanent_uuid: "9846dc3bee4446beb223e011fc28611e" member_type: VOTER last_known_addr { host: "127.31.88.129" port: 38385 } health_report { overall_health: UNKNOWN } } peers { permanent_uuid: "feaed867898f41dda236d6a1d5df3fd6" member_type: VOTER last_known_addr { host: "127.31.88.131" port: 41699 } health_report { overall_health: UNKNOWN } } peers { permanent_uuid: "2d0705f11c89494ab16a2cdd64b43202" member_type: VOTER last_known_addr { host: "127.31.88.132" port: 34457 } attrs { promote: false } health_report { overall_health: HEALTHY } } }
I20260710 13:27:43.140700  1509 raft_consensus.cc:993] T 51bc92356b504f79b73cea4a6adbd19f P feaed867898f41dda236d6a1d5df3fd6: : Instructing follower 2d0705f11c89494ab16a2cdd64b43202 to start an election
I20260710 13:27:43.141202  1526 raft_consensus.cc:1081] T 51bc92356b504f79b73cea4a6adbd19f P feaed867898f41dda236d6a1d5df3fd6 [term 1 LEADER]: Signalling peer 2d0705f11c89494ab16a2cdd64b43202 to start an election
I20260710 13:27:43.142390  1141 tablet_service.cc:2044] Received Run Leader Election RPC: tablet_id: "51bc92356b504f79b73cea4a6adbd19f"
dest_uuid: "2d0705f11c89494ab16a2cdd64b43202"
 from {username='slave'} at 127.0.0.1:51112
I20260710 13:27:43.142820  1141 raft_consensus.cc:493] T 51bc92356b504f79b73cea4a6adbd19f P 2d0705f11c89494ab16a2cdd64b43202 [term 1 FOLLOWER]: Starting forced leader election (received explicit request)
I20260710 13:27:43.143075  1141 raft_consensus.cc:3060] T 51bc92356b504f79b73cea4a6adbd19f P 2d0705f11c89494ab16a2cdd64b43202 [term 1 FOLLOWER]: Advancing to term 2
I20260710 13:27:43.147140  1141 raft_consensus.cc:515] T 51bc92356b504f79b73cea4a6adbd19f P 2d0705f11c89494ab16a2cdd64b43202 [term 2 FOLLOWER]: Starting forced leader election with config: opid_index: 4 OBSOLETE_local: false peers { permanent_uuid: "4ef6a96b445944419daff69eaca3651c" member_type: VOTER last_known_addr { host: "127.31.88.130" port: 36569 } } peers { permanent_uuid: "feaed867898f41dda236d6a1d5df3fd6" member_type: VOTER last_known_addr { host: "127.31.88.131" port: 41699 } } peers { permanent_uuid: "2d0705f11c89494ab16a2cdd64b43202" member_type: VOTER last_known_addr { host: "127.31.88.132" port: 34457 } attrs { promote: false } }
I20260710 13:27:43.148778  1141 leader_election.cc:290] T 51bc92356b504f79b73cea4a6adbd19f P 2d0705f11c89494ab16a2cdd64b43202 [CANDIDATE]: Term 2 election: Requested vote from peers 4ef6a96b445944419daff69eaca3651c (127.31.88.130:36569), feaed867898f41dda236d6a1d5df3fd6 (127.31.88.131:41699)
I20260710 13:27:43.149395   801 tablet_service.cc:1917] Received RequestConsensusVote() RPC: tablet_id: "51bc92356b504f79b73cea4a6adbd19f" candidate_uuid: "2d0705f11c89494ab16a2cdd64b43202" candidate_term: 2 candidate_status { last_received { term: 1 index: 4 } } ignore_live_leader: true dest_uuid: "4ef6a96b445944419daff69eaca3651c"
I20260710 13:27:43.149708   875 tablet_service.cc:1917] Received RequestConsensusVote() RPC: tablet_id: "51bc92356b504f79b73cea4a6adbd19f" candidate_uuid: "2d0705f11c89494ab16a2cdd64b43202" candidate_term: 2 candidate_status { last_received { term: 1 index: 4 } } ignore_live_leader: true dest_uuid: "feaed867898f41dda236d6a1d5df3fd6"
I20260710 13:27:43.149969   801 raft_consensus.cc:3060] T 51bc92356b504f79b73cea4a6adbd19f P 4ef6a96b445944419daff69eaca3651c [term 1 FOLLOWER]: Advancing to term 2
I20260710 13:27:43.150275   875 raft_consensus.cc:3055] T 51bc92356b504f79b73cea4a6adbd19f P feaed867898f41dda236d6a1d5df3fd6 [term 1 LEADER]: Stepping down as leader of term 1
I20260710 13:27:43.150595   875 raft_consensus.cc:740] T 51bc92356b504f79b73cea4a6adbd19f P feaed867898f41dda236d6a1d5df3fd6 [term 1 LEADER]: Becoming Follower/Learner. State: Replica: feaed867898f41dda236d6a1d5df3fd6, State: Running, Role: LEADER
I20260710 13:27:43.151271   875 consensus_queue.cc:260] T 51bc92356b504f79b73cea4a6adbd19f P feaed867898f41dda236d6a1d5df3fd6 [NON_LEADER]: Queue going to NON_LEADER mode. State: All replicated index: 0, Majority replicated index: 4, Committed index: 4, Last appended: 1.4, Last appended by leader: 4, Current term: 1, Majority size: -1, State: 0, Mode: NON_LEADER, active raft config: opid_index: 4 OBSOLETE_local: false peers { permanent_uuid: "4ef6a96b445944419daff69eaca3651c" member_type: VOTER last_known_addr { host: "127.31.88.130" port: 36569 } } peers { permanent_uuid: "feaed867898f41dda236d6a1d5df3fd6" member_type: VOTER last_known_addr { host: "127.31.88.131" port: 41699 } } peers { permanent_uuid: "2d0705f11c89494ab16a2cdd64b43202" member_type: VOTER last_known_addr { host: "127.31.88.132" port: 34457 } attrs { promote: false } }
I20260710 13:27:43.152180   875 raft_consensus.cc:3060] T 51bc92356b504f79b73cea4a6adbd19f P feaed867898f41dda236d6a1d5df3fd6 [term 1 FOLLOWER]: Advancing to term 2
I20260710 13:27:43.156278   801 raft_consensus.cc:2468] T 51bc92356b504f79b73cea4a6adbd19f P 4ef6a96b445944419daff69eaca3651c [term 2 FOLLOWER]: Leader election vote request: Granting yes vote for candidate 2d0705f11c89494ab16a2cdd64b43202 in term 2.
I20260710 13:27:43.156445   875 raft_consensus.cc:2468] T 51bc92356b504f79b73cea4a6adbd19f P feaed867898f41dda236d6a1d5df3fd6 [term 2 FOLLOWER]: Leader election vote request: Granting yes vote for candidate 2d0705f11c89494ab16a2cdd64b43202 in term 2.
I20260710 13:27:43.157449  1098 leader_election.cc:304] T 51bc92356b504f79b73cea4a6adbd19f P 2d0705f11c89494ab16a2cdd64b43202 [CANDIDATE]: Term 2 election: Election decided. Result: candidate won. Election summary: received 2 responses out of 3 voters: 2 yes votes; 0 no votes. yes voters: 2d0705f11c89494ab16a2cdd64b43202, 4ef6a96b445944419daff69eaca3651c; no voters: 
I20260710 13:27:43.158177  1531 raft_consensus.cc:2804] T 51bc92356b504f79b73cea4a6adbd19f P 2d0705f11c89494ab16a2cdd64b43202 [term 2 FOLLOWER]: Leader election won for term 2
I20260710 13:27:43.158563  1531 raft_consensus.cc:697] T 51bc92356b504f79b73cea4a6adbd19f P 2d0705f11c89494ab16a2cdd64b43202 [term 2 LEADER]: Becoming Leader. State: Replica: 2d0705f11c89494ab16a2cdd64b43202, State: Running, Role: LEADER
I20260710 13:27:43.159233  1531 consensus_queue.cc:237] T 51bc92356b504f79b73cea4a6adbd19f P 2d0705f11c89494ab16a2cdd64b43202 [LEADER]: Queue going to LEADER mode. State: All replicated index: 0, Majority replicated index: 4, Committed index: 4, Last appended: 1.4, Last appended by leader: 4, Current term: 2, Majority size: 2, State: 0, Mode: LEADER, active raft config: opid_index: 4 OBSOLETE_local: false peers { permanent_uuid: "4ef6a96b445944419daff69eaca3651c" member_type: VOTER last_known_addr { host: "127.31.88.130" port: 36569 } } peers { permanent_uuid: "feaed867898f41dda236d6a1d5df3fd6" member_type: VOTER last_known_addr { host: "127.31.88.131" port: 41699 } } peers { permanent_uuid: "2d0705f11c89494ab16a2cdd64b43202" member_type: VOTER last_known_addr { host: "127.31.88.132" port: 34457 } attrs { promote: false } }
I20260710 13:27:43.166234   624 catalog_manager.cc:5697] T 51bc92356b504f79b73cea4a6adbd19f P 2d0705f11c89494ab16a2cdd64b43202 reported cstate change: term changed from 1 to 2, leader changed from feaed867898f41dda236d6a1d5df3fd6 (127.31.88.131) to 2d0705f11c89494ab16a2cdd64b43202 (127.31.88.132). New cstate: current_term: 2 leader_uuid: "2d0705f11c89494ab16a2cdd64b43202" committed_config { opid_index: 4 OBSOLETE_local: false peers { permanent_uuid: "4ef6a96b445944419daff69eaca3651c" member_type: VOTER last_known_addr { host: "127.31.88.130" port: 36569 } health_report { overall_health: UNKNOWN } } peers { permanent_uuid: "feaed867898f41dda236d6a1d5df3fd6" member_type: VOTER last_known_addr { host: "127.31.88.131" port: 41699 } health_report { overall_health: UNKNOWN } } peers { permanent_uuid: "2d0705f11c89494ab16a2cdd64b43202" member_type: VOTER last_known_addr { host: "127.31.88.132" port: 34457 } attrs { promote: false } health_report { overall_health: HEALTHY } } }
I20260710 13:27:43.380890  1489 raft_consensus.cc:993] T acdb29c7564949d08f327fe5ae494086 P 4ef6a96b445944419daff69eaca3651c: : Instructing follower 2d0705f11c89494ab16a2cdd64b43202 to start an election
I20260710 13:27:43.381404  1527 raft_consensus.cc:1081] T acdb29c7564949d08f327fe5ae494086 P 4ef6a96b445944419daff69eaca3651c [term 1 LEADER]: Signalling peer 2d0705f11c89494ab16a2cdd64b43202 to start an election
I20260710 13:27:43.382606  1141 tablet_service.cc:2044] Received Run Leader Election RPC: tablet_id: "acdb29c7564949d08f327fe5ae494086"
dest_uuid: "2d0705f11c89494ab16a2cdd64b43202"
 from {username='slave'} at 127.0.0.1:51128
I20260710 13:27:43.383069  1141 raft_consensus.cc:493] T acdb29c7564949d08f327fe5ae494086 P 2d0705f11c89494ab16a2cdd64b43202 [term 1 FOLLOWER]: Starting forced leader election (received explicit request)
I20260710 13:27:43.383315  1141 raft_consensus.cc:3060] T acdb29c7564949d08f327fe5ae494086 P 2d0705f11c89494ab16a2cdd64b43202 [term 1 FOLLOWER]: Advancing to term 2
I20260710 13:27:43.387164  1141 raft_consensus.cc:515] T acdb29c7564949d08f327fe5ae494086 P 2d0705f11c89494ab16a2cdd64b43202 [term 2 FOLLOWER]: Starting forced leader election with config: opid_index: 4 OBSOLETE_local: false peers { permanent_uuid: "9846dc3bee4446beb223e011fc28611e" member_type: VOTER last_known_addr { host: "127.31.88.129" port: 38385 } } peers { permanent_uuid: "4ef6a96b445944419daff69eaca3651c" member_type: VOTER last_known_addr { host: "127.31.88.130" port: 36569 } } peers { permanent_uuid: "2d0705f11c89494ab16a2cdd64b43202" member_type: VOTER last_known_addr { host: "127.31.88.132" port: 34457 } attrs { promote: false } }
I20260710 13:27:43.388432  1141 leader_election.cc:290] T acdb29c7564949d08f327fe5ae494086 P 2d0705f11c89494ab16a2cdd64b43202 [CANDIDATE]: Term 2 election: Requested vote from peers 9846dc3bee4446beb223e011fc28611e (127.31.88.129:38385), 4ef6a96b445944419daff69eaca3651c (127.31.88.130:36569)
I20260710 13:27:43.389055   728 tablet_service.cc:1917] Received RequestConsensusVote() RPC: tablet_id: "acdb29c7564949d08f327fe5ae494086" candidate_uuid: "2d0705f11c89494ab16a2cdd64b43202" candidate_term: 2 candidate_status { last_received { term: 1 index: 4 } } ignore_live_leader: true dest_uuid: "9846dc3bee4446beb223e011fc28611e"
I20260710 13:27:43.389299   801 tablet_service.cc:1917] Received RequestConsensusVote() RPC: tablet_id: "acdb29c7564949d08f327fe5ae494086" candidate_uuid: "2d0705f11c89494ab16a2cdd64b43202" candidate_term: 2 candidate_status { last_received { term: 1 index: 4 } } ignore_live_leader: true dest_uuid: "4ef6a96b445944419daff69eaca3651c"
I20260710 13:27:43.389578   728 raft_consensus.cc:3060] T acdb29c7564949d08f327fe5ae494086 P 9846dc3bee4446beb223e011fc28611e [term 1 FOLLOWER]: Advancing to term 2
I20260710 13:27:43.389741   801 raft_consensus.cc:3055] T acdb29c7564949d08f327fe5ae494086 P 4ef6a96b445944419daff69eaca3651c [term 1 LEADER]: Stepping down as leader of term 1
I20260710 13:27:43.390015   801 raft_consensus.cc:740] T acdb29c7564949d08f327fe5ae494086 P 4ef6a96b445944419daff69eaca3651c [term 1 LEADER]: Becoming Follower/Learner. State: Replica: 4ef6a96b445944419daff69eaca3651c, State: Running, Role: LEADER
I20260710 13:27:43.390551   801 consensus_queue.cc:260] T acdb29c7564949d08f327fe5ae494086 P 4ef6a96b445944419daff69eaca3651c [NON_LEADER]: Queue going to NON_LEADER mode. State: All replicated index: 0, Majority replicated index: 4, Committed index: 4, Last appended: 1.4, Last appended by leader: 4, Current term: 1, Majority size: -1, State: 0, Mode: NON_LEADER, active raft config: opid_index: 4 OBSOLETE_local: false peers { permanent_uuid: "9846dc3bee4446beb223e011fc28611e" member_type: VOTER last_known_addr { host: "127.31.88.129" port: 38385 } } peers { permanent_uuid: "4ef6a96b445944419daff69eaca3651c" member_type: VOTER last_known_addr { host: "127.31.88.130" port: 36569 } } peers { permanent_uuid: "2d0705f11c89494ab16a2cdd64b43202" member_type: VOTER last_known_addr { host: "127.31.88.132" port: 34457 } attrs { promote: false } }
I20260710 13:27:43.391394   801 raft_consensus.cc:3060] T acdb29c7564949d08f327fe5ae494086 P 4ef6a96b445944419daff69eaca3651c [term 1 FOLLOWER]: Advancing to term 2
I20260710 13:27:43.393632   728 raft_consensus.cc:2468] T acdb29c7564949d08f327fe5ae494086 P 9846dc3bee4446beb223e011fc28611e [term 2 FOLLOWER]: Leader election vote request: Granting yes vote for candidate 2d0705f11c89494ab16a2cdd64b43202 in term 2.
I20260710 13:27:43.394459  1100 leader_election.cc:304] T acdb29c7564949d08f327fe5ae494086 P 2d0705f11c89494ab16a2cdd64b43202 [CANDIDATE]: Term 2 election: Election decided. Result: candidate won. Election summary: received 2 responses out of 3 voters: 2 yes votes; 0 no votes. yes voters: 2d0705f11c89494ab16a2cdd64b43202, 9846dc3bee4446beb223e011fc28611e; no voters: 
I20260710 13:27:43.395159  1514 raft_consensus.cc:2804] T acdb29c7564949d08f327fe5ae494086 P 2d0705f11c89494ab16a2cdd64b43202 [term 2 FOLLOWER]: Leader election won for term 2
I20260710 13:27:43.395522  1514 raft_consensus.cc:697] T acdb29c7564949d08f327fe5ae494086 P 2d0705f11c89494ab16a2cdd64b43202 [term 2 LEADER]: Becoming Leader. State: Replica: 2d0705f11c89494ab16a2cdd64b43202, State: Running, Role: LEADER
I20260710 13:27:43.395539   801 raft_consensus.cc:2468] T acdb29c7564949d08f327fe5ae494086 P 4ef6a96b445944419daff69eaca3651c [term 2 FOLLOWER]: Leader election vote request: Granting yes vote for candidate 2d0705f11c89494ab16a2cdd64b43202 in term 2.
I20260710 13:27:43.396416  1514 consensus_queue.cc:237] T acdb29c7564949d08f327fe5ae494086 P 2d0705f11c89494ab16a2cdd64b43202 [LEADER]: Queue going to LEADER mode. State: All replicated index: 0, Majority replicated index: 4, Committed index: 4, Last appended: 1.4, Last appended by leader: 4, Current term: 2, Majority size: 2, State: 0, Mode: LEADER, active raft config: opid_index: 4 OBSOLETE_local: false peers { permanent_uuid: "9846dc3bee4446beb223e011fc28611e" member_type: VOTER last_known_addr { host: "127.31.88.129" port: 38385 } } peers { permanent_uuid: "4ef6a96b445944419daff69eaca3651c" member_type: VOTER last_known_addr { host: "127.31.88.130" port: 36569 } } peers { permanent_uuid: "2d0705f11c89494ab16a2cdd64b43202" member_type: VOTER last_known_addr { host: "127.31.88.132" port: 34457 } attrs { promote: false } }
I20260710 13:27:43.403640   624 catalog_manager.cc:5697] T acdb29c7564949d08f327fe5ae494086 P 2d0705f11c89494ab16a2cdd64b43202 reported cstate change: term changed from 1 to 2, leader changed from 4ef6a96b445944419daff69eaca3651c (127.31.88.130) to 2d0705f11c89494ab16a2cdd64b43202 (127.31.88.132). New cstate: current_term: 2 leader_uuid: "2d0705f11c89494ab16a2cdd64b43202" committed_config { opid_index: 4 OBSOLETE_local: false peers { permanent_uuid: "9846dc3bee4446beb223e011fc28611e" member_type: VOTER last_known_addr { host: "127.31.88.129" port: 38385 } health_report { overall_health: UNKNOWN } } peers { permanent_uuid: "4ef6a96b445944419daff69eaca3651c" member_type: VOTER last_known_addr { host: "127.31.88.130" port: 36569 } health_report { overall_health: UNKNOWN } } peers { permanent_uuid: "2d0705f11c89494ab16a2cdd64b43202" member_type: VOTER last_known_addr { host: "127.31.88.132" port: 34457 } attrs { promote: false } health_report { overall_health: HEALTHY } } }
I20260710 13:27:43.512758   728 raft_consensus.cc:1275] T ad2db22da8024b2095e99ce0a20ccf13 P 9846dc3bee4446beb223e011fc28611e [term 2 FOLLOWER]: Refusing update from remote peer 2d0705f11c89494ab16a2cdd64b43202: Log matching property violated. Preceding OpId in replica: term: 1 index: 4. Preceding OpId from leader: term: 2 index: 5. (index mismatch)
I20260710 13:27:43.513688  1514 consensus_queue.cc:1048] T ad2db22da8024b2095e99ce0a20ccf13 P 2d0705f11c89494ab16a2cdd64b43202 [LEADER]: Connected to new peer: Peer: permanent_uuid: "9846dc3bee4446beb223e011fc28611e" member_type: VOTER last_known_addr { host: "127.31.88.129" port: 38385 }, Status: LMP_MISMATCH, Last received: 0.0, Next index: 5, Last known committed idx: 4, Time since last communication: 0.000s
I20260710 13:27:43.521204   875 raft_consensus.cc:1275] T ad2db22da8024b2095e99ce0a20ccf13 P feaed867898f41dda236d6a1d5df3fd6 [term 2 FOLLOWER]: Refusing update from remote peer 2d0705f11c89494ab16a2cdd64b43202: Log matching property violated. Preceding OpId in replica: term: 1 index: 4. Preceding OpId from leader: term: 2 index: 5. (index mismatch)
I20260710 13:27:43.522397  1531 consensus_queue.cc:1048] T ad2db22da8024b2095e99ce0a20ccf13 P 2d0705f11c89494ab16a2cdd64b43202 [LEADER]: Connected to new peer: Peer: permanent_uuid: "feaed867898f41dda236d6a1d5df3fd6" member_type: VOTER last_known_addr { host: "127.31.88.131" port: 41699 }, Status: LMP_MISMATCH, Last received: 0.0, Next index: 5, Last known committed idx: 4, Time since last communication: 0.000s
I20260710 13:27:43.644243   801 raft_consensus.cc:1275] T 51bc92356b504f79b73cea4a6adbd19f P 4ef6a96b445944419daff69eaca3651c [term 2 FOLLOWER]: Refusing update from remote peer 2d0705f11c89494ab16a2cdd64b43202: Log matching property violated. Preceding OpId in replica: term: 1 index: 4. Preceding OpId from leader: term: 2 index: 5. (index mismatch)
I20260710 13:27:43.645272  1531 consensus_queue.cc:1048] T 51bc92356b504f79b73cea4a6adbd19f P 2d0705f11c89494ab16a2cdd64b43202 [LEADER]: Connected to new peer: Peer: permanent_uuid: "4ef6a96b445944419daff69eaca3651c" member_type: VOTER last_known_addr { host: "127.31.88.130" port: 36569 }, Status: LMP_MISMATCH, Last received: 0.0, Next index: 5, Last known committed idx: 4, Time since last communication: 0.000s
I20260710 13:27:43.653258   875 raft_consensus.cc:1275] T 51bc92356b504f79b73cea4a6adbd19f P feaed867898f41dda236d6a1d5df3fd6 [term 2 FOLLOWER]: Refusing update from remote peer 2d0705f11c89494ab16a2cdd64b43202: Log matching property violated. Preceding OpId in replica: term: 1 index: 4. Preceding OpId from leader: term: 2 index: 5. (index mismatch)
I20260710 13:27:43.654711  1499 consensus_queue.cc:1048] T 51bc92356b504f79b73cea4a6adbd19f P 2d0705f11c89494ab16a2cdd64b43202 [LEADER]: Connected to new peer: Peer: permanent_uuid: "feaed867898f41dda236d6a1d5df3fd6" member_type: VOTER last_known_addr { host: "127.31.88.131" port: 41699 }, Status: LMP_MISMATCH, Last received: 0.0, Next index: 5, Last known committed idx: 4, Time since last communication: 0.000s
I20260710 13:27:43.882975   728 raft_consensus.cc:1275] T acdb29c7564949d08f327fe5ae494086 P 9846dc3bee4446beb223e011fc28611e [term 2 FOLLOWER]: Refusing update from remote peer 2d0705f11c89494ab16a2cdd64b43202: Log matching property violated. Preceding OpId in replica: term: 1 index: 4. Preceding OpId from leader: term: 2 index: 5. (index mismatch)
I20260710 13:27:43.884305  1514 consensus_queue.cc:1048] T acdb29c7564949d08f327fe5ae494086 P 2d0705f11c89494ab16a2cdd64b43202 [LEADER]: Connected to new peer: Peer: permanent_uuid: "9846dc3bee4446beb223e011fc28611e" member_type: VOTER last_known_addr { host: "127.31.88.129" port: 38385 }, Status: LMP_MISMATCH, Last received: 0.0, Next index: 5, Last known committed idx: 4, Time since last communication: 0.000s
I20260710 13:27:43.891762   801 raft_consensus.cc:1275] T acdb29c7564949d08f327fe5ae494086 P 4ef6a96b445944419daff69eaca3651c [term 2 FOLLOWER]: Refusing update from remote peer 2d0705f11c89494ab16a2cdd64b43202: Log matching property violated. Preceding OpId in replica: term: 1 index: 4. Preceding OpId from leader: term: 2 index: 5. (index mismatch)
I20260710 13:27:43.893239  1499 consensus_queue.cc:1048] T acdb29c7564949d08f327fe5ae494086 P 2d0705f11c89494ab16a2cdd64b43202 [LEADER]: Connected to new peer: Peer: permanent_uuid: "4ef6a96b445944419daff69eaca3651c" member_type: VOTER last_known_addr { host: "127.31.88.130" port: 36569 }, Status: LMP_MISMATCH, Last received: 0.0, Next index: 5, Last known committed idx: 4, Time since last communication: 0.000s
I20260710 13:27:44.045804 32098 auto_leader_rebalancer.cc:141] leader rebalance for table test-workload
I20260710 13:27:44.058187 32098 tablet_server.cc:179] TabletServer@127.31.88.129:0 shutting down...
W20260710 13:27:44.067620   769 proxy.cc:239] Call had error, refreshing address and retrying: Remote error: Service unavailable: service kudu.consensus.ConsensusService not registered on TabletServer [suppressed 1 similar messages]
W20260710 13:27:44.073884   769 consensus_peers.cc:597] T 60ee25d52b3a4f318ffe590644ce3ffe P 4ef6a96b445944419daff69eaca3651c -> Peer 9846dc3bee4446beb223e011fc28611e (127.31.88.129:38385): Couldn't send request to peer 9846dc3bee4446beb223e011fc28611e. Status: Remote error: Service unavailable: service kudu.consensus.ConsensusService not registered on TabletServer. This is attempt 1: this message will repeat every 5th retry.
W20260710 13:27:44.101040  1100 consensus_peers.cc:597] T 4ebc75628d0548068c53762bf94bea2f P 2d0705f11c89494ab16a2cdd64b43202 -> Peer 9846dc3bee4446beb223e011fc28611e (127.31.88.129:38385): Couldn't send request to peer 9846dc3bee4446beb223e011fc28611e. Status: Remote error: Service unavailable: service kudu.consensus.ConsensusService not registered on TabletServer. This is attempt 1: this message will repeat every 5th retry.
I20260710 13:27:44.102283 32098 ts_tablet_manager.cc:1507] Shutting down tablet manager...
I20260710 13:27:44.104802 32098 tablet_replica.cc:333] T e5ce653b7c8947e5a92f73174fbebdbf P 9846dc3bee4446beb223e011fc28611e: stopping tablet replica
W20260710 13:27:44.104871   843 consensus_peers.cc:597] T 102f8593d1474e25838109711dd8a4cf P feaed867898f41dda236d6a1d5df3fd6 -> Peer 9846dc3bee4446beb223e011fc28611e (127.31.88.129:38385): Couldn't send request to peer 9846dc3bee4446beb223e011fc28611e. Status: Remote error: Service unavailable: service kudu.consensus.ConsensusService not registered on TabletServer. This is attempt 1: this message will repeat every 5th retry.
I20260710 13:27:44.105703 32098 raft_consensus.cc:2243] T e5ce653b7c8947e5a92f73174fbebdbf P 9846dc3bee4446beb223e011fc28611e [term 1 FOLLOWER]: Raft consensus shutting down.
I20260710 13:27:44.106205 32098 raft_consensus.cc:2272] T e5ce653b7c8947e5a92f73174fbebdbf P 9846dc3bee4446beb223e011fc28611e [term 1 FOLLOWER]: Raft consensus is shut down!
I20260710 13:27:44.108572 32098 tablet_replica.cc:333] T 60ee25d52b3a4f318ffe590644ce3ffe P 9846dc3bee4446beb223e011fc28611e: stopping tablet replica
I20260710 13:27:44.109298 32098 raft_consensus.cc:2243] T 60ee25d52b3a4f318ffe590644ce3ffe P 9846dc3bee4446beb223e011fc28611e [term 1 FOLLOWER]: Raft consensus shutting down.
I20260710 13:27:44.109848 32098 raft_consensus.cc:2272] T 60ee25d52b3a4f318ffe590644ce3ffe P 9846dc3bee4446beb223e011fc28611e [term 1 FOLLOWER]: Raft consensus is shut down!
I20260710 13:27:44.111479 32098 tablet_replica.cc:333] T ccbdb1f8df7749469c864c8fe5c1440e P 9846dc3bee4446beb223e011fc28611e: stopping tablet replica
I20260710 13:27:44.111956 32098 raft_consensus.cc:2243] T ccbdb1f8df7749469c864c8fe5c1440e P 9846dc3bee4446beb223e011fc28611e [term 1 LEADER]: Raft consensus shutting down.
I20260710 13:27:44.112617 32098 raft_consensus.cc:2272] T ccbdb1f8df7749469c864c8fe5c1440e P 9846dc3bee4446beb223e011fc28611e [term 1 FOLLOWER]: Raft consensus is shut down!
I20260710 13:27:44.114197 32098 tablet_replica.cc:333] T 2e205ff4e06b4fd0823e0eed292a1ac4 P 9846dc3bee4446beb223e011fc28611e: stopping tablet replica
I20260710 13:27:44.114660 32098 raft_consensus.cc:2243] T 2e205ff4e06b4fd0823e0eed292a1ac4 P 9846dc3bee4446beb223e011fc28611e [term 1 FOLLOWER]: Raft consensus shutting down.
I20260710 13:27:44.115128 32098 raft_consensus.cc:2272] T 2e205ff4e06b4fd0823e0eed292a1ac4 P 9846dc3bee4446beb223e011fc28611e [term 1 FOLLOWER]: Raft consensus is shut down!
I20260710 13:27:44.116955 32098 tablet_replica.cc:333] T 102f8593d1474e25838109711dd8a4cf P 9846dc3bee4446beb223e011fc28611e: stopping tablet replica
I20260710 13:27:44.117588 32098 raft_consensus.cc:2243] T 102f8593d1474e25838109711dd8a4cf P 9846dc3bee4446beb223e011fc28611e [term 1 FOLLOWER]: Raft consensus shutting down.
I20260710 13:27:44.118023 32098 raft_consensus.cc:2272] T 102f8593d1474e25838109711dd8a4cf P 9846dc3bee4446beb223e011fc28611e [term 1 FOLLOWER]: Raft consensus is shut down!
I20260710 13:27:44.119500 32098 tablet_replica.cc:333] T d9924bdde6cb48c69adc9f69d8540d4f P 9846dc3bee4446beb223e011fc28611e: stopping tablet replica
I20260710 13:27:44.119967 32098 raft_consensus.cc:2243] T d9924bdde6cb48c69adc9f69d8540d4f P 9846dc3bee4446beb223e011fc28611e [term 2 FOLLOWER]: Raft consensus shutting down.
I20260710 13:27:44.120311 32098 raft_consensus.cc:2272] T d9924bdde6cb48c69adc9f69d8540d4f P 9846dc3bee4446beb223e011fc28611e [term 2 FOLLOWER]: Raft consensus is shut down!
I20260710 13:27:44.122156 32098 tablet_replica.cc:333] T 68eb0b5731d54b698011df6d46b059c8 P 9846dc3bee4446beb223e011fc28611e: stopping tablet replica
I20260710 13:27:44.122661 32098 raft_consensus.cc:2243] T 68eb0b5731d54b698011df6d46b059c8 P 9846dc3bee4446beb223e011fc28611e [term 1 FOLLOWER]: Raft consensus shutting down.
I20260710 13:27:44.123250 32098 raft_consensus.cc:2272] T 68eb0b5731d54b698011df6d46b059c8 P 9846dc3bee4446beb223e011fc28611e [term 1 FOLLOWER]: Raft consensus is shut down!
W20260710 13:27:44.124505   769 consensus_peers.cc:597] T 222a77bf97f34fd0b7e18f31316d218c P 4ef6a96b445944419daff69eaca3651c -> Peer 9846dc3bee4446beb223e011fc28611e (127.31.88.129:38385): Couldn't send request to peer 9846dc3bee4446beb223e011fc28611e. Status: Remote error: Service unavailable: service kudu.consensus.ConsensusService not registered on TabletServer. This is attempt 1: this message will repeat every 5th retry.
I20260710 13:27:44.125176 32098 tablet_replica.cc:333] T 222a77bf97f34fd0b7e18f31316d218c P 9846dc3bee4446beb223e011fc28611e: stopping tablet replica
I20260710 13:27:44.125716 32098 raft_consensus.cc:2243] T 222a77bf97f34fd0b7e18f31316d218c P 9846dc3bee4446beb223e011fc28611e [term 1 FOLLOWER]: Raft consensus shutting down.
I20260710 13:27:44.126282 32098 raft_consensus.cc:2272] T 222a77bf97f34fd0b7e18f31316d218c P 9846dc3bee4446beb223e011fc28611e [term 1 FOLLOWER]: Raft consensus is shut down!
I20260710 13:27:44.128087 32098 tablet_replica.cc:333] T 346a4e8e8eb14a65bb51de89b347d434 P 9846dc3bee4446beb223e011fc28611e: stopping tablet replica
I20260710 13:27:44.128566 32098 raft_consensus.cc:2243] T 346a4e8e8eb14a65bb51de89b347d434 P 9846dc3bee4446beb223e011fc28611e [term 1 LEADER]: Raft consensus shutting down.
I20260710 13:27:44.129392 32098 raft_consensus.cc:2272] T 346a4e8e8eb14a65bb51de89b347d434 P 9846dc3bee4446beb223e011fc28611e [term 1 FOLLOWER]: Raft consensus is shut down!
I20260710 13:27:44.131640 32098 tablet_replica.cc:333] T 6be18d152ae44d73a8c93eb9c4c15f26 P 9846dc3bee4446beb223e011fc28611e: stopping tablet replica
I20260710 13:27:44.132314 32098 raft_consensus.cc:2243] T 6be18d152ae44d73a8c93eb9c4c15f26 P 9846dc3bee4446beb223e011fc28611e [term 1 LEADER]: Raft consensus shutting down.
I20260710 13:27:44.133046 32098 raft_consensus.cc:2272] T 6be18d152ae44d73a8c93eb9c4c15f26 P 9846dc3bee4446beb223e011fc28611e [term 1 FOLLOWER]: Raft consensus is shut down!
I20260710 13:27:44.134968 32098 tablet_replica.cc:333] T bc85ba72a29c4f6c88b99a79a40a3b47 P 9846dc3bee4446beb223e011fc28611e: stopping tablet replica
I20260710 13:27:44.135766 32098 raft_consensus.cc:2243] T bc85ba72a29c4f6c88b99a79a40a3b47 P 9846dc3bee4446beb223e011fc28611e [term 1 LEADER]: Raft consensus shutting down.
I20260710 13:27:44.136433 32098 raft_consensus.cc:2272] T bc85ba72a29c4f6c88b99a79a40a3b47 P 9846dc3bee4446beb223e011fc28611e [term 1 FOLLOWER]: Raft consensus is shut down!
W20260710 13:27:44.137190  1100 consensus_peers.cc:597] T ad2db22da8024b2095e99ce0a20ccf13 P 2d0705f11c89494ab16a2cdd64b43202 -> Peer 9846dc3bee4446beb223e011fc28611e (127.31.88.129:38385): Couldn't send request to peer 9846dc3bee4446beb223e011fc28611e. Status: Remote error: Service unavailable: service kudu.consensus.ConsensusService not registered on TabletServer. This is attempt 1: this message will repeat every 5th retry.
I20260710 13:27:44.138078 32098 tablet_replica.cc:333] T f30257c3c04c4b76a2486cd81f5e2e4a P 9846dc3bee4446beb223e011fc28611e: stopping tablet replica
I20260710 13:27:44.138592 32098 raft_consensus.cc:2243] T f30257c3c04c4b76a2486cd81f5e2e4a P 9846dc3bee4446beb223e011fc28611e [term 2 LEADER]: Raft consensus shutting down.
I20260710 13:27:44.139232 32098 raft_consensus.cc:2272] T f30257c3c04c4b76a2486cd81f5e2e4a P 9846dc3bee4446beb223e011fc28611e [term 2 FOLLOWER]: Raft consensus is shut down!
I20260710 13:27:44.140872 32098 tablet_replica.cc:333] T 5e7be322fb4c4edfb91d6c6c979dc186 P 9846dc3bee4446beb223e011fc28611e: stopping tablet replica
I20260710 13:27:44.141331 32098 raft_consensus.cc:2243] T 5e7be322fb4c4edfb91d6c6c979dc186 P 9846dc3bee4446beb223e011fc28611e [term 1 FOLLOWER]: Raft consensus shutting down.
I20260710 13:27:44.141701 32098 raft_consensus.cc:2272] T 5e7be322fb4c4edfb91d6c6c979dc186 P 9846dc3bee4446beb223e011fc28611e [term 1 FOLLOWER]: Raft consensus is shut down!
I20260710 13:27:44.143401 32098 tablet_replica.cc:333] T 17406af8ce8e405fbfad510b72927c64 P 9846dc3bee4446beb223e011fc28611e: stopping tablet replica
I20260710 13:27:44.143848 32098 raft_consensus.cc:2243] T 17406af8ce8e405fbfad510b72927c64 P 9846dc3bee4446beb223e011fc28611e [term 2 FOLLOWER]: Raft consensus shutting down.
I20260710 13:27:44.144208 32098 raft_consensus.cc:2272] T 17406af8ce8e405fbfad510b72927c64 P 9846dc3bee4446beb223e011fc28611e [term 2 FOLLOWER]: Raft consensus is shut down!
I20260710 13:27:44.145762 32098 tablet_replica.cc:333] T acdb29c7564949d08f327fe5ae494086 P 9846dc3bee4446beb223e011fc28611e: stopping tablet replica
I20260710 13:27:44.146203 32098 raft_consensus.cc:2243] T acdb29c7564949d08f327fe5ae494086 P 9846dc3bee4446beb223e011fc28611e [term 2 FOLLOWER]: Raft consensus shutting down.
I20260710 13:27:44.146616 32098 raft_consensus.cc:2272] T acdb29c7564949d08f327fe5ae494086 P 9846dc3bee4446beb223e011fc28611e [term 2 FOLLOWER]: Raft consensus is shut down!
I20260710 13:27:44.148468 32098 tablet_replica.cc:333] T 88050cc0642d41fe839c5b9d2c0812ea P 9846dc3bee4446beb223e011fc28611e: stopping tablet replica
I20260710 13:27:44.148907 32098 raft_consensus.cc:2243] T 88050cc0642d41fe839c5b9d2c0812ea P 9846dc3bee4446beb223e011fc28611e [term 1 LEADER]: Raft consensus shutting down.
I20260710 13:27:44.149600 32098 raft_consensus.cc:2272] T 88050cc0642d41fe839c5b9d2c0812ea P 9846dc3bee4446beb223e011fc28611e [term 1 FOLLOWER]: Raft consensus is shut down!
I20260710 13:27:44.151298 32098 tablet_replica.cc:333] T 4ebc75628d0548068c53762bf94bea2f P 9846dc3bee4446beb223e011fc28611e: stopping tablet replica
I20260710 13:27:44.151978 32098 raft_consensus.cc:2243] T 4ebc75628d0548068c53762bf94bea2f P 9846dc3bee4446beb223e011fc28611e [term 2 FOLLOWER]: Raft consensus shutting down.
I20260710 13:27:44.152359 32098 raft_consensus.cc:2272] T 4ebc75628d0548068c53762bf94bea2f P 9846dc3bee4446beb223e011fc28611e [term 2 FOLLOWER]: Raft consensus is shut down!
I20260710 13:27:44.154480 32098 tablet_replica.cc:333] T ad2db22da8024b2095e99ce0a20ccf13 P 9846dc3bee4446beb223e011fc28611e: stopping tablet replica
I20260710 13:27:44.154955 32098 raft_consensus.cc:2243] T ad2db22da8024b2095e99ce0a20ccf13 P 9846dc3bee4446beb223e011fc28611e [term 2 FOLLOWER]: Raft consensus shutting down.
I20260710 13:27:44.155329 32098 raft_consensus.cc:2272] T ad2db22da8024b2095e99ce0a20ccf13 P 9846dc3bee4446beb223e011fc28611e [term 2 FOLLOWER]: Raft consensus is shut down!
I20260710 13:27:44.196887 32098 tablet_server.cc:196] TabletServer@127.31.88.129:0 shutdown complete.
I20260710 13:27:44.232121 32098 tablet_server.cc:179] TabletServer@127.31.88.130:0 shutting down...
W20260710 13:27:44.255988   843 consensus_peers.cc:597] T 5e7be322fb4c4edfb91d6c6c979dc186 P feaed867898f41dda236d6a1d5df3fd6 -> Peer 9846dc3bee4446beb223e011fc28611e (127.31.88.129:38385): Couldn't send request to peer 9846dc3bee4446beb223e011fc28611e. Status: Network error: Client connection negotiation failed: client connection to 127.31.88.129:38385: connect: Connection refused (error 111). This is attempt 1: this message will repeat every 5th retry.
I20260710 13:27:44.259757 32098 ts_tablet_manager.cc:1507] Shutting down tablet manager...
I20260710 13:27:44.260457 32098 tablet_replica.cc:333] T 17daec4eee5b495db17cc773f3cbb92a P 4ef6a96b445944419daff69eaca3651c: stopping tablet replica
I20260710 13:27:44.261237 32098 raft_consensus.cc:2243] T 17daec4eee5b495db17cc773f3cbb92a P 4ef6a96b445944419daff69eaca3651c [term 1 LEADER]: Raft consensus shutting down.
I20260710 13:27:44.262130 32098 raft_consensus.cc:2272] T 17daec4eee5b495db17cc773f3cbb92a P 4ef6a96b445944419daff69eaca3651c [term 1 FOLLOWER]: Raft consensus is shut down!
I20260710 13:27:44.264119 32098 tablet_replica.cc:333] T 60ee25d52b3a4f318ffe590644ce3ffe P 4ef6a96b445944419daff69eaca3651c: stopping tablet replica
I20260710 13:27:44.264672 32098 raft_consensus.cc:2243] T 60ee25d52b3a4f318ffe590644ce3ffe P 4ef6a96b445944419daff69eaca3651c [term 1 LEADER]: Raft consensus shutting down.
I20260710 13:27:44.265337 32098 raft_consensus.cc:2272] T 60ee25d52b3a4f318ffe590644ce3ffe P 4ef6a96b445944419daff69eaca3651c [term 1 FOLLOWER]: Raft consensus is shut down!
I20260710 13:27:44.267118 32098 tablet_replica.cc:333] T 062dffe67b7e45789d798470a0623d26 P 4ef6a96b445944419daff69eaca3651c: stopping tablet replica
I20260710 13:27:44.267638 32098 raft_consensus.cc:2243] T 062dffe67b7e45789d798470a0623d26 P 4ef6a96b445944419daff69eaca3651c [term 2 FOLLOWER]: Raft consensus shutting down.
I20260710 13:27:44.267987 32098 raft_consensus.cc:2272] T 062dffe67b7e45789d798470a0623d26 P 4ef6a96b445944419daff69eaca3651c [term 2 FOLLOWER]: Raft consensus is shut down!
I20260710 13:27:44.269429 32098 tablet_replica.cc:333] T 6d2c1090690441d5adb755be9e73d647 P 4ef6a96b445944419daff69eaca3651c: stopping tablet replica
I20260710 13:27:44.269876 32098 raft_consensus.cc:2243] T 6d2c1090690441d5adb755be9e73d647 P 4ef6a96b445944419daff69eaca3651c [term 2 FOLLOWER]: Raft consensus shutting down.
I20260710 13:27:44.270195 32098 raft_consensus.cc:2272] T 6d2c1090690441d5adb755be9e73d647 P 4ef6a96b445944419daff69eaca3651c [term 2 FOLLOWER]: Raft consensus is shut down!
I20260710 13:27:44.271894 32098 tablet_replica.cc:333] T ccbdb1f8df7749469c864c8fe5c1440e P 4ef6a96b445944419daff69eaca3651c: stopping tablet replica
I20260710 13:27:44.272424 32098 raft_consensus.cc:2243] T ccbdb1f8df7749469c864c8fe5c1440e P 4ef6a96b445944419daff69eaca3651c [term 1 FOLLOWER]: Raft consensus shutting down.
I20260710 13:27:44.272948 32098 raft_consensus.cc:2272] T ccbdb1f8df7749469c864c8fe5c1440e P 4ef6a96b445944419daff69eaca3651c [term 1 FOLLOWER]: Raft consensus is shut down!
I20260710 13:27:44.274708 32098 tablet_replica.cc:333] T 033313e6e8ed4fa294eb86335a8b4e15 P 4ef6a96b445944419daff69eaca3651c: stopping tablet replica
I20260710 13:27:44.275206 32098 raft_consensus.cc:2243] T 033313e6e8ed4fa294eb86335a8b4e15 P 4ef6a96b445944419daff69eaca3651c [term 1 LEADER]: Raft consensus shutting down.
I20260710 13:27:44.275906 32098 raft_consensus.cc:2272] T 033313e6e8ed4fa294eb86335a8b4e15 P 4ef6a96b445944419daff69eaca3651c [term 1 FOLLOWER]: Raft consensus is shut down!
I20260710 13:27:44.277608 32098 tablet_replica.cc:333] T 5e7be322fb4c4edfb91d6c6c979dc186 P 4ef6a96b445944419daff69eaca3651c: stopping tablet replica
I20260710 13:27:44.278122 32098 raft_consensus.cc:2243] T 5e7be322fb4c4edfb91d6c6c979dc186 P 4ef6a96b445944419daff69eaca3651c [term 1 FOLLOWER]: Raft consensus shutting down.
I20260710 13:27:44.278520 32098 raft_consensus.cc:2272] T 5e7be322fb4c4edfb91d6c6c979dc186 P 4ef6a96b445944419daff69eaca3651c [term 1 FOLLOWER]: Raft consensus is shut down!
I20260710 13:27:44.280223 32098 tablet_replica.cc:333] T 51bc92356b504f79b73cea4a6adbd19f P 4ef6a96b445944419daff69eaca3651c: stopping tablet replica
I20260710 13:27:44.280690 32098 raft_consensus.cc:2243] T 51bc92356b504f79b73cea4a6adbd19f P 4ef6a96b445944419daff69eaca3651c [term 2 FOLLOWER]: Raft consensus shutting down.
I20260710 13:27:44.281179 32098 raft_consensus.cc:2272] T 51bc92356b504f79b73cea4a6adbd19f P 4ef6a96b445944419daff69eaca3651c [term 2 FOLLOWER]: Raft consensus is shut down!
I20260710 13:27:44.283275 32098 tablet_replica.cc:333] T d9924bdde6cb48c69adc9f69d8540d4f P 4ef6a96b445944419daff69eaca3651c: stopping tablet replica
I20260710 13:27:44.283751 32098 raft_consensus.cc:2243] T d9924bdde6cb48c69adc9f69d8540d4f P 4ef6a96b445944419daff69eaca3651c [term 2 FOLLOWER]: Raft consensus shutting down.
I20260710 13:27:44.284117 32098 raft_consensus.cc:2272] T d9924bdde6cb48c69adc9f69d8540d4f P 4ef6a96b445944419daff69eaca3651c [term 2 FOLLOWER]: Raft consensus is shut down!
I20260710 13:27:44.285859 32098 tablet_replica.cc:333] T 346a4e8e8eb14a65bb51de89b347d434 P 4ef6a96b445944419daff69eaca3651c: stopping tablet replica
I20260710 13:27:44.286402 32098 raft_consensus.cc:2243] T 346a4e8e8eb14a65bb51de89b347d434 P 4ef6a96b445944419daff69eaca3651c [term 1 FOLLOWER]: Raft consensus shutting down.
I20260710 13:27:44.287032 32098 raft_consensus.cc:2272] T 346a4e8e8eb14a65bb51de89b347d434 P 4ef6a96b445944419daff69eaca3651c [term 1 FOLLOWER]: Raft consensus is shut down!
I20260710 13:27:44.289386 32098 tablet_replica.cc:333] T 222a77bf97f34fd0b7e18f31316d218c P 4ef6a96b445944419daff69eaca3651c: stopping tablet replica
W20260710 13:27:44.289489  1098 consensus_peers.cc:597] T acdb29c7564949d08f327fe5ae494086 P 2d0705f11c89494ab16a2cdd64b43202 -> Peer 4ef6a96b445944419daff69eaca3651c (127.31.88.130:36569): Couldn't send request to peer 4ef6a96b445944419daff69eaca3651c. Status: Remote error: Service unavailable: service kudu.consensus.ConsensusService not registered on TabletServer. This is attempt 1: this message will repeat every 5th retry.
I20260710 13:27:44.290078 32098 raft_consensus.cc:2243] T 222a77bf97f34fd0b7e18f31316d218c P 4ef6a96b445944419daff69eaca3651c [term 1 LEADER]: Raft consensus shutting down.
I20260710 13:27:44.290799 32098 raft_consensus.cc:2272] T 222a77bf97f34fd0b7e18f31316d218c P 4ef6a96b445944419daff69eaca3651c [term 1 FOLLOWER]: Raft consensus is shut down!
I20260710 13:27:44.292910 32098 tablet_replica.cc:333] T e5ce653b7c8947e5a92f73174fbebdbf P 4ef6a96b445944419daff69eaca3651c: stopping tablet replica
I20260710 13:27:44.293409 32098 raft_consensus.cc:2243] T e5ce653b7c8947e5a92f73174fbebdbf P 4ef6a96b445944419daff69eaca3651c [term 1 LEADER]: Raft consensus shutting down.
I20260710 13:27:44.294116 32098 raft_consensus.cc:2272] T e5ce653b7c8947e5a92f73174fbebdbf P 4ef6a96b445944419daff69eaca3651c [term 1 FOLLOWER]: Raft consensus is shut down!
I20260710 13:27:44.295794 32098 tablet_replica.cc:333] T acdb29c7564949d08f327fe5ae494086 P 4ef6a96b445944419daff69eaca3651c: stopping tablet replica
I20260710 13:27:44.296234 32098 raft_consensus.cc:2243] T acdb29c7564949d08f327fe5ae494086 P 4ef6a96b445944419daff69eaca3651c [term 2 FOLLOWER]: Raft consensus shutting down.
I20260710 13:27:44.296627 32098 raft_consensus.cc:2272] T acdb29c7564949d08f327fe5ae494086 P 4ef6a96b445944419daff69eaca3651c [term 2 FOLLOWER]: Raft consensus is shut down!
I20260710 13:27:44.298453 32098 tablet_replica.cc:333] T bc85ba72a29c4f6c88b99a79a40a3b47 P 4ef6a96b445944419daff69eaca3651c: stopping tablet replica
I20260710 13:27:44.298897 32098 raft_consensus.cc:2243] T bc85ba72a29c4f6c88b99a79a40a3b47 P 4ef6a96b445944419daff69eaca3651c [term 1 FOLLOWER]: Raft consensus shutting down.
I20260710 13:27:44.299222 32098 raft_consensus.cc:2272] T bc85ba72a29c4f6c88b99a79a40a3b47 P 4ef6a96b445944419daff69eaca3651c [term 1 FOLLOWER]: Raft consensus is shut down!
I20260710 13:27:44.300706 32098 tablet_replica.cc:333] T 6be18d152ae44d73a8c93eb9c4c15f26 P 4ef6a96b445944419daff69eaca3651c: stopping tablet replica
I20260710 13:27:44.301189 32098 raft_consensus.cc:2243] T 6be18d152ae44d73a8c93eb9c4c15f26 P 4ef6a96b445944419daff69eaca3651c [term 1 FOLLOWER]: Raft consensus shutting down.
I20260710 13:27:44.301865 32098 raft_consensus.cc:2272] T 6be18d152ae44d73a8c93eb9c4c15f26 P 4ef6a96b445944419daff69eaca3651c [term 1 FOLLOWER]: Raft consensus is shut down!
I20260710 13:27:44.304064 32098 tablet_replica.cc:333] T 2ba1e5057cbc4a58b76ff2a9fab72892 P 4ef6a96b445944419daff69eaca3651c: stopping tablet replica
W20260710 13:27:44.304423   843 consensus_peers.cc:597] T 68eb0b5731d54b698011df6d46b059c8 P feaed867898f41dda236d6a1d5df3fd6 -> Peer 9846dc3bee4446beb223e011fc28611e (127.31.88.129:38385): Couldn't send request to peer 9846dc3bee4446beb223e011fc28611e. Status: Network error: Client connection negotiation failed: client connection to 127.31.88.129:38385: connect: Connection refused (error 111). This is attempt 1: this message will repeat every 5th retry.
I20260710 13:27:44.304603 32098 raft_consensus.cc:2243] T 2ba1e5057cbc4a58b76ff2a9fab72892 P 4ef6a96b445944419daff69eaca3651c [term 1 FOLLOWER]: Raft consensus shutting down.
I20260710 13:27:44.305106 32098 raft_consensus.cc:2272] T 2ba1e5057cbc4a58b76ff2a9fab72892 P 4ef6a96b445944419daff69eaca3651c [term 1 FOLLOWER]: Raft consensus is shut down!
I20260710 13:27:44.306833 32098 tablet_replica.cc:333] T 17406af8ce8e405fbfad510b72927c64 P 4ef6a96b445944419daff69eaca3651c: stopping tablet replica
I20260710 13:27:44.307278 32098 raft_consensus.cc:2243] T 17406af8ce8e405fbfad510b72927c64 P 4ef6a96b445944419daff69eaca3651c [term 2 LEADER]: Raft consensus shutting down.
I20260710 13:27:44.307909 32098 raft_consensus.cc:2272] T 17406af8ce8e405fbfad510b72927c64 P 4ef6a96b445944419daff69eaca3651c [term 2 FOLLOWER]: Raft consensus is shut down!
I20260710 13:27:44.309398 32098 tablet_replica.cc:333] T f30257c3c04c4b76a2486cd81f5e2e4a P 4ef6a96b445944419daff69eaca3651c: stopping tablet replica
I20260710 13:27:44.309795 32098 raft_consensus.cc:2243] T f30257c3c04c4b76a2486cd81f5e2e4a P 4ef6a96b445944419daff69eaca3651c [term 2 FOLLOWER]: Raft consensus shutting down.
I20260710 13:27:44.310148 32098 raft_consensus.cc:2272] T f30257c3c04c4b76a2486cd81f5e2e4a P 4ef6a96b445944419daff69eaca3651c [term 2 FOLLOWER]: Raft consensus is shut down!
W20260710 13:27:44.326869   843 consensus_peers.cc:597] T 2e205ff4e06b4fd0823e0eed292a1ac4 P feaed867898f41dda236d6a1d5df3fd6 -> Peer 9846dc3bee4446beb223e011fc28611e (127.31.88.129:38385): Couldn't send request to peer 9846dc3bee4446beb223e011fc28611e. Status: Network error: Client connection negotiation failed: client connection to 127.31.88.129:38385: connect: Connection refused (error 111). This is attempt 1: this message will repeat every 5th retry.
W20260710 13:27:44.330317  1098 consensus_peers.cc:597] T 062dffe67b7e45789d798470a0623d26 P 2d0705f11c89494ab16a2cdd64b43202 -> Peer 4ef6a96b445944419daff69eaca3651c (127.31.88.130:36569): Couldn't send request to peer 4ef6a96b445944419daff69eaca3651c. Status: Remote error: Service unavailable: service kudu.consensus.ConsensusService not registered on TabletServer. This is attempt 1: this message will repeat every 5th retry.
I20260710 13:27:44.344354 32098 tablet_server.cc:196] TabletServer@127.31.88.130:0 shutdown complete.
W20260710 13:27:44.355667   841 consensus_peers.cc:597] T 2ba1e5057cbc4a58b76ff2a9fab72892 P feaed867898f41dda236d6a1d5df3fd6 -> Peer 4ef6a96b445944419daff69eaca3651c (127.31.88.130:36569): Couldn't send request to peer 4ef6a96b445944419daff69eaca3651c. Status: Network error: Client connection negotiation failed: client connection to 127.31.88.130:36569: connect: Connection refused (error 111). This is attempt 1: this message will repeat every 5th retry.
I20260710 13:27:44.381145 32098 tablet_server.cc:179] TabletServer@127.31.88.131:0 shutting down...
I20260710 13:27:44.406870 32098 ts_tablet_manager.cc:1507] Shutting down tablet manager...
I20260710 13:27:44.407625 32098 tablet_replica.cc:333] T 2e205ff4e06b4fd0823e0eed292a1ac4 P feaed867898f41dda236d6a1d5df3fd6: stopping tablet replica
I20260710 13:27:44.408376 32098 raft_consensus.cc:2243] T 2e205ff4e06b4fd0823e0eed292a1ac4 P feaed867898f41dda236d6a1d5df3fd6 [term 1 LEADER]: Raft consensus shutting down.
I20260710 13:27:44.409214 32098 raft_consensus.cc:2272] T 2e205ff4e06b4fd0823e0eed292a1ac4 P feaed867898f41dda236d6a1d5df3fd6 [term 1 FOLLOWER]: Raft consensus is shut down!
I20260710 13:27:44.411085 32098 tablet_replica.cc:333] T 102f8593d1474e25838109711dd8a4cf P feaed867898f41dda236d6a1d5df3fd6: stopping tablet replica
I20260710 13:27:44.411759 32098 raft_consensus.cc:2243] T 102f8593d1474e25838109711dd8a4cf P feaed867898f41dda236d6a1d5df3fd6 [term 1 LEADER]: Raft consensus shutting down.
I20260710 13:27:44.412734 32098 raft_consensus.cc:2272] T 102f8593d1474e25838109711dd8a4cf P feaed867898f41dda236d6a1d5df3fd6 [term 1 FOLLOWER]: Raft consensus is shut down!
I20260710 13:27:44.414392 32098 tablet_replica.cc:333] T 062dffe67b7e45789d798470a0623d26 P feaed867898f41dda236d6a1d5df3fd6: stopping tablet replica
I20260710 13:27:44.414909 32098 raft_consensus.cc:2243] T 062dffe67b7e45789d798470a0623d26 P feaed867898f41dda236d6a1d5df3fd6 [term 2 FOLLOWER]: Raft consensus shutting down.
I20260710 13:27:44.415241 32098 raft_consensus.cc:2272] T 062dffe67b7e45789d798470a0623d26 P feaed867898f41dda236d6a1d5df3fd6 [term 2 FOLLOWER]: Raft consensus is shut down!
I20260710 13:27:44.416815 32098 tablet_replica.cc:333] T 51bc92356b504f79b73cea4a6adbd19f P feaed867898f41dda236d6a1d5df3fd6: stopping tablet replica
I20260710 13:27:44.417479 32098 raft_consensus.cc:2243] T 51bc92356b504f79b73cea4a6adbd19f P feaed867898f41dda236d6a1d5df3fd6 [term 2 FOLLOWER]: Raft consensus shutting down.
