I20260710 13:27:07.660779  1324 tablet_service.cc:1511] Processing CreateTablet for tablet 1db4c651f29b46728c2e9c54f954687c (DEFAULT_TABLE table=test-workload [id=ce58d04c910349c9b16a0253bc76e117]), partition=RANGE (key) PARTITION 429496728 <= VALUES < 644245092
I20260710 13:27:07.663262  1323 tablet_service.cc:1511] Processing CreateTablet for tablet 0c61e393cdc7495c8062f0f7a225dcf9 (DEFAULT_TABLE table=test-workload [id=ce58d04c910349c9b16a0253bc76e117]), partition=RANGE (key) PARTITION 644245092 <= VALUES < 858993456
I20260710 13:27:07.665997  1322 tablet_service.cc:1511] Processing CreateTablet for tablet 18869bf97d57469294b82ada392e6f78 (DEFAULT_TABLE table=test-workload [id=ce58d04c910349c9b16a0253bc76e117]), partition=RANGE (key) PARTITION 858993456 <= VALUES < 1073741820
I20260710 13:27:07.666244  1396 tablet_service.cc:1511] Processing CreateTablet for tablet 18869bf97d57469294b82ada392e6f78 (DEFAULT_TABLE table=test-workload [id=ce58d04c910349c9b16a0253bc76e117]), partition=RANGE (key) PARTITION 858993456 <= VALUES < 1073741820
I20260710 13:27:07.667603  1396 data_dirs.cc:400] Could only allocate 1 dirs of requested 3 for tablet 18869bf97d57469294b82ada392e6f78. 1 dirs total, 0 dirs full, 0 dirs failed
I20260710 13:27:07.674556  1324 data_dirs.cc:400] Could only allocate 1 dirs of requested 3 for tablet 1db4c651f29b46728c2e9c54f954687c. 1 dirs total, 0 dirs full, 0 dirs failed
I20260710 13:27:07.676446  1250 tablet_service.cc:1511] Processing CreateTablet for tablet c8ca8400f71b4785b4adf4953ff43b02 (DEFAULT_TABLE table=test-workload [id=ce58d04c910349c9b16a0253bc76e117]), partition=RANGE (key) PARTITION 214748364 <= VALUES < 429496728
I20260710 13:27:07.678357  1250 data_dirs.cc:400] Could only allocate 1 dirs of requested 3 for tablet c8ca8400f71b4785b4adf4953ff43b02. 1 dirs total, 0 dirs full, 0 dirs failed
I20260710 13:27:07.674290  1251 tablet_service.cc:1511] Processing CreateTablet for tablet e5ef6f042a13451a97db5c7477a3d3ec (DEFAULT_TABLE table=test-workload [id=ce58d04c910349c9b16a0253bc76e117]), partition=RANGE (key) PARTITION VALUES < 214748364
I20260710 13:27:07.680773  1320 tablet_service.cc:1511] Processing CreateTablet for tablet c1091dba022946808a5a0e46b882cae3 (DEFAULT_TABLE table=test-workload [id=ce58d04c910349c9b16a0253bc76e117]), partition=RANGE (key) PARTITION 1288490184 <= VALUES < 1503238548
I20260710 13:27:07.681344  1323 data_dirs.cc:400] Could only allocate 1 dirs of requested 3 for tablet 0c61e393cdc7495c8062f0f7a225dcf9. 1 dirs total, 0 dirs full, 0 dirs failed
I20260710 13:27:07.681710  1251 data_dirs.cc:400] Could only allocate 1 dirs of requested 3 for tablet e5ef6f042a13451a97db5c7477a3d3ec. 1 dirs total, 0 dirs full, 0 dirs failed
I20260710 13:27:07.682092  1320 data_dirs.cc:400] Could only allocate 1 dirs of requested 3 for tablet c1091dba022946808a5a0e46b882cae3. 1 dirs total, 0 dirs full, 0 dirs failed
I20260710 13:27:07.684450  1249 tablet_service.cc:1511] Processing CreateTablet for tablet 1db4c651f29b46728c2e9c54f954687c (DEFAULT_TABLE table=test-workload [id=ce58d04c910349c9b16a0253bc76e117]), partition=RANGE (key) PARTITION 429496728 <= VALUES < 644245092
I20260710 13:27:07.685252  1322 data_dirs.cc:400] Could only allocate 1 dirs of requested 3 for tablet 18869bf97d57469294b82ada392e6f78. 1 dirs total, 0 dirs full, 0 dirs failed
I20260710 13:27:07.685905  1249 data_dirs.cc:400] Could only allocate 1 dirs of requested 3 for tablet 1db4c651f29b46728c2e9c54f954687c. 1 dirs total, 0 dirs full, 0 dirs failed
I20260710 13:27:07.690460  1248 tablet_service.cc:1511] Processing CreateTablet for tablet 0c61e393cdc7495c8062f0f7a225dcf9 (DEFAULT_TABLE table=test-workload [id=ce58d04c910349c9b16a0253bc76e117]), partition=RANGE (key) PARTITION 644245092 <= VALUES < 858993456
I20260710 13:27:07.691910  1248 data_dirs.cc:400] Could only allocate 1 dirs of requested 3 for tablet 0c61e393cdc7495c8062f0f7a225dcf9. 1 dirs total, 0 dirs full, 0 dirs failed
I20260710 13:27:07.694919  1395 tablet_service.cc:1511] Processing CreateTablet for tablet c59102b89a0d465fac15446aad08b010 (DEFAULT_TABLE table=test-workload [id=ce58d04c910349c9b16a0253bc76e117]), partition=RANGE (key) PARTITION 1073741820 <= VALUES < 1288490184
I20260710 13:27:07.697402  1247 tablet_service.cc:1511] Processing CreateTablet for tablet 18869bf97d57469294b82ada392e6f78 (DEFAULT_TABLE table=test-workload [id=ce58d04c910349c9b16a0253bc76e117]), partition=RANGE (key) PARTITION 858993456 <= VALUES < 1073741820
I20260710 13:27:07.698802  1247 data_dirs.cc:400] Could only allocate 1 dirs of requested 3 for tablet 18869bf97d57469294b82ada392e6f78. 1 dirs total, 0 dirs full, 0 dirs failed
I20260710 13:27:07.702100  1246 tablet_service.cc:1511] Processing CreateTablet for tablet c59102b89a0d465fac15446aad08b010 (DEFAULT_TABLE table=test-workload [id=ce58d04c910349c9b16a0253bc76e117]), partition=RANGE (key) PARTITION 1073741820 <= VALUES < 1288490184
I20260710 13:27:07.703550  1246 data_dirs.cc:400] Could only allocate 1 dirs of requested 3 for tablet c59102b89a0d465fac15446aad08b010. 1 dirs total, 0 dirs full, 0 dirs failed
I20260710 13:27:07.705503  1319 tablet_service.cc:1511] Processing CreateTablet for tablet 8c0873c4db2341e29253e4200d3a052d (DEFAULT_TABLE table=test-workload [id=ce58d04c910349c9b16a0253bc76e117]), partition=RANGE (key) PARTITION 1503238548 <= VALUES < 1717986912
I20260710 13:27:07.707012  1319 data_dirs.cc:400] Could only allocate 1 dirs of requested 3 for tablet 8c0873c4db2341e29253e4200d3a052d. 1 dirs total, 0 dirs full, 0 dirs failed
I20260710 13:27:07.709614  1394 tablet_service.cc:1511] Processing CreateTablet for tablet c1091dba022946808a5a0e46b882cae3 (DEFAULT_TABLE table=test-workload [id=ce58d04c910349c9b16a0253bc76e117]), partition=RANGE (key) PARTITION 1288490184 <= VALUES < 1503238548
I20260710 13:27:07.710934  1394 data_dirs.cc:400] Could only allocate 1 dirs of requested 3 for tablet c1091dba022946808a5a0e46b882cae3. 1 dirs total, 0 dirs full, 0 dirs failed
I20260710 13:27:07.705571  1245 tablet_service.cc:1511] Processing CreateTablet for tablet c1091dba022946808a5a0e46b882cae3 (DEFAULT_TABLE table=test-workload [id=ce58d04c910349c9b16a0253bc76e117]), partition=RANGE (key) PARTITION 1288490184 <= VALUES < 1503238548
I20260710 13:27:07.714643  1245 data_dirs.cc:400] Could only allocate 1 dirs of requested 3 for tablet c1091dba022946808a5a0e46b882cae3. 1 dirs total, 0 dirs full, 0 dirs failed
I20260710 13:27:07.724910  1395 data_dirs.cc:400] Could only allocate 1 dirs of requested 3 for tablet c59102b89a0d465fac15446aad08b010. 1 dirs total, 0 dirs full, 0 dirs failed
I20260710 13:27:07.737005  1326 tablet_service.cc:1511] Processing CreateTablet for tablet 99112a3c7aa3487fbcc72b7ee10b2718 (DEFAULT_TABLE table=test-workload [id=ce58d04c910349c9b16a0253bc76e117]), partition=RANGE (key) PARTITION 1717986912 <= VALUES < 1932735276
I20260710 13:27:07.738478  1393 tablet_service.cc:1511] Processing CreateTablet for tablet 99112a3c7aa3487fbcc72b7ee10b2718 (DEFAULT_TABLE table=test-workload [id=ce58d04c910349c9b16a0253bc76e117]), partition=RANGE (key) PARTITION 1717986912 <= VALUES < 1932735276
I20260710 13:27:07.739946  1393 data_dirs.cc:400] Could only allocate 1 dirs of requested 3 for tablet 99112a3c7aa3487fbcc72b7ee10b2718. 1 dirs total, 0 dirs full, 0 dirs failed
I20260710 13:27:07.746590  1244 tablet_service.cc:1511] Processing CreateTablet for tablet 8c0873c4db2341e29253e4200d3a052d (DEFAULT_TABLE table=test-workload [id=ce58d04c910349c9b16a0253bc76e117]), partition=RANGE (key) PARTITION 1503238548 <= VALUES < 1717986912
I20260710 13:27:07.748445  1244 data_dirs.cc:400] Could only allocate 1 dirs of requested 3 for tablet 8c0873c4db2341e29253e4200d3a052d. 1 dirs total, 0 dirs full, 0 dirs failed
I20260710 13:27:07.748792  1399 tablet_service.cc:1511] Processing CreateTablet for tablet 8c0873c4db2341e29253e4200d3a052d (DEFAULT_TABLE table=test-workload [id=ce58d04c910349c9b16a0253bc76e117]), partition=RANGE (key) PARTITION 1503238548 <= VALUES < 1717986912
I20260710 13:27:07.738477  1326 data_dirs.cc:400] Could only allocate 1 dirs of requested 3 for tablet 99112a3c7aa3487fbcc72b7ee10b2718. 1 dirs total, 0 dirs full, 0 dirs failed
I20260710 13:27:07.751868  1450 tablet_bootstrap.cc:492] T e5ef6f042a13451a97db5c7477a3d3ec P d018f4e0a835427a8a58047e6879f01a: Bootstrap starting.
I20260710 13:27:07.754664  1243 tablet_service.cc:1511] Processing CreateTablet for tablet 99112a3c7aa3487fbcc72b7ee10b2718 (DEFAULT_TABLE table=test-workload [id=ce58d04c910349c9b16a0253bc76e117]), partition=RANGE (key) PARTITION 1717986912 <= VALUES < 1932735276
I20260710 13:27:07.760421  1243 data_dirs.cc:400] Could only allocate 1 dirs of requested 3 for tablet 99112a3c7aa3487fbcc72b7ee10b2718. 1 dirs total, 0 dirs full, 0 dirs failed
I20260710 13:27:07.765770  1399 data_dirs.cc:400] Could only allocate 1 dirs of requested 3 for tablet 8c0873c4db2341e29253e4200d3a052d. 1 dirs total, 0 dirs full, 0 dirs failed
I20260710 13:27:07.778219  1450 tablet_bootstrap.cc:654] T e5ef6f042a13451a97db5c7477a3d3ec P d018f4e0a835427a8a58047e6879f01a: Neither blocks nor log segments found. Creating new log.
I20260710 13:27:07.793550  1451 tablet_bootstrap.cc:492] T c59102b89a0d465fac15446aad08b010 P 949ef58b43f4412eb6fee86c374de79f: Bootstrap starting.
I20260710 13:27:07.802191  1451 tablet_bootstrap.cc:654] T c59102b89a0d465fac15446aad08b010 P 949ef58b43f4412eb6fee86c374de79f: Neither blocks nor log segments found. Creating new log.
I20260710 13:27:07.810491  1319 tablet_service.cc:1511] Processing CreateTablet for tablet b40289d1c2fa42e6a115483276818997 (DEFAULT_TABLE table=test-workload [id=ce58d04c910349c9b16a0253bc76e117]), partition=RANGE (key) PARTITION 1932735276 <= VALUES
I20260710 13:27:07.811633  1319 data_dirs.cc:400] Could only allocate 1 dirs of requested 3 for tablet b40289d1c2fa42e6a115483276818997. 1 dirs total, 0 dirs full, 0 dirs failed
I20260710 13:27:07.817915  1248 tablet_service.cc:1511] Processing CreateTablet for tablet b40289d1c2fa42e6a115483276818997 (DEFAULT_TABLE table=test-workload [id=ce58d04c910349c9b16a0253bc76e117]), partition=RANGE (key) PARTITION 1932735276 <= VALUES
I20260710 13:27:07.819494  1248 data_dirs.cc:400] Could only allocate 1 dirs of requested 3 for tablet b40289d1c2fa42e6a115483276818997. 1 dirs total, 0 dirs full, 0 dirs failed
I20260710 13:27:07.821868  1395 tablet_service.cc:1511] Processing CreateTablet for tablet b40289d1c2fa42e6a115483276818997 (DEFAULT_TABLE table=test-workload [id=ce58d04c910349c9b16a0253bc76e117]), partition=RANGE (key) PARTITION 1932735276 <= VALUES
I20260710 13:27:07.838820  1395 data_dirs.cc:400] Could only allocate 1 dirs of requested 3 for tablet b40289d1c2fa42e6a115483276818997. 1 dirs total, 0 dirs full, 0 dirs failed
I20260710 13:27:07.836691  1450 tablet_bootstrap.cc:492] T e5ef6f042a13451a97db5c7477a3d3ec P d018f4e0a835427a8a58047e6879f01a: No bootstrap required, opened a new log
I20260710 13:27:07.839987  1450 ts_tablet_manager.cc:1403] T e5ef6f042a13451a97db5c7477a3d3ec P d018f4e0a835427a8a58047e6879f01a: Time spent bootstrapping tablet: real 0.089s	user 0.020s	sys 0.015s
I20260710 13:27:07.843725  1451 tablet_bootstrap.cc:492] T c59102b89a0d465fac15446aad08b010 P 949ef58b43f4412eb6fee86c374de79f: No bootstrap required, opened a new log
I20260710 13:27:07.844272  1451 ts_tablet_manager.cc:1403] T c59102b89a0d465fac15446aad08b010 P 949ef58b43f4412eb6fee86c374de79f: Time spent bootstrapping tablet: real 0.051s	user 0.013s	sys 0.005s
I20260710 13:27:07.845839  1450 raft_consensus.cc:359] T e5ef6f042a13451a97db5c7477a3d3ec P d018f4e0a835427a8a58047e6879f01a [term 0 FOLLOWER]: Replica starting. Triggering 0 pending ops. Active config: opid_index: -1 OBSOLETE_local: false peers { permanent_uuid: "d018f4e0a835427a8a58047e6879f01a" member_type: VOTER last_known_addr { host: "127.0.159.195" port: 41137 } } peers { permanent_uuid: "949ef58b43f4412eb6fee86c374de79f" member_type: VOTER last_known_addr { host: "127.0.159.194" port: 45947 } } peers { permanent_uuid: "89f4ca85aa9844e7a9b10e8d28fa8b40" member_type: VOTER last_known_addr { host: "127.0.159.193" port: 44453 } }
I20260710 13:27:07.846597  1450 raft_consensus.cc:385] T e5ef6f042a13451a97db5c7477a3d3ec P d018f4e0a835427a8a58047e6879f01a [term 0 FOLLOWER]: Consensus starting up: Expiring failure detector timer to make a prompt election more likely
I20260710 13:27:07.846943  1450 raft_consensus.cc:740] T e5ef6f042a13451a97db5c7477a3d3ec P d018f4e0a835427a8a58047e6879f01a [term 0 FOLLOWER]: Becoming Follower/Learner. State: Replica: d018f4e0a835427a8a58047e6879f01a, State: Initialized, Role: FOLLOWER
I20260710 13:27:07.847713  1450 consensus_queue.cc:260] T e5ef6f042a13451a97db5c7477a3d3ec P d018f4e0a835427a8a58047e6879f01a [NON_LEADER]: Queue going to NON_LEADER mode. State: All replicated index: 0, Majority replicated index: 0, Committed index: 0, Last appended: 0.0, Last appended by leader: 0, Current term: 0, Majority size: -1, State: 0, Mode: NON_LEADER, active raft config: opid_index: -1 OBSOLETE_local: false peers { permanent_uuid: "d018f4e0a835427a8a58047e6879f01a" member_type: VOTER last_known_addr { host: "127.0.159.195" port: 41137 } } peers { permanent_uuid: "949ef58b43f4412eb6fee86c374de79f" member_type: VOTER last_known_addr { host: "127.0.159.194" port: 45947 } } peers { permanent_uuid: "89f4ca85aa9844e7a9b10e8d28fa8b40" member_type: VOTER last_known_addr { host: "127.0.159.193" port: 44453 } }
I20260710 13:27:07.847857  1451 raft_consensus.cc:359] T c59102b89a0d465fac15446aad08b010 P 949ef58b43f4412eb6fee86c374de79f [term 0 FOLLOWER]: Replica starting. Triggering 0 pending ops. Active config: opid_index: -1 OBSOLETE_local: false peers { permanent_uuid: "89f4ca85aa9844e7a9b10e8d28fa8b40" member_type: VOTER last_known_addr { host: "127.0.159.193" port: 44453 } } peers { permanent_uuid: "949ef58b43f4412eb6fee86c374de79f" member_type: VOTER last_known_addr { host: "127.0.159.194" port: 45947 } } peers { permanent_uuid: "d018f4e0a835427a8a58047e6879f01a" member_type: VOTER last_known_addr { host: "127.0.159.195" port: 41137 } }
I20260710 13:27:07.848691  1451 raft_consensus.cc:385] T c59102b89a0d465fac15446aad08b010 P 949ef58b43f4412eb6fee86c374de79f [term 0 FOLLOWER]: Consensus starting up: Expiring failure detector timer to make a prompt election more likely
I20260710 13:27:07.849323  1451 raft_consensus.cc:740] T c59102b89a0d465fac15446aad08b010 P 949ef58b43f4412eb6fee86c374de79f [term 0 FOLLOWER]: Becoming Follower/Learner. State: Replica: 949ef58b43f4412eb6fee86c374de79f, State: Initialized, Role: FOLLOWER
I20260710 13:27:07.850955  1451 consensus_queue.cc:260] T c59102b89a0d465fac15446aad08b010 P 949ef58b43f4412eb6fee86c374de79f [NON_LEADER]: Queue going to NON_LEADER mode. State: All replicated index: 0, Majority replicated index: 0, Committed index: 0, Last appended: 0.0, Last appended by leader: 0, Current term: 0, Majority size: -1, State: 0, Mode: NON_LEADER, active raft config: opid_index: -1 OBSOLETE_local: false peers { permanent_uuid: "89f4ca85aa9844e7a9b10e8d28fa8b40" member_type: VOTER last_known_addr { host: "127.0.159.193" port: 44453 } } peers { permanent_uuid: "949ef58b43f4412eb6fee86c374de79f" member_type: VOTER last_known_addr { host: "127.0.159.194" port: 45947 } } peers { permanent_uuid: "d018f4e0a835427a8a58047e6879f01a" member_type: VOTER last_known_addr { host: "127.0.159.195" port: 41137 } }
I20260710 13:27:07.851516  1452 tablet_bootstrap.cc:492] T 0c61e393cdc7495c8062f0f7a225dcf9 P 89f4ca85aa9844e7a9b10e8d28fa8b40: Bootstrap starting.
I20260710 13:27:07.857466  1361 heartbeater.cc:499] Master 127.0.159.254:45877 was elected leader, sending a full tablet report...
I20260710 13:27:07.857667  1450 ts_tablet_manager.cc:1434] T e5ef6f042a13451a97db5c7477a3d3ec P d018f4e0a835427a8a58047e6879f01a: Time spent starting tablet: real 0.015s	user 0.007s	sys 0.006s
I20260710 13:27:07.858011  1451 ts_tablet_manager.cc:1434] T c59102b89a0d465fac15446aad08b010 P 949ef58b43f4412eb6fee86c374de79f: Time spent starting tablet: real 0.013s	user 0.002s	sys 0.006s
I20260710 13:27:07.858382  1435 heartbeater.cc:499] Master 127.0.159.254:45877 was elected leader, sending a full tablet report...
I20260710 13:27:07.858952  1451 tablet_bootstrap.cc:492] T c1091dba022946808a5a0e46b882cae3 P 949ef58b43f4412eb6fee86c374de79f: Bootstrap starting.
I20260710 13:27:07.869325  1451 tablet_bootstrap.cc:654] T c1091dba022946808a5a0e46b882cae3 P 949ef58b43f4412eb6fee86c374de79f: Neither blocks nor log segments found. Creating new log.
I20260710 13:27:07.871297  1452 tablet_bootstrap.cc:654] T 0c61e393cdc7495c8062f0f7a225dcf9 P 89f4ca85aa9844e7a9b10e8d28fa8b40: Neither blocks nor log segments found. Creating new log.
I20260710 13:27:07.879490  1451 tablet_bootstrap.cc:492] T c1091dba022946808a5a0e46b882cae3 P 949ef58b43f4412eb6fee86c374de79f: No bootstrap required, opened a new log
I20260710 13:27:07.880417  1451 ts_tablet_manager.cc:1403] T c1091dba022946808a5a0e46b882cae3 P 949ef58b43f4412eb6fee86c374de79f: Time spent bootstrapping tablet: real 0.022s	user 0.015s	sys 0.002s
I20260710 13:27:07.862812  1450 tablet_bootstrap.cc:492] T c8ca8400f71b4785b4adf4953ff43b02 P d018f4e0a835427a8a58047e6879f01a: Bootstrap starting.
I20260710 13:27:07.884961  1451 raft_consensus.cc:359] T c1091dba022946808a5a0e46b882cae3 P 949ef58b43f4412eb6fee86c374de79f [term 0 FOLLOWER]: Replica starting. Triggering 0 pending ops. Active config: opid_index: -1 OBSOLETE_local: false peers { permanent_uuid: "89f4ca85aa9844e7a9b10e8d28fa8b40" member_type: VOTER last_known_addr { host: "127.0.159.193" port: 44453 } } peers { permanent_uuid: "949ef58b43f4412eb6fee86c374de79f" member_type: VOTER last_known_addr { host: "127.0.159.194" port: 45947 } } peers { permanent_uuid: "d018f4e0a835427a8a58047e6879f01a" member_type: VOTER last_known_addr { host: "127.0.159.195" port: 41137 } }
I20260710 13:27:07.885949  1451 raft_consensus.cc:385] T c1091dba022946808a5a0e46b882cae3 P 949ef58b43f4412eb6fee86c374de79f [term 0 FOLLOWER]: Consensus starting up: Expiring failure detector timer to make a prompt election more likely
I20260710 13:27:07.886293  1451 raft_consensus.cc:740] T c1091dba022946808a5a0e46b882cae3 P 949ef58b43f4412eb6fee86c374de79f [term 0 FOLLOWER]: Becoming Follower/Learner. State: Replica: 949ef58b43f4412eb6fee86c374de79f, State: Initialized, Role: FOLLOWER
I20260710 13:27:07.887159  1451 consensus_queue.cc:260] T c1091dba022946808a5a0e46b882cae3 P 949ef58b43f4412eb6fee86c374de79f [NON_LEADER]: Queue going to NON_LEADER mode. State: All replicated index: 0, Majority replicated index: 0, Committed index: 0, Last appended: 0.0, Last appended by leader: 0, Current term: 0, Majority size: -1, State: 0, Mode: NON_LEADER, active raft config: opid_index: -1 OBSOLETE_local: false peers { permanent_uuid: "89f4ca85aa9844e7a9b10e8d28fa8b40" member_type: VOTER last_known_addr { host: "127.0.159.193" port: 44453 } } peers { permanent_uuid: "949ef58b43f4412eb6fee86c374de79f" member_type: VOTER last_known_addr { host: "127.0.159.194" port: 45947 } } peers { permanent_uuid: "d018f4e0a835427a8a58047e6879f01a" member_type: VOTER last_known_addr { host: "127.0.159.195" port: 41137 } }
I20260710 13:27:07.887981  1452 tablet_bootstrap.cc:492] T 0c61e393cdc7495c8062f0f7a225dcf9 P 89f4ca85aa9844e7a9b10e8d28fa8b40: No bootstrap required, opened a new log
I20260710 13:27:07.888527  1452 ts_tablet_manager.cc:1403] T 0c61e393cdc7495c8062f0f7a225dcf9 P 89f4ca85aa9844e7a9b10e8d28fa8b40: Time spent bootstrapping tablet: real 0.037s	user 0.008s	sys 0.014s
I20260710 13:27:07.889495  1451 ts_tablet_manager.cc:1434] T c1091dba022946808a5a0e46b882cae3 P 949ef58b43f4412eb6fee86c374de79f: Time spent starting tablet: real 0.009s	user 0.008s	sys 0.000s
I20260710 13:27:07.890544  1451 tablet_bootstrap.cc:492] T e5ef6f042a13451a97db5c7477a3d3ec P 949ef58b43f4412eb6fee86c374de79f: Bootstrap starting.
I20260710 13:27:07.891546  1450 tablet_bootstrap.cc:654] T c8ca8400f71b4785b4adf4953ff43b02 P d018f4e0a835427a8a58047e6879f01a: Neither blocks nor log segments found. Creating new log.
I20260710 13:27:07.891577  1452 raft_consensus.cc:359] T 0c61e393cdc7495c8062f0f7a225dcf9 P 89f4ca85aa9844e7a9b10e8d28fa8b40 [term 0 FOLLOWER]: Replica starting. Triggering 0 pending ops. Active config: opid_index: -1 OBSOLETE_local: false peers { permanent_uuid: "89f4ca85aa9844e7a9b10e8d28fa8b40" member_type: VOTER last_known_addr { host: "127.0.159.193" port: 44453 } } peers { permanent_uuid: "949ef58b43f4412eb6fee86c374de79f" member_type: VOTER last_known_addr { host: "127.0.159.194" port: 45947 } } peers { permanent_uuid: "d018f4e0a835427a8a58047e6879f01a" member_type: VOTER last_known_addr { host: "127.0.159.195" port: 41137 } }
I20260710 13:27:07.892454  1452 raft_consensus.cc:385] T 0c61e393cdc7495c8062f0f7a225dcf9 P 89f4ca85aa9844e7a9b10e8d28fa8b40 [term 0 FOLLOWER]: Consensus starting up: Expiring failure detector timer to make a prompt election more likely
I20260710 13:27:07.892786  1452 raft_consensus.cc:740] T 0c61e393cdc7495c8062f0f7a225dcf9 P 89f4ca85aa9844e7a9b10e8d28fa8b40 [term 0 FOLLOWER]: Becoming Follower/Learner. State: Replica: 89f4ca85aa9844e7a9b10e8d28fa8b40, State: Initialized, Role: FOLLOWER
I20260710 13:27:07.893750  1452 consensus_queue.cc:260] T 0c61e393cdc7495c8062f0f7a225dcf9 P 89f4ca85aa9844e7a9b10e8d28fa8b40 [NON_LEADER]: Queue going to NON_LEADER mode. State: All replicated index: 0, Majority replicated index: 0, Committed index: 0, Last appended: 0.0, Last appended by leader: 0, Current term: 0, Majority size: -1, State: 0, Mode: NON_LEADER, active raft config: opid_index: -1 OBSOLETE_local: false peers { permanent_uuid: "89f4ca85aa9844e7a9b10e8d28fa8b40" member_type: VOTER last_known_addr { host: "127.0.159.193" port: 44453 } } peers { permanent_uuid: "949ef58b43f4412eb6fee86c374de79f" member_type: VOTER last_known_addr { host: "127.0.159.194" port: 45947 } } peers { permanent_uuid: "d018f4e0a835427a8a58047e6879f01a" member_type: VOTER last_known_addr { host: "127.0.159.195" port: 41137 } }
I20260710 13:27:07.897701  1451 tablet_bootstrap.cc:654] T e5ef6f042a13451a97db5c7477a3d3ec P 949ef58b43f4412eb6fee86c374de79f: Neither blocks nor log segments found. Creating new log.
I20260710 13:27:07.900389  1450 tablet_bootstrap.cc:492] T c8ca8400f71b4785b4adf4953ff43b02 P d018f4e0a835427a8a58047e6879f01a: No bootstrap required, opened a new log
I20260710 13:27:07.901137  1450 ts_tablet_manager.cc:1403] T c8ca8400f71b4785b4adf4953ff43b02 P d018f4e0a835427a8a58047e6879f01a: Time spent bootstrapping tablet: real 0.039s	user 0.012s	sys 0.004s
I20260710 13:27:07.909761  1451 tablet_bootstrap.cc:492] T e5ef6f042a13451a97db5c7477a3d3ec P 949ef58b43f4412eb6fee86c374de79f: No bootstrap required, opened a new log
I20260710 13:27:07.910326  1451 ts_tablet_manager.cc:1403] T e5ef6f042a13451a97db5c7477a3d3ec P 949ef58b43f4412eb6fee86c374de79f: Time spent bootstrapping tablet: real 0.020s	user 0.010s	sys 0.007s
I20260710 13:27:07.913071  1451 raft_consensus.cc:359] T e5ef6f042a13451a97db5c7477a3d3ec P 949ef58b43f4412eb6fee86c374de79f [term 0 FOLLOWER]: Replica starting. Triggering 0 pending ops. Active config: opid_index: -1 OBSOLETE_local: false peers { permanent_uuid: "d018f4e0a835427a8a58047e6879f01a" member_type: VOTER last_known_addr { host: "127.0.159.195" port: 41137 } } peers { permanent_uuid: "949ef58b43f4412eb6fee86c374de79f" member_type: VOTER last_known_addr { host: "127.0.159.194" port: 45947 } } peers { permanent_uuid: "89f4ca85aa9844e7a9b10e8d28fa8b40" member_type: VOTER last_known_addr { host: "127.0.159.193" port: 44453 } }
I20260710 13:27:07.913736  1451 raft_consensus.cc:385] T e5ef6f042a13451a97db5c7477a3d3ec P 949ef58b43f4412eb6fee86c374de79f [term 0 FOLLOWER]: Consensus starting up: Expiring failure detector timer to make a prompt election more likely
I20260710 13:27:07.914019  1451 raft_consensus.cc:740] T e5ef6f042a13451a97db5c7477a3d3ec P 949ef58b43f4412eb6fee86c374de79f [term 0 FOLLOWER]: Becoming Follower/Learner. State: Replica: 949ef58b43f4412eb6fee86c374de79f, State: Initialized, Role: FOLLOWER
I20260710 13:27:07.914860  1451 consensus_queue.cc:260] T e5ef6f042a13451a97db5c7477a3d3ec P 949ef58b43f4412eb6fee86c374de79f [NON_LEADER]: Queue going to NON_LEADER mode. State: All replicated index: 0, Majority replicated index: 0, Committed index: 0, Last appended: 0.0, Last appended by leader: 0, Current term: 0, Majority size: -1, State: 0, Mode: NON_LEADER, active raft config: opid_index: -1 OBSOLETE_local: false peers { permanent_uuid: "d018f4e0a835427a8a58047e6879f01a" member_type: VOTER last_known_addr { host: "127.0.159.195" port: 41137 } } peers { permanent_uuid: "949ef58b43f4412eb6fee86c374de79f" member_type: VOTER last_known_addr { host: "127.0.159.194" port: 45947 } } peers { permanent_uuid: "89f4ca85aa9844e7a9b10e8d28fa8b40" member_type: VOTER last_known_addr { host: "127.0.159.193" port: 44453 } }
I20260710 13:27:07.917133  1451 ts_tablet_manager.cc:1434] T e5ef6f042a13451a97db5c7477a3d3ec P 949ef58b43f4412eb6fee86c374de79f: Time spent starting tablet: real 0.006s	user 0.004s	sys 0.004s
I20260710 13:27:07.918183  1451 tablet_bootstrap.cc:492] T 0c61e393cdc7495c8062f0f7a225dcf9 P 949ef58b43f4412eb6fee86c374de79f: Bootstrap starting.
I20260710 13:27:07.908782  1450 raft_consensus.cc:359] T c8ca8400f71b4785b4adf4953ff43b02 P d018f4e0a835427a8a58047e6879f01a [term 0 FOLLOWER]: Replica starting. Triggering 0 pending ops. Active config: opid_index: -1 OBSOLETE_local: false peers { permanent_uuid: "89f4ca85aa9844e7a9b10e8d28fa8b40" member_type: VOTER last_known_addr { host: "127.0.159.193" port: 44453 } } peers { permanent_uuid: "949ef58b43f4412eb6fee86c374de79f" member_type: VOTER last_known_addr { host: "127.0.159.194" port: 45947 } } peers { permanent_uuid: "d018f4e0a835427a8a58047e6879f01a" member_type: VOTER last_known_addr { host: "127.0.159.195" port: 41137 } }
I20260710 13:27:07.918754  1450 raft_consensus.cc:385] T c8ca8400f71b4785b4adf4953ff43b02 P d018f4e0a835427a8a58047e6879f01a [term 0 FOLLOWER]: Consensus starting up: Expiring failure detector timer to make a prompt election more likely
I20260710 13:27:07.919206  1450 raft_consensus.cc:740] T c8ca8400f71b4785b4adf4953ff43b02 P d018f4e0a835427a8a58047e6879f01a [term 0 FOLLOWER]: Becoming Follower/Learner. State: Replica: d018f4e0a835427a8a58047e6879f01a, State: Initialized, Role: FOLLOWER
I20260710 13:27:07.920462  1450 consensus_queue.cc:260] T c8ca8400f71b4785b4adf4953ff43b02 P d018f4e0a835427a8a58047e6879f01a [NON_LEADER]: Queue going to NON_LEADER mode. State: All replicated index: 0, Majority replicated index: 0, Committed index: 0, Last appended: 0.0, Last appended by leader: 0, Current term: 0, Majority size: -1, State: 0, Mode: NON_LEADER, active raft config: opid_index: -1 OBSOLETE_local: false peers { permanent_uuid: "89f4ca85aa9844e7a9b10e8d28fa8b40" member_type: VOTER last_known_addr { host: "127.0.159.193" port: 44453 } } peers { permanent_uuid: "949ef58b43f4412eb6fee86c374de79f" member_type: VOTER last_known_addr { host: "127.0.159.194" port: 45947 } } peers { permanent_uuid: "d018f4e0a835427a8a58047e6879f01a" member_type: VOTER last_known_addr { host: "127.0.159.195" port: 41137 } }
I20260710 13:27:07.924820  1451 tablet_bootstrap.cc:654] T 0c61e393cdc7495c8062f0f7a225dcf9 P 949ef58b43f4412eb6fee86c374de79f: Neither blocks nor log segments found. Creating new log.
I20260710 13:27:07.929996  1286 heartbeater.cc:499] Master 127.0.159.254:45877 was elected leader, sending a full tablet report...
I20260710 13:27:07.930326  1451 tablet_bootstrap.cc:492] T 0c61e393cdc7495c8062f0f7a225dcf9 P 949ef58b43f4412eb6fee86c374de79f: No bootstrap required, opened a new log
I20260710 13:27:07.930845  1451 ts_tablet_manager.cc:1403] T 0c61e393cdc7495c8062f0f7a225dcf9 P 949ef58b43f4412eb6fee86c374de79f: Time spent bootstrapping tablet: real 0.013s	user 0.002s	sys 0.008s
I20260710 13:27:07.931505  1450 ts_tablet_manager.cc:1434] T c8ca8400f71b4785b4adf4953ff43b02 P d018f4e0a835427a8a58047e6879f01a: Time spent starting tablet: real 0.030s	user 0.009s	sys 0.000s
I20260710 13:27:07.932590  1450 tablet_bootstrap.cc:492] T 1db4c651f29b46728c2e9c54f954687c P d018f4e0a835427a8a58047e6879f01a: Bootstrap starting.
I20260710 13:27:07.933954  1451 raft_consensus.cc:359] T 0c61e393cdc7495c8062f0f7a225dcf9 P 949ef58b43f4412eb6fee86c374de79f [term 0 FOLLOWER]: Replica starting. Triggering 0 pending ops. Active config: opid_index: -1 OBSOLETE_local: false peers { permanent_uuid: "89f4ca85aa9844e7a9b10e8d28fa8b40" member_type: VOTER last_known_addr { host: "127.0.159.193" port: 44453 } } peers { permanent_uuid: "949ef58b43f4412eb6fee86c374de79f" member_type: VOTER last_known_addr { host: "127.0.159.194" port: 45947 } } peers { permanent_uuid: "d018f4e0a835427a8a58047e6879f01a" member_type: VOTER last_known_addr { host: "127.0.159.195" port: 41137 } }
I20260710 13:27:07.934737  1451 raft_consensus.cc:385] T 0c61e393cdc7495c8062f0f7a225dcf9 P 949ef58b43f4412eb6fee86c374de79f [term 0 FOLLOWER]: Consensus starting up: Expiring failure detector timer to make a prompt election more likely
I20260710 13:27:07.935040  1451 raft_consensus.cc:740] T 0c61e393cdc7495c8062f0f7a225dcf9 P 949ef58b43f4412eb6fee86c374de79f [term 0 FOLLOWER]: Becoming Follower/Learner. State: Replica: 949ef58b43f4412eb6fee86c374de79f, State: Initialized, Role: FOLLOWER
I20260710 13:27:07.935873  1452 ts_tablet_manager.cc:1434] T 0c61e393cdc7495c8062f0f7a225dcf9 P 89f4ca85aa9844e7a9b10e8d28fa8b40: Time spent starting tablet: real 0.047s	user 0.012s	sys 0.028s
I20260710 13:27:07.936010  1451 consensus_queue.cc:260] T 0c61e393cdc7495c8062f0f7a225dcf9 P 949ef58b43f4412eb6fee86c374de79f [NON_LEADER]: Queue going to NON_LEADER mode. State: All replicated index: 0, Majority replicated index: 0, Committed index: 0, Last appended: 0.0, Last appended by leader: 0, Current term: 0, Majority size: -1, State: 0, Mode: NON_LEADER, active raft config: opid_index: -1 OBSOLETE_local: false peers { permanent_uuid: "89f4ca85aa9844e7a9b10e8d28fa8b40" member_type: VOTER last_known_addr { host: "127.0.159.193" port: 44453 } } peers { permanent_uuid: "949ef58b43f4412eb6fee86c374de79f" member_type: VOTER last_known_addr { host: "127.0.159.194" port: 45947 } } peers { permanent_uuid: "d018f4e0a835427a8a58047e6879f01a" member_type: VOTER last_known_addr { host: "127.0.159.195" port: 41137 } }
I20260710 13:27:07.936949  1452 tablet_bootstrap.cc:492] T c8ca8400f71b4785b4adf4953ff43b02 P 89f4ca85aa9844e7a9b10e8d28fa8b40: Bootstrap starting.
I20260710 13:27:07.938917  1451 ts_tablet_manager.cc:1434] T 0c61e393cdc7495c8062f0f7a225dcf9 P 949ef58b43f4412eb6fee86c374de79f: Time spent starting tablet: real 0.008s	user 0.008s	sys 0.000s
I20260710 13:27:07.939738  1450 tablet_bootstrap.cc:654] T 1db4c651f29b46728c2e9c54f954687c P d018f4e0a835427a8a58047e6879f01a: Neither blocks nor log segments found. Creating new log.
I20260710 13:27:07.940023  1451 tablet_bootstrap.cc:492] T 8c0873c4db2341e29253e4200d3a052d P 949ef58b43f4412eb6fee86c374de79f: Bootstrap starting.
I20260710 13:27:07.944234  1452 tablet_bootstrap.cc:654] T c8ca8400f71b4785b4adf4953ff43b02 P 89f4ca85aa9844e7a9b10e8d28fa8b40: Neither blocks nor log segments found. Creating new log.
I20260710 13:27:07.948071  1451 tablet_bootstrap.cc:654] T 8c0873c4db2341e29253e4200d3a052d P 949ef58b43f4412eb6fee86c374de79f: Neither blocks nor log segments found. Creating new log.
I20260710 13:27:07.970238  1460 raft_consensus.cc:493] T 0c61e393cdc7495c8062f0f7a225dcf9 P 89f4ca85aa9844e7a9b10e8d28fa8b40 [term 0 FOLLOWER]: Starting pre-election (no leader contacted us within the election timeout)
I20260710 13:27:07.971071  1460 raft_consensus.cc:515] T 0c61e393cdc7495c8062f0f7a225dcf9 P 89f4ca85aa9844e7a9b10e8d28fa8b40 [term 0 FOLLOWER]: Starting pre-election with config: opid_index: -1 OBSOLETE_local: false peers { permanent_uuid: "89f4ca85aa9844e7a9b10e8d28fa8b40" member_type: VOTER last_known_addr { host: "127.0.159.193" port: 44453 } } peers { permanent_uuid: "949ef58b43f4412eb6fee86c374de79f" member_type: VOTER last_known_addr { host: "127.0.159.194" port: 45947 } } peers { permanent_uuid: "d018f4e0a835427a8a58047e6879f01a" member_type: VOTER last_known_addr { host: "127.0.159.195" port: 41137 } }
I20260710 13:27:07.975751  1450 tablet_bootstrap.cc:492] T 1db4c651f29b46728c2e9c54f954687c P d018f4e0a835427a8a58047e6879f01a: No bootstrap required, opened a new log
I20260710 13:27:07.976511  1450 ts_tablet_manager.cc:1403] T 1db4c651f29b46728c2e9c54f954687c P d018f4e0a835427a8a58047e6879f01a: Time spent bootstrapping tablet: real 0.044s	user 0.028s	sys 0.012s
I20260710 13:27:07.983984  1451 tablet_bootstrap.cc:492] T 8c0873c4db2341e29253e4200d3a052d P 949ef58b43f4412eb6fee86c374de79f: No bootstrap required, opened a new log
I20260710 13:27:07.984501  1451 ts_tablet_manager.cc:1403] T 8c0873c4db2341e29253e4200d3a052d P 949ef58b43f4412eb6fee86c374de79f: Time spent bootstrapping tablet: real 0.045s	user 0.012s	sys 0.023s
I20260710 13:27:07.983011  1460 leader_election.cc:290] T 0c61e393cdc7495c8062f0f7a225dcf9 P 89f4ca85aa9844e7a9b10e8d28fa8b40 [CANDIDATE]: Term 1 pre-election: Requested pre-vote from peers 949ef58b43f4412eb6fee86c374de79f (127.0.159.194:45947), d018f4e0a835427a8a58047e6879f01a (127.0.159.195:41137)
I20260710 13:27:07.993059  1451 raft_consensus.cc:359] T 8c0873c4db2341e29253e4200d3a052d P 949ef58b43f4412eb6fee86c374de79f [term 0 FOLLOWER]: Replica starting. Triggering 0 pending ops. Active config: opid_index: -1 OBSOLETE_local: false peers { permanent_uuid: "89f4ca85aa9844e7a9b10e8d28fa8b40" member_type: VOTER last_known_addr { host: "127.0.159.193" port: 44453 } } peers { permanent_uuid: "949ef58b43f4412eb6fee86c374de79f" member_type: VOTER last_known_addr { host: "127.0.159.194" port: 45947 } } peers { permanent_uuid: "d018f4e0a835427a8a58047e6879f01a" member_type: VOTER last_known_addr { host: "127.0.159.195" port: 41137 } }
I20260710 13:27:07.994349  1451 raft_consensus.cc:385] T 8c0873c4db2341e29253e4200d3a052d P 949ef58b43f4412eb6fee86c374de79f [term 0 FOLLOWER]: Consensus starting up: Expiring failure detector timer to make a prompt election more likely
I20260710 13:27:07.994652  1456 raft_consensus.cc:493] T 0c61e393cdc7495c8062f0f7a225dcf9 P 949ef58b43f4412eb6fee86c374de79f [term 0 FOLLOWER]: Starting pre-election (no leader contacted us within the election timeout)
I20260710 13:27:07.994830  1451 raft_consensus.cc:740] T 8c0873c4db2341e29253e4200d3a052d P 949ef58b43f4412eb6fee86c374de79f [term 0 FOLLOWER]: Becoming Follower/Learner. State: Replica: 949ef58b43f4412eb6fee86c374de79f, State: Initialized, Role: FOLLOWER
I20260710 13:27:07.995205  1456 raft_consensus.cc:515] T 0c61e393cdc7495c8062f0f7a225dcf9 P 949ef58b43f4412eb6fee86c374de79f [term 0 FOLLOWER]: Starting pre-election with config: opid_index: -1 OBSOLETE_local: false peers { permanent_uuid: "89f4ca85aa9844e7a9b10e8d28fa8b40" member_type: VOTER last_known_addr { host: "127.0.159.193" port: 44453 } } peers { permanent_uuid: "949ef58b43f4412eb6fee86c374de79f" member_type: VOTER last_known_addr { host: "127.0.159.194" port: 45947 } } peers { permanent_uuid: "d018f4e0a835427a8a58047e6879f01a" member_type: VOTER last_known_addr { host: "127.0.159.195" port: 41137 } }
I20260710 13:27:07.997757  1451 consensus_queue.cc:260] T 8c0873c4db2341e29253e4200d3a052d P 949ef58b43f4412eb6fee86c374de79f [NON_LEADER]: Queue going to NON_LEADER mode. State: All replicated index: 0, Majority replicated index: 0, Committed index: 0, Last appended: 0.0, Last appended by leader: 0, Current term: 0, Majority size: -1, State: 0, Mode: NON_LEADER, active raft config: opid_index: -1 OBSOLETE_local: false peers { permanent_uuid: "89f4ca85aa9844e7a9b10e8d28fa8b40" member_type: VOTER last_known_addr { host: "127.0.159.193" port: 44453 } } peers { permanent_uuid: "949ef58b43f4412eb6fee86c374de79f" member_type: VOTER last_known_addr { host: "127.0.159.194" port: 45947 } } peers { permanent_uuid: "d018f4e0a835427a8a58047e6879f01a" member_type: VOTER last_known_addr { host: "127.0.159.195" port: 41137 } }
I20260710 13:27:08.001718  1456 leader_election.cc:290] T 0c61e393cdc7495c8062f0f7a225dcf9 P 949ef58b43f4412eb6fee86c374de79f [CANDIDATE]: Term 1 pre-election: Requested pre-vote from peers 89f4ca85aa9844e7a9b10e8d28fa8b40 (127.0.159.193:44453), d018f4e0a835427a8a58047e6879f01a (127.0.159.195:41137)
I20260710 13:27:08.001965  1450 raft_consensus.cc:359] T 1db4c651f29b46728c2e9c54f954687c P d018f4e0a835427a8a58047e6879f01a [term 0 FOLLOWER]: Replica starting. Triggering 0 pending ops. Active config: opid_index: -1 OBSOLETE_local: false peers { permanent_uuid: "89f4ca85aa9844e7a9b10e8d28fa8b40" member_type: VOTER last_known_addr { host: "127.0.159.193" port: 44453 } } peers { permanent_uuid: "949ef58b43f4412eb6fee86c374de79f" member_type: VOTER last_known_addr { host: "127.0.159.194" port: 45947 } } peers { permanent_uuid: "d018f4e0a835427a8a58047e6879f01a" member_type: VOTER last_known_addr { host: "127.0.159.195" port: 41137 } }
I20260710 13:27:08.002667  1450 raft_consensus.cc:385] T 1db4c651f29b46728c2e9c54f954687c P d018f4e0a835427a8a58047e6879f01a [term 0 FOLLOWER]: Consensus starting up: Expiring failure detector timer to make a prompt election more likely
I20260710 13:27:08.002872  1452 tablet_bootstrap.cc:492] T c8ca8400f71b4785b4adf4953ff43b02 P 89f4ca85aa9844e7a9b10e8d28fa8b40: No bootstrap required, opened a new log
I20260710 13:27:08.002978  1450 raft_consensus.cc:740] T 1db4c651f29b46728c2e9c54f954687c P d018f4e0a835427a8a58047e6879f01a [term 0 FOLLOWER]: Becoming Follower/Learner. State: Replica: d018f4e0a835427a8a58047e6879f01a, State: Initialized, Role: FOLLOWER
I20260710 13:27:08.003378  1452 ts_tablet_manager.cc:1403] T c8ca8400f71b4785b4adf4953ff43b02 P 89f4ca85aa9844e7a9b10e8d28fa8b40: Time spent bootstrapping tablet: real 0.067s	user 0.014s	sys 0.031s
I20260710 13:27:08.003755  1450 consensus_queue.cc:260] T 1db4c651f29b46728c2e9c54f954687c P d018f4e0a835427a8a58047e6879f01a [NON_LEADER]: Queue going to NON_LEADER mode. State: All replicated index: 0, Majority replicated index: 0, Committed index: 0, Last appended: 0.0, Last appended by leader: 0, Current term: 0, Majority size: -1, State: 0, Mode: NON_LEADER, active raft config: opid_index: -1 OBSOLETE_local: false peers { permanent_uuid: "89f4ca85aa9844e7a9b10e8d28fa8b40" member_type: VOTER last_known_addr { host: "127.0.159.193" port: 44453 } } peers { permanent_uuid: "949ef58b43f4412eb6fee86c374de79f" member_type: VOTER last_known_addr { host: "127.0.159.194" port: 45947 } } peers { permanent_uuid: "d018f4e0a835427a8a58047e6879f01a" member_type: VOTER last_known_addr { host: "127.0.159.195" port: 41137 } }
I20260710 13:27:08.006742  1452 raft_consensus.cc:359] T c8ca8400f71b4785b4adf4953ff43b02 P 89f4ca85aa9844e7a9b10e8d28fa8b40 [term 0 FOLLOWER]: Replica starting. Triggering 0 pending ops. Active config: opid_index: -1 OBSOLETE_local: false peers { permanent_uuid: "89f4ca85aa9844e7a9b10e8d28fa8b40" member_type: VOTER last_known_addr { host: "127.0.159.193" port: 44453 } } peers { permanent_uuid: "949ef58b43f4412eb6fee86c374de79f" member_type: VOTER last_known_addr { host: "127.0.159.194" port: 45947 } } peers { permanent_uuid: "d018f4e0a835427a8a58047e6879f01a" member_type: VOTER last_known_addr { host: "127.0.159.195" port: 41137 } }
I20260710 13:27:08.008199  1452 raft_consensus.cc:385] T c8ca8400f71b4785b4adf4953ff43b02 P 89f4ca85aa9844e7a9b10e8d28fa8b40 [term 0 FOLLOWER]: Consensus starting up: Expiring failure detector timer to make a prompt election more likely
I20260710 13:27:08.008607  1452 raft_consensus.cc:740] T c8ca8400f71b4785b4adf4953ff43b02 P 89f4ca85aa9844e7a9b10e8d28fa8b40 [term 0 FOLLOWER]: Becoming Follower/Learner. State: Replica: 89f4ca85aa9844e7a9b10e8d28fa8b40, State: Initialized, Role: FOLLOWER
I20260710 13:27:08.009764  1452 consensus_queue.cc:260] T c8ca8400f71b4785b4adf4953ff43b02 P 89f4ca85aa9844e7a9b10e8d28fa8b40 [NON_LEADER]: Queue going to NON_LEADER mode. State: All replicated index: 0, Majority replicated index: 0, Committed index: 0, Last appended: 0.0, Last appended by leader: 0, Current term: 0, Majority size: -1, State: 0, Mode: NON_LEADER, active raft config: opid_index: -1 OBSOLETE_local: false peers { permanent_uuid: "89f4ca85aa9844e7a9b10e8d28fa8b40" member_type: VOTER last_known_addr { host: "127.0.159.193" port: 44453 } } peers { permanent_uuid: "949ef58b43f4412eb6fee86c374de79f" member_type: VOTER last_known_addr { host: "127.0.159.194" port: 45947 } } peers { permanent_uuid: "d018f4e0a835427a8a58047e6879f01a" member_type: VOTER last_known_addr { host: "127.0.159.195" port: 41137 } }
I20260710 13:27:08.006168  1450 ts_tablet_manager.cc:1434] T 1db4c651f29b46728c2e9c54f954687c P d018f4e0a835427a8a58047e6879f01a: Time spent starting tablet: real 0.029s	user 0.006s	sys 0.001s
I20260710 13:27:08.014505  1336 tablet_service.cc:1917] Received RequestConsensusVote() RPC: tablet_id: "0c61e393cdc7495c8062f0f7a225dcf9" candidate_uuid: "89f4ca85aa9844e7a9b10e8d28fa8b40" candidate_term: 1 candidate_status { last_received { term: 0 index: 0 } } ignore_live_leader: false dest_uuid: "949ef58b43f4412eb6fee86c374de79f" is_pre_election: true
I20260710 13:27:08.015239  1336 raft_consensus.cc:2468] T 0c61e393cdc7495c8062f0f7a225dcf9 P 949ef58b43f4412eb6fee86c374de79f [term 0 FOLLOWER]: Leader pre-election vote request: Granting yes vote for candidate 89f4ca85aa9844e7a9b10e8d28fa8b40 in term 0.
I20260710 13:27:08.016297  1452 ts_tablet_manager.cc:1434] T c8ca8400f71b4785b4adf4953ff43b02 P 89f4ca85aa9844e7a9b10e8d28fa8b40: Time spent starting tablet: real 0.013s	user 0.007s	sys 0.001s
I20260710 13:27:08.016589  1227 leader_election.cc:304] T 0c61e393cdc7495c8062f0f7a225dcf9 P 89f4ca85aa9844e7a9b10e8d28fa8b40 [CANDIDATE]: Term 1 pre-election: Election decided. Result: candidate won. Election summary: received 2 responses out of 3 voters: 2 yes votes; 0 no votes. yes voters: 89f4ca85aa9844e7a9b10e8d28fa8b40, 949ef58b43f4412eb6fee86c374de79f; no voters: 
I20260710 13:27:08.017347  1452 tablet_bootstrap.cc:492] T e5ef6f042a13451a97db5c7477a3d3ec P 89f4ca85aa9844e7a9b10e8d28fa8b40: Bootstrap starting.
I20260710 13:27:08.017521  1460 raft_consensus.cc:2804] T 0c61e393cdc7495c8062f0f7a225dcf9 P 89f4ca85aa9844e7a9b10e8d28fa8b40 [term 0 FOLLOWER]: Leader pre-election won for term 1
I20260710 13:27:08.018023  1460 raft_consensus.cc:493] T 0c61e393cdc7495c8062f0f7a225dcf9 P 89f4ca85aa9844e7a9b10e8d28fa8b40 [term 0 FOLLOWER]: Starting leader election (no leader contacted us within the election timeout)
I20260710 13:27:08.018374  1460 raft_consensus.cc:3060] T 0c61e393cdc7495c8062f0f7a225dcf9 P 89f4ca85aa9844e7a9b10e8d28fa8b40 [term 0 FOLLOWER]: Advancing to term 1
I20260710 13:27:08.020186  1450 tablet_bootstrap.cc:492] T c59102b89a0d465fac15446aad08b010 P d018f4e0a835427a8a58047e6879f01a: Bootstrap starting.
I20260710 13:27:08.031368  1452 tablet_bootstrap.cc:654] T e5ef6f042a13451a97db5c7477a3d3ec P 89f4ca85aa9844e7a9b10e8d28fa8b40: Neither blocks nor log segments found. Creating new log.
I20260710 13:27:08.036605  1460 raft_consensus.cc:515] T 0c61e393cdc7495c8062f0f7a225dcf9 P 89f4ca85aa9844e7a9b10e8d28fa8b40 [term 1 FOLLOWER]: Starting leader election with config: opid_index: -1 OBSOLETE_local: false peers { permanent_uuid: "89f4ca85aa9844e7a9b10e8d28fa8b40" member_type: VOTER last_known_addr { host: "127.0.159.193" port: 44453 } } peers { permanent_uuid: "949ef58b43f4412eb6fee86c374de79f" member_type: VOTER last_known_addr { host: "127.0.159.194" port: 45947 } } peers { permanent_uuid: "d018f4e0a835427a8a58047e6879f01a" member_type: VOTER last_known_addr { host: "127.0.159.195" port: 41137 } }
I20260710 13:27:08.033047  1451 ts_tablet_manager.cc:1434] T 8c0873c4db2341e29253e4200d3a052d P 949ef58b43f4412eb6fee86c374de79f: Time spent starting tablet: real 0.048s	user 0.018s	sys 0.015s
I20260710 13:27:08.043623  1410 tablet_service.cc:1917] Received RequestConsensusVote() RPC: tablet_id: "0c61e393cdc7495c8062f0f7a225dcf9" candidate_uuid: "89f4ca85aa9844e7a9b10e8d28fa8b40" candidate_term: 1 candidate_status { last_received { term: 0 index: 0 } } ignore_live_leader: false dest_uuid: "d018f4e0a835427a8a58047e6879f01a" is_pre_election: true
I20260710 13:27:08.043964  1336 tablet_service.cc:1917] Received RequestConsensusVote() RPC: tablet_id: "0c61e393cdc7495c8062f0f7a225dcf9" candidate_uuid: "89f4ca85aa9844e7a9b10e8d28fa8b40" candidate_term: 1 candidate_status { last_received { term: 0 index: 0 } } ignore_live_leader: false dest_uuid: "949ef58b43f4412eb6fee86c374de79f"
I20260710 13:27:08.044279  1451 tablet_bootstrap.cc:492] T 1db4c651f29b46728c2e9c54f954687c P 949ef58b43f4412eb6fee86c374de79f: Bootstrap starting.
I20260710 13:27:08.044473  1336 raft_consensus.cc:3060] T 0c61e393cdc7495c8062f0f7a225dcf9 P 949ef58b43f4412eb6fee86c374de79f [term 0 FOLLOWER]: Advancing to term 1
W20260710 13:27:08.046797  1224 leader_election.cc:343] T 0c61e393cdc7495c8062f0f7a225dcf9 P 89f4ca85aa9844e7a9b10e8d28fa8b40 [CANDIDATE]: Term 1 pre-election: Tablet error from VoteRequest() call to peer d018f4e0a835427a8a58047e6879f01a (127.0.159.195:41137): Illegal state: must be running to vote when last-logged opid is not known
W20260710 13:27:08.051157  1207 auto_rebalancer.cc:288] Could not retrieve cluster info: Service unavailable: Tablet not running
I20260710 13:27:08.051774  1450 tablet_bootstrap.cc:654] T c59102b89a0d465fac15446aad08b010 P d018f4e0a835427a8a58047e6879f01a: Neither blocks nor log segments found. Creating new log.
I20260710 13:27:08.055683  1460 leader_election.cc:290] T 0c61e393cdc7495c8062f0f7a225dcf9 P 89f4ca85aa9844e7a9b10e8d28fa8b40 [CANDIDATE]: Term 1 election: Requested vote from peers 949ef58b43f4412eb6fee86c374de79f (127.0.159.194:45947), d018f4e0a835427a8a58047e6879f01a (127.0.159.195:41137)
I20260710 13:27:08.056706  1336 raft_consensus.cc:2468] T 0c61e393cdc7495c8062f0f7a225dcf9 P 949ef58b43f4412eb6fee86c374de79f [term 1 FOLLOWER]: Leader election vote request: Granting yes vote for candidate 89f4ca85aa9844e7a9b10e8d28fa8b40 in term 1.
I20260710 13:27:08.057958  1410 tablet_service.cc:1917] Received RequestConsensusVote() RPC: tablet_id: "0c61e393cdc7495c8062f0f7a225dcf9" candidate_uuid: "89f4ca85aa9844e7a9b10e8d28fa8b40" candidate_term: 1 candidate_status { last_received { term: 0 index: 0 } } ignore_live_leader: false dest_uuid: "d018f4e0a835427a8a58047e6879f01a"
I20260710 13:27:08.059203  1227 leader_election.cc:304] T 0c61e393cdc7495c8062f0f7a225dcf9 P 89f4ca85aa9844e7a9b10e8d28fa8b40 [CANDIDATE]: Term 1 election: Election decided. Result: candidate won. Election summary: received 2 responses out of 3 voters: 2 yes votes; 0 no votes. yes voters: 89f4ca85aa9844e7a9b10e8d28fa8b40, 949ef58b43f4412eb6fee86c374de79f; no voters: 
W20260710 13:27:08.059926  1224 leader_election.cc:343] T 0c61e393cdc7495c8062f0f7a225dcf9 P 89f4ca85aa9844e7a9b10e8d28fa8b40 [CANDIDATE]: Term 1 election: Tablet error from VoteRequest() call to peer d018f4e0a835427a8a58047e6879f01a (127.0.159.195:41137): Illegal state: must be running to vote when last-logged opid is not known
I20260710 13:27:08.060461  1460 raft_consensus.cc:2804] T 0c61e393cdc7495c8062f0f7a225dcf9 P 89f4ca85aa9844e7a9b10e8d28fa8b40 [term 1 FOLLOWER]: Leader election won for term 1
I20260710 13:27:08.061558  1469 raft_consensus.cc:493] T 8c0873c4db2341e29253e4200d3a052d P 949ef58b43f4412eb6fee86c374de79f [term 0 FOLLOWER]: Starting pre-election (no leader contacted us within the election timeout)
I20260710 13:27:08.062585  1451 tablet_bootstrap.cc:654] T 1db4c651f29b46728c2e9c54f954687c P 949ef58b43f4412eb6fee86c374de79f: Neither blocks nor log segments found. Creating new log.
I20260710 13:27:08.065577  1452 tablet_bootstrap.cc:492] T e5ef6f042a13451a97db5c7477a3d3ec P 89f4ca85aa9844e7a9b10e8d28fa8b40: No bootstrap required, opened a new log
I20260710 13:27:08.066103  1452 ts_tablet_manager.cc:1403] T e5ef6f042a13451a97db5c7477a3d3ec P 89f4ca85aa9844e7a9b10e8d28fa8b40: Time spent bootstrapping tablet: real 0.049s	user 0.013s	sys 0.003s
I20260710 13:27:08.067510  1450 tablet_bootstrap.cc:492] T c59102b89a0d465fac15446aad08b010 P d018f4e0a835427a8a58047e6879f01a: No bootstrap required, opened a new log
I20260710 13:27:08.062206  1469 raft_consensus.cc:515] T 8c0873c4db2341e29253e4200d3a052d P 949ef58b43f4412eb6fee86c374de79f [term 0 FOLLOWER]: Starting pre-election with config: opid_index: -1 OBSOLETE_local: false peers { permanent_uuid: "89f4ca85aa9844e7a9b10e8d28fa8b40" member_type: VOTER last_known_addr { host: "127.0.159.193" port: 44453 } } peers { permanent_uuid: "949ef58b43f4412eb6fee86c374de79f" member_type: VOTER last_known_addr { host: "127.0.159.194" port: 45947 } } peers { permanent_uuid: "d018f4e0a835427a8a58047e6879f01a" member_type: VOTER last_known_addr { host: "127.0.159.195" port: 41137 } }
I20260710 13:27:08.067945  1450 ts_tablet_manager.cc:1403] T c59102b89a0d465fac15446aad08b010 P d018f4e0a835427a8a58047e6879f01a: Time spent bootstrapping tablet: real 0.048s	user 0.006s	sys 0.016s
I20260710 13:27:08.067951  1460 raft_consensus.cc:697] T 0c61e393cdc7495c8062f0f7a225dcf9 P 89f4ca85aa9844e7a9b10e8d28fa8b40 [term 1 LEADER]: Becoming Leader. State: Replica: 89f4ca85aa9844e7a9b10e8d28fa8b40, State: Running, Role: LEADER
