I20260710 13:26:53.982108   779 raft_consensus.cc:385] T 8a4f4578056c45818aecf7ef73c401b8 P 2b7da130a3e54aeb81a4d8d0756f3791 [term 0 FOLLOWER]: Consensus starting up: Expiring failure detector timer to make a prompt election more likely
I20260710 13:26:53.982420   779 raft_consensus.cc:740] T 8a4f4578056c45818aecf7ef73c401b8 P 2b7da130a3e54aeb81a4d8d0756f3791 [term 0 FOLLOWER]: Becoming Follower/Learner. State: Replica: 2b7da130a3e54aeb81a4d8d0756f3791, State: Initialized, Role: FOLLOWER
I20260710 13:26:53.983176   779 consensus_queue.cc:260] T 8a4f4578056c45818aecf7ef73c401b8 P 2b7da130a3e54aeb81a4d8d0756f3791 [NON_LEADER]: Queue going to NON_LEADER mode. State: All replicated index: 0, Majority replicated index: 0, Committed index: 0, Last appended: 0.0, Last appended by leader: 0, Current term: 0, Majority size: -1, State: 0, Mode: NON_LEADER, active raft config: opid_index: -1 OBSOLETE_local: false peers { permanent_uuid: "679d6639afd248b091d39a9613210d10" member_type: VOTER last_known_addr { host: "127.0.112.193" port: 44661 } } peers { permanent_uuid: "c54c6d26b13348e48d3d7d2af37c944f" member_type: VOTER last_known_addr { host: "127.0.112.194" port: 46521 } } peers { permanent_uuid: "2b7da130a3e54aeb81a4d8d0756f3791" member_type: VOTER last_known_addr { host: "127.0.112.195" port: 40215 } }
I20260710 13:26:53.984434   777 tablet_bootstrap.cc:654] T 728639828f484b11b28253baeaefdb55 P c54c6d26b13348e48d3d7d2af37c944f: Neither blocks nor log segments found. Creating new log.
I20260710 13:26:53.989037   778 ts_tablet_manager.cc:1434] T 49d89f9a718741ac834b04b3f6226ca9 P 679d6639afd248b091d39a9613210d10: Time spent starting tablet: real 0.015s	user 0.001s	sys 0.012s
I20260710 13:26:53.989787   760 heartbeater.cc:499] Master 127.0.112.254:34699 was elected leader, sending a full tablet report...
I20260710 13:26:53.995007   777 tablet_bootstrap.cc:492] T 728639828f484b11b28253baeaefdb55 P c54c6d26b13348e48d3d7d2af37c944f: No bootstrap required, opened a new log
I20260710 13:26:53.995550   777 ts_tablet_manager.cc:1403] T 728639828f484b11b28253baeaefdb55 P c54c6d26b13348e48d3d7d2af37c944f: Time spent bootstrapping tablet: real 0.019s	user 0.012s	sys 0.003s
I20260710 13:26:53.998750   611 heartbeater.cc:499] Master 127.0.112.254:34699 was elected leader, sending a full tablet report...
I20260710 13:26:53.999383   779 ts_tablet_manager.cc:1434] T 8a4f4578056c45818aecf7ef73c401b8 P 2b7da130a3e54aeb81a4d8d0756f3791: Time spent starting tablet: real 0.024s	user 0.007s	sys 0.001s
I20260710 13:26:53.998754   777 raft_consensus.cc:359] T 728639828f484b11b28253baeaefdb55 P c54c6d26b13348e48d3d7d2af37c944f [term 0 FOLLOWER]: Replica starting. Triggering 0 pending ops. Active config: opid_index: -1 OBSOLETE_local: false peers { permanent_uuid: "679d6639afd248b091d39a9613210d10" member_type: VOTER last_known_addr { host: "127.0.112.193" port: 44661 } } peers { permanent_uuid: "c54c6d26b13348e48d3d7d2af37c944f" member_type: VOTER last_known_addr { host: "127.0.112.194" port: 46521 } } peers { permanent_uuid: "2b7da130a3e54aeb81a4d8d0756f3791" member_type: VOTER last_known_addr { host: "127.0.112.195" port: 40215 } }
I20260710 13:26:53.999790   777 raft_consensus.cc:385] T 728639828f484b11b28253baeaefdb55 P c54c6d26b13348e48d3d7d2af37c944f [term 0 FOLLOWER]: Consensus starting up: Expiring failure detector timer to make a prompt election more likely
I20260710 13:26:54.000088   777 raft_consensus.cc:740] T 728639828f484b11b28253baeaefdb55 P c54c6d26b13348e48d3d7d2af37c944f [term 0 FOLLOWER]: Becoming Follower/Learner. State: Replica: c54c6d26b13348e48d3d7d2af37c944f, State: Initialized, Role: FOLLOWER
I20260710 13:26:54.000355   779 tablet_bootstrap.cc:492] T 514d87f975f540ad98ae35491d1a6f5d P 2b7da130a3e54aeb81a4d8d0756f3791: Bootstrap starting.
I20260710 13:26:54.002418   778 tablet_bootstrap.cc:492] T 514d87f975f540ad98ae35491d1a6f5d P 679d6639afd248b091d39a9613210d10: Bootstrap starting.
I20260710 13:26:54.000895   777 consensus_queue.cc:260] T 728639828f484b11b28253baeaefdb55 P c54c6d26b13348e48d3d7d2af37c944f [NON_LEADER]: Queue going to NON_LEADER mode. State: All replicated index: 0, Majority replicated index: 0, Committed index: 0, Last appended: 0.0, Last appended by leader: 0, Current term: 0, Majority size: -1, State: 0, Mode: NON_LEADER, active raft config: opid_index: -1 OBSOLETE_local: false peers { permanent_uuid: "679d6639afd248b091d39a9613210d10" member_type: VOTER last_known_addr { host: "127.0.112.193" port: 44661 } } peers { permanent_uuid: "c54c6d26b13348e48d3d7d2af37c944f" member_type: VOTER last_known_addr { host: "127.0.112.194" port: 46521 } } peers { permanent_uuid: "2b7da130a3e54aeb81a4d8d0756f3791" member_type: VOTER last_known_addr { host: "127.0.112.195" port: 40215 } }
I20260710 13:26:54.007973   777 ts_tablet_manager.cc:1434] T 728639828f484b11b28253baeaefdb55 P c54c6d26b13348e48d3d7d2af37c944f: Time spent starting tablet: real 0.012s	user 0.009s	sys 0.000s
I20260710 13:26:54.009380   781 raft_consensus.cc:493] T 514d87f975f540ad98ae35491d1a6f5d P c54c6d26b13348e48d3d7d2af37c944f [term 0 FOLLOWER]: Starting pre-election (no leader contacted us within the election timeout)
I20260710 13:26:54.009984   781 raft_consensus.cc:515] T 514d87f975f540ad98ae35491d1a6f5d P c54c6d26b13348e48d3d7d2af37c944f [term 0 FOLLOWER]: Starting pre-election with config: opid_index: -1 OBSOLETE_local: false peers { permanent_uuid: "c54c6d26b13348e48d3d7d2af37c944f" member_type: VOTER last_known_addr { host: "127.0.112.194" port: 46521 } } peers { permanent_uuid: "679d6639afd248b091d39a9613210d10" member_type: VOTER last_known_addr { host: "127.0.112.193" port: 44661 } } peers { permanent_uuid: "2b7da130a3e54aeb81a4d8d0756f3791" member_type: VOTER last_known_addr { host: "127.0.112.195" port: 40215 } }
I20260710 13:26:54.013087   777 tablet_bootstrap.cc:492] T 8a4f4578056c45818aecf7ef73c401b8 P c54c6d26b13348e48d3d7d2af37c944f: Bootstrap starting.
I20260710 13:26:54.015429   781 leader_election.cc:290] T 514d87f975f540ad98ae35491d1a6f5d P c54c6d26b13348e48d3d7d2af37c944f [CANDIDATE]: Term 1 pre-election: Requested pre-vote from peers 679d6639afd248b091d39a9613210d10 (127.0.112.193:44661), 2b7da130a3e54aeb81a4d8d0756f3791 (127.0.112.195:40215)
W20260710 13:26:54.029096   612 tablet.cc:2406] T 49d89f9a718741ac834b04b3f6226ca9 P 679d6639afd248b091d39a9613210d10: Can't schedule compaction. Clean time has not been advanced past its initial value.
I20260710 13:26:54.040660   779 tablet_bootstrap.cc:654] T 514d87f975f540ad98ae35491d1a6f5d P 2b7da130a3e54aeb81a4d8d0756f3791: Neither blocks nor log segments found. Creating new log.
I20260710 13:26:54.040369   778 tablet_bootstrap.cc:654] T 514d87f975f540ad98ae35491d1a6f5d P 679d6639afd248b091d39a9613210d10: Neither blocks nor log segments found. Creating new log.
I20260710 13:26:54.044219   777 tablet_bootstrap.cc:654] T 8a4f4578056c45818aecf7ef73c401b8 P c54c6d26b13348e48d3d7d2af37c944f: Neither blocks nor log segments found. Creating new log.
I20260710 13:26:54.058166   735 tablet_service.cc:1917] Received RequestConsensusVote() RPC: tablet_id: "514d87f975f540ad98ae35491d1a6f5d" candidate_uuid: "c54c6d26b13348e48d3d7d2af37c944f" candidate_term: 1 candidate_status { last_received { term: 0 index: 0 } } ignore_live_leader: false dest_uuid: "2b7da130a3e54aeb81a4d8d0756f3791" is_pre_election: true
I20260710 13:26:54.058904   586 tablet_service.cc:1917] Received RequestConsensusVote() RPC: tablet_id: "514d87f975f540ad98ae35491d1a6f5d" candidate_uuid: "c54c6d26b13348e48d3d7d2af37c944f" candidate_term: 1 candidate_status { last_received { term: 0 index: 0 } } ignore_live_leader: false dest_uuid: "679d6639afd248b091d39a9613210d10" is_pre_election: true
W20260710 13:26:54.061137   626 leader_election.cc:343] T 514d87f975f540ad98ae35491d1a6f5d P c54c6d26b13348e48d3d7d2af37c944f [CANDIDATE]: Term 1 pre-election: Tablet error from VoteRequest() call to peer 679d6639afd248b091d39a9613210d10 (127.0.112.193:44661): Illegal state: must be running to vote when last-logged opid is not known
W20260710 13:26:54.062307   624 leader_election.cc:343] T 514d87f975f540ad98ae35491d1a6f5d P c54c6d26b13348e48d3d7d2af37c944f [CANDIDATE]: Term 1 pre-election: Tablet error from VoteRequest() call to peer 2b7da130a3e54aeb81a4d8d0756f3791 (127.0.112.195:40215): Illegal state: must be running to vote when last-logged opid is not known
I20260710 13:26:54.062810   624 leader_election.cc:304] T 514d87f975f540ad98ae35491d1a6f5d P c54c6d26b13348e48d3d7d2af37c944f [CANDIDATE]: Term 1 pre-election: Election decided. Result: candidate lost. Election summary: received 3 responses out of 3 voters: 1 yes votes; 2 no votes. yes voters: c54c6d26b13348e48d3d7d2af37c944f; no voters: 2b7da130a3e54aeb81a4d8d0756f3791, 679d6639afd248b091d39a9613210d10
I20260710 13:26:54.063731   781 raft_consensus.cc:2749] T 514d87f975f540ad98ae35491d1a6f5d P c54c6d26b13348e48d3d7d2af37c944f [term 0 FOLLOWER]: Leader pre-election lost for term 1. Reason: could not achieve majority
I20260710 13:26:54.064095   779 tablet_bootstrap.cc:492] T 514d87f975f540ad98ae35491d1a6f5d P 2b7da130a3e54aeb81a4d8d0756f3791: No bootstrap required, opened a new log
I20260710 13:26:54.064117   777 tablet_bootstrap.cc:492] T 8a4f4578056c45818aecf7ef73c401b8 P c54c6d26b13348e48d3d7d2af37c944f: No bootstrap required, opened a new log
I20260710 13:26:54.064802   779 ts_tablet_manager.cc:1403] T 514d87f975f540ad98ae35491d1a6f5d P 2b7da130a3e54aeb81a4d8d0756f3791: Time spent bootstrapping tablet: real 0.065s	user 0.009s	sys 0.007s
I20260710 13:26:54.064981   777 ts_tablet_manager.cc:1403] T 8a4f4578056c45818aecf7ef73c401b8 P c54c6d26b13348e48d3d7d2af37c944f: Time spent bootstrapping tablet: real 0.052s	user 0.011s	sys 0.005s
I20260710 13:26:54.067926   779 raft_consensus.cc:359] T 514d87f975f540ad98ae35491d1a6f5d P 2b7da130a3e54aeb81a4d8d0756f3791 [term 0 FOLLOWER]: Replica starting. Triggering 0 pending ops. Active config: opid_index: -1 OBSOLETE_local: false peers { permanent_uuid: "c54c6d26b13348e48d3d7d2af37c944f" member_type: VOTER last_known_addr { host: "127.0.112.194" port: 46521 } } peers { permanent_uuid: "679d6639afd248b091d39a9613210d10" member_type: VOTER last_known_addr { host: "127.0.112.193" port: 44661 } } peers { permanent_uuid: "2b7da130a3e54aeb81a4d8d0756f3791" member_type: VOTER last_known_addr { host: "127.0.112.195" port: 40215 } }
I20260710 13:26:54.068606   778 tablet_bootstrap.cc:492] T 514d87f975f540ad98ae35491d1a6f5d P 679d6639afd248b091d39a9613210d10: No bootstrap required, opened a new log
I20260710 13:26:54.068781   779 raft_consensus.cc:385] T 514d87f975f540ad98ae35491d1a6f5d P 2b7da130a3e54aeb81a4d8d0756f3791 [term 0 FOLLOWER]: Consensus starting up: Expiring failure detector timer to make a prompt election more likely
I20260710 13:26:54.068248   777 raft_consensus.cc:359] T 8a4f4578056c45818aecf7ef73c401b8 P c54c6d26b13348e48d3d7d2af37c944f [term 0 FOLLOWER]: Replica starting. Triggering 0 pending ops. Active config: opid_index: -1 OBSOLETE_local: false peers { permanent_uuid: "679d6639afd248b091d39a9613210d10" member_type: VOTER last_known_addr { host: "127.0.112.193" port: 44661 } } peers { permanent_uuid: "c54c6d26b13348e48d3d7d2af37c944f" member_type: VOTER last_known_addr { host: "127.0.112.194" port: 46521 } } peers { permanent_uuid: "2b7da130a3e54aeb81a4d8d0756f3791" member_type: VOTER last_known_addr { host: "127.0.112.195" port: 40215 } }
I20260710 13:26:54.069137   779 raft_consensus.cc:740] T 514d87f975f540ad98ae35491d1a6f5d P 2b7da130a3e54aeb81a4d8d0756f3791 [term 0 FOLLOWER]: Becoming Follower/Learner. State: Replica: 2b7da130a3e54aeb81a4d8d0756f3791, State: Initialized, Role: FOLLOWER
I20260710 13:26:54.069229   777 raft_consensus.cc:385] T 8a4f4578056c45818aecf7ef73c401b8 P c54c6d26b13348e48d3d7d2af37c944f [term 0 FOLLOWER]: Consensus starting up: Expiring failure detector timer to make a prompt election more likely
I20260710 13:26:54.069344   778 ts_tablet_manager.cc:1403] T 514d87f975f540ad98ae35491d1a6f5d P 679d6639afd248b091d39a9613210d10: Time spent bootstrapping tablet: real 0.067s	user 0.007s	sys 0.010s
I20260710 13:26:54.069604   777 raft_consensus.cc:740] T 8a4f4578056c45818aecf7ef73c401b8 P c54c6d26b13348e48d3d7d2af37c944f [term 0 FOLLOWER]: Becoming Follower/Learner. State: Replica: c54c6d26b13348e48d3d7d2af37c944f, State: Initialized, Role: FOLLOWER
I20260710 13:26:54.070022   779 consensus_queue.cc:260] T 514d87f975f540ad98ae35491d1a6f5d P 2b7da130a3e54aeb81a4d8d0756f3791 [NON_LEADER]: Queue going to NON_LEADER mode. State: All replicated index: 0, Majority replicated index: 0, Committed index: 0, Last appended: 0.0, Last appended by leader: 0, Current term: 0, Majority size: -1, State: 0, Mode: NON_LEADER, active raft config: opid_index: -1 OBSOLETE_local: false peers { permanent_uuid: "c54c6d26b13348e48d3d7d2af37c944f" member_type: VOTER last_known_addr { host: "127.0.112.194" port: 46521 } } peers { permanent_uuid: "679d6639afd248b091d39a9613210d10" member_type: VOTER last_known_addr { host: "127.0.112.193" port: 44661 } } peers { permanent_uuid: "2b7da130a3e54aeb81a4d8d0756f3791" member_type: VOTER last_known_addr { host: "127.0.112.195" port: 40215 } }
I20260710 13:26:54.070439   777 consensus_queue.cc:260] T 8a4f4578056c45818aecf7ef73c401b8 P c54c6d26b13348e48d3d7d2af37c944f [NON_LEADER]: Queue going to NON_LEADER mode. State: All replicated index: 0, Majority replicated index: 0, Committed index: 0, Last appended: 0.0, Last appended by leader: 0, Current term: 0, Majority size: -1, State: 0, Mode: NON_LEADER, active raft config: opid_index: -1 OBSOLETE_local: false peers { permanent_uuid: "679d6639afd248b091d39a9613210d10" member_type: VOTER last_known_addr { host: "127.0.112.193" port: 44661 } } peers { permanent_uuid: "c54c6d26b13348e48d3d7d2af37c944f" member_type: VOTER last_known_addr { host: "127.0.112.194" port: 46521 } } peers { permanent_uuid: "2b7da130a3e54aeb81a4d8d0756f3791" member_type: VOTER last_known_addr { host: "127.0.112.195" port: 40215 } }
I20260710 13:26:54.072705   777 ts_tablet_manager.cc:1434] T 8a4f4578056c45818aecf7ef73c401b8 P c54c6d26b13348e48d3d7d2af37c944f: Time spent starting tablet: real 0.007s	user 0.000s	sys 0.005s
I20260710 13:26:54.072762   778 raft_consensus.cc:359] T 514d87f975f540ad98ae35491d1a6f5d P 679d6639afd248b091d39a9613210d10 [term 0 FOLLOWER]: Replica starting. Triggering 0 pending ops. Active config: opid_index: -1 OBSOLETE_local: false peers { permanent_uuid: "c54c6d26b13348e48d3d7d2af37c944f" member_type: VOTER last_known_addr { host: "127.0.112.194" port: 46521 } } peers { permanent_uuid: "679d6639afd248b091d39a9613210d10" member_type: VOTER last_known_addr { host: "127.0.112.193" port: 44661 } } peers { permanent_uuid: "2b7da130a3e54aeb81a4d8d0756f3791" member_type: VOTER last_known_addr { host: "127.0.112.195" port: 40215 } }
I20260710 13:26:54.073626   778 raft_consensus.cc:385] T 514d87f975f540ad98ae35491d1a6f5d P 679d6639afd248b091d39a9613210d10 [term 0 FOLLOWER]: Consensus starting up: Expiring failure detector timer to make a prompt election more likely
I20260710 13:26:54.073727   777 tablet_bootstrap.cc:492] T 1ef2d97bbbb44417a0fcf9350975a03b P c54c6d26b13348e48d3d7d2af37c944f: Bootstrap starting.
I20260710 13:26:54.074065   778 raft_consensus.cc:740] T 514d87f975f540ad98ae35491d1a6f5d P 679d6639afd248b091d39a9613210d10 [term 0 FOLLOWER]: Becoming Follower/Learner. State: Replica: 679d6639afd248b091d39a9613210d10, State: Initialized, Role: FOLLOWER
I20260710 13:26:54.074891   778 consensus_queue.cc:260] T 514d87f975f540ad98ae35491d1a6f5d P 679d6639afd248b091d39a9613210d10 [NON_LEADER]: Queue going to NON_LEADER mode. State: All replicated index: 0, Majority replicated index: 0, Committed index: 0, Last appended: 0.0, Last appended by leader: 0, Current term: 0, Majority size: -1, State: 0, Mode: NON_LEADER, active raft config: opid_index: -1 OBSOLETE_local: false peers { permanent_uuid: "c54c6d26b13348e48d3d7d2af37c944f" member_type: VOTER last_known_addr { host: "127.0.112.194" port: 46521 } } peers { permanent_uuid: "679d6639afd248b091d39a9613210d10" member_type: VOTER last_known_addr { host: "127.0.112.193" port: 44661 } } peers { permanent_uuid: "2b7da130a3e54aeb81a4d8d0756f3791" member_type: VOTER last_known_addr { host: "127.0.112.195" port: 40215 } }
I20260710 13:26:54.081015   777 tablet_bootstrap.cc:654] T 1ef2d97bbbb44417a0fcf9350975a03b P c54c6d26b13348e48d3d7d2af37c944f: Neither blocks nor log segments found. Creating new log.
I20260710 13:26:54.081907   778 ts_tablet_manager.cc:1434] T 514d87f975f540ad98ae35491d1a6f5d P 679d6639afd248b091d39a9613210d10: Time spent starting tablet: real 0.012s	user 0.003s	sys 0.003s
I20260710 13:26:54.083060   778 tablet_bootstrap.cc:492] T 9f5c2ea47dff48479830168cdf60741c P 679d6639afd248b091d39a9613210d10: Bootstrap starting.
I20260710 13:26:54.090296   778 tablet_bootstrap.cc:654] T 9f5c2ea47dff48479830168cdf60741c P 679d6639afd248b091d39a9613210d10: Neither blocks nor log segments found. Creating new log.
I20260710 13:26:54.099928   779 ts_tablet_manager.cc:1434] T 514d87f975f540ad98ae35491d1a6f5d P 2b7da130a3e54aeb81a4d8d0756f3791: Time spent starting tablet: real 0.035s	user 0.003s	sys 0.004s
I20260710 13:26:54.101006   777 tablet_bootstrap.cc:492] T 1ef2d97bbbb44417a0fcf9350975a03b P c54c6d26b13348e48d3d7d2af37c944f: No bootstrap required, opened a new log
I20260710 13:26:54.101052   779 tablet_bootstrap.cc:492] T 49d89f9a718741ac834b04b3f6226ca9 P 2b7da130a3e54aeb81a4d8d0756f3791: Bootstrap starting.
I20260710 13:26:54.101629   777 ts_tablet_manager.cc:1403] T 1ef2d97bbbb44417a0fcf9350975a03b P c54c6d26b13348e48d3d7d2af37c944f: Time spent bootstrapping tablet: real 0.028s	user 0.023s	sys 0.004s
I20260710 13:26:54.104982   777 raft_consensus.cc:359] T 1ef2d97bbbb44417a0fcf9350975a03b P c54c6d26b13348e48d3d7d2af37c944f [term 0 FOLLOWER]: Replica starting. Triggering 0 pending ops. Active config: opid_index: -1 OBSOLETE_local: false peers { permanent_uuid: "679d6639afd248b091d39a9613210d10" member_type: VOTER last_known_addr { host: "127.0.112.193" port: 44661 } } peers { permanent_uuid: "c54c6d26b13348e48d3d7d2af37c944f" member_type: VOTER last_known_addr { host: "127.0.112.194" port: 46521 } } peers { permanent_uuid: "2b7da130a3e54aeb81a4d8d0756f3791" member_type: VOTER last_known_addr { host: "127.0.112.195" port: 40215 } }
I20260710 13:26:54.105791   777 raft_consensus.cc:385] T 1ef2d97bbbb44417a0fcf9350975a03b P c54c6d26b13348e48d3d7d2af37c944f [term 0 FOLLOWER]: Consensus starting up: Expiring failure detector timer to make a prompt election more likely
I20260710 13:26:54.106122   777 raft_consensus.cc:740] T 1ef2d97bbbb44417a0fcf9350975a03b P c54c6d26b13348e48d3d7d2af37c944f [term 0 FOLLOWER]: Becoming Follower/Learner. State: Replica: c54c6d26b13348e48d3d7d2af37c944f, State: Initialized, Role: FOLLOWER
I20260710 13:26:54.106894   777 consensus_queue.cc:260] T 1ef2d97bbbb44417a0fcf9350975a03b P c54c6d26b13348e48d3d7d2af37c944f [NON_LEADER]: Queue going to NON_LEADER mode. State: All replicated index: 0, Majority replicated index: 0, Committed index: 0, Last appended: 0.0, Last appended by leader: 0, Current term: 0, Majority size: -1, State: 0, Mode: NON_LEADER, active raft config: opid_index: -1 OBSOLETE_local: false peers { permanent_uuid: "679d6639afd248b091d39a9613210d10" member_type: VOTER last_known_addr { host: "127.0.112.193" port: 44661 } } peers { permanent_uuid: "c54c6d26b13348e48d3d7d2af37c944f" member_type: VOTER last_known_addr { host: "127.0.112.194" port: 46521 } } peers { permanent_uuid: "2b7da130a3e54aeb81a4d8d0756f3791" member_type: VOTER last_known_addr { host: "127.0.112.195" port: 40215 } }
I20260710 13:26:54.109398   777 ts_tablet_manager.cc:1434] T 1ef2d97bbbb44417a0fcf9350975a03b P c54c6d26b13348e48d3d7d2af37c944f: Time spent starting tablet: real 0.007s	user 0.000s	sys 0.007s
I20260710 13:26:54.110087   778 tablet_bootstrap.cc:492] T 9f5c2ea47dff48479830168cdf60741c P 679d6639afd248b091d39a9613210d10: No bootstrap required, opened a new log
I20260710 13:26:54.110394   777 tablet_bootstrap.cc:492] T 9f5c2ea47dff48479830168cdf60741c P c54c6d26b13348e48d3d7d2af37c944f: Bootstrap starting.
I20260710 13:26:54.110687   778 ts_tablet_manager.cc:1403] T 9f5c2ea47dff48479830168cdf60741c P 679d6639afd248b091d39a9613210d10: Time spent bootstrapping tablet: real 0.028s	user 0.008s	sys 0.011s
I20260710 13:26:54.113827   778 raft_consensus.cc:359] T 9f5c2ea47dff48479830168cdf60741c P 679d6639afd248b091d39a9613210d10 [term 0 FOLLOWER]: Replica starting. Triggering 0 pending ops. Active config: opid_index: -1 OBSOLETE_local: false peers { permanent_uuid: "679d6639afd248b091d39a9613210d10" member_type: VOTER last_known_addr { host: "127.0.112.193" port: 44661 } } peers { permanent_uuid: "c54c6d26b13348e48d3d7d2af37c944f" member_type: VOTER last_known_addr { host: "127.0.112.194" port: 46521 } } peers { permanent_uuid: "2b7da130a3e54aeb81a4d8d0756f3791" member_type: VOTER last_known_addr { host: "127.0.112.195" port: 40215 } }
I20260710 13:26:54.114809   778 raft_consensus.cc:385] T 9f5c2ea47dff48479830168cdf60741c P 679d6639afd248b091d39a9613210d10 [term 0 FOLLOWER]: Consensus starting up: Expiring failure detector timer to make a prompt election more likely
I20260710 13:26:54.115193   778 raft_consensus.cc:740] T 9f5c2ea47dff48479830168cdf60741c P 679d6639afd248b091d39a9613210d10 [term 0 FOLLOWER]: Becoming Follower/Learner. State: Replica: 679d6639afd248b091d39a9613210d10, State: Initialized, Role: FOLLOWER
I20260710 13:26:54.116003   778 consensus_queue.cc:260] T 9f5c2ea47dff48479830168cdf60741c P 679d6639afd248b091d39a9613210d10 [NON_LEADER]: Queue going to NON_LEADER mode. State: All replicated index: 0, Majority replicated index: 0, Committed index: 0, Last appended: 0.0, Last appended by leader: 0, Current term: 0, Majority size: -1, State: 0, Mode: NON_LEADER, active raft config: opid_index: -1 OBSOLETE_local: false peers { permanent_uuid: "679d6639afd248b091d39a9613210d10" member_type: VOTER last_known_addr { host: "127.0.112.193" port: 44661 } } peers { permanent_uuid: "c54c6d26b13348e48d3d7d2af37c944f" member_type: VOTER last_known_addr { host: "127.0.112.194" port: 46521 } } peers { permanent_uuid: "2b7da130a3e54aeb81a4d8d0756f3791" member_type: VOTER last_known_addr { host: "127.0.112.195" port: 40215 } }
I20260710 13:26:54.119524   778 ts_tablet_manager.cc:1434] T 9f5c2ea47dff48479830168cdf60741c P 679d6639afd248b091d39a9613210d10: Time spent starting tablet: real 0.008s	user 0.007s	sys 0.000s
I20260710 13:26:54.120091   777 tablet_bootstrap.cc:654] T 9f5c2ea47dff48479830168cdf60741c P c54c6d26b13348e48d3d7d2af37c944f: Neither blocks nor log segments found. Creating new log.
I20260710 13:26:54.120673   778 tablet_bootstrap.cc:492] T 8a4f4578056c45818aecf7ef73c401b8 P 679d6639afd248b091d39a9613210d10: Bootstrap starting.
I20260710 13:26:54.128328   778 tablet_bootstrap.cc:654] T 8a4f4578056c45818aecf7ef73c401b8 P 679d6639afd248b091d39a9613210d10: Neither blocks nor log segments found. Creating new log.
I20260710 13:26:54.129662   779 tablet_bootstrap.cc:654] T 49d89f9a718741ac834b04b3f6226ca9 P 2b7da130a3e54aeb81a4d8d0756f3791: Neither blocks nor log segments found. Creating new log.
I20260710 13:26:54.141428   777 tablet_bootstrap.cc:492] T 9f5c2ea47dff48479830168cdf60741c P c54c6d26b13348e48d3d7d2af37c944f: No bootstrap required, opened a new log
I20260710 13:26:54.142023   777 ts_tablet_manager.cc:1403] T 9f5c2ea47dff48479830168cdf60741c P c54c6d26b13348e48d3d7d2af37c944f: Time spent bootstrapping tablet: real 0.032s	user 0.012s	sys 0.014s
I20260710 13:26:54.142135   779 tablet_bootstrap.cc:492] T 49d89f9a718741ac834b04b3f6226ca9 P 2b7da130a3e54aeb81a4d8d0756f3791: No bootstrap required, opened a new log
I20260710 13:26:54.142719   779 ts_tablet_manager.cc:1403] T 49d89f9a718741ac834b04b3f6226ca9 P 2b7da130a3e54aeb81a4d8d0756f3791: Time spent bootstrapping tablet: real 0.042s	user 0.004s	sys 0.014s
I20260710 13:26:54.145836   779 raft_consensus.cc:359] T 49d89f9a718741ac834b04b3f6226ca9 P 2b7da130a3e54aeb81a4d8d0756f3791 [term 0 FOLLOWER]: Replica starting. Triggering 0 pending ops. Active config: opid_index: -1 OBSOLETE_local: false peers { permanent_uuid: "679d6639afd248b091d39a9613210d10" member_type: VOTER last_known_addr { host: "127.0.112.193" port: 44661 } } peers { permanent_uuid: "c54c6d26b13348e48d3d7d2af37c944f" member_type: VOTER last_known_addr { host: "127.0.112.194" port: 46521 } } peers { permanent_uuid: "2b7da130a3e54aeb81a4d8d0756f3791" member_type: VOTER last_known_addr { host: "127.0.112.195" port: 40215 } }
I20260710 13:26:54.146598   779 raft_consensus.cc:385] T 49d89f9a718741ac834b04b3f6226ca9 P 2b7da130a3e54aeb81a4d8d0756f3791 [term 0 FOLLOWER]: Consensus starting up: Expiring failure detector timer to make a prompt election more likely
I20260710 13:26:54.146889   779 raft_consensus.cc:740] T 49d89f9a718741ac834b04b3f6226ca9 P 2b7da130a3e54aeb81a4d8d0756f3791 [term 0 FOLLOWER]: Becoming Follower/Learner. State: Replica: 2b7da130a3e54aeb81a4d8d0756f3791, State: Initialized, Role: FOLLOWER
I20260710 13:26:54.148362   784 raft_consensus.cc:493] T 514d87f975f540ad98ae35491d1a6f5d P 679d6639afd248b091d39a9613210d10 [term 0 FOLLOWER]: Starting pre-election (no leader contacted us within the election timeout)
I20260710 13:26:54.148291   779 consensus_queue.cc:260] T 49d89f9a718741ac834b04b3f6226ca9 P 2b7da130a3e54aeb81a4d8d0756f3791 [NON_LEADER]: Queue going to NON_LEADER mode. State: All replicated index: 0, Majority replicated index: 0, Committed index: 0, Last appended: 0.0, Last appended by leader: 0, Current term: 0, Majority size: -1, State: 0, Mode: NON_LEADER, active raft config: opid_index: -1 OBSOLETE_local: false peers { permanent_uuid: "679d6639afd248b091d39a9613210d10" member_type: VOTER last_known_addr { host: "127.0.112.193" port: 44661 } } peers { permanent_uuid: "c54c6d26b13348e48d3d7d2af37c944f" member_type: VOTER last_known_addr { host: "127.0.112.194" port: 46521 } } peers { permanent_uuid: "2b7da130a3e54aeb81a4d8d0756f3791" member_type: VOTER last_known_addr { host: "127.0.112.195" port: 40215 } }
I20260710 13:26:54.148947   784 raft_consensus.cc:515] T 514d87f975f540ad98ae35491d1a6f5d P 679d6639afd248b091d39a9613210d10 [term 0 FOLLOWER]: Starting pre-election with config: opid_index: -1 OBSOLETE_local: false peers { permanent_uuid: "c54c6d26b13348e48d3d7d2af37c944f" member_type: VOTER last_known_addr { host: "127.0.112.194" port: 46521 } } peers { permanent_uuid: "679d6639afd248b091d39a9613210d10" member_type: VOTER last_known_addr { host: "127.0.112.193" port: 44661 } } peers { permanent_uuid: "2b7da130a3e54aeb81a4d8d0756f3791" member_type: VOTER last_known_addr { host: "127.0.112.195" port: 40215 } }
I20260710 13:26:54.150842   779 ts_tablet_manager.cc:1434] T 49d89f9a718741ac834b04b3f6226ca9 P 2b7da130a3e54aeb81a4d8d0756f3791: Time spent starting tablet: real 0.008s	user 0.006s	sys 0.001s
I20260710 13:26:54.150818   781 raft_consensus.cc:493] T 728639828f484b11b28253baeaefdb55 P c54c6d26b13348e48d3d7d2af37c944f [term 0 FOLLOWER]: Starting pre-election (no leader contacted us within the election timeout)
I20260710 13:26:54.151372   781 raft_consensus.cc:515] T 728639828f484b11b28253baeaefdb55 P c54c6d26b13348e48d3d7d2af37c944f [term 0 FOLLOWER]: Starting pre-election with config: opid_index: -1 OBSOLETE_local: false peers { permanent_uuid: "679d6639afd248b091d39a9613210d10" member_type: VOTER last_known_addr { host: "127.0.112.193" port: 44661 } } peers { permanent_uuid: "c54c6d26b13348e48d3d7d2af37c944f" member_type: VOTER last_known_addr { host: "127.0.112.194" port: 46521 } } peers { permanent_uuid: "2b7da130a3e54aeb81a4d8d0756f3791" member_type: VOTER last_known_addr { host: "127.0.112.195" port: 40215 } }
I20260710 13:26:54.151921   784 leader_election.cc:290] T 514d87f975f540ad98ae35491d1a6f5d P 679d6639afd248b091d39a9613210d10 [CANDIDATE]: Term 1 pre-election: Requested pre-vote from peers c54c6d26b13348e48d3d7d2af37c944f (127.0.112.194:46521), 2b7da130a3e54aeb81a4d8d0756f3791 (127.0.112.195:40215)
I20260710 13:26:54.153419   781 leader_election.cc:290] T 728639828f484b11b28253baeaefdb55 P c54c6d26b13348e48d3d7d2af37c944f [CANDIDATE]: Term 1 pre-election: Requested pre-vote from peers 679d6639afd248b091d39a9613210d10 (127.0.112.193:44661), 2b7da130a3e54aeb81a4d8d0756f3791 (127.0.112.195:40215)
I20260710 13:26:54.154322   586 tablet_service.cc:1917] Received RequestConsensusVote() RPC: tablet_id: "728639828f484b11b28253baeaefdb55" candidate_uuid: "c54c6d26b13348e48d3d7d2af37c944f" candidate_term: 1 candidate_status { last_received { term: 0 index: 0 } } ignore_live_leader: false dest_uuid: "679d6639afd248b091d39a9613210d10" is_pre_election: true
W20260710 13:26:54.156898   626 leader_election.cc:343] T 728639828f484b11b28253baeaefdb55 P c54c6d26b13348e48d3d7d2af37c944f [CANDIDATE]: Term 1 pre-election: Tablet error from VoteRequest() call to peer 679d6639afd248b091d39a9613210d10 (127.0.112.193:44661): Illegal state: must be running to vote when last-logged opid is not known
I20260710 13:26:54.159482   735 tablet_service.cc:1917] Received RequestConsensusVote() RPC: tablet_id: "728639828f484b11b28253baeaefdb55" candidate_uuid: "c54c6d26b13348e48d3d7d2af37c944f" candidate_term: 1 candidate_status { last_received { term: 0 index: 0 } } ignore_live_leader: false dest_uuid: "2b7da130a3e54aeb81a4d8d0756f3791" is_pre_election: true
I20260710 13:26:54.152495   777 raft_consensus.cc:359] T 9f5c2ea47dff48479830168cdf60741c P c54c6d26b13348e48d3d7d2af37c944f [term 0 FOLLOWER]: Replica starting. Triggering 0 pending ops. Active config: opid_index: -1 OBSOLETE_local: false peers { permanent_uuid: "679d6639afd248b091d39a9613210d10" member_type: VOTER last_known_addr { host: "127.0.112.193" port: 44661 } } peers { permanent_uuid: "c54c6d26b13348e48d3d7d2af37c944f" member_type: VOTER last_known_addr { host: "127.0.112.194" port: 46521 } } peers { permanent_uuid: "2b7da130a3e54aeb81a4d8d0756f3791" member_type: VOTER last_known_addr { host: "127.0.112.195" port: 40215 } }
I20260710 13:26:54.161088   777 raft_consensus.cc:385] T 9f5c2ea47dff48479830168cdf60741c P c54c6d26b13348e48d3d7d2af37c944f [term 0 FOLLOWER]: Consensus starting up: Expiring failure detector timer to make a prompt election more likely
I20260710 13:26:54.161458   777 raft_consensus.cc:740] T 9f5c2ea47dff48479830168cdf60741c P c54c6d26b13348e48d3d7d2af37c944f [term 0 FOLLOWER]: Becoming Follower/Learner. State: Replica: c54c6d26b13348e48d3d7d2af37c944f, State: Initialized, Role: FOLLOWER
W20260710 13:26:54.166631   624 leader_election.cc:343] T 728639828f484b11b28253baeaefdb55 P c54c6d26b13348e48d3d7d2af37c944f [CANDIDATE]: Term 1 pre-election: Tablet error from VoteRequest() call to peer 2b7da130a3e54aeb81a4d8d0756f3791 (127.0.112.195:40215): Illegal state: must be running to vote when last-logged opid is not known
I20260710 13:26:54.166854   779 tablet_bootstrap.cc:492] T 9f5c2ea47dff48479830168cdf60741c P 2b7da130a3e54aeb81a4d8d0756f3791: Bootstrap starting.
I20260710 13:26:54.167169   624 leader_election.cc:304] T 728639828f484b11b28253baeaefdb55 P c54c6d26b13348e48d3d7d2af37c944f [CANDIDATE]: Term 1 pre-election: Election decided. Result: candidate lost. Election summary: received 3 responses out of 3 voters: 1 yes votes; 2 no votes. yes voters: c54c6d26b13348e48d3d7d2af37c944f; no voters: 2b7da130a3e54aeb81a4d8d0756f3791, 679d6639afd248b091d39a9613210d10
I20260710 13:26:54.168877   778 tablet_bootstrap.cc:492] T 8a4f4578056c45818aecf7ef73c401b8 P 679d6639afd248b091d39a9613210d10: No bootstrap required, opened a new log
I20260710 13:26:54.171098   781 raft_consensus.cc:2749] T 728639828f484b11b28253baeaefdb55 P c54c6d26b13348e48d3d7d2af37c944f [term 0 FOLLOWER]: Leader pre-election lost for term 1. Reason: could not achieve majority
I20260710 13:26:54.171998   778 ts_tablet_manager.cc:1403] T 8a4f4578056c45818aecf7ef73c401b8 P 679d6639afd248b091d39a9613210d10: Time spent bootstrapping tablet: real 0.052s	user 0.022s	sys 0.004s
I20260710 13:26:54.167233   777 consensus_queue.cc:260] T 9f5c2ea47dff48479830168cdf60741c P c54c6d26b13348e48d3d7d2af37c944f [NON_LEADER]: Queue going to NON_LEADER mode. State: All replicated index: 0, Majority replicated index: 0, Committed index: 0, Last appended: 0.0, Last appended by leader: 0, Current term: 0, Majority size: -1, State: 0, Mode: NON_LEADER, active raft config: opid_index: -1 OBSOLETE_local: false peers { permanent_uuid: "679d6639afd248b091d39a9613210d10" member_type: VOTER last_known_addr { host: "127.0.112.193" port: 44661 } } peers { permanent_uuid: "c54c6d26b13348e48d3d7d2af37c944f" member_type: VOTER last_known_addr { host: "127.0.112.194" port: 46521 } } peers { permanent_uuid: "2b7da130a3e54aeb81a4d8d0756f3791" member_type: VOTER last_known_addr { host: "127.0.112.195" port: 40215 } }
I20260710 13:26:54.174244   777 ts_tablet_manager.cc:1434] T 9f5c2ea47dff48479830168cdf60741c P c54c6d26b13348e48d3d7d2af37c944f: Time spent starting tablet: real 0.032s	user 0.002s	sys 0.006s
I20260710 13:26:54.175419   777 tablet_bootstrap.cc:492] T 49d89f9a718741ac834b04b3f6226ca9 P c54c6d26b13348e48d3d7d2af37c944f: Bootstrap starting.
I20260710 13:26:54.175143   778 raft_consensus.cc:359] T 8a4f4578056c45818aecf7ef73c401b8 P 679d6639afd248b091d39a9613210d10 [term 0 FOLLOWER]: Replica starting. Triggering 0 pending ops. Active config: opid_index: -1 OBSOLETE_local: false peers { permanent_uuid: "679d6639afd248b091d39a9613210d10" member_type: VOTER last_known_addr { host: "127.0.112.193" port: 44661 } } peers { permanent_uuid: "c54c6d26b13348e48d3d7d2af37c944f" member_type: VOTER last_known_addr { host: "127.0.112.194" port: 46521 } } peers { permanent_uuid: "2b7da130a3e54aeb81a4d8d0756f3791" member_type: VOTER last_known_addr { host: "127.0.112.195" port: 40215 } }
I20260710 13:26:54.178826   785 raft_consensus.cc:493] T 514d87f975f540ad98ae35491d1a6f5d P 2b7da130a3e54aeb81a4d8d0756f3791 [term 0 FOLLOWER]: Starting pre-election (no leader contacted us within the election timeout)
I20260710 13:26:54.179260   778 raft_consensus.cc:385] T 8a4f4578056c45818aecf7ef73c401b8 P 679d6639afd248b091d39a9613210d10 [term 0 FOLLOWER]: Consensus starting up: Expiring failure detector timer to make a prompt election more likely
I20260710 13:26:54.179595   778 raft_consensus.cc:740] T 8a4f4578056c45818aecf7ef73c401b8 P 679d6639afd248b091d39a9613210d10 [term 0 FOLLOWER]: Becoming Follower/Learner. State: Replica: 679d6639afd248b091d39a9613210d10, State: Initialized, Role: FOLLOWER
I20260710 13:26:54.179365   785 raft_consensus.cc:515] T 514d87f975f540ad98ae35491d1a6f5d P 2b7da130a3e54aeb81a4d8d0756f3791 [term 0 FOLLOWER]: Starting pre-election with config: opid_index: -1 OBSOLETE_local: false peers { permanent_uuid: "c54c6d26b13348e48d3d7d2af37c944f" member_type: VOTER last_known_addr { host: "127.0.112.194" port: 46521 } } peers { permanent_uuid: "679d6639afd248b091d39a9613210d10" member_type: VOTER last_known_addr { host: "127.0.112.193" port: 44661 } } peers { permanent_uuid: "2b7da130a3e54aeb81a4d8d0756f3791" member_type: VOTER last_known_addr { host: "127.0.112.195" port: 40215 } }
I20260710 13:26:54.181638   778 consensus_queue.cc:260] T 8a4f4578056c45818aecf7ef73c401b8 P 679d6639afd248b091d39a9613210d10 [NON_LEADER]: Queue going to NON_LEADER mode. State: All replicated index: 0, Majority replicated index: 0, Committed index: 0, Last appended: 0.0, Last appended by leader: 0, Current term: 0, Majority size: -1, State: 0, Mode: NON_LEADER, active raft config: opid_index: -1 OBSOLETE_local: false peers { permanent_uuid: "679d6639afd248b091d39a9613210d10" member_type: VOTER last_known_addr { host: "127.0.112.193" port: 44661 } } peers { permanent_uuid: "c54c6d26b13348e48d3d7d2af37c944f" member_type: VOTER last_known_addr { host: "127.0.112.194" port: 46521 } } peers { permanent_uuid: "2b7da130a3e54aeb81a4d8d0756f3791" member_type: VOTER last_known_addr { host: "127.0.112.195" port: 40215 } }
I20260710 13:26:54.184104   785 leader_election.cc:290] T 514d87f975f540ad98ae35491d1a6f5d P 2b7da130a3e54aeb81a4d8d0756f3791 [CANDIDATE]: Term 1 pre-election: Requested pre-vote from peers c54c6d26b13348e48d3d7d2af37c944f (127.0.112.194:46521), 679d6639afd248b091d39a9613210d10 (127.0.112.193:44661)
I20260710 13:26:54.187405   778 ts_tablet_manager.cc:1434] T 8a4f4578056c45818aecf7ef73c401b8 P 679d6639afd248b091d39a9613210d10: Time spent starting tablet: real 0.015s	user 0.006s	sys 0.002s
I20260710 13:26:54.188863   778 tablet_bootstrap.cc:492] T 3ff74dab4f894452b780962530d44471 P 679d6639afd248b091d39a9613210d10: Bootstrap starting.
I20260710 13:26:54.204279   778 tablet_bootstrap.cc:654] T 3ff74dab4f894452b780962530d44471 P 679d6639afd248b091d39a9613210d10: Neither blocks nor log segments found. Creating new log.
I20260710 13:26:54.211241   781 raft_consensus.cc:493] T 9f5c2ea47dff48479830168cdf60741c P c54c6d26b13348e48d3d7d2af37c944f [term 0 FOLLOWER]: Starting pre-election (no leader contacted us within the election timeout)
I20260710 13:26:54.212177   781 raft_consensus.cc:515] T 9f5c2ea47dff48479830168cdf60741c P c54c6d26b13348e48d3d7d2af37c944f [term 0 FOLLOWER]: Starting pre-election with config: opid_index: -1 OBSOLETE_local: false peers { permanent_uuid: "679d6639afd248b091d39a9613210d10" member_type: VOTER last_known_addr { host: "127.0.112.193" port: 44661 } } peers { permanent_uuid: "c54c6d26b13348e48d3d7d2af37c944f" member_type: VOTER last_known_addr { host: "127.0.112.194" port: 46521 } } peers { permanent_uuid: "2b7da130a3e54aeb81a4d8d0756f3791" member_type: VOTER last_known_addr { host: "127.0.112.195" port: 40215 } }
I20260710 13:26:54.215106   781 leader_election.cc:290] T 9f5c2ea47dff48479830168cdf60741c P c54c6d26b13348e48d3d7d2af37c944f [CANDIDATE]: Term 1 pre-election: Requested pre-vote from peers 679d6639afd248b091d39a9613210d10 (127.0.112.193:44661), 2b7da130a3e54aeb81a4d8d0756f3791 (127.0.112.195:40215)
I20260710 13:26:54.219635   779 tablet_bootstrap.cc:654] T 9f5c2ea47dff48479830168cdf60741c P 2b7da130a3e54aeb81a4d8d0756f3791: Neither blocks nor log segments found. Creating new log.
I20260710 13:26:54.219115   661 tablet_service.cc:1917] Received RequestConsensusVote() RPC: tablet_id: "514d87f975f540ad98ae35491d1a6f5d" candidate_uuid: "679d6639afd248b091d39a9613210d10" candidate_term: 1 candidate_status { last_received { term: 0 index: 0 } } ignore_live_leader: false dest_uuid: "c54c6d26b13348e48d3d7d2af37c944f" is_pre_election: true
I20260710 13:26:54.218688   735 tablet_service.cc:1917] Received RequestConsensusVote() RPC: tablet_id: "9f5c2ea47dff48479830168cdf60741c" candidate_uuid: "c54c6d26b13348e48d3d7d2af37c944f" candidate_term: 1 candidate_status { last_received { term: 0 index: 0 } } ignore_live_leader: false dest_uuid: "2b7da130a3e54aeb81a4d8d0756f3791" is_pre_election: true
I20260710 13:26:54.223559   777 tablet_bootstrap.cc:654] T 49d89f9a718741ac834b04b3f6226ca9 P c54c6d26b13348e48d3d7d2af37c944f: Neither blocks nor log segments found. Creating new log.
I20260710 13:26:54.221325   586 tablet_service.cc:1917] Received RequestConsensusVote() RPC: tablet_id: "9f5c2ea47dff48479830168cdf60741c" candidate_uuid: "c54c6d26b13348e48d3d7d2af37c944f" candidate_term: 1 candidate_status { last_received { term: 0 index: 0 } } ignore_live_leader: false dest_uuid: "679d6639afd248b091d39a9613210d10" is_pre_election: true
I20260710 13:26:54.222604   661 raft_consensus.cc:2468] T 514d87f975f540ad98ae35491d1a6f5d P c54c6d26b13348e48d3d7d2af37c944f [term 0 FOLLOWER]: Leader pre-election vote request: Granting yes vote for candidate 679d6639afd248b091d39a9613210d10 in term 0.
I20260710 13:26:54.224421   586 raft_consensus.cc:2468] T 9f5c2ea47dff48479830168cdf60741c P 679d6639afd248b091d39a9613210d10 [term 0 FOLLOWER]: Leader pre-election vote request: Granting yes vote for candidate c54c6d26b13348e48d3d7d2af37c944f in term 0.
W20260710 13:26:54.225325   624 leader_election.cc:343] T 9f5c2ea47dff48479830168cdf60741c P c54c6d26b13348e48d3d7d2af37c944f [CANDIDATE]: Term 1 pre-election: Tablet error from VoteRequest() call to peer 2b7da130a3e54aeb81a4d8d0756f3791 (127.0.112.195:40215): Illegal state: must be running to vote when last-logged opid is not known
I20260710 13:26:54.227543   551 leader_election.cc:304] T 514d87f975f540ad98ae35491d1a6f5d P 679d6639afd248b091d39a9613210d10 [CANDIDATE]: Term 1 pre-election: Election decided. Result: candidate won. Election summary: received 2 responses out of 3 voters: 2 yes votes; 0 no votes. yes voters: 679d6639afd248b091d39a9613210d10, c54c6d26b13348e48d3d7d2af37c944f; no voters: 
I20260710 13:26:54.228826   784 raft_consensus.cc:2804] T 514d87f975f540ad98ae35491d1a6f5d P 679d6639afd248b091d39a9613210d10 [term 0 FOLLOWER]: Leader pre-election won for term 1
I20260710 13:26:54.229189   784 raft_consensus.cc:493] T 514d87f975f540ad98ae35491d1a6f5d P 679d6639afd248b091d39a9613210d10 [term 0 FOLLOWER]: Starting leader election (no leader contacted us within the election timeout)
I20260710 13:26:54.229542   784 raft_consensus.cc:3060] T 514d87f975f540ad98ae35491d1a6f5d P 679d6639afd248b091d39a9613210d10 [term 0 FOLLOWER]: Advancing to term 1
I20260710 13:26:54.230012   626 leader_election.cc:304] T 9f5c2ea47dff48479830168cdf60741c P c54c6d26b13348e48d3d7d2af37c944f [CANDIDATE]: Term 1 pre-election: Election decided. Result: candidate won. Election summary: received 3 responses out of 3 voters: 2 yes votes; 1 no votes. yes voters: 679d6639afd248b091d39a9613210d10, c54c6d26b13348e48d3d7d2af37c944f; no voters: 2b7da130a3e54aeb81a4d8d0756f3791
I20260710 13:26:54.234544   781 raft_consensus.cc:2804] T 9f5c2ea47dff48479830168cdf60741c P c54c6d26b13348e48d3d7d2af37c944f [term 0 FOLLOWER]: Leader pre-election won for term 1
I20260710 13:26:54.242587   781 raft_consensus.cc:493] T 9f5c2ea47dff48479830168cdf60741c P c54c6d26b13348e48d3d7d2af37c944f [term 0 FOLLOWER]: Starting leader election (no leader contacted us within the election timeout)
I20260710 13:26:54.243000   781 raft_consensus.cc:3060] T 9f5c2ea47dff48479830168cdf60741c P c54c6d26b13348e48d3d7d2af37c944f [term 0 FOLLOWER]: Advancing to term 1
I20260710 13:26:54.252197   806 raft_consensus.cc:493] T 8a4f4578056c45818aecf7ef73c401b8 P 679d6639afd248b091d39a9613210d10 [term 0 FOLLOWER]: Starting pre-election (no leader contacted us within the election timeout)
I20260710 13:26:54.252028   735 tablet_service.cc:1917] Received RequestConsensusVote() RPC: tablet_id: "514d87f975f540ad98ae35491d1a6f5d" candidate_uuid: "679d6639afd248b091d39a9613210d10" candidate_term: 1 candidate_status { last_received { term: 0 index: 0 } } ignore_live_leader: false dest_uuid: "2b7da130a3e54aeb81a4d8d0756f3791" is_pre_election: true
I20260710 13:26:54.252977   735 raft_consensus.cc:2468] T 514d87f975f540ad98ae35491d1a6f5d P 2b7da130a3e54aeb81a4d8d0756f3791 [term 0 FOLLOWER]: Leader pre-election vote request: Granting yes vote for candidate 679d6639afd248b091d39a9613210d10 in term 0.
I20260710 13:26:54.253628   781 raft_consensus.cc:515] T 9f5c2ea47dff48479830168cdf60741c P c54c6d26b13348e48d3d7d2af37c944f [term 1 FOLLOWER]: Starting leader election with config: opid_index: -1 OBSOLETE_local: false peers { permanent_uuid: "679d6639afd248b091d39a9613210d10" member_type: VOTER last_known_addr { host: "127.0.112.193" port: 44661 } } peers { permanent_uuid: "c54c6d26b13348e48d3d7d2af37c944f" member_type: VOTER last_known_addr { host: "127.0.112.194" port: 46521 } } peers { permanent_uuid: "2b7da130a3e54aeb81a4d8d0756f3791" member_type: VOTER last_known_addr { host: "127.0.112.195" port: 40215 } }
I20260710 13:26:54.254262   778 tablet_bootstrap.cc:492] T 3ff74dab4f894452b780962530d44471 P 679d6639afd248b091d39a9613210d10: No bootstrap required, opened a new log
I20260710 13:26:54.255685   778 ts_tablet_manager.cc:1403] T 3ff74dab4f894452b780962530d44471 P 679d6639afd248b091d39a9613210d10: Time spent bootstrapping tablet: real 0.067s	user 0.014s	sys 0.008s
I20260710 13:26:54.256608   777 tablet_bootstrap.cc:492] T 49d89f9a718741ac834b04b3f6226ca9 P c54c6d26b13348e48d3d7d2af37c944f: No bootstrap required, opened a new log
I20260710 13:26:54.257143   777 ts_tablet_manager.cc:1403] T 49d89f9a718741ac834b04b3f6226ca9 P c54c6d26b13348e48d3d7d2af37c944f: Time spent bootstrapping tablet: real 0.082s	user 0.018s	sys 0.003s
I20260710 13:26:54.258143   806 raft_consensus.cc:515] T 8a4f4578056c45818aecf7ef73c401b8 P 679d6639afd248b091d39a9613210d10 [term 0 FOLLOWER]: Starting pre-election with config: opid_index: -1 OBSOLETE_local: false peers { permanent_uuid: "679d6639afd248b091d39a9613210d10" member_type: VOTER last_known_addr { host: "127.0.112.193" port: 44661 } } peers { permanent_uuid: "c54c6d26b13348e48d3d7d2af37c944f" member_type: VOTER last_known_addr { host: "127.0.112.194" port: 46521 } } peers { permanent_uuid: "2b7da130a3e54aeb81a4d8d0756f3791" member_type: VOTER last_known_addr { host: "127.0.112.195" port: 40215 } }
I20260710 13:26:54.258652   586 tablet_service.cc:1917] Received RequestConsensusVote() RPC: tablet_id: "9f5c2ea47dff48479830168cdf60741c" candidate_uuid: "c54c6d26b13348e48d3d7d2af37c944f" candidate_term: 1 candidate_status { last_received { term: 0 index: 0 } } ignore_live_leader: false dest_uuid: "679d6639afd248b091d39a9613210d10"
I20260710 13:26:54.259244   586 raft_consensus.cc:3060] T 9f5c2ea47dff48479830168cdf60741c P 679d6639afd248b091d39a9613210d10 [term 0 FOLLOWER]: Advancing to term 1
I20260710 13:26:54.259800   778 raft_consensus.cc:359] T 3ff74dab4f894452b780962530d44471 P 679d6639afd248b091d39a9613210d10 [term 0 FOLLOWER]: Replica starting. Triggering 0 pending ops. Active config: opid_index: -1 OBSOLETE_local: false peers { permanent_uuid: "679d6639afd248b091d39a9613210d10" member_type: VOTER last_known_addr { host: "127.0.112.193" port: 44661 } } peers { permanent_uuid: "c54c6d26b13348e48d3d7d2af37c944f" member_type: VOTER last_known_addr { host: "127.0.112.194" port: 46521 } } peers { permanent_uuid: "2b7da130a3e54aeb81a4d8d0756f3791" member_type: VOTER last_known_addr { host: "127.0.112.195" port: 40215 } }
I20260710 13:26:54.260596   778 raft_consensus.cc:385] T 3ff74dab4f894452b780962530d44471 P 679d6639afd248b091d39a9613210d10 [term 0 FOLLOWER]: Consensus starting up: Expiring failure detector timer to make a prompt election more likely
I20260710 13:26:54.260893   778 raft_consensus.cc:740] T 3ff74dab4f894452b780962530d44471 P 679d6639afd248b091d39a9613210d10 [term 0 FOLLOWER]: Becoming Follower/Learner. State: Replica: 679d6639afd248b091d39a9613210d10, State: Initialized, Role: FOLLOWER
I20260710 13:26:54.261374   661 tablet_service.cc:1917] Received RequestConsensusVote() RPC: tablet_id: "8a4f4578056c45818aecf7ef73c401b8" candidate_uuid: "679d6639afd248b091d39a9613210d10" candidate_term: 1 candidate_status { last_received { term: 0 index: 0 } } ignore_live_leader: false dest_uuid: "c54c6d26b13348e48d3d7d2af37c944f" is_pre_election: true
I20260710 13:26:54.254681   784 raft_consensus.cc:515] T 514d87f975f540ad98ae35491d1a6f5d P 679d6639afd248b091d39a9613210d10 [term 1 FOLLOWER]: Starting leader election with config: opid_index: -1 OBSOLETE_local: false peers { permanent_uuid: "c54c6d26b13348e48d3d7d2af37c944f" member_type: VOTER last_known_addr { host: "127.0.112.194" port: 46521 } } peers { permanent_uuid: "679d6639afd248b091d39a9613210d10" member_type: VOTER last_known_addr { host: "127.0.112.193" port: 44661 } } peers { permanent_uuid: "2b7da130a3e54aeb81a4d8d0756f3791" member_type: VOTER last_known_addr { host: "127.0.112.195" port: 40215 } }
I20260710 13:26:54.262012   661 raft_consensus.cc:2468] T 8a4f4578056c45818aecf7ef73c401b8 P c54c6d26b13348e48d3d7d2af37c944f [term 0 FOLLOWER]: Leader pre-election vote request: Granting yes vote for candidate 679d6639afd248b091d39a9613210d10 in term 0.
I20260710 13:26:54.261682   778 consensus_queue.cc:260] T 3ff74dab4f894452b780962530d44471 P 679d6639afd248b091d39a9613210d10 [NON_LEADER]: Queue going to NON_LEADER mode. State: All replicated index: 0, Majority replicated index: 0, Committed index: 0, Last appended: 0.0, Last appended by leader: 0, Current term: 0, Majority size: -1, State: 0, Mode: NON_LEADER, active raft config: opid_index: -1 OBSOLETE_local: false peers { permanent_uuid: "679d6639afd248b091d39a9613210d10" member_type: VOTER last_known_addr { host: "127.0.112.193" port: 44661 } } peers { permanent_uuid: "c54c6d26b13348e48d3d7d2af37c944f" member_type: VOTER last_known_addr { host: "127.0.112.194" port: 46521 } } peers { permanent_uuid: "2b7da130a3e54aeb81a4d8d0756f3791" member_type: VOTER last_known_addr { host: "127.0.112.195" port: 40215 } }
I20260710 13:26:54.263413   551 leader_election.cc:304] T 8a4f4578056c45818aecf7ef73c401b8 P 679d6639afd248b091d39a9613210d10 [CANDIDATE]: Term 1 pre-election: Election decided. Result: candidate won. Election summary: received 2 responses out of 3 voters: 2 yes votes; 0 no votes. yes voters: 679d6639afd248b091d39a9613210d10, c54c6d26b13348e48d3d7d2af37c944f; no voters: 
I20260710 13:26:54.264921   735 tablet_service.cc:1917] Received RequestConsensusVote() RPC: tablet_id: "514d87f975f540ad98ae35491d1a6f5d" candidate_uuid: "679d6639afd248b091d39a9613210d10" candidate_term: 1 candidate_status { last_received { term: 0 index: 0 } } ignore_live_leader: false dest_uuid: "2b7da130a3e54aeb81a4d8d0756f3791"
I20260710 13:26:54.265573   735 raft_consensus.cc:3060] T 514d87f975f540ad98ae35491d1a6f5d P 2b7da130a3e54aeb81a4d8d0756f3791 [term 0 FOLLOWER]: Advancing to term 1
I20260710 13:26:54.267443   779 tablet_bootstrap.cc:492] T 9f5c2ea47dff48479830168cdf60741c P 2b7da130a3e54aeb81a4d8d0756f3791: No bootstrap required, opened a new log
