I20260710 13:27:15.956122  1249 tablet_service.cc:1917] Received RequestConsensusVote() RPC: tablet_id: "c2380823d79e4b009b5cb696ac717243" candidate_uuid: "2494e8206c45492285a4bce1c9871cd1" candidate_term: 1 candidate_status { last_received { term: 0 index: 0 } } ignore_live_leader: false dest_uuid: "71c98a6b53564af5b87573d0ef676d38"
I20260710 13:27:15.957320  1364 tablet_bootstrap.cc:492] T 5fbde9e225944495b29667572ccabc44 P 71c98a6b53564af5b87573d0ef676d38: No bootstrap required, opened a new log
I20260710 13:27:15.965281  1363 raft_consensus.cc:385] T 08fd01d59bb1434c98d9a3892e07ee6a P 2494e8206c45492285a4bce1c9871cd1 [term 0 FOLLOWER]: Consensus starting up: Expiring failure detector timer to make a prompt election more likely
I20260710 13:27:15.965590  1363 raft_consensus.cc:740] T 08fd01d59bb1434c98d9a3892e07ee6a P 2494e8206c45492285a4bce1c9871cd1 [term 0 FOLLOWER]: Becoming Follower/Learner. State: Replica: 2494e8206c45492285a4bce1c9871cd1, State: Initialized, Role: FOLLOWER
I20260710 13:27:15.957851  1405 consensus_queue.cc:1048] T adde1002db7646eba208736fcdcd411f P 2494e8206c45492285a4bce1c9871cd1 [LEADER]: Connected to new peer: Peer: permanent_uuid: "71c98a6b53564af5b87573d0ef676d38" member_type: VOTER last_known_addr { host: "127.31.188.2" port: 33911 }, Status: LMP_MISMATCH, Last received: 0.0, Next index: 1, Last known committed idx: 0, Time since last communication: 0.000s
I20260710 13:27:15.959776  1213 leader_election.cc:304] T 199d2768e89f47839c41978bf84d1638 P 71c98a6b53564af5b87573d0ef676d38 [CANDIDATE]: Term 1 pre-election: Election decided. Result: candidate won. Election summary: received 3 responses out of 3 voters: 2 yes votes; 1 no votes. yes voters: 2494e8206c45492285a4bce1c9871cd1, 71c98a6b53564af5b87573d0ef676d38; no voters: d16dd20eb13d43c5826439ea797c437e
I20260710 13:27:15.967689  1365 tablet_bootstrap.cc:492] T fe0105c2813042c29c0474d85fc3d312 P d16dd20eb13d43c5826439ea797c437e: Bootstrap starting.
W20260710 13:27:15.968008  1213 leader_election.cc:343] T 52f9ce062c1e43c08fde96f4210adde2 P 71c98a6b53564af5b87573d0ef676d38 [CANDIDATE]: Term 1 election: Tablet error from VoteRequest() call to peer 2494e8206c45492285a4bce1c9871cd1 (127.31.188.3:41015): Illegal state: must be running to vote when last-logged opid is not known
I20260710 13:27:15.960373  1391 consensus_queue.cc:1048] T 3ad4351202eb43689b4b150d7cb386f1 P 71c98a6b53564af5b87573d0ef676d38 [LEADER]: Connected to new peer: Peer: permanent_uuid: "2494e8206c45492285a4bce1c9871cd1" member_type: VOTER last_known_addr { host: "127.31.188.3" port: 41015 }, Status: LMP_MISMATCH, Last received: 0.0, Next index: 1, Last known committed idx: 0, Time since last communication: 0.000s
I20260710 13:27:15.962175  1072 catalog_manager.cc:5697] T 52f9ce062c1e43c08fde96f4210adde2 P 71c98a6b53564af5b87573d0ef676d38 reported cstate change: term changed from 0 to 1, leader changed from <none> to 71c98a6b53564af5b87573d0ef676d38 (127.31.188.2). New cstate: current_term: 1 leader_uuid: "71c98a6b53564af5b87573d0ef676d38" committed_config { opid_index: -1 OBSOLETE_local: false peers { permanent_uuid: "d16dd20eb13d43c5826439ea797c437e" member_type: VOTER last_known_addr { host: "127.31.188.1" port: 37527 } health_report { overall_health: UNKNOWN } } peers { permanent_uuid: "71c98a6b53564af5b87573d0ef676d38" member_type: VOTER last_known_addr { host: "127.31.188.2" port: 33911 } health_report { overall_health: HEALTHY } } peers { permanent_uuid: "2494e8206c45492285a4bce1c9871cd1" member_type: VOTER last_known_addr { host: "127.31.188.3" port: 41015 } health_report { overall_health: UNKNOWN } } }
I20260710 13:27:15.971680  1364 ts_tablet_manager.cc:1403] T 5fbde9e225944495b29667572ccabc44 P 71c98a6b53564af5b87573d0ef676d38: Time spent bootstrapping tablet: real 0.206s	user 0.018s	sys 0.033s
W20260710 13:27:15.970916  1286 leader_election.cc:343] T c2380823d79e4b009b5cb696ac717243 P 2494e8206c45492285a4bce1c9871cd1 [CANDIDATE]: Term 1 election: Tablet error from VoteRequest() call to peer 71c98a6b53564af5b87573d0ef676d38 (127.31.188.2:33911): Illegal state: must be running to vote when last-logged opid is not known
I20260710 13:27:15.966295  1363 consensus_queue.cc:260] T 08fd01d59bb1434c98d9a3892e07ee6a P 2494e8206c45492285a4bce1c9871cd1 [NON_LEADER]: Queue going to NON_LEADER mode. State: All replicated index: 0, Majority replicated index: 0, Committed index: 0, Last appended: 0.0, Last appended by leader: 0, Current term: 0, Majority size: -1, State: 0, Mode: NON_LEADER, active raft config: opid_index: -1 OBSOLETE_local: false peers { permanent_uuid: "d16dd20eb13d43c5826439ea797c437e" member_type: VOTER last_known_addr { host: "127.31.188.1" port: 37527 } } peers { permanent_uuid: "71c98a6b53564af5b87573d0ef676d38" member_type: VOTER last_known_addr { host: "127.31.188.2" port: 33911 } } peers { permanent_uuid: "2494e8206c45492285a4bce1c9871cd1" member_type: VOTER last_known_addr { host: "127.31.188.3" port: 41015 } }
I20260710 13:27:15.971494  1406 raft_consensus.cc:2804] T 199d2768e89f47839c41978bf84d1638 P 71c98a6b53564af5b87573d0ef676d38 [term 0 FOLLOWER]: Leader pre-election won for term 1
I20260710 13:27:15.975210  1406 raft_consensus.cc:493] T 199d2768e89f47839c41978bf84d1638 P 71c98a6b53564af5b87573d0ef676d38 [term 0 FOLLOWER]: Starting leader election (no leader contacted us within the election timeout)
I20260710 13:27:15.975538  1406 raft_consensus.cc:3060] T 199d2768e89f47839c41978bf84d1638 P 71c98a6b53564af5b87573d0ef676d38 [term 0 FOLLOWER]: Advancing to term 1
I20260710 13:27:15.985255  1406 raft_consensus.cc:515] T 199d2768e89f47839c41978bf84d1638 P 71c98a6b53564af5b87573d0ef676d38 [term 1 FOLLOWER]: Starting leader election with config: opid_index: -1 OBSOLETE_local: false peers { permanent_uuid: "d16dd20eb13d43c5826439ea797c437e" member_type: VOTER last_known_addr { host: "127.31.188.1" port: 37527 } } peers { permanent_uuid: "71c98a6b53564af5b87573d0ef676d38" member_type: VOTER last_known_addr { host: "127.31.188.2" port: 33911 } } peers { permanent_uuid: "2494e8206c45492285a4bce1c9871cd1" member_type: VOTER last_known_addr { host: "127.31.188.3" port: 41015 } }
I20260710 13:27:15.986763  1391 consensus_queue.cc:1048] T 3a9df5ecf2b74c278aeba39425729af7 P 71c98a6b53564af5b87573d0ef676d38 [LEADER]: Connected to new peer: Peer: permanent_uuid: "2494e8206c45492285a4bce1c9871cd1" member_type: VOTER last_known_addr { host: "127.31.188.3" port: 41015 }, Status: LMP_MISMATCH, Last received: 0.0, Next index: 1, Last known committed idx: 0, Time since last communication: 0.000s
I20260710 13:27:15.987264  1406 leader_election.cc:290] T 199d2768e89f47839c41978bf84d1638 P 71c98a6b53564af5b87573d0ef676d38 [CANDIDATE]: Term 1 election: Requested vote from peers d16dd20eb13d43c5826439ea797c437e (127.31.188.1:37527), 2494e8206c45492285a4bce1c9871cd1 (127.31.188.3:41015)
I20260710 13:27:15.990556  1323 tablet_service.cc:1917] Received RequestConsensusVote() RPC: tablet_id: "199d2768e89f47839c41978bf84d1638" candidate_uuid: "71c98a6b53564af5b87573d0ef676d38" candidate_term: 1 candidate_status { last_received { term: 0 index: 0 } } ignore_live_leader: false dest_uuid: "2494e8206c45492285a4bce1c9871cd1"
I20260710 13:27:15.991096  1391 consensus_queue.cc:1048] T 3ad4351202eb43689b4b150d7cb386f1 P 71c98a6b53564af5b87573d0ef676d38 [LEADER]: Connected to new peer: Peer: permanent_uuid: "d16dd20eb13d43c5826439ea797c437e" member_type: VOTER last_known_addr { host: "127.31.188.1" port: 37527 }, Status: LMP_MISMATCH, Last received: 0.0, Next index: 1, Last known committed idx: 0, Time since last communication: 0.000s
I20260710 13:27:15.993794  1323 raft_consensus.cc:3060] T 199d2768e89f47839c41978bf84d1638 P 2494e8206c45492285a4bce1c9871cd1 [term 0 FOLLOWER]: Advancing to term 1
I20260710 13:27:15.994640  1172 tablet_service.cc:1917] Received RequestConsensusVote() RPC: tablet_id: "199d2768e89f47839c41978bf84d1638" candidate_uuid: "71c98a6b53564af5b87573d0ef676d38" candidate_term: 1 candidate_status { last_received { term: 0 index: 0 } } ignore_live_leader: false dest_uuid: "d16dd20eb13d43c5826439ea797c437e"
I20260710 13:27:15.993816  1428 consensus_queue.cc:1048] T 3a9df5ecf2b74c278aeba39425729af7 P 71c98a6b53564af5b87573d0ef676d38 [LEADER]: Connected to new peer: Peer: permanent_uuid: "d16dd20eb13d43c5826439ea797c437e" member_type: VOTER last_known_addr { host: "127.31.188.1" port: 37527 }, Status: LMP_MISMATCH, Last received: 0.0, Next index: 1, Last known committed idx: 0, Time since last communication: 0.004s
I20260710 13:27:16.000227  1174 raft_consensus.cc:2468] T c2380823d79e4b009b5cb696ac717243 P d16dd20eb13d43c5826439ea797c437e [term 1 FOLLOWER]: Leader election vote request: Granting yes vote for candidate 2494e8206c45492285a4bce1c9871cd1 in term 1.
I20260710 13:27:16.005263  1363 ts_tablet_manager.cc:1434] T 08fd01d59bb1434c98d9a3892e07ee6a P 2494e8206c45492285a4bce1c9871cd1: Time spent starting tablet: real 0.053s	user 0.003s	sys 0.004s
I20260710 13:27:16.006129  1364 raft_consensus.cc:359] T 5fbde9e225944495b29667572ccabc44 P 71c98a6b53564af5b87573d0ef676d38 [term 0 FOLLOWER]: Replica starting. Triggering 0 pending ops. Active config: opid_index: -1 OBSOLETE_local: false peers { permanent_uuid: "d16dd20eb13d43c5826439ea797c437e" member_type: VOTER last_known_addr { host: "127.31.188.1" port: 37527 } } peers { permanent_uuid: "71c98a6b53564af5b87573d0ef676d38" member_type: VOTER last_known_addr { host: "127.31.188.2" port: 33911 } } peers { permanent_uuid: "2494e8206c45492285a4bce1c9871cd1" member_type: VOTER last_known_addr { host: "127.31.188.3" port: 41015 } }
I20260710 13:27:16.006999  1364 raft_consensus.cc:385] T 5fbde9e225944495b29667572ccabc44 P 71c98a6b53564af5b87573d0ef676d38 [term 0 FOLLOWER]: Consensus starting up: Expiring failure detector timer to make a prompt election more likely
I20260710 13:27:16.007336  1364 raft_consensus.cc:740] T 5fbde9e225944495b29667572ccabc44 P 71c98a6b53564af5b87573d0ef676d38 [term 0 FOLLOWER]: Becoming Follower/Learner. State: Replica: 71c98a6b53564af5b87573d0ef676d38, State: Initialized, Role: FOLLOWER
I20260710 13:27:16.008167  1364 consensus_queue.cc:260] T 5fbde9e225944495b29667572ccabc44 P 71c98a6b53564af5b87573d0ef676d38 [NON_LEADER]: Queue going to NON_LEADER mode. State: All replicated index: 0, Majority replicated index: 0, Committed index: 0, Last appended: 0.0, Last appended by leader: 0, Current term: 0, Majority size: -1, State: 0, Mode: NON_LEADER, active raft config: opid_index: -1 OBSOLETE_local: false peers { permanent_uuid: "d16dd20eb13d43c5826439ea797c437e" member_type: VOTER last_known_addr { host: "127.31.188.1" port: 37527 } } peers { permanent_uuid: "71c98a6b53564af5b87573d0ef676d38" member_type: VOTER last_known_addr { host: "127.31.188.2" port: 33911 } } peers { permanent_uuid: "2494e8206c45492285a4bce1c9871cd1" member_type: VOTER last_known_addr { host: "127.31.188.3" port: 41015 } }
I20260710 13:27:16.004143  1288 leader_election.cc:304] T c2380823d79e4b009b5cb696ac717243 P 2494e8206c45492285a4bce1c9871cd1 [CANDIDATE]: Term 1 election: Election decided. Result: candidate won. Election summary: received 3 responses out of 3 voters: 2 yes votes; 1 no votes. yes voters: 2494e8206c45492285a4bce1c9871cd1, d16dd20eb13d43c5826439ea797c437e; no voters: 71c98a6b53564af5b87573d0ef676d38
W20260710 13:27:16.010686  1214 leader_election.cc:343] T 199d2768e89f47839c41978bf84d1638 P 71c98a6b53564af5b87573d0ef676d38 [CANDIDATE]: Term 1 election: Tablet error from VoteRequest() call to peer d16dd20eb13d43c5826439ea797c437e (127.31.188.1:37527): Illegal state: must be running to vote when last-logged opid is not known
I20260710 13:27:16.023465  1469 raft_consensus.cc:2804] T c2380823d79e4b009b5cb696ac717243 P 2494e8206c45492285a4bce1c9871cd1 [term 1 FOLLOWER]: Leader election won for term 1
I20260710 13:27:16.023954  1469 raft_consensus.cc:697] T c2380823d79e4b009b5cb696ac717243 P 2494e8206c45492285a4bce1c9871cd1 [term 1 LEADER]: Becoming Leader. State: Replica: 2494e8206c45492285a4bce1c9871cd1, State: Running, Role: LEADER
I20260710 13:27:16.024773  1469 consensus_queue.cc:237] T c2380823d79e4b009b5cb696ac717243 P 2494e8206c45492285a4bce1c9871cd1 [LEADER]: Queue going to LEADER mode. State: All replicated index: 0, Majority replicated index: 0, Committed index: 0, Last appended: 0.0, Last appended by leader: 0, Current term: 1, Majority size: 2, State: 0, Mode: LEADER, active raft config: opid_index: -1 OBSOLETE_local: false peers { permanent_uuid: "d16dd20eb13d43c5826439ea797c437e" member_type: VOTER last_known_addr { host: "127.31.188.1" port: 37527 } } peers { permanent_uuid: "71c98a6b53564af5b87573d0ef676d38" member_type: VOTER last_known_addr { host: "127.31.188.2" port: 33911 } } peers { permanent_uuid: "2494e8206c45492285a4bce1c9871cd1" member_type: VOTER last_known_addr { host: "127.31.188.3" port: 41015 } }
W20260710 13:27:16.028622  1213 consensus_peers.cc:597] T a51607a28ecd4412a9b84f7cd347861d P 71c98a6b53564af5b87573d0ef676d38 -> Peer 2494e8206c45492285a4bce1c9871cd1 (127.31.188.3:41015): Couldn't send request to peer 2494e8206c45492285a4bce1c9871cd1. Error code: TABLET_NOT_RUNNING (12). Status: Illegal state: Tablet not RUNNING: INITIALIZED. This is attempt 1: this message will repeat every 5th retry.
I20260710 13:27:16.041100  1365 tablet_bootstrap.cc:654] T fe0105c2813042c29c0474d85fc3d312 P d16dd20eb13d43c5826439ea797c437e: Neither blocks nor log segments found. Creating new log.
I20260710 13:27:16.043313  1363 tablet_bootstrap.cc:492] T 52f9ce062c1e43c08fde96f4210adde2 P 2494e8206c45492285a4bce1c9871cd1: Bootstrap starting.
I20260710 13:27:16.045897  1419 consensus_queue.cc:1048] T 719d91b0366e42da86ee038c590da35f P d16dd20eb13d43c5826439ea797c437e [LEADER]: Connected to new peer: Peer: permanent_uuid: "71c98a6b53564af5b87573d0ef676d38" member_type: VOTER last_known_addr { host: "127.31.188.2" port: 33911 }, Status: LMP_MISMATCH, Last received: 0.0, Next index: 1, Last known committed idx: 0, Time since last communication: 0.002s
I20260710 13:27:16.054021  1364 ts_tablet_manager.cc:1434] T 5fbde9e225944495b29667572ccabc44 P 71c98a6b53564af5b87573d0ef676d38: Time spent starting tablet: real 0.082s	user 0.002s	sys 0.005s
I20260710 13:27:16.055169  1364 tablet_bootstrap.cc:492] T a921bac268194316afaded1fa7299fa3 P 71c98a6b53564af5b87573d0ef676d38: Bootstrap starting.
I20260710 13:27:16.072300  1323 raft_consensus.cc:2468] T 199d2768e89f47839c41978bf84d1638 P 2494e8206c45492285a4bce1c9871cd1 [term 1 FOLLOWER]: Leader election vote request: Granting yes vote for candidate 71c98a6b53564af5b87573d0ef676d38 in term 1.
I20260710 13:27:16.048342  1069 catalog_manager.cc:5697] T 62b571ef340a4d04bf52c4aa0cbfdb0b P 2494e8206c45492285a4bce1c9871cd1 reported cstate change: term changed from 0 to 1, leader changed from <none> to 2494e8206c45492285a4bce1c9871cd1 (127.31.188.3). New cstate: current_term: 1 leader_uuid: "2494e8206c45492285a4bce1c9871cd1" committed_config { opid_index: -1 OBSOLETE_local: false peers { permanent_uuid: "d16dd20eb13d43c5826439ea797c437e" member_type: VOTER last_known_addr { host: "127.31.188.1" port: 37527 } health_report { overall_health: UNKNOWN } } peers { permanent_uuid: "71c98a6b53564af5b87573d0ef676d38" member_type: VOTER last_known_addr { host: "127.31.188.2" port: 33911 } health_report { overall_health: UNKNOWN } } peers { permanent_uuid: "2494e8206c45492285a4bce1c9871cd1" member_type: VOTER last_known_addr { host: "127.31.188.3" port: 41015 } health_report { overall_health: HEALTHY } } }
I20260710 13:27:16.076695  1213 leader_election.cc:304] T 199d2768e89f47839c41978bf84d1638 P 71c98a6b53564af5b87573d0ef676d38 [CANDIDATE]: Term 1 election: Election decided. Result: candidate won. Election summary: received 3 responses out of 3 voters: 2 yes votes; 1 no votes. yes voters: 2494e8206c45492285a4bce1c9871cd1, 71c98a6b53564af5b87573d0ef676d38; no voters: d16dd20eb13d43c5826439ea797c437e
I20260710 13:27:16.078214  1406 raft_consensus.cc:2804] T 199d2768e89f47839c41978bf84d1638 P 71c98a6b53564af5b87573d0ef676d38 [term 1 FOLLOWER]: Leader election won for term 1
I20260710 13:27:16.078680  1406 raft_consensus.cc:697] T 199d2768e89f47839c41978bf84d1638 P 71c98a6b53564af5b87573d0ef676d38 [term 1 LEADER]: Becoming Leader. State: Replica: 71c98a6b53564af5b87573d0ef676d38, State: Running, Role: LEADER
I20260710 13:27:16.079475  1406 consensus_queue.cc:237] T 199d2768e89f47839c41978bf84d1638 P 71c98a6b53564af5b87573d0ef676d38 [LEADER]: Queue going to LEADER mode. State: All replicated index: 0, Majority replicated index: 0, Committed index: 0, Last appended: 0.0, Last appended by leader: 0, Current term: 1, Majority size: 2, State: 0, Mode: LEADER, active raft config: opid_index: -1 OBSOLETE_local: false peers { permanent_uuid: "d16dd20eb13d43c5826439ea797c437e" member_type: VOTER last_known_addr { host: "127.31.188.1" port: 37527 } } peers { permanent_uuid: "71c98a6b53564af5b87573d0ef676d38" member_type: VOTER last_known_addr { host: "127.31.188.2" port: 33911 } } peers { permanent_uuid: "2494e8206c45492285a4bce1c9871cd1" member_type: VOTER last_known_addr { host: "127.31.188.3" port: 41015 } }
W20260710 13:27:16.101636  1288 outbound_call.cc:321] RPC callback for RPC call kudu.consensus.ConsensusService.RequestConsensusVote -> {remote=127.31.188.1:37527, user_credentials={real_user=slave}} blocked reactor thread for 97569.5us
I20260710 13:27:16.118815  1391 consensus_queue.cc:1048] T a51607a28ecd4412a9b84f7cd347861d P 71c98a6b53564af5b87573d0ef676d38 [LEADER]: Connected to new peer: Peer: permanent_uuid: "d16dd20eb13d43c5826439ea797c437e" member_type: VOTER last_known_addr { host: "127.31.188.1" port: 37527 }, Status: LMP_MISMATCH, Last received: 0.0, Next index: 1, Last known committed idx: 0, Time since last communication: 0.000s
I20260710 13:27:16.126622  1364 tablet_bootstrap.cc:654] T a921bac268194316afaded1fa7299fa3 P 71c98a6b53564af5b87573d0ef676d38: Neither blocks nor log segments found. Creating new log.
I20260710 13:27:16.164790  1363 tablet_bootstrap.cc:654] T 52f9ce062c1e43c08fde96f4210adde2 P 2494e8206c45492285a4bce1c9871cd1: Neither blocks nor log segments found. Creating new log.
I20260710 13:27:16.164371  1469 consensus_queue.cc:1048] T 3a8140f7e63e4ae9aab5b2429aeb1df8 P 2494e8206c45492285a4bce1c9871cd1 [LEADER]: Connected to new peer: Peer: permanent_uuid: "71c98a6b53564af5b87573d0ef676d38" member_type: VOTER last_known_addr { host: "127.31.188.2" port: 33911 }, Status: LMP_MISMATCH, Last received: 0.0, Next index: 1, Last known committed idx: 0, Time since last communication: 0.005s
I20260710 13:27:16.168484  1391 raft_consensus.cc:493] T 5fbde9e225944495b29667572ccabc44 P 71c98a6b53564af5b87573d0ef676d38 [term 0 FOLLOWER]: Starting pre-election (no leader contacted us within the election timeout)
W20260710 13:27:16.173837  1477 log.cc:927] Time spent T 3a9df5ecf2b74c278aeba39425729af7 P d16dd20eb13d43c5826439ea797c437e: Append to log took a long time: real 0.054s	user 0.000s	sys 0.001s
I20260710 13:27:16.175093  1364 tablet_bootstrap.cc:492] T a921bac268194316afaded1fa7299fa3 P 71c98a6b53564af5b87573d0ef676d38: No bootstrap required, opened a new log
I20260710 13:27:16.176990  1364 ts_tablet_manager.cc:1403] T a921bac268194316afaded1fa7299fa3 P 71c98a6b53564af5b87573d0ef676d38: Time spent bootstrapping tablet: real 0.122s	user 0.006s	sys 0.007s
I20260710 13:27:16.186539  1365 tablet_bootstrap.cc:492] T fe0105c2813042c29c0474d85fc3d312 P d16dd20eb13d43c5826439ea797c437e: No bootstrap required, opened a new log
I20260710 13:27:16.186978  1365 ts_tablet_manager.cc:1403] T fe0105c2813042c29c0474d85fc3d312 P d16dd20eb13d43c5826439ea797c437e: Time spent bootstrapping tablet: real 0.219s	user 0.008s	sys 0.036s
I20260710 13:27:16.178586  1391 raft_consensus.cc:515] T 5fbde9e225944495b29667572ccabc44 P 71c98a6b53564af5b87573d0ef676d38 [term 0 FOLLOWER]: Starting pre-election with config: opid_index: -1 OBSOLETE_local: false peers { permanent_uuid: "d16dd20eb13d43c5826439ea797c437e" member_type: VOTER last_known_addr { host: "127.31.188.1" port: 37527 } } peers { permanent_uuid: "71c98a6b53564af5b87573d0ef676d38" member_type: VOTER last_known_addr { host: "127.31.188.2" port: 33911 } } peers { permanent_uuid: "2494e8206c45492285a4bce1c9871cd1" member_type: VOTER last_known_addr { host: "127.31.188.3" port: 41015 } }
I20260710 13:27:16.197405  1391 leader_election.cc:290] T 5fbde9e225944495b29667572ccabc44 P 71c98a6b53564af5b87573d0ef676d38 [CANDIDATE]: Term 1 pre-election: Requested pre-vote from peers d16dd20eb13d43c5826439ea797c437e (127.31.188.1:37527), 2494e8206c45492285a4bce1c9871cd1 (127.31.188.3:41015)
I20260710 13:27:16.199477  1469 consensus_queue.cc:1048] T 3a8140f7e63e4ae9aab5b2429aeb1df8 P 2494e8206c45492285a4bce1c9871cd1 [LEADER]: Connected to new peer: Peer: permanent_uuid: "d16dd20eb13d43c5826439ea797c437e" member_type: VOTER last_known_addr { host: "127.31.188.1" port: 37527 }, Status: LMP_MISMATCH, Last received: 0.0, Next index: 1, Last known committed idx: 0, Time since last communication: 0.001s
I20260710 13:27:16.202332  1320 tablet_service.cc:1917] Received RequestConsensusVote() RPC: tablet_id: "5fbde9e225944495b29667572ccabc44" candidate_uuid: "71c98a6b53564af5b87573d0ef676d38" candidate_term: 1 candidate_status { last_received { term: 0 index: 0 } } ignore_live_leader: false dest_uuid: "2494e8206c45492285a4bce1c9871cd1" is_pre_election: true
I20260710 13:27:16.204862  1365 raft_consensus.cc:359] T fe0105c2813042c29c0474d85fc3d312 P d16dd20eb13d43c5826439ea797c437e [term 0 FOLLOWER]: Replica starting. Triggering 0 pending ops. Active config: opid_index: -1 OBSOLETE_local: false peers { permanent_uuid: "d16dd20eb13d43c5826439ea797c437e" member_type: VOTER last_known_addr { host: "127.31.188.1" port: 37527 } } peers { permanent_uuid: "71c98a6b53564af5b87573d0ef676d38" member_type: VOTER last_known_addr { host: "127.31.188.2" port: 33911 } } peers { permanent_uuid: "2494e8206c45492285a4bce1c9871cd1" member_type: VOTER last_known_addr { host: "127.31.188.3" port: 41015 } }
I20260710 13:27:16.205719  1365 raft_consensus.cc:385] T fe0105c2813042c29c0474d85fc3d312 P d16dd20eb13d43c5826439ea797c437e [term 0 FOLLOWER]: Consensus starting up: Expiring failure detector timer to make a prompt election more likely
I20260710 13:27:16.205825  1173 tablet_service.cc:1917] Received RequestConsensusVote() RPC: tablet_id: "5fbde9e225944495b29667572ccabc44" candidate_uuid: "71c98a6b53564af5b87573d0ef676d38" candidate_term: 1 candidate_status { last_received { term: 0 index: 0 } } ignore_live_leader: false dest_uuid: "d16dd20eb13d43c5826439ea797c437e" is_pre_election: true
I20260710 13:27:16.206071  1365 raft_consensus.cc:740] T fe0105c2813042c29c0474d85fc3d312 P d16dd20eb13d43c5826439ea797c437e [term 0 FOLLOWER]: Becoming Follower/Learner. State: Replica: d16dd20eb13d43c5826439ea797c437e, State: Initialized, Role: FOLLOWER
W20260710 13:27:16.208071  1214 leader_election.cc:343] T 5fbde9e225944495b29667572ccabc44 P 71c98a6b53564af5b87573d0ef676d38 [CANDIDATE]: Term 1 pre-election: Tablet error from VoteRequest() call to peer d16dd20eb13d43c5826439ea797c437e (127.31.188.1:37527): Illegal state: must be running to vote when last-logged opid is not known
W20260710 13:27:16.217294  1213 leader_election.cc:343] T 5fbde9e225944495b29667572ccabc44 P 71c98a6b53564af5b87573d0ef676d38 [CANDIDATE]: Term 1 pre-election: Tablet error from VoteRequest() call to peer 2494e8206c45492285a4bce1c9871cd1 (127.31.188.3:41015): Illegal state: must be running to vote when last-logged opid is not known
I20260710 13:27:16.217938  1213 leader_election.cc:304] T 5fbde9e225944495b29667572ccabc44 P 71c98a6b53564af5b87573d0ef676d38 [CANDIDATE]: Term 1 pre-election: Election decided. Result: candidate lost. Election summary: received 3 responses out of 3 voters: 1 yes votes; 2 no votes. yes voters: 71c98a6b53564af5b87573d0ef676d38; no voters: 2494e8206c45492285a4bce1c9871cd1, d16dd20eb13d43c5826439ea797c437e
I20260710 13:27:16.222267  1391 raft_consensus.cc:2749] T 5fbde9e225944495b29667572ccabc44 P 71c98a6b53564af5b87573d0ef676d38 [term 0 FOLLOWER]: Leader pre-election lost for term 1. Reason: could not achieve majority
I20260710 13:27:16.227409  1365 consensus_queue.cc:260] T fe0105c2813042c29c0474d85fc3d312 P d16dd20eb13d43c5826439ea797c437e [NON_LEADER]: Queue going to NON_LEADER mode. State: All replicated index: 0, Majority replicated index: 0, Committed index: 0, Last appended: 0.0, Last appended by leader: 0, Current term: 0, Majority size: -1, State: 0, Mode: NON_LEADER, active raft config: opid_index: -1 OBSOLETE_local: false peers { permanent_uuid: "d16dd20eb13d43c5826439ea797c437e" member_type: VOTER last_known_addr { host: "127.31.188.1" port: 37527 } } peers { permanent_uuid: "71c98a6b53564af5b87573d0ef676d38" member_type: VOTER last_known_addr { host: "127.31.188.2" port: 33911 } } peers { permanent_uuid: "2494e8206c45492285a4bce1c9871cd1" member_type: VOTER last_known_addr { host: "127.31.188.3" port: 41015 } }
W20260710 13:27:16.232227  1482 log.cc:927] Time spent T c2380823d79e4b009b5cb696ac717243 P 2494e8206c45492285a4bce1c9871cd1: Append to log took a long time: real 0.076s	user 0.000s	sys 0.000s
I20260710 13:27:16.245083  1365 ts_tablet_manager.cc:1434] T fe0105c2813042c29c0474d85fc3d312 P d16dd20eb13d43c5826439ea797c437e: Time spent starting tablet: real 0.058s	user 0.005s	sys 0.003s
I20260710 13:27:16.245993  1365 tablet_bootstrap.cc:492] T cfe36633223642a989c10034166f228b P d16dd20eb13d43c5826439ea797c437e: Bootstrap starting.
I20260710 13:27:16.246697  1364 raft_consensus.cc:359] T a921bac268194316afaded1fa7299fa3 P 71c98a6b53564af5b87573d0ef676d38 [term 0 FOLLOWER]: Replica starting. Triggering 0 pending ops. Active config: opid_index: -1 OBSOLETE_local: false peers { permanent_uuid: "d16dd20eb13d43c5826439ea797c437e" member_type: VOTER last_known_addr { host: "127.31.188.1" port: 37527 } } peers { permanent_uuid: "71c98a6b53564af5b87573d0ef676d38" member_type: VOTER last_known_addr { host: "127.31.188.2" port: 33911 } } peers { permanent_uuid: "2494e8206c45492285a4bce1c9871cd1" member_type: VOTER last_known_addr { host: "127.31.188.3" port: 41015 } }
I20260710 13:27:16.247364  1364 raft_consensus.cc:385] T a921bac268194316afaded1fa7299fa3 P 71c98a6b53564af5b87573d0ef676d38 [term 0 FOLLOWER]: Consensus starting up: Expiring failure detector timer to make a prompt election more likely
I20260710 13:27:16.247601  1364 raft_consensus.cc:740] T a921bac268194316afaded1fa7299fa3 P 71c98a6b53564af5b87573d0ef676d38 [term 0 FOLLOWER]: Becoming Follower/Learner. State: Replica: 71c98a6b53564af5b87573d0ef676d38, State: Initialized, Role: FOLLOWER
I20260710 13:27:16.248203  1364 consensus_queue.cc:260] T a921bac268194316afaded1fa7299fa3 P 71c98a6b53564af5b87573d0ef676d38 [NON_LEADER]: Queue going to NON_LEADER mode. State: All replicated index: 0, Majority replicated index: 0, Committed index: 0, Last appended: 0.0, Last appended by leader: 0, Current term: 0, Majority size: -1, State: 0, Mode: NON_LEADER, active raft config: opid_index: -1 OBSOLETE_local: false peers { permanent_uuid: "d16dd20eb13d43c5826439ea797c437e" member_type: VOTER last_known_addr { host: "127.31.188.1" port: 37527 } } peers { permanent_uuid: "71c98a6b53564af5b87573d0ef676d38" member_type: VOTER last_known_addr { host: "127.31.188.2" port: 33911 } } peers { permanent_uuid: "2494e8206c45492285a4bce1c9871cd1" member_type: VOTER last_known_addr { host: "127.31.188.3" port: 41015 } }
I20260710 13:27:16.256042  1479 consensus_queue.cc:1048] T 62b571ef340a4d04bf52c4aa0cbfdb0b P 2494e8206c45492285a4bce1c9871cd1 [LEADER]: Connected to new peer: Peer: permanent_uuid: "71c98a6b53564af5b87573d0ef676d38" member_type: VOTER last_known_addr { host: "127.31.188.2" port: 33911 }, Status: LMP_MISMATCH, Last received: 0.0, Next index: 1, Last known committed idx: 0, Time since last communication: 0.001s
I20260710 13:27:16.256330  1363 tablet_bootstrap.cc:492] T 52f9ce062c1e43c08fde96f4210adde2 P 2494e8206c45492285a4bce1c9871cd1: No bootstrap required, opened a new log
I20260710 13:27:16.257218  1363 ts_tablet_manager.cc:1403] T 52f9ce062c1e43c08fde96f4210adde2 P 2494e8206c45492285a4bce1c9871cd1: Time spent bootstrapping tablet: real 0.214s	user 0.016s	sys 0.000s
I20260710 13:27:16.257517  1364 ts_tablet_manager.cc:1434] T a921bac268194316afaded1fa7299fa3 P 71c98a6b53564af5b87573d0ef676d38: Time spent starting tablet: real 0.080s	user 0.005s	sys 0.000s
I20260710 13:27:16.258517  1406 consensus_queue.cc:1048] T 87723e26c55b4493a359bdc229874f86 P 71c98a6b53564af5b87573d0ef676d38 [LEADER]: Connected to new peer: Peer: permanent_uuid: "d16dd20eb13d43c5826439ea797c437e" member_type: VOTER last_known_addr { host: "127.31.188.1" port: 37527 }, Status: LMP_MISMATCH, Last received: 0.0, Next index: 1, Last known committed idx: 0, Time since last communication: 0.000s
I20260710 13:27:16.260560  1363 raft_consensus.cc:359] T 52f9ce062c1e43c08fde96f4210adde2 P 2494e8206c45492285a4bce1c9871cd1 [term 0 FOLLOWER]: Replica starting. Triggering 0 pending ops. Active config: opid_index: -1 OBSOLETE_local: false peers { permanent_uuid: "d16dd20eb13d43c5826439ea797c437e" member_type: VOTER last_known_addr { host: "127.31.188.1" port: 37527 } } peers { permanent_uuid: "71c98a6b53564af5b87573d0ef676d38" member_type: VOTER last_known_addr { host: "127.31.188.2" port: 33911 } } peers { permanent_uuid: "2494e8206c45492285a4bce1c9871cd1" member_type: VOTER last_known_addr { host: "127.31.188.3" port: 41015 } }
I20260710 13:27:16.261214  1363 raft_consensus.cc:385] T 52f9ce062c1e43c08fde96f4210adde2 P 2494e8206c45492285a4bce1c9871cd1 [term 0 FOLLOWER]: Consensus starting up: Expiring failure detector timer to make a prompt election more likely
I20260710 13:27:16.261466  1363 raft_consensus.cc:740] T 52f9ce062c1e43c08fde96f4210adde2 P 2494e8206c45492285a4bce1c9871cd1 [term 0 FOLLOWER]: Becoming Follower/Learner. State: Replica: 2494e8206c45492285a4bce1c9871cd1, State: Initialized, Role: FOLLOWER
I20260710 13:27:16.262099  1363 consensus_queue.cc:260] T 52f9ce062c1e43c08fde96f4210adde2 P 2494e8206c45492285a4bce1c9871cd1 [NON_LEADER]: Queue going to NON_LEADER mode. State: All replicated index: 0, Majority replicated index: 0, Committed index: 0, Last appended: 0.0, Last appended by leader: 0, Current term: 0, Majority size: -1, State: 0, Mode: NON_LEADER, active raft config: opid_index: -1 OBSOLETE_local: false peers { permanent_uuid: "d16dd20eb13d43c5826439ea797c437e" member_type: VOTER last_known_addr { host: "127.31.188.1" port: 37527 } } peers { permanent_uuid: "71c98a6b53564af5b87573d0ef676d38" member_type: VOTER last_known_addr { host: "127.31.188.2" port: 33911 } } peers { permanent_uuid: "2494e8206c45492285a4bce1c9871cd1" member_type: VOTER last_known_addr { host: "127.31.188.3" port: 41015 } }
I20260710 13:27:16.264544  1069 catalog_manager.cc:5697] T 199d2768e89f47839c41978bf84d1638 P 71c98a6b53564af5b87573d0ef676d38 reported cstate change: term changed from 0 to 1, leader changed from <none> to 71c98a6b53564af5b87573d0ef676d38 (127.31.188.2). New cstate: current_term: 1 leader_uuid: "71c98a6b53564af5b87573d0ef676d38" committed_config { opid_index: -1 OBSOLETE_local: false peers { permanent_uuid: "d16dd20eb13d43c5826439ea797c437e" member_type: VOTER last_known_addr { host: "127.31.188.1" port: 37527 } health_report { overall_health: UNKNOWN } } peers { permanent_uuid: "71c98a6b53564af5b87573d0ef676d38" member_type: VOTER last_known_addr { host: "127.31.188.2" port: 33911 } health_report { overall_health: HEALTHY } } peers { permanent_uuid: "2494e8206c45492285a4bce1c9871cd1" member_type: VOTER last_known_addr { host: "127.31.188.3" port: 41015 } health_report { overall_health: UNKNOWN } } }
I20260710 13:27:16.265901  1363 ts_tablet_manager.cc:1434] T 52f9ce062c1e43c08fde96f4210adde2 P 2494e8206c45492285a4bce1c9871cd1: Time spent starting tablet: real 0.008s	user 0.005s	sys 0.000s
I20260710 13:27:16.266760  1363 tablet_bootstrap.cc:492] T a921bac268194316afaded1fa7299fa3 P 2494e8206c45492285a4bce1c9871cd1: Bootstrap starting.
I20260710 13:27:16.268466  1364 tablet_bootstrap.cc:492] T eea2f03849284726bd2876acaa8400e0 P 71c98a6b53564af5b87573d0ef676d38: Bootstrap starting.
I20260710 13:27:16.282080  1363 tablet_bootstrap.cc:654] T a921bac268194316afaded1fa7299fa3 P 2494e8206c45492285a4bce1c9871cd1: Neither blocks nor log segments found. Creating new log.
I20260710 13:27:16.286024  1419 raft_consensus.cc:493] T a921bac268194316afaded1fa7299fa3 P d16dd20eb13d43c5826439ea797c437e [term 0 FOLLOWER]: Starting pre-election (no leader contacted us within the election timeout)
I20260710 13:27:16.287521  1419 raft_consensus.cc:515] T a921bac268194316afaded1fa7299fa3 P d16dd20eb13d43c5826439ea797c437e [term 0 FOLLOWER]: Starting pre-election with config: opid_index: -1 OBSOLETE_local: false peers { permanent_uuid: "d16dd20eb13d43c5826439ea797c437e" member_type: VOTER last_known_addr { host: "127.31.188.1" port: 37527 } } peers { permanent_uuid: "71c98a6b53564af5b87573d0ef676d38" member_type: VOTER last_known_addr { host: "127.31.188.2" port: 33911 } } peers { permanent_uuid: "2494e8206c45492285a4bce1c9871cd1" member_type: VOTER last_known_addr { host: "127.31.188.3" port: 41015 } }
I20260710 13:27:16.289021  1365 tablet_bootstrap.cc:654] T cfe36633223642a989c10034166f228b P d16dd20eb13d43c5826439ea797c437e: Neither blocks nor log segments found. Creating new log.
I20260710 13:27:16.290161  1419 leader_election.cc:290] T a921bac268194316afaded1fa7299fa3 P d16dd20eb13d43c5826439ea797c437e [CANDIDATE]: Term 1 pre-election: Requested pre-vote from peers 71c98a6b53564af5b87573d0ef676d38 (127.31.188.2:33911), 2494e8206c45492285a4bce1c9871cd1 (127.31.188.3:41015)
I20260710 13:27:16.292088  1321 tablet_service.cc:1917] Received RequestConsensusVote() RPC: tablet_id: "a921bac268194316afaded1fa7299fa3" candidate_uuid: "d16dd20eb13d43c5826439ea797c437e" candidate_term: 1 candidate_status { last_received { term: 0 index: 0 } } ignore_live_leader: false dest_uuid: "2494e8206c45492285a4bce1c9871cd1" is_pre_election: true
I20260710 13:27:16.292203  1248 tablet_service.cc:1917] Received RequestConsensusVote() RPC: tablet_id: "a921bac268194316afaded1fa7299fa3" candidate_uuid: "d16dd20eb13d43c5826439ea797c437e" candidate_term: 1 candidate_status { last_received { term: 0 index: 0 } } ignore_live_leader: false dest_uuid: "71c98a6b53564af5b87573d0ef676d38" is_pre_election: true
W20260710 13:27:16.293249  1138 leader_election.cc:343] T a921bac268194316afaded1fa7299fa3 P d16dd20eb13d43c5826439ea797c437e [CANDIDATE]: Term 1 pre-election: Tablet error from VoteRequest() call to peer 2494e8206c45492285a4bce1c9871cd1 (127.31.188.3:41015): Illegal state: must be running to vote when last-logged opid is not known
I20260710 13:27:16.293313  1248 raft_consensus.cc:2468] T a921bac268194316afaded1fa7299fa3 P 71c98a6b53564af5b87573d0ef676d38 [term 0 FOLLOWER]: Leader pre-election vote request: Granting yes vote for candidate d16dd20eb13d43c5826439ea797c437e in term 0.
I20260710 13:27:16.295226  1137 leader_election.cc:304] T a921bac268194316afaded1fa7299fa3 P d16dd20eb13d43c5826439ea797c437e [CANDIDATE]: Term 1 pre-election: Election decided. Result: candidate won. Election summary: received 3 responses out of 3 voters: 2 yes votes; 1 no votes. yes voters: 71c98a6b53564af5b87573d0ef676d38, d16dd20eb13d43c5826439ea797c437e; no voters: 2494e8206c45492285a4bce1c9871cd1
I20260710 13:27:16.296444  1418 raft_consensus.cc:2804] T a921bac268194316afaded1fa7299fa3 P d16dd20eb13d43c5826439ea797c437e [term 0 FOLLOWER]: Leader pre-election won for term 1
I20260710 13:27:16.296801  1418 raft_consensus.cc:493] T a921bac268194316afaded1fa7299fa3 P d16dd20eb13d43c5826439ea797c437e [term 0 FOLLOWER]: Starting leader election (no leader contacted us within the election timeout)
I20260710 13:27:16.292742  1364 tablet_bootstrap.cc:654] T eea2f03849284726bd2876acaa8400e0 P 71c98a6b53564af5b87573d0ef676d38: Neither blocks nor log segments found. Creating new log.
I20260710 13:27:16.297277  1418 raft_consensus.cc:3060] T a921bac268194316afaded1fa7299fa3 P d16dd20eb13d43c5826439ea797c437e [term 0 FOLLOWER]: Advancing to term 1
I20260710 13:27:16.299587  1470 consensus_queue.cc:1048] T 62b571ef340a4d04bf52c4aa0cbfdb0b P 2494e8206c45492285a4bce1c9871cd1 [LEADER]: Connected to new peer: Peer: permanent_uuid: "d16dd20eb13d43c5826439ea797c437e" member_type: VOTER last_known_addr { host: "127.31.188.1" port: 37527 }, Status: LMP_MISMATCH, Last received: 0.0, Next index: 1, Last known committed idx: 0, Time since last communication: 0.001s
I20260710 13:27:16.297379  1068 catalog_manager.cc:5697] T c2380823d79e4b009b5cb696ac717243 P 2494e8206c45492285a4bce1c9871cd1 reported cstate change: term changed from 0 to 1, leader changed from <none> to 2494e8206c45492285a4bce1c9871cd1 (127.31.188.3). New cstate: current_term: 1 leader_uuid: "2494e8206c45492285a4bce1c9871cd1" committed_config { opid_index: -1 OBSOLETE_local: false peers { permanent_uuid: "d16dd20eb13d43c5826439ea797c437e" member_type: VOTER last_known_addr { host: "127.31.188.1" port: 37527 } health_report { overall_health: UNKNOWN } } peers { permanent_uuid: "71c98a6b53564af5b87573d0ef676d38" member_type: VOTER last_known_addr { host: "127.31.188.2" port: 33911 } health_report { overall_health: UNKNOWN } } peers { permanent_uuid: "2494e8206c45492285a4bce1c9871cd1" member_type: VOTER last_known_addr { host: "127.31.188.3" port: 41015 } health_report { overall_health: HEALTHY } } }
I20260710 13:27:16.304797  1489 consensus_queue.cc:1048] T 87723e26c55b4493a359bdc229874f86 P 71c98a6b53564af5b87573d0ef676d38 [LEADER]: Connected to new peer: Peer: permanent_uuid: "2494e8206c45492285a4bce1c9871cd1" member_type: VOTER last_known_addr { host: "127.31.188.3" port: 41015 }, Status: LMP_MISMATCH, Last received: 0.0, Next index: 1, Last known committed idx: 0, Time since last communication: 0.001s
I20260710 13:27:16.309047  1418 raft_consensus.cc:515] T a921bac268194316afaded1fa7299fa3 P d16dd20eb13d43c5826439ea797c437e [term 1 FOLLOWER]: Starting leader election with config: opid_index: -1 OBSOLETE_local: false peers { permanent_uuid: "d16dd20eb13d43c5826439ea797c437e" member_type: VOTER last_known_addr { host: "127.31.188.1" port: 37527 } } peers { permanent_uuid: "71c98a6b53564af5b87573d0ef676d38" member_type: VOTER last_known_addr { host: "127.31.188.2" port: 33911 } } peers { permanent_uuid: "2494e8206c45492285a4bce1c9871cd1" member_type: VOTER last_known_addr { host: "127.31.188.3" port: 41015 } }
I20260710 13:27:16.317456  1418 leader_election.cc:290] T a921bac268194316afaded1fa7299fa3 P d16dd20eb13d43c5826439ea797c437e [CANDIDATE]: Term 1 election: Requested vote from peers 71c98a6b53564af5b87573d0ef676d38 (127.31.188.2:33911), 2494e8206c45492285a4bce1c9871cd1 (127.31.188.3:41015)
I20260710 13:27:16.343932  1248 tablet_service.cc:1917] Received RequestConsensusVote() RPC: tablet_id: "a921bac268194316afaded1fa7299fa3" candidate_uuid: "d16dd20eb13d43c5826439ea797c437e" candidate_term: 1 candidate_status { last_received { term: 0 index: 0 } } ignore_live_leader: false dest_uuid: "71c98a6b53564af5b87573d0ef676d38"
I20260710 13:27:16.344969  1248 raft_consensus.cc:3060] T a921bac268194316afaded1fa7299fa3 P 71c98a6b53564af5b87573d0ef676d38 [term 0 FOLLOWER]: Advancing to term 1
I20260710 13:27:16.350244  1364 tablet_bootstrap.cc:492] T eea2f03849284726bd2876acaa8400e0 P 71c98a6b53564af5b87573d0ef676d38: No bootstrap required, opened a new log
I20260710 13:27:16.350819  1364 ts_tablet_manager.cc:1403] T eea2f03849284726bd2876acaa8400e0 P 71c98a6b53564af5b87573d0ef676d38: Time spent bootstrapping tablet: real 0.088s	user 0.015s	sys 0.001s
I20260710 13:27:16.356648  1322 tablet_service.cc:1917] Received RequestConsensusVote() RPC: tablet_id: "a921bac268194316afaded1fa7299fa3" candidate_uuid: "d16dd20eb13d43c5826439ea797c437e" candidate_term: 1 candidate_status { last_received { term: 0 index: 0 } } ignore_live_leader: false dest_uuid: "2494e8206c45492285a4bce1c9871cd1"
I20260710 13:27:16.357597  1364 raft_consensus.cc:359] T eea2f03849284726bd2876acaa8400e0 P 71c98a6b53564af5b87573d0ef676d38 [term 0 FOLLOWER]: Replica starting. Triggering 0 pending ops. Active config: opid_index: -1 OBSOLETE_local: false peers { permanent_uuid: "d16dd20eb13d43c5826439ea797c437e" member_type: VOTER last_known_addr { host: "127.31.188.1" port: 37527 } } peers { permanent_uuid: "71c98a6b53564af5b87573d0ef676d38" member_type: VOTER last_known_addr { host: "127.31.188.2" port: 33911 } } peers { permanent_uuid: "2494e8206c45492285a4bce1c9871cd1" member_type: VOTER last_known_addr { host: "127.31.188.3" port: 41015 } }
I20260710 13:27:16.358232  1364 raft_consensus.cc:385] T eea2f03849284726bd2876acaa8400e0 P 71c98a6b53564af5b87573d0ef676d38 [term 0 FOLLOWER]: Consensus starting up: Expiring failure detector timer to make a prompt election more likely
I20260710 13:27:16.358496  1364 raft_consensus.cc:740] T eea2f03849284726bd2876acaa8400e0 P 71c98a6b53564af5b87573d0ef676d38 [term 0 FOLLOWER]: Becoming Follower/Learner. State: Replica: 71c98a6b53564af5b87573d0ef676d38, State: Initialized, Role: FOLLOWER
W20260710 13:27:16.358620  1138 leader_election.cc:343] T a921bac268194316afaded1fa7299fa3 P d16dd20eb13d43c5826439ea797c437e [CANDIDATE]: Term 1 election: Tablet error from VoteRequest() call to peer 2494e8206c45492285a4bce1c9871cd1 (127.31.188.3:41015): Illegal state: must be running to vote when last-logged opid is not known
I20260710 13:27:16.359262  1364 consensus_queue.cc:260] T eea2f03849284726bd2876acaa8400e0 P 71c98a6b53564af5b87573d0ef676d38 [NON_LEADER]: Queue going to NON_LEADER mode. State: All replicated index: 0, Majority replicated index: 0, Committed index: 0, Last appended: 0.0, Last appended by leader: 0, Current term: 0, Majority size: -1, State: 0, Mode: NON_LEADER, active raft config: opid_index: -1 OBSOLETE_local: false peers { permanent_uuid: "d16dd20eb13d43c5826439ea797c437e" member_type: VOTER last_known_addr { host: "127.31.188.1" port: 37527 } } peers { permanent_uuid: "71c98a6b53564af5b87573d0ef676d38" member_type: VOTER last_known_addr { host: "127.31.188.2" port: 33911 } } peers { permanent_uuid: "2494e8206c45492285a4bce1c9871cd1" member_type: VOTER last_known_addr { host: "127.31.188.3" port: 41015 } }
I20260710 13:27:16.361805  1364 ts_tablet_manager.cc:1434] T eea2f03849284726bd2876acaa8400e0 P 71c98a6b53564af5b87573d0ef676d38: Time spent starting tablet: real 0.011s	user 0.005s	sys 0.000s
I20260710 13:27:16.362687  1364 tablet_bootstrap.cc:492] T 08fd01d59bb1434c98d9a3892e07ee6a P 71c98a6b53564af5b87573d0ef676d38: Bootstrap starting.
I20260710 13:27:16.366032  1469 raft_consensus.cc:493] T 08fd01d59bb1434c98d9a3892e07ee6a P 2494e8206c45492285a4bce1c9871cd1 [term 0 FOLLOWER]: Starting pre-election (no leader contacted us within the election timeout)
I20260710 13:27:16.366869  1365 tablet_bootstrap.cc:492] T cfe36633223642a989c10034166f228b P d16dd20eb13d43c5826439ea797c437e: No bootstrap required, opened a new log
I20260710 13:27:16.367842  1365 ts_tablet_manager.cc:1403] T cfe36633223642a989c10034166f228b P d16dd20eb13d43c5826439ea797c437e: Time spent bootstrapping tablet: real 0.122s	user 0.014s	sys 0.001s
I20260710 13:27:16.368286  1363 tablet_bootstrap.cc:492] T a921bac268194316afaded1fa7299fa3 P 2494e8206c45492285a4bce1c9871cd1: No bootstrap required, opened a new log
I20260710 13:27:16.368600  1363 ts_tablet_manager.cc:1403] T a921bac268194316afaded1fa7299fa3 P 2494e8206c45492285a4bce1c9871cd1: Time spent bootstrapping tablet: real 0.102s	user 0.013s	sys 0.004s
I20260710 13:27:16.366524  1469 raft_consensus.cc:515] T 08fd01d59bb1434c98d9a3892e07ee6a P 2494e8206c45492285a4bce1c9871cd1 [term 0 FOLLOWER]: Starting pre-election with config: opid_index: -1 OBSOLETE_local: false peers { permanent_uuid: "d16dd20eb13d43c5826439ea797c437e" member_type: VOTER last_known_addr { host: "127.31.188.1" port: 37527 } } peers { permanent_uuid: "71c98a6b53564af5b87573d0ef676d38" member_type: VOTER last_known_addr { host: "127.31.188.2" port: 33911 } } peers { permanent_uuid: "2494e8206c45492285a4bce1c9871cd1" member_type: VOTER last_known_addr { host: "127.31.188.3" port: 41015 } }
I20260710 13:27:16.373138  1173 tablet_service.cc:1917] Received RequestConsensusVote() RPC: tablet_id: "08fd01d59bb1434c98d9a3892e07ee6a" candidate_uuid: "2494e8206c45492285a4bce1c9871cd1" candidate_term: 1 candidate_status { last_received { term: 0 index: 0 } } ignore_live_leader: false dest_uuid: "d16dd20eb13d43c5826439ea797c437e" is_pre_election: true
I20260710 13:27:16.377291  1469 leader_election.cc:290] T 08fd01d59bb1434c98d9a3892e07ee6a P 2494e8206c45492285a4bce1c9871cd1 [CANDIDATE]: Term 1 pre-election: Requested pre-vote from peers d16dd20eb13d43c5826439ea797c437e (127.31.188.1:37527), 71c98a6b53564af5b87573d0ef676d38 (127.31.188.2:33911)
W20260710 13:27:16.378656  1288 leader_election.cc:343] T 08fd01d59bb1434c98d9a3892e07ee6a P 2494e8206c45492285a4bce1c9871cd1 [CANDIDATE]: Term 1 pre-election: Tablet error from VoteRequest() call to peer d16dd20eb13d43c5826439ea797c437e (127.31.188.1:37527): Illegal state: must be running to vote when last-logged opid is not known
I20260710 13:27:16.379211  1428 consensus_queue.cc:1048] T 52f9ce062c1e43c08fde96f4210adde2 P 71c98a6b53564af5b87573d0ef676d38 [LEADER]: Connected to new peer: Peer: permanent_uuid: "d16dd20eb13d43c5826439ea797c437e" member_type: VOTER last_known_addr { host: "127.31.188.1" port: 37527 }, Status: LMP_MISMATCH, Last received: 0.0, Next index: 1, Last known committed idx: 0, Time since last communication: 0.000s
I20260710 13:27:16.382572  1249 tablet_service.cc:1917] Received RequestConsensusVote() RPC: tablet_id: "08fd01d59bb1434c98d9a3892e07ee6a" candidate_uuid: "2494e8206c45492285a4bce1c9871cd1" candidate_term: 1 candidate_status { last_received { term: 0 index: 0 } } ignore_live_leader: false dest_uuid: "71c98a6b53564af5b87573d0ef676d38" is_pre_election: true
W20260710 13:27:16.384876  1286 leader_election.cc:343] T 08fd01d59bb1434c98d9a3892e07ee6a P 2494e8206c45492285a4bce1c9871cd1 [CANDIDATE]: Term 1 pre-election: Tablet error from VoteRequest() call to peer 71c98a6b53564af5b87573d0ef676d38 (127.31.188.2:33911): Illegal state: must be running to vote when last-logged opid is not known
I20260710 13:27:16.385311  1286 leader_election.cc:304] T 08fd01d59bb1434c98d9a3892e07ee6a P 2494e8206c45492285a4bce1c9871cd1 [CANDIDATE]: Term 1 pre-election: Election decided. Result: candidate lost. Election summary: received 3 responses out of 3 voters: 1 yes votes; 2 no votes. yes voters: 2494e8206c45492285a4bce1c9871cd1; no voters: 71c98a6b53564af5b87573d0ef676d38, d16dd20eb13d43c5826439ea797c437e
I20260710 13:27:16.388361  1248 raft_consensus.cc:2468] T a921bac268194316afaded1fa7299fa3 P 71c98a6b53564af5b87573d0ef676d38 [term 1 FOLLOWER]: Leader election vote request: Granting yes vote for candidate d16dd20eb13d43c5826439ea797c437e in term 1.
I20260710 13:27:16.390009  1470 raft_consensus.cc:2749] T 08fd01d59bb1434c98d9a3892e07ee6a P 2494e8206c45492285a4bce1c9871cd1 [term 0 FOLLOWER]: Leader pre-election lost for term 1. Reason: could not achieve majority
I20260710 13:27:16.390095  1322 raft_consensus.cc:3060] T 52f9ce062c1e43c08fde96f4210adde2 P 2494e8206c45492285a4bce1c9871cd1 [term 0 FOLLOWER]: Advancing to term 1
I20260710 13:27:16.391013  1363 raft_consensus.cc:359] T a921bac268194316afaded1fa7299fa3 P 2494e8206c45492285a4bce1c9871cd1 [term 0 FOLLOWER]: Replica starting. Triggering 0 pending ops. Active config: opid_index: -1 OBSOLETE_local: false peers { permanent_uuid: "d16dd20eb13d43c5826439ea797c437e" member_type: VOTER last_known_addr { host: "127.31.188.1" port: 37527 } } peers { permanent_uuid: "71c98a6b53564af5b87573d0ef676d38" member_type: VOTER last_known_addr { host: "127.31.188.2" port: 33911 } } peers { permanent_uuid: "2494e8206c45492285a4bce1c9871cd1" member_type: VOTER last_known_addr { host: "127.31.188.3" port: 41015 } }
I20260710 13:27:16.391667  1363 raft_consensus.cc:385] T a921bac268194316afaded1fa7299fa3 P 2494e8206c45492285a4bce1c9871cd1 [term 0 FOLLOWER]: Consensus starting up: Expiring failure detector timer to make a prompt election more likely
I20260710 13:27:16.391932  1363 raft_consensus.cc:740] T a921bac268194316afaded1fa7299fa3 P 2494e8206c45492285a4bce1c9871cd1 [term 0 FOLLOWER]: Becoming Follower/Learner. State: Replica: 2494e8206c45492285a4bce1c9871cd1, State: Initialized, Role: FOLLOWER
I20260710 13:27:16.392560  1363 consensus_queue.cc:260] T a921bac268194316afaded1fa7299fa3 P 2494e8206c45492285a4bce1c9871cd1 [NON_LEADER]: Queue going to NON_LEADER mode. State: All replicated index: 0, Majority replicated index: 0, Committed index: 0, Last appended: 0.0, Last appended by leader: 0, Current term: 0, Majority size: -1, State: 0, Mode: NON_LEADER, active raft config: opid_index: -1 OBSOLETE_local: false peers { permanent_uuid: "d16dd20eb13d43c5826439ea797c437e" member_type: VOTER last_known_addr { host: "127.31.188.1" port: 37527 } } peers { permanent_uuid: "71c98a6b53564af5b87573d0ef676d38" member_type: VOTER last_known_addr { host: "127.31.188.2" port: 33911 } } peers { permanent_uuid: "2494e8206c45492285a4bce1c9871cd1" member_type: VOTER last_known_addr { host: "127.31.188.3" port: 41015 } }
I20260710 13:27:16.394239  1364 tablet_bootstrap.cc:654] T 08fd01d59bb1434c98d9a3892e07ee6a P 71c98a6b53564af5b87573d0ef676d38: Neither blocks nor log segments found. Creating new log.
I20260710 13:27:16.394578  1363 ts_tablet_manager.cc:1434] T a921bac268194316afaded1fa7299fa3 P 2494e8206c45492285a4bce1c9871cd1: Time spent starting tablet: real 0.026s	user 0.004s	sys 0.000s
