I20260710 13:27:05.070972   657 tablet_service.cc:2044] Received Run Leader Election RPC: tablet_id: "04b1b4b827da4ffb9fa928657e2da7f4"
dest_uuid: "0ed18bc004394ebe808e39048997fca9"
 from {username='slave'} at 127.0.0.1:59808
I20260710 13:27:05.071485   657 raft_consensus.cc:493] T 04b1b4b827da4ffb9fa928657e2da7f4 P 0ed18bc004394ebe808e39048997fca9 [term 1 FOLLOWER]: Starting forced leader election (received explicit request)
I20260710 13:27:05.071768   657 raft_consensus.cc:3060] T 04b1b4b827da4ffb9fa928657e2da7f4 P 0ed18bc004394ebe808e39048997fca9 [term 1 FOLLOWER]: Advancing to term 2
I20260710 13:27:05.077206   657 raft_consensus.cc:515] T 04b1b4b827da4ffb9fa928657e2da7f4 P 0ed18bc004394ebe808e39048997fca9 [term 2 FOLLOWER]: Starting forced leader election with config: opid_index: -1 OBSOLETE_local: false peers { permanent_uuid: "0ed18bc004394ebe808e39048997fca9" member_type: VOTER last_known_addr { host: "127.31.188.1" port: 36787 } } peers { permanent_uuid: "fdc8d6ddfb0d4901b22c6715e634f8d5" member_type: VOTER last_known_addr { host: "127.31.188.2" port: 40529 } } peers { permanent_uuid: "13959b9220f641729a78136f2139d43e" member_type: VOTER last_known_addr { host: "127.31.188.3" port: 44839 } }
I20260710 13:27:05.079485   658 tablet_service.cc:2072] Received LeaderStepDown RPC: tablet_id: "7bde55170dd447c9913a2d9d81e08d89"
dest_uuid: "0ed18bc004394ebe808e39048997fca9"
mode: GRACEFUL
new_leader_uuid: "13959b9220f641729a78136f2139d43e"
 from {username='slave'} at 127.0.0.1:53942
I20260710 13:27:05.079778   734 tablet_service.cc:1917] Received RequestConsensusVote() RPC: tablet_id: "04b1b4b827da4ffb9fa928657e2da7f4" candidate_uuid: "0ed18bc004394ebe808e39048997fca9" candidate_term: 2 candidate_status { last_received { term: 1 index: 1 } } ignore_live_leader: true dest_uuid: "fdc8d6ddfb0d4901b22c6715e634f8d5"
I20260710 13:27:05.080052   658 raft_consensus.cc:606] T 7bde55170dd447c9913a2d9d81e08d89 P 0ed18bc004394ebe808e39048997fca9 [term 1 LEADER]: Received request to transfer leadership to TS 13959b9220f641729a78136f2139d43e
I20260710 13:27:05.080291   807 tablet_service.cc:1917] Received RequestConsensusVote() RPC: tablet_id: "04b1b4b827da4ffb9fa928657e2da7f4" candidate_uuid: "0ed18bc004394ebe808e39048997fca9" candidate_term: 2 candidate_status { last_received { term: 1 index: 1 } } ignore_live_leader: true dest_uuid: "13959b9220f641729a78136f2139d43e"
I20260710 13:27:05.080308   734 raft_consensus.cc:3060] T 04b1b4b827da4ffb9fa928657e2da7f4 P fdc8d6ddfb0d4901b22c6715e634f8d5 [term 1 FOLLOWER]: Advancing to term 2
I20260710 13:27:05.079146   657 leader_election.cc:290] T 04b1b4b827da4ffb9fa928657e2da7f4 P 0ed18bc004394ebe808e39048997fca9 [CANDIDATE]: Term 2 election: Requested vote from peers fdc8d6ddfb0d4901b22c6715e634f8d5 (127.31.188.2:40529), 13959b9220f641729a78136f2139d43e (127.31.188.3:44839)
I20260710 13:27:05.080813   807 raft_consensus.cc:3055] T 04b1b4b827da4ffb9fa928657e2da7f4 P 13959b9220f641729a78136f2139d43e [term 1 LEADER]: Stepping down as leader of term 1
I20260710 13:27:05.081151   807 raft_consensus.cc:740] T 04b1b4b827da4ffb9fa928657e2da7f4 P 13959b9220f641729a78136f2139d43e [term 1 LEADER]: Becoming Follower/Learner. State: Replica: 13959b9220f641729a78136f2139d43e, State: Running, Role: LEADER
I20260710 13:27:05.081877   807 consensus_queue.cc:260] T 04b1b4b827da4ffb9fa928657e2da7f4 P 13959b9220f641729a78136f2139d43e [NON_LEADER]: Queue going to NON_LEADER mode. State: All replicated index: 0, Majority replicated index: 1, Committed index: 1, Last appended: 1.1, Last appended by leader: 1, Current term: 1, Majority size: -1, State: 0, Mode: NON_LEADER, active raft config: opid_index: -1 OBSOLETE_local: false peers { permanent_uuid: "0ed18bc004394ebe808e39048997fca9" member_type: VOTER last_known_addr { host: "127.31.188.1" port: 36787 } } peers { permanent_uuid: "fdc8d6ddfb0d4901b22c6715e634f8d5" member_type: VOTER last_known_addr { host: "127.31.188.2" port: 40529 } } peers { permanent_uuid: "13959b9220f641729a78136f2139d43e" member_type: VOTER last_known_addr { host: "127.31.188.3" port: 44839 } }
I20260710 13:27:05.082607   807 raft_consensus.cc:3060] T 04b1b4b827da4ffb9fa928657e2da7f4 P 13959b9220f641729a78136f2139d43e [term 1 FOLLOWER]: Advancing to term 2
I20260710 13:27:05.084640   904 raft_consensus.cc:993] T 6fd61827c35f4dc2ad2f4e4500f3d627 P 13959b9220f641729a78136f2139d43e: : Instructing follower 0ed18bc004394ebe808e39048997fca9 to start an election
I20260710 13:27:05.085065   945 raft_consensus.cc:1081] T 6fd61827c35f4dc2ad2f4e4500f3d627 P 13959b9220f641729a78136f2139d43e [term 1 LEADER]: Signalling peer 0ed18bc004394ebe808e39048997fca9 to start an election
I20260710 13:27:05.085446   734 raft_consensus.cc:2468] T 04b1b4b827da4ffb9fa928657e2da7f4 P fdc8d6ddfb0d4901b22c6715e634f8d5 [term 2 FOLLOWER]: Leader election vote request: Granting yes vote for candidate 0ed18bc004394ebe808e39048997fca9 in term 2.
I20260710 13:27:05.086714   657 tablet_service.cc:2044] Received Run Leader Election RPC: tablet_id: "6fd61827c35f4dc2ad2f4e4500f3d627"
dest_uuid: "0ed18bc004394ebe808e39048997fca9"
 from {username='slave'} at 127.0.0.1:59808
I20260710 13:27:05.086783   623 leader_election.cc:304] T 04b1b4b827da4ffb9fa928657e2da7f4 P 0ed18bc004394ebe808e39048997fca9 [CANDIDATE]: Term 2 election: Election decided. Result: candidate won. Election summary: received 2 responses out of 3 voters: 2 yes votes; 0 no votes. yes voters: 0ed18bc004394ebe808e39048997fca9, fdc8d6ddfb0d4901b22c6715e634f8d5; no voters: 
I20260710 13:27:05.087333   657 raft_consensus.cc:493] T 6fd61827c35f4dc2ad2f4e4500f3d627 P 0ed18bc004394ebe808e39048997fca9 [term 1 FOLLOWER]: Starting forced leader election (received explicit request)
I20260710 13:27:05.087648   853 raft_consensus.cc:2804] T 04b1b4b827da4ffb9fa928657e2da7f4 P 0ed18bc004394ebe808e39048997fca9 [term 2 FOLLOWER]: Leader election won for term 2
I20260710 13:27:05.087723   657 raft_consensus.cc:3060] T 6fd61827c35f4dc2ad2f4e4500f3d627 P 0ed18bc004394ebe808e39048997fca9 [term 1 FOLLOWER]: Advancing to term 2
I20260710 13:27:05.088204   853 raft_consensus.cc:697] T 04b1b4b827da4ffb9fa928657e2da7f4 P 0ed18bc004394ebe808e39048997fca9 [term 2 LEADER]: Becoming Leader. State: Replica: 0ed18bc004394ebe808e39048997fca9, State: Running, Role: LEADER
I20260710 13:27:05.088361   807 raft_consensus.cc:2468] T 04b1b4b827da4ffb9fa928657e2da7f4 P 13959b9220f641729a78136f2139d43e [term 2 FOLLOWER]: Leader election vote request: Granting yes vote for candidate 0ed18bc004394ebe808e39048997fca9 in term 2.
I20260710 13:27:05.089031   853 consensus_queue.cc:237] T 04b1b4b827da4ffb9fa928657e2da7f4 P 0ed18bc004394ebe808e39048997fca9 [LEADER]: Queue going to LEADER mode. State: All replicated index: 0, Majority replicated index: 1, Committed index: 1, Last appended: 1.1, Last appended by leader: 1, Current term: 2, Majority size: 2, State: 0, Mode: LEADER, active raft config: opid_index: -1 OBSOLETE_local: false peers { permanent_uuid: "0ed18bc004394ebe808e39048997fca9" member_type: VOTER last_known_addr { host: "127.31.188.1" port: 36787 } } peers { permanent_uuid: "fdc8d6ddfb0d4901b22c6715e634f8d5" member_type: VOTER last_known_addr { host: "127.31.188.2" port: 40529 } } peers { permanent_uuid: "13959b9220f641729a78136f2139d43e" member_type: VOTER last_known_addr { host: "127.31.188.3" port: 44839 } }
I20260710 13:27:05.094056   657 raft_consensus.cc:515] T 6fd61827c35f4dc2ad2f4e4500f3d627 P 0ed18bc004394ebe808e39048997fca9 [term 2 FOLLOWER]: Starting forced leader election with config: opid_index: -1 OBSOLETE_local: false peers { permanent_uuid: "0ed18bc004394ebe808e39048997fca9" member_type: VOTER last_known_addr { host: "127.31.188.1" port: 36787 } } peers { permanent_uuid: "fdc8d6ddfb0d4901b22c6715e634f8d5" member_type: VOTER last_known_addr { host: "127.31.188.2" port: 40529 } } peers { permanent_uuid: "13959b9220f641729a78136f2139d43e" member_type: VOTER last_known_addr { host: "127.31.188.3" port: 44839 } }
I20260710 13:27:05.095798   657 leader_election.cc:290] T 6fd61827c35f4dc2ad2f4e4500f3d627 P 0ed18bc004394ebe808e39048997fca9 [CANDIDATE]: Term 2 election: Requested vote from peers fdc8d6ddfb0d4901b22c6715e634f8d5 (127.31.188.2:40529), 13959b9220f641729a78136f2139d43e (127.31.188.3:44839)
I20260710 13:27:05.096555   734 tablet_service.cc:1917] Received RequestConsensusVote() RPC: tablet_id: "6fd61827c35f4dc2ad2f4e4500f3d627" candidate_uuid: "0ed18bc004394ebe808e39048997fca9" candidate_term: 2 candidate_status { last_received { term: 1 index: 1 } } ignore_live_leader: true dest_uuid: "fdc8d6ddfb0d4901b22c6715e634f8d5"
I20260710 13:27:05.096802   807 tablet_service.cc:1917] Received RequestConsensusVote() RPC: tablet_id: "6fd61827c35f4dc2ad2f4e4500f3d627" candidate_uuid: "0ed18bc004394ebe808e39048997fca9" candidate_term: 2 candidate_status { last_received { term: 1 index: 1 } } ignore_live_leader: true dest_uuid: "13959b9220f641729a78136f2139d43e"
I20260710 13:27:05.097267   734 raft_consensus.cc:3060] T 6fd61827c35f4dc2ad2f4e4500f3d627 P fdc8d6ddfb0d4901b22c6715e634f8d5 [term 1 FOLLOWER]: Advancing to term 2
I20260710 13:27:05.097365   807 raft_consensus.cc:3055] T 6fd61827c35f4dc2ad2f4e4500f3d627 P 13959b9220f641729a78136f2139d43e [term 1 LEADER]: Stepping down as leader of term 1
I20260710 13:27:05.096566   556 catalog_manager.cc:5697] T 04b1b4b827da4ffb9fa928657e2da7f4 P 0ed18bc004394ebe808e39048997fca9 reported cstate change: term changed from 1 to 2, leader changed from 13959b9220f641729a78136f2139d43e (127.31.188.3) to 0ed18bc004394ebe808e39048997fca9 (127.31.188.1). New cstate: current_term: 2 leader_uuid: "0ed18bc004394ebe808e39048997fca9" committed_config { opid_index: -1 OBSOLETE_local: false peers { permanent_uuid: "0ed18bc004394ebe808e39048997fca9" member_type: VOTER last_known_addr { host: "127.31.188.1" port: 36787 } health_report { overall_health: HEALTHY } } peers { permanent_uuid: "fdc8d6ddfb0d4901b22c6715e634f8d5" member_type: VOTER last_known_addr { host: "127.31.188.2" port: 40529 } health_report { overall_health: UNKNOWN } } peers { permanent_uuid: "13959b9220f641729a78136f2139d43e" member_type: VOTER last_known_addr { host: "127.31.188.3" port: 44839 } health_report { overall_health: UNKNOWN } } }
I20260710 13:27:05.097743   807 raft_consensus.cc:740] T 6fd61827c35f4dc2ad2f4e4500f3d627 P 13959b9220f641729a78136f2139d43e [term 1 LEADER]: Becoming Follower/Learner. State: Replica: 13959b9220f641729a78136f2139d43e, State: Running, Role: LEADER
I20260710 13:27:05.098474   807 consensus_queue.cc:260] T 6fd61827c35f4dc2ad2f4e4500f3d627 P 13959b9220f641729a78136f2139d43e [NON_LEADER]: Queue going to NON_LEADER mode. State: All replicated index: 0, Majority replicated index: 1, Committed index: 1, Last appended: 1.1, Last appended by leader: 1, Current term: 1, Majority size: -1, State: 0, Mode: NON_LEADER, active raft config: opid_index: -1 OBSOLETE_local: false peers { permanent_uuid: "0ed18bc004394ebe808e39048997fca9" member_type: VOTER last_known_addr { host: "127.31.188.1" port: 36787 } } peers { permanent_uuid: "fdc8d6ddfb0d4901b22c6715e634f8d5" member_type: VOTER last_known_addr { host: "127.31.188.2" port: 40529 } } peers { permanent_uuid: "13959b9220f641729a78136f2139d43e" member_type: VOTER last_known_addr { host: "127.31.188.3" port: 44839 } }
I20260710 13:27:05.099426   807 raft_consensus.cc:3060] T 6fd61827c35f4dc2ad2f4e4500f3d627 P 13959b9220f641729a78136f2139d43e [term 1 FOLLOWER]: Advancing to term 2
I20260710 13:27:05.101995   734 raft_consensus.cc:2468] T 6fd61827c35f4dc2ad2f4e4500f3d627 P fdc8d6ddfb0d4901b22c6715e634f8d5 [term 2 FOLLOWER]: Leader election vote request: Granting yes vote for candidate 0ed18bc004394ebe808e39048997fca9 in term 2.
I20260710 13:27:05.102931   623 leader_election.cc:304] T 6fd61827c35f4dc2ad2f4e4500f3d627 P 0ed18bc004394ebe808e39048997fca9 [CANDIDATE]: Term 2 election: Election decided. Result: candidate won. Election summary: received 2 responses out of 3 voters: 2 yes votes; 0 no votes. yes voters: 0ed18bc004394ebe808e39048997fca9, fdc8d6ddfb0d4901b22c6715e634f8d5; no voters: 
I20260710 13:27:05.103685   853 raft_consensus.cc:2804] T 6fd61827c35f4dc2ad2f4e4500f3d627 P 0ed18bc004394ebe808e39048997fca9 [term 2 FOLLOWER]: Leader election won for term 2
I20260710 13:27:05.104104   853 raft_consensus.cc:697] T 6fd61827c35f4dc2ad2f4e4500f3d627 P 0ed18bc004394ebe808e39048997fca9 [term 2 LEADER]: Becoming Leader. State: Replica: 0ed18bc004394ebe808e39048997fca9, State: Running, Role: LEADER
I20260710 13:27:05.104894   853 consensus_queue.cc:237] T 6fd61827c35f4dc2ad2f4e4500f3d627 P 0ed18bc004394ebe808e39048997fca9 [LEADER]: Queue going to LEADER mode. State: All replicated index: 0, Majority replicated index: 1, Committed index: 1, Last appended: 1.1, Last appended by leader: 1, Current term: 2, Majority size: 2, State: 0, Mode: LEADER, active raft config: opid_index: -1 OBSOLETE_local: false peers { permanent_uuid: "0ed18bc004394ebe808e39048997fca9" member_type: VOTER last_known_addr { host: "127.31.188.1" port: 36787 } } peers { permanent_uuid: "fdc8d6ddfb0d4901b22c6715e634f8d5" member_type: VOTER last_known_addr { host: "127.31.188.2" port: 40529 } } peers { permanent_uuid: "13959b9220f641729a78136f2139d43e" member_type: VOTER last_known_addr { host: "127.31.188.3" port: 44839 } }
I20260710 13:27:05.105505   807 raft_consensus.cc:2468] T 6fd61827c35f4dc2ad2f4e4500f3d627 P 13959b9220f641729a78136f2139d43e [term 2 FOLLOWER]: Leader election vote request: Granting yes vote for candidate 0ed18bc004394ebe808e39048997fca9 in term 2.
I20260710 13:27:05.112439   556 catalog_manager.cc:5697] T 6fd61827c35f4dc2ad2f4e4500f3d627 P 0ed18bc004394ebe808e39048997fca9 reported cstate change: term changed from 1 to 2, leader changed from 13959b9220f641729a78136f2139d43e (127.31.188.3) to 0ed18bc004394ebe808e39048997fca9 (127.31.188.1). New cstate: current_term: 2 leader_uuid: "0ed18bc004394ebe808e39048997fca9" committed_config { opid_index: -1 OBSOLETE_local: false peers { permanent_uuid: "0ed18bc004394ebe808e39048997fca9" member_type: VOTER last_known_addr { host: "127.31.188.1" port: 36787 } health_report { overall_health: HEALTHY } } peers { permanent_uuid: "fdc8d6ddfb0d4901b22c6715e634f8d5" member_type: VOTER last_known_addr { host: "127.31.188.2" port: 40529 } health_report { overall_health: UNKNOWN } } peers { permanent_uuid: "13959b9220f641729a78136f2139d43e" member_type: VOTER last_known_addr { host: "127.31.188.3" port: 44839 } health_report { overall_health: UNKNOWN } } }
I20260710 13:27:05.358470   807 raft_consensus.cc:1275] T fc4bcb9a3f454c0795da9863024c67d4 P 13959b9220f641729a78136f2139d43e [term 2 FOLLOWER]: Refusing update from remote peer 0ed18bc004394ebe808e39048997fca9: Log matching property violated. Preceding OpId in replica: term: 0 index: 0. Preceding OpId from leader: term: 2 index: 1. (index mismatch)
I20260710 13:27:05.359844   853 consensus_queue.cc:1048] T fc4bcb9a3f454c0795da9863024c67d4 P 0ed18bc004394ebe808e39048997fca9 [LEADER]: Connected to new peer: Peer: permanent_uuid: "13959b9220f641729a78136f2139d43e" member_type: VOTER last_known_addr { host: "127.31.188.3" port: 44839 }, Status: LMP_MISMATCH, Last received: 0.0, Next index: 1, Last known committed idx: 0, Time since last communication: 0.000s
I20260710 13:27:05.370059   734 raft_consensus.cc:1275] T fc4bcb9a3f454c0795da9863024c67d4 P fdc8d6ddfb0d4901b22c6715e634f8d5 [term 2 FOLLOWER]: Refusing update from remote peer 0ed18bc004394ebe808e39048997fca9: Log matching property violated. Preceding OpId in replica: term: 0 index: 0. Preceding OpId from leader: term: 2 index: 1. (index mismatch)
I20260710 13:27:05.372162   853 consensus_queue.cc:1048] T fc4bcb9a3f454c0795da9863024c67d4 P 0ed18bc004394ebe808e39048997fca9 [LEADER]: Connected to new peer: Peer: permanent_uuid: "fdc8d6ddfb0d4901b22c6715e634f8d5" member_type: VOTER last_known_addr { host: "127.31.188.2" port: 40529 }, Status: LMP_MISMATCH, Last received: 0.0, Next index: 1, Last known committed idx: 0, Time since last communication: 0.001s
I20260710 13:27:05.379843   853 raft_consensus.cc:993] T fc4bcb9a3f454c0795da9863024c67d4 P 0ed18bc004394ebe808e39048997fca9: : Instructing follower fdc8d6ddfb0d4901b22c6715e634f8d5 to start an election
I20260710 13:27:05.380254   853 raft_consensus.cc:1081] T fc4bcb9a3f454c0795da9863024c67d4 P 0ed18bc004394ebe808e39048997fca9 [term 2 LEADER]: Signalling peer fdc8d6ddfb0d4901b22c6715e634f8d5 to start an election
I20260710 13:27:05.381626   733 tablet_service.cc:2044] Received Run Leader Election RPC: tablet_id: "fc4bcb9a3f454c0795da9863024c67d4"
dest_uuid: "fdc8d6ddfb0d4901b22c6715e634f8d5"
 from {username='slave'} at 127.0.0.1:42952
I20260710 13:27:05.382154   733 raft_consensus.cc:493] T fc4bcb9a3f454c0795da9863024c67d4 P fdc8d6ddfb0d4901b22c6715e634f8d5 [term 2 FOLLOWER]: Starting forced leader election (received explicit request)
I20260710 13:27:05.382512   733 raft_consensus.cc:3060] T fc4bcb9a3f454c0795da9863024c67d4 P fdc8d6ddfb0d4901b22c6715e634f8d5 [term 2 FOLLOWER]: Advancing to term 3
I20260710 13:27:05.387274   733 raft_consensus.cc:515] T fc4bcb9a3f454c0795da9863024c67d4 P fdc8d6ddfb0d4901b22c6715e634f8d5 [term 3 FOLLOWER]: Starting forced leader election with config: opid_index: -1 OBSOLETE_local: false peers { permanent_uuid: "0ed18bc004394ebe808e39048997fca9" member_type: VOTER last_known_addr { host: "127.31.188.1" port: 36787 } } peers { permanent_uuid: "fdc8d6ddfb0d4901b22c6715e634f8d5" member_type: VOTER last_known_addr { host: "127.31.188.2" port: 40529 } } peers { permanent_uuid: "13959b9220f641729a78136f2139d43e" member_type: VOTER last_known_addr { host: "127.31.188.3" port: 44839 } }
I20260710 13:27:05.388898   733 leader_election.cc:290] T fc4bcb9a3f454c0795da9863024c67d4 P fdc8d6ddfb0d4901b22c6715e634f8d5 [CANDIDATE]: Term 3 election: Requested vote from peers 0ed18bc004394ebe808e39048997fca9 (127.31.188.1:36787), 13959b9220f641729a78136f2139d43e (127.31.188.3:44839)
I20260710 13:27:05.389572   657 tablet_service.cc:1917] Received RequestConsensusVote() RPC: tablet_id: "fc4bcb9a3f454c0795da9863024c67d4" candidate_uuid: "fdc8d6ddfb0d4901b22c6715e634f8d5" candidate_term: 3 candidate_status { last_received { term: 2 index: 1 } } ignore_live_leader: true dest_uuid: "0ed18bc004394ebe808e39048997fca9"
I20260710 13:27:05.389882   807 tablet_service.cc:1917] Received RequestConsensusVote() RPC: tablet_id: "fc4bcb9a3f454c0795da9863024c67d4" candidate_uuid: "fdc8d6ddfb0d4901b22c6715e634f8d5" candidate_term: 3 candidate_status { last_received { term: 2 index: 1 } } ignore_live_leader: true dest_uuid: "13959b9220f641729a78136f2139d43e"
I20260710 13:27:05.390200   657 raft_consensus.cc:3055] T fc4bcb9a3f454c0795da9863024c67d4 P 0ed18bc004394ebe808e39048997fca9 [term 2 LEADER]: Stepping down as leader of term 2
I20260710 13:27:05.390443   807 raft_consensus.cc:3060] T fc4bcb9a3f454c0795da9863024c67d4 P 13959b9220f641729a78136f2139d43e [term 2 FOLLOWER]: Advancing to term 3
I20260710 13:27:05.390585   657 raft_consensus.cc:740] T fc4bcb9a3f454c0795da9863024c67d4 P 0ed18bc004394ebe808e39048997fca9 [term 2 LEADER]: Becoming Follower/Learner. State: Replica: 0ed18bc004394ebe808e39048997fca9, State: Running, Role: LEADER
I20260710 13:27:05.391472   657 consensus_queue.cc:260] T fc4bcb9a3f454c0795da9863024c67d4 P 0ed18bc004394ebe808e39048997fca9 [NON_LEADER]: Queue going to NON_LEADER mode. State: All replicated index: 0, Majority replicated index: 1, Committed index: 1, Last appended: 2.1, Last appended by leader: 1, Current term: 2, Majority size: -1, State: 0, Mode: NON_LEADER, active raft config: opid_index: -1 OBSOLETE_local: false peers { permanent_uuid: "0ed18bc004394ebe808e39048997fca9" member_type: VOTER last_known_addr { host: "127.31.188.1" port: 36787 } } peers { permanent_uuid: "fdc8d6ddfb0d4901b22c6715e634f8d5" member_type: VOTER last_known_addr { host: "127.31.188.2" port: 40529 } } peers { permanent_uuid: "13959b9220f641729a78136f2139d43e" member_type: VOTER last_known_addr { host: "127.31.188.3" port: 44839 } }
I20260710 13:27:05.392365   657 raft_consensus.cc:3060] T fc4bcb9a3f454c0795da9863024c67d4 P 0ed18bc004394ebe808e39048997fca9 [term 2 FOLLOWER]: Advancing to term 3
I20260710 13:27:05.396317   807 raft_consensus.cc:2468] T fc4bcb9a3f454c0795da9863024c67d4 P 13959b9220f641729a78136f2139d43e [term 3 FOLLOWER]: Leader election vote request: Granting yes vote for candidate fdc8d6ddfb0d4901b22c6715e634f8d5 in term 3.
I20260710 13:27:05.397442   699 leader_election.cc:304] T fc4bcb9a3f454c0795da9863024c67d4 P fdc8d6ddfb0d4901b22c6715e634f8d5 [CANDIDATE]: Term 3 election: Election decided. Result: candidate won. Election summary: received 2 responses out of 3 voters: 2 yes votes; 0 no votes. yes voters: 13959b9220f641729a78136f2139d43e, fdc8d6ddfb0d4901b22c6715e634f8d5; no voters: 
I20260710 13:27:05.398062   887 raft_consensus.cc:2804] T fc4bcb9a3f454c0795da9863024c67d4 P fdc8d6ddfb0d4901b22c6715e634f8d5 [term 3 FOLLOWER]: Leader election won for term 3
I20260710 13:27:05.398360   657 raft_consensus.cc:2468] T fc4bcb9a3f454c0795da9863024c67d4 P 0ed18bc004394ebe808e39048997fca9 [term 3 FOLLOWER]: Leader election vote request: Granting yes vote for candidate fdc8d6ddfb0d4901b22c6715e634f8d5 in term 3.
I20260710 13:27:05.398449   887 raft_consensus.cc:697] T fc4bcb9a3f454c0795da9863024c67d4 P fdc8d6ddfb0d4901b22c6715e634f8d5 [term 3 LEADER]: Becoming Leader. State: Replica: fdc8d6ddfb0d4901b22c6715e634f8d5, State: Running, Role: LEADER
I20260710 13:27:05.399428   887 consensus_queue.cc:237] T fc4bcb9a3f454c0795da9863024c67d4 P fdc8d6ddfb0d4901b22c6715e634f8d5 [LEADER]: Queue going to LEADER mode. State: All replicated index: 0, Majority replicated index: 1, Committed index: 1, Last appended: 2.1, Last appended by leader: 1, Current term: 3, Majority size: 2, State: 0, Mode: LEADER, active raft config: opid_index: -1 OBSOLETE_local: false peers { permanent_uuid: "0ed18bc004394ebe808e39048997fca9" member_type: VOTER last_known_addr { host: "127.31.188.1" port: 36787 } } peers { permanent_uuid: "fdc8d6ddfb0d4901b22c6715e634f8d5" member_type: VOTER last_known_addr { host: "127.31.188.2" port: 40529 } } peers { permanent_uuid: "13959b9220f641729a78136f2139d43e" member_type: VOTER last_known_addr { host: "127.31.188.3" port: 44839 } }
I20260710 13:27:05.405025   557 catalog_manager.cc:5697] T fc4bcb9a3f454c0795da9863024c67d4 P fdc8d6ddfb0d4901b22c6715e634f8d5 reported cstate change: term changed from 2 to 3, leader changed from 0ed18bc004394ebe808e39048997fca9 (127.31.188.1) to fdc8d6ddfb0d4901b22c6715e634f8d5 (127.31.188.2). New cstate: current_term: 3 leader_uuid: "fdc8d6ddfb0d4901b22c6715e634f8d5" committed_config { opid_index: -1 OBSOLETE_local: false peers { permanent_uuid: "0ed18bc004394ebe808e39048997fca9" member_type: VOTER last_known_addr { host: "127.31.188.1" port: 36787 } health_report { overall_health: UNKNOWN } } peers { permanent_uuid: "fdc8d6ddfb0d4901b22c6715e634f8d5" member_type: VOTER last_known_addr { host: "127.31.188.2" port: 40529 } health_report { overall_health: HEALTHY } } peers { permanent_uuid: "13959b9220f641729a78136f2139d43e" member_type: VOTER last_known_addr { host: "127.31.188.3" port: 44839 } health_report { overall_health: UNKNOWN } } }
I20260710 13:27:05.418097   657 raft_consensus.cc:1275] T 26cce1f7a1cc48bdb824a537213c9664 P 0ed18bc004394ebe808e39048997fca9 [term 2 FOLLOWER]: Refusing update from remote peer fdc8d6ddfb0d4901b22c6715e634f8d5: Log matching property violated. Preceding OpId in replica: term: 0 index: 0. Preceding OpId from leader: term: 2 index: 1. (index mismatch)
I20260710 13:27:05.419348   887 consensus_queue.cc:1048] T 26cce1f7a1cc48bdb824a537213c9664 P fdc8d6ddfb0d4901b22c6715e634f8d5 [LEADER]: Connected to new peer: Peer: permanent_uuid: "0ed18bc004394ebe808e39048997fca9" member_type: VOTER last_known_addr { host: "127.31.188.1" port: 36787 }, Status: LMP_MISMATCH, Last received: 0.0, Next index: 1, Last known committed idx: 0, Time since last communication: 0.000s
I20260710 13:27:05.426124   938 raft_consensus.cc:993] T 26cce1f7a1cc48bdb824a537213c9664 P fdc8d6ddfb0d4901b22c6715e634f8d5: : Instructing follower 0ed18bc004394ebe808e39048997fca9 to start an election
I20260710 13:27:05.426786   887 raft_consensus.cc:1081] T 26cce1f7a1cc48bdb824a537213c9664 P fdc8d6ddfb0d4901b22c6715e634f8d5 [term 2 LEADER]: Signalling peer 0ed18bc004394ebe808e39048997fca9 to start an election
I20260710 13:27:05.428300   932 raft_consensus.cc:993] T 7bde55170dd447c9913a2d9d81e08d89 P 0ed18bc004394ebe808e39048997fca9: : Instructing follower 13959b9220f641729a78136f2139d43e to start an election
I20260710 13:27:05.428707   853 raft_consensus.cc:1081] T 7bde55170dd447c9913a2d9d81e08d89 P 0ed18bc004394ebe808e39048997fca9 [term 1 LEADER]: Signalling peer 13959b9220f641729a78136f2139d43e to start an election
I20260710 13:27:05.428838   658 tablet_service.cc:2044] Received Run Leader Election RPC: tablet_id: "26cce1f7a1cc48bdb824a537213c9664"
dest_uuid: "0ed18bc004394ebe808e39048997fca9"
 from {username='slave'} at 127.0.0.1:59820
I20260710 13:27:05.429399   658 raft_consensus.cc:493] T 26cce1f7a1cc48bdb824a537213c9664 P 0ed18bc004394ebe808e39048997fca9 [term 2 FOLLOWER]: Starting forced leader election (received explicit request)
I20260710 13:27:05.429752   658 raft_consensus.cc:3060] T 26cce1f7a1cc48bdb824a537213c9664 P 0ed18bc004394ebe808e39048997fca9 [term 2 FOLLOWER]: Advancing to term 3
I20260710 13:27:05.431195   808 tablet_service.cc:2044] Received Run Leader Election RPC: tablet_id: "7bde55170dd447c9913a2d9d81e08d89"
dest_uuid: "13959b9220f641729a78136f2139d43e"
 from {username='slave'} at 127.0.0.1:36130
I20260710 13:27:05.431398   807 raft_consensus.cc:1275] T 26cce1f7a1cc48bdb824a537213c9664 P 13959b9220f641729a78136f2139d43e [term 2 FOLLOWER]: Refusing update from remote peer fdc8d6ddfb0d4901b22c6715e634f8d5: Log matching property violated. Preceding OpId in replica: term: 0 index: 0. Preceding OpId from leader: term: 2 index: 1. (index mismatch)
I20260710 13:27:05.431759   808 raft_consensus.cc:493] T 7bde55170dd447c9913a2d9d81e08d89 P 13959b9220f641729a78136f2139d43e [term 1 FOLLOWER]: Starting forced leader election (received explicit request)
I20260710 13:27:05.432132   808 raft_consensus.cc:3060] T 7bde55170dd447c9913a2d9d81e08d89 P 13959b9220f641729a78136f2139d43e [term 1 FOLLOWER]: Advancing to term 2
I20260710 13:27:05.433122   887 consensus_queue.cc:1048] T 26cce1f7a1cc48bdb824a537213c9664 P fdc8d6ddfb0d4901b22c6715e634f8d5 [LEADER]: Connected to new peer: Peer: permanent_uuid: "13959b9220f641729a78136f2139d43e" member_type: VOTER last_known_addr { host: "127.31.188.3" port: 44839 }, Status: LMP_MISMATCH, Last received: 0.0, Next index: 1, Last known committed idx: 0, Time since last communication: 0.000s
I20260710 13:27:05.436465   658 raft_consensus.cc:515] T 26cce1f7a1cc48bdb824a537213c9664 P 0ed18bc004394ebe808e39048997fca9 [term 3 FOLLOWER]: Starting forced leader election with config: opid_index: -1 OBSOLETE_local: false peers { permanent_uuid: "0ed18bc004394ebe808e39048997fca9" member_type: VOTER last_known_addr { host: "127.31.188.1" port: 36787 } } peers { permanent_uuid: "fdc8d6ddfb0d4901b22c6715e634f8d5" member_type: VOTER last_known_addr { host: "127.31.188.2" port: 40529 } } peers { permanent_uuid: "13959b9220f641729a78136f2139d43e" member_type: VOTER last_known_addr { host: "127.31.188.3" port: 44839 } }
I20260710 13:27:05.438740   657 raft_consensus.cc:1240] T 26cce1f7a1cc48bdb824a537213c9664 P 0ed18bc004394ebe808e39048997fca9 [term 3 FOLLOWER]: Rejecting Update request from peer fdc8d6ddfb0d4901b22c6715e634f8d5 for earlier term 2. Current term is 3. Ops: []
I20260710 13:27:05.439141   733 tablet_service.cc:1917] Received RequestConsensusVote() RPC: tablet_id: "26cce1f7a1cc48bdb824a537213c9664" candidate_uuid: "0ed18bc004394ebe808e39048997fca9" candidate_term: 3 candidate_status { last_received { term: 2 index: 1 } } ignore_live_leader: true dest_uuid: "fdc8d6ddfb0d4901b22c6715e634f8d5"
I20260710 13:27:05.440605   806 tablet_service.cc:1917] Received RequestConsensusVote() RPC: tablet_id: "26cce1f7a1cc48bdb824a537213c9664" candidate_uuid: "0ed18bc004394ebe808e39048997fca9" candidate_term: 3 candidate_status { last_received { term: 2 index: 1 } } ignore_live_leader: true dest_uuid: "13959b9220f641729a78136f2139d43e"
I20260710 13:27:05.442157   733 raft_consensus.cc:3055] T 26cce1f7a1cc48bdb824a537213c9664 P fdc8d6ddfb0d4901b22c6715e634f8d5 [term 2 LEADER]: Stepping down as leader of term 2
I20260710 13:27:05.442476   733 raft_consensus.cc:740] T 26cce1f7a1cc48bdb824a537213c9664 P fdc8d6ddfb0d4901b22c6715e634f8d5 [term 2 LEADER]: Becoming Follower/Learner. State: Replica: fdc8d6ddfb0d4901b22c6715e634f8d5, State: Running, Role: LEADER
I20260710 13:27:05.442533   808 raft_consensus.cc:515] T 7bde55170dd447c9913a2d9d81e08d89 P 13959b9220f641729a78136f2139d43e [term 2 FOLLOWER]: Starting forced leader election with config: opid_index: -1 OBSOLETE_local: false peers { permanent_uuid: "0ed18bc004394ebe808e39048997fca9" member_type: VOTER last_known_addr { host: "127.31.188.1" port: 36787 } } peers { permanent_uuid: "fdc8d6ddfb0d4901b22c6715e634f8d5" member_type: VOTER last_known_addr { host: "127.31.188.2" port: 40529 } } peers { permanent_uuid: "13959b9220f641729a78136f2139d43e" member_type: VOTER last_known_addr { host: "127.31.188.3" port: 44839 } }
I20260710 13:27:05.443378   733 consensus_queue.cc:260] T 26cce1f7a1cc48bdb824a537213c9664 P fdc8d6ddfb0d4901b22c6715e634f8d5 [NON_LEADER]: Queue going to NON_LEADER mode. State: All replicated index: 0, Majority replicated index: 1, Committed index: 1, Last appended: 2.1, Last appended by leader: 1, Current term: 2, Majority size: -1, State: 0, Mode: NON_LEADER, active raft config: opid_index: -1 OBSOLETE_local: false peers { permanent_uuid: "0ed18bc004394ebe808e39048997fca9" member_type: VOTER last_known_addr { host: "127.31.188.1" port: 36787 } } peers { permanent_uuid: "fdc8d6ddfb0d4901b22c6715e634f8d5" member_type: VOTER last_known_addr { host: "127.31.188.2" port: 40529 } } peers { permanent_uuid: "13959b9220f641729a78136f2139d43e" member_type: VOTER last_known_addr { host: "127.31.188.3" port: 44839 } }
I20260710 13:27:05.444416   733 raft_consensus.cc:3060] T 26cce1f7a1cc48bdb824a537213c9664 P fdc8d6ddfb0d4901b22c6715e634f8d5 [term 2 FOLLOWER]: Advancing to term 3
I20260710 13:27:05.445370   659 tablet_service.cc:1917] Received RequestConsensusVote() RPC: tablet_id: "7bde55170dd447c9913a2d9d81e08d89" candidate_uuid: "13959b9220f641729a78136f2139d43e" candidate_term: 2 candidate_status { last_received { term: 1 index: 1 } } ignore_live_leader: true dest_uuid: "0ed18bc004394ebe808e39048997fca9"
I20260710 13:27:05.445660   734 tablet_service.cc:1917] Received RequestConsensusVote() RPC: tablet_id: "7bde55170dd447c9913a2d9d81e08d89" candidate_uuid: "13959b9220f641729a78136f2139d43e" candidate_term: 2 candidate_status { last_received { term: 1 index: 1 } } ignore_live_leader: true dest_uuid: "fdc8d6ddfb0d4901b22c6715e634f8d5"
I20260710 13:27:05.445896   659 raft_consensus.cc:3055] T 7bde55170dd447c9913a2d9d81e08d89 P 0ed18bc004394ebe808e39048997fca9 [term 1 LEADER]: Stepping down as leader of term 1
I20260710 13:27:05.446171   734 raft_consensus.cc:3060] T 7bde55170dd447c9913a2d9d81e08d89 P fdc8d6ddfb0d4901b22c6715e634f8d5 [term 1 FOLLOWER]: Advancing to term 2
I20260710 13:27:05.446218   659 raft_consensus.cc:740] T 7bde55170dd447c9913a2d9d81e08d89 P 0ed18bc004394ebe808e39048997fca9 [term 1 LEADER]: Becoming Follower/Learner. State: Replica: 0ed18bc004394ebe808e39048997fca9, State: Running, Role: LEADER
I20260710 13:27:05.447080   659 consensus_queue.cc:260] T 7bde55170dd447c9913a2d9d81e08d89 P 0ed18bc004394ebe808e39048997fca9 [NON_LEADER]: Queue going to NON_LEADER mode. State: All replicated index: 0, Majority replicated index: 1, Committed index: 1, Last appended: 1.1, Last appended by leader: 1, Current term: 1, Majority size: -1, State: 0, Mode: NON_LEADER, active raft config: opid_index: -1 OBSOLETE_local: false peers { permanent_uuid: "0ed18bc004394ebe808e39048997fca9" member_type: VOTER last_known_addr { host: "127.31.188.1" port: 36787 } } peers { permanent_uuid: "fdc8d6ddfb0d4901b22c6715e634f8d5" member_type: VOTER last_known_addr { host: "127.31.188.2" port: 40529 } } peers { permanent_uuid: "13959b9220f641729a78136f2139d43e" member_type: VOTER last_known_addr { host: "127.31.188.3" port: 44839 } }
I20260710 13:27:05.448102   659 raft_consensus.cc:3060] T 7bde55170dd447c9913a2d9d81e08d89 P 0ed18bc004394ebe808e39048997fca9 [term 1 FOLLOWER]: Advancing to term 2
I20260710 13:27:05.452723   734 raft_consensus.cc:2468] T 7bde55170dd447c9913a2d9d81e08d89 P fdc8d6ddfb0d4901b22c6715e634f8d5 [term 2 FOLLOWER]: Leader election vote request: Granting yes vote for candidate 13959b9220f641729a78136f2139d43e in term 2.
I20260710 13:27:05.453493   658 leader_election.cc:290] T 26cce1f7a1cc48bdb824a537213c9664 P 0ed18bc004394ebe808e39048997fca9 [CANDIDATE]: Term 3 election: Requested vote from peers fdc8d6ddfb0d4901b22c6715e634f8d5 (127.31.188.2:40529), 13959b9220f641729a78136f2139d43e (127.31.188.3:44839)
I20260710 13:27:05.450814   733 raft_consensus.cc:2468] T 26cce1f7a1cc48bdb824a537213c9664 P fdc8d6ddfb0d4901b22c6715e634f8d5 [term 3 FOLLOWER]: Leader election vote request: Granting yes vote for candidate 0ed18bc004394ebe808e39048997fca9 in term 3.
I20260710 13:27:05.453930   772 leader_election.cc:304] T 7bde55170dd447c9913a2d9d81e08d89 P 13959b9220f641729a78136f2139d43e [CANDIDATE]: Term 2 election: Election decided. Result: candidate won. Election summary: received 2 responses out of 3 voters: 2 yes votes; 0 no votes. yes voters: 13959b9220f641729a78136f2139d43e, fdc8d6ddfb0d4901b22c6715e634f8d5; no voters: 
I20260710 13:27:05.455070   808 leader_election.cc:290] T 7bde55170dd447c9913a2d9d81e08d89 P 13959b9220f641729a78136f2139d43e [CANDIDATE]: Term 2 election: Requested vote from peers 0ed18bc004394ebe808e39048997fca9 (127.31.188.1:36787), fdc8d6ddfb0d4901b22c6715e634f8d5 (127.31.188.2:40529)
I20260710 13:27:05.455219   945 raft_consensus.cc:2804] T 7bde55170dd447c9913a2d9d81e08d89 P 13959b9220f641729a78136f2139d43e [term 2 FOLLOWER]: Leader election won for term 2
I20260710 13:27:05.455255   623 leader_election.cc:304] T 26cce1f7a1cc48bdb824a537213c9664 P 0ed18bc004394ebe808e39048997fca9 [CANDIDATE]: Term 3 election: Election decided. Result: candidate won. Election summary: received 3 responses out of 3 voters: 2 yes votes; 1 no votes. yes voters: 0ed18bc004394ebe808e39048997fca9, fdc8d6ddfb0d4901b22c6715e634f8d5; no voters: 13959b9220f641729a78136f2139d43e
I20260710 13:27:05.455828   945 raft_consensus.cc:697] T 7bde55170dd447c9913a2d9d81e08d89 P 13959b9220f641729a78136f2139d43e [term 2 LEADER]: Becoming Leader. State: Replica: 13959b9220f641729a78136f2139d43e, State: Running, Role: LEADER
I20260710 13:27:05.456141   659 raft_consensus.cc:2468] T 7bde55170dd447c9913a2d9d81e08d89 P 0ed18bc004394ebe808e39048997fca9 [term 2 FOLLOWER]: Leader election vote request: Granting yes vote for candidate 13959b9220f641729a78136f2139d43e in term 2.
I20260710 13:27:05.456384   853 raft_consensus.cc:2804] T 26cce1f7a1cc48bdb824a537213c9664 P 0ed18bc004394ebe808e39048997fca9 [term 3 FOLLOWER]: Leader election won for term 3
I20260710 13:27:05.456887   853 raft_consensus.cc:697] T 26cce1f7a1cc48bdb824a537213c9664 P 0ed18bc004394ebe808e39048997fca9 [term 3 LEADER]: Becoming Leader. State: Replica: 0ed18bc004394ebe808e39048997fca9, State: Running, Role: LEADER
I20260710 13:27:05.456609   945 consensus_queue.cc:237] T 7bde55170dd447c9913a2d9d81e08d89 P 13959b9220f641729a78136f2139d43e [LEADER]: Queue going to LEADER mode. State: All replicated index: 0, Majority replicated index: 1, Committed index: 1, Last appended: 1.1, Last appended by leader: 1, Current term: 2, Majority size: 2, State: 0, Mode: LEADER, active raft config: opid_index: -1 OBSOLETE_local: false peers { permanent_uuid: "0ed18bc004394ebe808e39048997fca9" member_type: VOTER last_known_addr { host: "127.31.188.1" port: 36787 } } peers { permanent_uuid: "fdc8d6ddfb0d4901b22c6715e634f8d5" member_type: VOTER last_known_addr { host: "127.31.188.2" port: 40529 } } peers { permanent_uuid: "13959b9220f641729a78136f2139d43e" member_type: VOTER last_known_addr { host: "127.31.188.3" port: 44839 } }
I20260710 13:27:05.457698   853 consensus_queue.cc:237] T 26cce1f7a1cc48bdb824a537213c9664 P 0ed18bc004394ebe808e39048997fca9 [LEADER]: Queue going to LEADER mode. State: All replicated index: 0, Majority replicated index: 0, Committed index: 0, Last appended: 2.1, Last appended by leader: 1, Current term: 3, Majority size: 2, State: 0, Mode: LEADER, active raft config: opid_index: -1 OBSOLETE_local: false peers { permanent_uuid: "0ed18bc004394ebe808e39048997fca9" member_type: VOTER last_known_addr { host: "127.31.188.1" port: 36787 } } peers { permanent_uuid: "fdc8d6ddfb0d4901b22c6715e634f8d5" member_type: VOTER last_known_addr { host: "127.31.188.2" port: 40529 } } peers { permanent_uuid: "13959b9220f641729a78136f2139d43e" member_type: VOTER last_known_addr { host: "127.31.188.3" port: 44839 } }
I20260710 13:27:05.464807   557 catalog_manager.cc:5697] T 26cce1f7a1cc48bdb824a537213c9664 P 0ed18bc004394ebe808e39048997fca9 reported cstate change: term changed from 2 to 3, leader changed from fdc8d6ddfb0d4901b22c6715e634f8d5 (127.31.188.2) to 0ed18bc004394ebe808e39048997fca9 (127.31.188.1). New cstate: current_term: 3 leader_uuid: "0ed18bc004394ebe808e39048997fca9" committed_config { opid_index: -1 OBSOLETE_local: false peers { permanent_uuid: "0ed18bc004394ebe808e39048997fca9" member_type: VOTER last_known_addr { host: "127.31.188.1" port: 36787 } health_report { overall_health: HEALTHY } } peers { permanent_uuid: "fdc8d6ddfb0d4901b22c6715e634f8d5" member_type: VOTER last_known_addr { host: "127.31.188.2" port: 40529 } health_report { overall_health: UNKNOWN } } peers { permanent_uuid: "13959b9220f641729a78136f2139d43e" member_type: VOTER last_known_addr { host: "127.31.188.3" port: 44839 } health_report { overall_health: UNKNOWN } } }
I20260710 13:27:05.465399   556 catalog_manager.cc:5697] T 7bde55170dd447c9913a2d9d81e08d89 P 13959b9220f641729a78136f2139d43e reported cstate change: term changed from 1 to 2, leader changed from 0ed18bc004394ebe808e39048997fca9 (127.31.188.1) to 13959b9220f641729a78136f2139d43e (127.31.188.3). New cstate: current_term: 2 leader_uuid: "13959b9220f641729a78136f2139d43e" committed_config { opid_index: -1 OBSOLETE_local: false peers { permanent_uuid: "0ed18bc004394ebe808e39048997fca9" member_type: VOTER last_known_addr { host: "127.31.188.1" port: 36787 } health_report { overall_health: UNKNOWN } } peers { permanent_uuid: "fdc8d6ddfb0d4901b22c6715e634f8d5" member_type: VOTER last_known_addr { host: "127.31.188.2" port: 40529 } health_report { overall_health: UNKNOWN } } peers { permanent_uuid: "13959b9220f641729a78136f2139d43e" member_type: VOTER last_known_addr { host: "127.31.188.3" port: 44839 } health_report { overall_health: HEALTHY } } }
I20260710 13:27:05.521910   808 raft_consensus.cc:1275] T 04b1b4b827da4ffb9fa928657e2da7f4 P 13959b9220f641729a78136f2139d43e [term 2 FOLLOWER]: Refusing update from remote peer 0ed18bc004394ebe808e39048997fca9: Log matching property violated. Preceding OpId in replica: term: 1 index: 1. Preceding OpId from leader: term: 2 index: 2. (index mismatch)
I20260710 13:27:05.523080   853 consensus_queue.cc:1048] T 04b1b4b827da4ffb9fa928657e2da7f4 P 0ed18bc004394ebe808e39048997fca9 [LEADER]: Connected to new peer: Peer: permanent_uuid: "13959b9220f641729a78136f2139d43e" member_type: VOTER last_known_addr { host: "127.31.188.3" port: 44839 }, Status: LMP_MISMATCH, Last received: 0.0, Next index: 2, Last known committed idx: 1, Time since last communication: 0.000s
I20260710 13:27:05.531605   734 raft_consensus.cc:1275] T 04b1b4b827da4ffb9fa928657e2da7f4 P fdc8d6ddfb0d4901b22c6715e634f8d5 [term 2 FOLLOWER]: Refusing update from remote peer 0ed18bc004394ebe808e39048997fca9: Log matching property violated. Preceding OpId in replica: term: 1 index: 1. Preceding OpId from leader: term: 2 index: 2. (index mismatch)
I20260710 13:27:05.533689   853 consensus_queue.cc:1048] T 04b1b4b827da4ffb9fa928657e2da7f4 P 0ed18bc004394ebe808e39048997fca9 [LEADER]: Connected to new peer: Peer: permanent_uuid: "fdc8d6ddfb0d4901b22c6715e634f8d5" member_type: VOTER last_known_addr { host: "127.31.188.2" port: 40529 }, Status: LMP_MISMATCH, Last received: 0.0, Next index: 2, Last known committed idx: 1, Time since last communication: 0.000s
I20260710 13:27:05.623944   808 raft_consensus.cc:1275] T 6fd61827c35f4dc2ad2f4e4500f3d627 P 13959b9220f641729a78136f2139d43e [term 2 FOLLOWER]: Refusing update from remote peer 0ed18bc004394ebe808e39048997fca9: Log matching property violated. Preceding OpId in replica: term: 1 index: 1. Preceding OpId from leader: term: 2 index: 2. (index mismatch)
I20260710 13:27:05.625234   853 consensus_queue.cc:1048] T 6fd61827c35f4dc2ad2f4e4500f3d627 P 0ed18bc004394ebe808e39048997fca9 [LEADER]: Connected to new peer: Peer: permanent_uuid: "13959b9220f641729a78136f2139d43e" member_type: VOTER last_known_addr { host: "127.31.188.3" port: 44839 }, Status: LMP_MISMATCH, Last received: 0.0, Next index: 2, Last known committed idx: 1, Time since last communication: 0.000s
I20260710 13:27:05.633690   734 raft_consensus.cc:1275] T 6fd61827c35f4dc2ad2f4e4500f3d627 P fdc8d6ddfb0d4901b22c6715e634f8d5 [term 2 FOLLOWER]: Refusing update from remote peer 0ed18bc004394ebe808e39048997fca9: Log matching property violated. Preceding OpId in replica: term: 1 index: 1. Preceding OpId from leader: term: 2 index: 2. (index mismatch)
I20260710 13:27:05.635648   960 consensus_queue.cc:1048] T 6fd61827c35f4dc2ad2f4e4500f3d627 P 0ed18bc004394ebe808e39048997fca9 [LEADER]: Connected to new peer: Peer: permanent_uuid: "fdc8d6ddfb0d4901b22c6715e634f8d5" member_type: VOTER last_known_addr { host: "127.31.188.2" port: 40529 }, Status: LMP_MISMATCH, Last received: 0.0, Next index: 2, Last known committed idx: 1, Time since last communication: 0.000s
I20260710 13:27:05.667708   904 raft_consensus.cc:993] T c2eb390ff9844abd8f098a9913e83d61 P 13959b9220f641729a78136f2139d43e: : Instructing follower fdc8d6ddfb0d4901b22c6715e634f8d5 to start an election
I20260710 13:27:05.668165   904 raft_consensus.cc:1081] T c2eb390ff9844abd8f098a9913e83d61 P 13959b9220f641729a78136f2139d43e [term 1 LEADER]: Signalling peer fdc8d6ddfb0d4901b22c6715e634f8d5 to start an election
I20260710 13:27:05.669793   734 tablet_service.cc:2044] Received Run Leader Election RPC: tablet_id: "c2eb390ff9844abd8f098a9913e83d61"
dest_uuid: "fdc8d6ddfb0d4901b22c6715e634f8d5"
 from {username='slave'} at 127.0.0.1:42960
I20260710 13:27:05.670291   734 raft_consensus.cc:493] T c2eb390ff9844abd8f098a9913e83d61 P fdc8d6ddfb0d4901b22c6715e634f8d5 [term 1 FOLLOWER]: Starting forced leader election (received explicit request)
I20260710 13:27:05.670572   734 raft_consensus.cc:3060] T c2eb390ff9844abd8f098a9913e83d61 P fdc8d6ddfb0d4901b22c6715e634f8d5 [term 1 FOLLOWER]: Advancing to term 2
I20260710 13:27:05.674878   734 raft_consensus.cc:515] T c2eb390ff9844abd8f098a9913e83d61 P fdc8d6ddfb0d4901b22c6715e634f8d5 [term 2 FOLLOWER]: Starting forced leader election with config: opid_index: -1 OBSOLETE_local: false peers { permanent_uuid: "0ed18bc004394ebe808e39048997fca9" member_type: VOTER last_known_addr { host: "127.31.188.1" port: 36787 } } peers { permanent_uuid: "fdc8d6ddfb0d4901b22c6715e634f8d5" member_type: VOTER last_known_addr { host: "127.31.188.2" port: 40529 } } peers { permanent_uuid: "13959b9220f641729a78136f2139d43e" member_type: VOTER last_known_addr { host: "127.31.188.3" port: 44839 } }
I20260710 13:27:05.676360   734 leader_election.cc:290] T c2eb390ff9844abd8f098a9913e83d61 P fdc8d6ddfb0d4901b22c6715e634f8d5 [CANDIDATE]: Term 2 election: Requested vote from peers 0ed18bc004394ebe808e39048997fca9 (127.31.188.1:36787), 13959b9220f641729a78136f2139d43e (127.31.188.3:44839)
I20260710 13:27:05.677121   659 tablet_service.cc:1917] Received RequestConsensusVote() RPC: tablet_id: "c2eb390ff9844abd8f098a9913e83d61" candidate_uuid: "fdc8d6ddfb0d4901b22c6715e634f8d5" candidate_term: 2 candidate_status { last_received { term: 1 index: 1 } } ignore_live_leader: true dest_uuid: "0ed18bc004394ebe808e39048997fca9"
I20260710 13:27:05.677613   659 raft_consensus.cc:3060] T c2eb390ff9844abd8f098a9913e83d61 P 0ed18bc004394ebe808e39048997fca9 [term 1 FOLLOWER]: Advancing to term 2
I20260710 13:27:05.677428   808 tablet_service.cc:1917] Received RequestConsensusVote() RPC: tablet_id: "c2eb390ff9844abd8f098a9913e83d61" candidate_uuid: "fdc8d6ddfb0d4901b22c6715e634f8d5" candidate_term: 2 candidate_status { last_received { term: 1 index: 1 } } ignore_live_leader: true dest_uuid: "13959b9220f641729a78136f2139d43e"
I20260710 13:27:05.678077   808 raft_consensus.cc:3055] T c2eb390ff9844abd8f098a9913e83d61 P 13959b9220f641729a78136f2139d43e [term 1 LEADER]: Stepping down as leader of term 1
I20260710 13:27:05.678298   808 raft_consensus.cc:740] T c2eb390ff9844abd8f098a9913e83d61 P 13959b9220f641729a78136f2139d43e [term 1 LEADER]: Becoming Follower/Learner. State: Replica: 13959b9220f641729a78136f2139d43e, State: Running, Role: LEADER
I20260710 13:27:05.678958   808 consensus_queue.cc:260] T c2eb390ff9844abd8f098a9913e83d61 P 13959b9220f641729a78136f2139d43e [NON_LEADER]: Queue going to NON_LEADER mode. State: All replicated index: 0, Majority replicated index: 1, Committed index: 1, Last appended: 1.1, Last appended by leader: 1, Current term: 1, Majority size: -1, State: 0, Mode: NON_LEADER, active raft config: opid_index: -1 OBSOLETE_local: false peers { permanent_uuid: "0ed18bc004394ebe808e39048997fca9" member_type: VOTER last_known_addr { host: "127.31.188.1" port: 36787 } } peers { permanent_uuid: "fdc8d6ddfb0d4901b22c6715e634f8d5" member_type: VOTER last_known_addr { host: "127.31.188.2" port: 40529 } } peers { permanent_uuid: "13959b9220f641729a78136f2139d43e" member_type: VOTER last_known_addr { host: "127.31.188.3" port: 44839 } }
I20260710 13:27:05.679874   808 raft_consensus.cc:3060] T c2eb390ff9844abd8f098a9913e83d61 P 13959b9220f641729a78136f2139d43e [term 1 FOLLOWER]: Advancing to term 2
I20260710 13:27:05.682139   659 raft_consensus.cc:2468] T c2eb390ff9844abd8f098a9913e83d61 P 0ed18bc004394ebe808e39048997fca9 [term 2 FOLLOWER]: Leader election vote request: Granting yes vote for candidate fdc8d6ddfb0d4901b22c6715e634f8d5 in term 2.
I20260710 13:27:05.683166   697 leader_election.cc:304] T c2eb390ff9844abd8f098a9913e83d61 P fdc8d6ddfb0d4901b22c6715e634f8d5 [CANDIDATE]: Term 2 election: Election decided. Result: candidate won. Election summary: received 2 responses out of 3 voters: 2 yes votes; 0 no votes. yes voters: 0ed18bc004394ebe808e39048997fca9, fdc8d6ddfb0d4901b22c6715e634f8d5; no voters: 
I20260710 13:27:05.683909   954 raft_consensus.cc:2804] T c2eb390ff9844abd8f098a9913e83d61 P fdc8d6ddfb0d4901b22c6715e634f8d5 [term 2 FOLLOWER]: Leader election won for term 2
I20260710 13:27:05.684288   954 raft_consensus.cc:697] T c2eb390ff9844abd8f098a9913e83d61 P fdc8d6ddfb0d4901b22c6715e634f8d5 [term 2 LEADER]: Becoming Leader. State: Replica: fdc8d6ddfb0d4901b22c6715e634f8d5, State: Running, Role: LEADER
I20260710 13:27:05.684607   808 raft_consensus.cc:2468] T c2eb390ff9844abd8f098a9913e83d61 P 13959b9220f641729a78136f2139d43e [term 2 FOLLOWER]: Leader election vote request: Granting yes vote for candidate fdc8d6ddfb0d4901b22c6715e634f8d5 in term 2.
I20260710 13:27:05.685024   954 consensus_queue.cc:237] T c2eb390ff9844abd8f098a9913e83d61 P fdc8d6ddfb0d4901b22c6715e634f8d5 [LEADER]: Queue going to LEADER mode. State: All replicated index: 0, Majority replicated index: 1, Committed index: 1, Last appended: 1.1, Last appended by leader: 1, Current term: 2, Majority size: 2, State: 0, Mode: LEADER, active raft config: opid_index: -1 OBSOLETE_local: false peers { permanent_uuid: "0ed18bc004394ebe808e39048997fca9" member_type: VOTER last_known_addr { host: "127.31.188.1" port: 36787 } } peers { permanent_uuid: "fdc8d6ddfb0d4901b22c6715e634f8d5" member_type: VOTER last_known_addr { host: "127.31.188.2" port: 40529 } } peers { permanent_uuid: "13959b9220f641729a78136f2139d43e" member_type: VOTER last_known_addr { host: "127.31.188.3" port: 44839 } }
I20260710 13:27:05.691972   556 catalog_manager.cc:5697] T c2eb390ff9844abd8f098a9913e83d61 P fdc8d6ddfb0d4901b22c6715e634f8d5 reported cstate change: term changed from 1 to 2, leader changed from 13959b9220f641729a78136f2139d43e (127.31.188.3) to fdc8d6ddfb0d4901b22c6715e634f8d5 (127.31.188.2). New cstate: current_term: 2 leader_uuid: "fdc8d6ddfb0d4901b22c6715e634f8d5" committed_config { opid_index: -1 OBSOLETE_local: false peers { permanent_uuid: "0ed18bc004394ebe808e39048997fca9" member_type: VOTER last_known_addr { host: "127.31.188.1" port: 36787 } health_report { overall_health: UNKNOWN } } peers { permanent_uuid: "fdc8d6ddfb0d4901b22c6715e634f8d5" member_type: VOTER last_known_addr { host: "127.31.188.2" port: 40529 } health_report { overall_health: HEALTHY } } peers { permanent_uuid: "13959b9220f641729a78136f2139d43e" member_type: VOTER last_known_addr { host: "127.31.188.3" port: 44839 } health_report { overall_health: UNKNOWN } } }
I20260710 13:27:05.923853   808 raft_consensus.cc:3060] T 26cce1f7a1cc48bdb824a537213c9664 P 13959b9220f641729a78136f2139d43e [term 2 FOLLOWER]: Advancing to term 3
I20260710 13:27:05.928568   808 raft_consensus.cc:1275] T 26cce1f7a1cc48bdb824a537213c9664 P 13959b9220f641729a78136f2139d43e [term 3 FOLLOWER]: Refusing update from remote peer 0ed18bc004394ebe808e39048997fca9: Log matching property violated. Preceding OpId in replica: term: 2 index: 1. Preceding OpId from leader: term: 3 index: 2. (index mismatch)
