I20260710 13:27:08.476859 28017 catalog_manager.cc:5697] T 951d0f90931e413991b0ee7941dd1d89 P c45b23bba25d493a9bc4918390028ced reported cstate change: term changed from 1 to 2, leader changed from ee491bd2c4334e92b1e19ca2056c1a40 (127.26.219.1) to c45b23bba25d493a9bc4918390028ced (127.26.219.3). New cstate: current_term: 2 leader_uuid: "c45b23bba25d493a9bc4918390028ced" committed_config { opid_index: -1 OBSOLETE_local: false peers { permanent_uuid: "ee491bd2c4334e92b1e19ca2056c1a40" member_type: VOTER last_known_addr { host: "127.26.219.1" port: 43783 } health_report { overall_health: UNKNOWN } } peers { permanent_uuid: "e9c2982c395341cdb8e4862fc28d4776" member_type: VOTER last_known_addr { host: "127.26.219.2" port: 43723 } health_report { overall_health: UNKNOWN } } peers { permanent_uuid: "c45b23bba25d493a9bc4918390028ced" member_type: VOTER last_known_addr { host: "127.26.219.3" port: 46403 } health_report { overall_health: HEALTHY } } }
I20260710 13:27:08.663164 28450 raft_consensus.cc:993] T c5d364dc93cb4e6388d0a7fdbf66d867 P ee491bd2c4334e92b1e19ca2056c1a40: : Instructing follower c45b23bba25d493a9bc4918390028ced to start an election
I20260710 13:27:08.664404 28435 raft_consensus.cc:1081] T c5d364dc93cb4e6388d0a7fdbf66d867 P ee491bd2c4334e92b1e19ca2056c1a40 [term 2 LEADER]: Signalling peer c45b23bba25d493a9bc4918390028ced to start an election
I20260710 13:27:08.666338 28267 tablet_service.cc:2044] Received Run Leader Election RPC: tablet_id: "c5d364dc93cb4e6388d0a7fdbf66d867"
dest_uuid: "c45b23bba25d493a9bc4918390028ced"
 from {username='slave'} at 127.0.0.1:58142
I20260710 13:27:08.667043 28267 raft_consensus.cc:493] T c5d364dc93cb4e6388d0a7fdbf66d867 P c45b23bba25d493a9bc4918390028ced [term 2 FOLLOWER]: Starting forced leader election (received explicit request)
I20260710 13:27:08.667411 28267 raft_consensus.cc:3060] T c5d364dc93cb4e6388d0a7fdbf66d867 P c45b23bba25d493a9bc4918390028ced [term 2 FOLLOWER]: Advancing to term 3
I20260710 13:27:08.676975 28267 raft_consensus.cc:515] T c5d364dc93cb4e6388d0a7fdbf66d867 P c45b23bba25d493a9bc4918390028ced [term 3 FOLLOWER]: Starting forced leader election with config: opid_index: -1 OBSOLETE_local: false peers { permanent_uuid: "ee491bd2c4334e92b1e19ca2056c1a40" member_type: VOTER last_known_addr { host: "127.26.219.1" port: 43783 } } peers { permanent_uuid: "e9c2982c395341cdb8e4862fc28d4776" member_type: VOTER last_known_addr { host: "127.26.219.2" port: 43723 } } peers { permanent_uuid: "c45b23bba25d493a9bc4918390028ced" member_type: VOTER last_known_addr { host: "127.26.219.3" port: 46403 } }
I20260710 13:27:08.678906 28267 leader_election.cc:290] T c5d364dc93cb4e6388d0a7fdbf66d867 P c45b23bba25d493a9bc4918390028ced [CANDIDATE]: Term 3 election: Requested vote from peers ee491bd2c4334e92b1e19ca2056c1a40 (127.26.219.1:43783), e9c2982c395341cdb8e4862fc28d4776 (127.26.219.2:43723)
I20260710 13:27:08.680370 28193 tablet_service.cc:1917] Received RequestConsensusVote() RPC: tablet_id: "c5d364dc93cb4e6388d0a7fdbf66d867" candidate_uuid: "c45b23bba25d493a9bc4918390028ced" candidate_term: 3 candidate_status { last_received { term: 2 index: 2 } } ignore_live_leader: true dest_uuid: "e9c2982c395341cdb8e4862fc28d4776"
I20260710 13:27:08.680295 28119 tablet_service.cc:1917] Received RequestConsensusVote() RPC: tablet_id: "c5d364dc93cb4e6388d0a7fdbf66d867" candidate_uuid: "c45b23bba25d493a9bc4918390028ced" candidate_term: 3 candidate_status { last_received { term: 2 index: 2 } } ignore_live_leader: true dest_uuid: "ee491bd2c4334e92b1e19ca2056c1a40"
I20260710 13:27:08.681303 28193 raft_consensus.cc:3060] T c5d364dc93cb4e6388d0a7fdbf66d867 P e9c2982c395341cdb8e4862fc28d4776 [term 2 FOLLOWER]: Advancing to term 3
I20260710 13:27:08.681347 28119 raft_consensus.cc:3055] T c5d364dc93cb4e6388d0a7fdbf66d867 P ee491bd2c4334e92b1e19ca2056c1a40 [term 2 LEADER]: Stepping down as leader of term 2
I20260710 13:27:08.681808 28119 raft_consensus.cc:740] T c5d364dc93cb4e6388d0a7fdbf66d867 P ee491bd2c4334e92b1e19ca2056c1a40 [term 2 LEADER]: Becoming Follower/Learner. State: Replica: ee491bd2c4334e92b1e19ca2056c1a40, State: Running, Role: LEADER
I20260710 13:27:08.682569 28119 consensus_queue.cc:260] T c5d364dc93cb4e6388d0a7fdbf66d867 P ee491bd2c4334e92b1e19ca2056c1a40 [NON_LEADER]: Queue going to NON_LEADER mode. State: All replicated index: 0, Majority replicated index: 2, Committed index: 2, Last appended: 2.2, Last appended by leader: 2, Current term: 2, Majority size: -1, State: 0, Mode: NON_LEADER, active raft config: opid_index: -1 OBSOLETE_local: false peers { permanent_uuid: "ee491bd2c4334e92b1e19ca2056c1a40" member_type: VOTER last_known_addr { host: "127.26.219.1" port: 43783 } } peers { permanent_uuid: "e9c2982c395341cdb8e4862fc28d4776" member_type: VOTER last_known_addr { host: "127.26.219.2" port: 43723 } } peers { permanent_uuid: "c45b23bba25d493a9bc4918390028ced" member_type: VOTER last_known_addr { host: "127.26.219.3" port: 46403 } }
I20260710 13:27:08.684079 28119 raft_consensus.cc:3060] T c5d364dc93cb4e6388d0a7fdbf66d867 P ee491bd2c4334e92b1e19ca2056c1a40 [term 2 FOLLOWER]: Advancing to term 3
I20260710 13:27:08.688367 28193 raft_consensus.cc:2468] T c5d364dc93cb4e6388d0a7fdbf66d867 P e9c2982c395341cdb8e4862fc28d4776 [term 3 FOLLOWER]: Leader election vote request: Granting yes vote for candidate c45b23bba25d493a9bc4918390028ced in term 3.
I20260710 13:27:08.689685 28233 leader_election.cc:304] T c5d364dc93cb4e6388d0a7fdbf66d867 P c45b23bba25d493a9bc4918390028ced [CANDIDATE]: Term 3 election: Election decided. Result: candidate won. Election summary: received 2 responses out of 3 voters: 2 yes votes; 0 no votes. yes voters: c45b23bba25d493a9bc4918390028ced, e9c2982c395341cdb8e4862fc28d4776; no voters: 
I20260710 13:27:08.690811 28119 raft_consensus.cc:2468] T c5d364dc93cb4e6388d0a7fdbf66d867 P ee491bd2c4334e92b1e19ca2056c1a40 [term 3 FOLLOWER]: Leader election vote request: Granting yes vote for candidate c45b23bba25d493a9bc4918390028ced in term 3.
I20260710 13:27:08.690838 28388 raft_consensus.cc:2804] T c5d364dc93cb4e6388d0a7fdbf66d867 P c45b23bba25d493a9bc4918390028ced [term 3 FOLLOWER]: Leader election won for term 3
I20260710 13:27:08.691696 28388 raft_consensus.cc:697] T c5d364dc93cb4e6388d0a7fdbf66d867 P c45b23bba25d493a9bc4918390028ced [term 3 LEADER]: Becoming Leader. State: Replica: c45b23bba25d493a9bc4918390028ced, State: Running, Role: LEADER
I20260710 13:27:08.692765 28388 consensus_queue.cc:237] T c5d364dc93cb4e6388d0a7fdbf66d867 P c45b23bba25d493a9bc4918390028ced [LEADER]: Queue going to LEADER mode. State: All replicated index: 0, Majority replicated index: 2, Committed index: 2, Last appended: 2.2, Last appended by leader: 2, Current term: 3, Majority size: 2, State: 0, Mode: LEADER, active raft config: opid_index: -1 OBSOLETE_local: false peers { permanent_uuid: "ee491bd2c4334e92b1e19ca2056c1a40" member_type: VOTER last_known_addr { host: "127.26.219.1" port: 43783 } } peers { permanent_uuid: "e9c2982c395341cdb8e4862fc28d4776" member_type: VOTER last_known_addr { host: "127.26.219.2" port: 43723 } } peers { permanent_uuid: "c45b23bba25d493a9bc4918390028ced" member_type: VOTER last_known_addr { host: "127.26.219.3" port: 46403 } }
I20260710 13:27:08.702128 28017 catalog_manager.cc:5697] T c5d364dc93cb4e6388d0a7fdbf66d867 P c45b23bba25d493a9bc4918390028ced reported cstate change: term changed from 2 to 3, leader changed from ee491bd2c4334e92b1e19ca2056c1a40 (127.26.219.1) to c45b23bba25d493a9bc4918390028ced (127.26.219.3). New cstate: current_term: 3 leader_uuid: "c45b23bba25d493a9bc4918390028ced" committed_config { opid_index: -1 OBSOLETE_local: false peers { permanent_uuid: "ee491bd2c4334e92b1e19ca2056c1a40" member_type: VOTER last_known_addr { host: "127.26.219.1" port: 43783 } health_report { overall_health: UNKNOWN } } peers { permanent_uuid: "e9c2982c395341cdb8e4862fc28d4776" member_type: VOTER last_known_addr { host: "127.26.219.2" port: 43723 } health_report { overall_health: UNKNOWN } } peers { permanent_uuid: "c45b23bba25d493a9bc4918390028ced" member_type: VOTER last_known_addr { host: "127.26.219.3" port: 46403 } health_report { overall_health: HEALTHY } } }
I20260710 13:27:08.890942 28193 raft_consensus.cc:1275] T 951d0f90931e413991b0ee7941dd1d89 P e9c2982c395341cdb8e4862fc28d4776 [term 2 FOLLOWER]: Refusing update from remote peer c45b23bba25d493a9bc4918390028ced: Log matching property violated. Preceding OpId in replica: term: 1 index: 1. Preceding OpId from leader: term: 2 index: 2. (index mismatch)
I20260710 13:27:08.892163 28388 consensus_queue.cc:1048] T 951d0f90931e413991b0ee7941dd1d89 P c45b23bba25d493a9bc4918390028ced [LEADER]: Connected to new peer: Peer: permanent_uuid: "e9c2982c395341cdb8e4862fc28d4776" member_type: VOTER last_known_addr { host: "127.26.219.2" port: 43723 }, Status: LMP_MISMATCH, Last received: 0.0, Next index: 2, Last known committed idx: 1, Time since last communication: 0.000s
I20260710 13:27:08.904640 28119 raft_consensus.cc:1275] T 951d0f90931e413991b0ee7941dd1d89 P ee491bd2c4334e92b1e19ca2056c1a40 [term 2 FOLLOWER]: Refusing update from remote peer c45b23bba25d493a9bc4918390028ced: Log matching property violated. Preceding OpId in replica: term: 1 index: 1. Preceding OpId from leader: term: 2 index: 2. (index mismatch)
I20260710 13:27:08.906150 28388 consensus_queue.cc:1048] T 951d0f90931e413991b0ee7941dd1d89 P c45b23bba25d493a9bc4918390028ced [LEADER]: Connected to new peer: Peer: permanent_uuid: "ee491bd2c4334e92b1e19ca2056c1a40" member_type: VOTER last_known_addr { host: "127.26.219.1" port: 43783 }, Status: LMP_MISMATCH, Last received: 0.0, Next index: 2, Last known committed idx: 1, Time since last communication: 0.000s
I20260710 13:27:09.129735 28193 raft_consensus.cc:1275] T c5d364dc93cb4e6388d0a7fdbf66d867 P e9c2982c395341cdb8e4862fc28d4776 [term 3 FOLLOWER]: Refusing update from remote peer c45b23bba25d493a9bc4918390028ced: Log matching property violated. Preceding OpId in replica: term: 2 index: 2. Preceding OpId from leader: term: 3 index: 3. (index mismatch)
I20260710 13:27:09.130962 28388 consensus_queue.cc:1048] T c5d364dc93cb4e6388d0a7fdbf66d867 P c45b23bba25d493a9bc4918390028ced [LEADER]: Connected to new peer: Peer: permanent_uuid: "e9c2982c395341cdb8e4862fc28d4776" member_type: VOTER last_known_addr { host: "127.26.219.2" port: 43723 }, Status: LMP_MISMATCH, Last received: 0.0, Next index: 3, Last known committed idx: 2, Time since last communication: 0.000s
I20260710 13:27:09.140290 28119 raft_consensus.cc:1275] T c5d364dc93cb4e6388d0a7fdbf66d867 P ee491bd2c4334e92b1e19ca2056c1a40 [term 3 FOLLOWER]: Refusing update from remote peer c45b23bba25d493a9bc4918390028ced: Log matching property violated. Preceding OpId in replica: term: 2 index: 2. Preceding OpId from leader: term: 3 index: 3. (index mismatch)
I20260710 13:27:09.142779 28451 consensus_queue.cc:1048] T c5d364dc93cb4e6388d0a7fdbf66d867 P c45b23bba25d493a9bc4918390028ced [LEADER]: Connected to new peer: Peer: permanent_uuid: "ee491bd2c4334e92b1e19ca2056c1a40" member_type: VOTER last_known_addr { host: "127.26.219.1" port: 43783 }, Status: LMP_MISMATCH, Last received: 0.0, Next index: 3, Last known committed idx: 2, Time since last communication: 0.001s
I20260710 13:27:09.330319 27500 auto_leader_rebalancer.cc:141] leader rebalance for table test-workload
I20260710 13:27:09.343972 28267 tablet_service.cc:2072] Received LeaderStepDown RPC: tablet_id: "951d0f90931e413991b0ee7941dd1d89"
dest_uuid: "c45b23bba25d493a9bc4918390028ced"
mode: GRACEFUL
new_leader_uuid: "ee491bd2c4334e92b1e19ca2056c1a40"
 from {username='slave'} at 127.0.0.1:58154
I20260710 13:27:09.344620 28267 raft_consensus.cc:606] T 951d0f90931e413991b0ee7941dd1d89 P c45b23bba25d493a9bc4918390028ced [term 2 LEADER]: Received request to transfer leadership to TS ee491bd2c4334e92b1e19ca2056c1a40
I20260710 13:27:09.355171 28267 tablet_service.cc:2072] Received LeaderStepDown RPC: tablet_id: "c5d364dc93cb4e6388d0a7fdbf66d867"
dest_uuid: "c45b23bba25d493a9bc4918390028ced"
mode: GRACEFUL
new_leader_uuid: "ee491bd2c4334e92b1e19ca2056c1a40"
 from {username='slave'} at 127.0.0.1:58154
I20260710 13:27:09.355640 28267 raft_consensus.cc:606] T c5d364dc93cb4e6388d0a7fdbf66d867 P c45b23bba25d493a9bc4918390028ced [term 3 LEADER]: Received request to transfer leadership to TS ee491bd2c4334e92b1e19ca2056c1a40
I20260710 13:27:09.361032 28193 tablet_service.cc:2072] Received LeaderStepDown RPC: tablet_id: "48b25b248e014c7eb698bf9db3355c8a"
dest_uuid: "e9c2982c395341cdb8e4862fc28d4776"
mode: GRACEFUL
new_leader_uuid: "ee491bd2c4334e92b1e19ca2056c1a40"
 from {username='slave'} at 127.0.0.1:36638
I20260710 13:27:09.361580 28193 raft_consensus.cc:606] T 48b25b248e014c7eb698bf9db3355c8a P e9c2982c395341cdb8e4862fc28d4776 [term 2 LEADER]: Received request to transfer leadership to TS ee491bd2c4334e92b1e19ca2056c1a40
I20260710 13:27:09.366734 28193 tablet_service.cc:2072] Received LeaderStepDown RPC: tablet_id: "d9c0684b66e54c1298eab2cd59545046"
dest_uuid: "e9c2982c395341cdb8e4862fc28d4776"
mode: GRACEFUL
new_leader_uuid: "ee491bd2c4334e92b1e19ca2056c1a40"
 from {username='slave'} at 127.0.0.1:36638
I20260710 13:27:09.367270 28193 raft_consensus.cc:606] T d9c0684b66e54c1298eab2cd59545046 P e9c2982c395341cdb8e4862fc28d4776 [term 2 LEADER]: Received request to transfer leadership to TS ee491bd2c4334e92b1e19ca2056c1a40
I20260710 13:27:09.372215 28193 tablet_service.cc:2072] Received LeaderStepDown RPC: tablet_id: "d7e32343a850416b8d2be1719f31edc5"
dest_uuid: "e9c2982c395341cdb8e4862fc28d4776"
mode: GRACEFUL
new_leader_uuid: "ee491bd2c4334e92b1e19ca2056c1a40"
 from {username='slave'} at 127.0.0.1:36638
I20260710 13:27:09.372756 28193 raft_consensus.cc:606] T d7e32343a850416b8d2be1719f31edc5 P e9c2982c395341cdb8e4862fc28d4776 [term 2 LEADER]: Received request to transfer leadership to TS ee491bd2c4334e92b1e19ca2056c1a40
I20260710 13:27:09.433220 28461 raft_consensus.cc:993] T 951d0f90931e413991b0ee7941dd1d89 P c45b23bba25d493a9bc4918390028ced: : Instructing follower ee491bd2c4334e92b1e19ca2056c1a40 to start an election
I20260710 13:27:09.433784 28461 raft_consensus.cc:1081] T 951d0f90931e413991b0ee7941dd1d89 P c45b23bba25d493a9bc4918390028ced [term 2 LEADER]: Signalling peer ee491bd2c4334e92b1e19ca2056c1a40 to start an election
I20260710 13:27:09.435372 28119 tablet_service.cc:2044] Received Run Leader Election RPC: tablet_id: "951d0f90931e413991b0ee7941dd1d89"
dest_uuid: "ee491bd2c4334e92b1e19ca2056c1a40"
 from {username='slave'} at 127.0.0.1:35686
I20260710 13:27:09.435916 28119 raft_consensus.cc:493] T 951d0f90931e413991b0ee7941dd1d89 P ee491bd2c4334e92b1e19ca2056c1a40 [term 2 FOLLOWER]: Starting forced leader election (received explicit request)
I20260710 13:27:09.436321 28119 raft_consensus.cc:3060] T 951d0f90931e413991b0ee7941dd1d89 P ee491bd2c4334e92b1e19ca2056c1a40 [term 2 FOLLOWER]: Advancing to term 3
I20260710 13:27:09.441110 28119 raft_consensus.cc:515] T 951d0f90931e413991b0ee7941dd1d89 P ee491bd2c4334e92b1e19ca2056c1a40 [term 3 FOLLOWER]: Starting forced leader election with config: opid_index: -1 OBSOLETE_local: false peers { permanent_uuid: "ee491bd2c4334e92b1e19ca2056c1a40" member_type: VOTER last_known_addr { host: "127.26.219.1" port: 43783 } } peers { permanent_uuid: "e9c2982c395341cdb8e4862fc28d4776" member_type: VOTER last_known_addr { host: "127.26.219.2" port: 43723 } } peers { permanent_uuid: "c45b23bba25d493a9bc4918390028ced" member_type: VOTER last_known_addr { host: "127.26.219.3" port: 46403 } }
I20260710 13:27:09.442963 28119 leader_election.cc:290] T 951d0f90931e413991b0ee7941dd1d89 P ee491bd2c4334e92b1e19ca2056c1a40 [CANDIDATE]: Term 3 election: Requested vote from peers e9c2982c395341cdb8e4862fc28d4776 (127.26.219.2:43723), c45b23bba25d493a9bc4918390028ced (127.26.219.3:46403)
I20260710 13:27:09.443794 28193 tablet_service.cc:1917] Received RequestConsensusVote() RPC: tablet_id: "951d0f90931e413991b0ee7941dd1d89" candidate_uuid: "ee491bd2c4334e92b1e19ca2056c1a40" candidate_term: 3 candidate_status { last_received { term: 2 index: 2 } } ignore_live_leader: true dest_uuid: "e9c2982c395341cdb8e4862fc28d4776"
I20260710 13:27:09.444252 28267 tablet_service.cc:1917] Received RequestConsensusVote() RPC: tablet_id: "951d0f90931e413991b0ee7941dd1d89" candidate_uuid: "ee491bd2c4334e92b1e19ca2056c1a40" candidate_term: 3 candidate_status { last_received { term: 2 index: 2 } } ignore_live_leader: true dest_uuid: "c45b23bba25d493a9bc4918390028ced"
I20260710 13:27:09.444629 28193 raft_consensus.cc:3060] T 951d0f90931e413991b0ee7941dd1d89 P e9c2982c395341cdb8e4862fc28d4776 [term 2 FOLLOWER]: Advancing to term 3
I20260710 13:27:09.444816 28267 raft_consensus.cc:3055] T 951d0f90931e413991b0ee7941dd1d89 P c45b23bba25d493a9bc4918390028ced [term 2 LEADER]: Stepping down as leader of term 2
I20260710 13:27:09.445191 28267 raft_consensus.cc:740] T 951d0f90931e413991b0ee7941dd1d89 P c45b23bba25d493a9bc4918390028ced [term 2 LEADER]: Becoming Follower/Learner. State: Replica: c45b23bba25d493a9bc4918390028ced, State: Running, Role: LEADER
I20260710 13:27:09.445940 28267 consensus_queue.cc:260] T 951d0f90931e413991b0ee7941dd1d89 P c45b23bba25d493a9bc4918390028ced [NON_LEADER]: Queue going to NON_LEADER mode. State: All replicated index: 0, Majority replicated index: 2, Committed index: 2, Last appended: 2.2, Last appended by leader: 2, Current term: 2, Majority size: -1, State: 0, Mode: NON_LEADER, active raft config: opid_index: -1 OBSOLETE_local: false peers { permanent_uuid: "ee491bd2c4334e92b1e19ca2056c1a40" member_type: VOTER last_known_addr { host: "127.26.219.1" port: 43783 } } peers { permanent_uuid: "e9c2982c395341cdb8e4862fc28d4776" member_type: VOTER last_known_addr { host: "127.26.219.2" port: 43723 } } peers { permanent_uuid: "c45b23bba25d493a9bc4918390028ced" member_type: VOTER last_known_addr { host: "127.26.219.3" port: 46403 } }
I20260710 13:27:09.446828 28267 raft_consensus.cc:3060] T 951d0f90931e413991b0ee7941dd1d89 P c45b23bba25d493a9bc4918390028ced [term 2 FOLLOWER]: Advancing to term 3
I20260710 13:27:09.449630 28193 raft_consensus.cc:2468] T 951d0f90931e413991b0ee7941dd1d89 P e9c2982c395341cdb8e4862fc28d4776 [term 3 FOLLOWER]: Leader election vote request: Granting yes vote for candidate ee491bd2c4334e92b1e19ca2056c1a40 in term 3.
I20260710 13:27:09.450744 28084 leader_election.cc:304] T 951d0f90931e413991b0ee7941dd1d89 P ee491bd2c4334e92b1e19ca2056c1a40 [CANDIDATE]: Term 3 election: Election decided. Result: candidate won. Election summary: received 2 responses out of 3 voters: 2 yes votes; 0 no votes. yes voters: e9c2982c395341cdb8e4862fc28d4776, ee491bd2c4334e92b1e19ca2056c1a40; no voters: 
I20260710 13:27:09.451463 28435 raft_consensus.cc:2804] T 951d0f90931e413991b0ee7941dd1d89 P ee491bd2c4334e92b1e19ca2056c1a40 [term 3 FOLLOWER]: Leader election won for term 3
I20260710 13:27:09.451583 28267 raft_consensus.cc:2468] T 951d0f90931e413991b0ee7941dd1d89 P c45b23bba25d493a9bc4918390028ced [term 3 FOLLOWER]: Leader election vote request: Granting yes vote for candidate ee491bd2c4334e92b1e19ca2056c1a40 in term 3.
I20260710 13:27:09.452586 28435 raft_consensus.cc:697] T 951d0f90931e413991b0ee7941dd1d89 P ee491bd2c4334e92b1e19ca2056c1a40 [term 3 LEADER]: Becoming Leader. State: Replica: ee491bd2c4334e92b1e19ca2056c1a40, State: Running, Role: LEADER
I20260710 13:27:09.453517 28435 consensus_queue.cc:237] T 951d0f90931e413991b0ee7941dd1d89 P ee491bd2c4334e92b1e19ca2056c1a40 [LEADER]: Queue going to LEADER mode. State: All replicated index: 0, Majority replicated index: 2, Committed index: 2, Last appended: 2.2, Last appended by leader: 2, Current term: 3, Majority size: 2, State: 0, Mode: LEADER, active raft config: opid_index: -1 OBSOLETE_local: false peers { permanent_uuid: "ee491bd2c4334e92b1e19ca2056c1a40" member_type: VOTER last_known_addr { host: "127.26.219.1" port: 43783 } } peers { permanent_uuid: "e9c2982c395341cdb8e4862fc28d4776" member_type: VOTER last_known_addr { host: "127.26.219.2" port: 43723 } } peers { permanent_uuid: "c45b23bba25d493a9bc4918390028ced" member_type: VOTER last_known_addr { host: "127.26.219.3" port: 46403 } }
I20260710 13:27:09.459146 28014 catalog_manager.cc:5697] T 951d0f90931e413991b0ee7941dd1d89 P ee491bd2c4334e92b1e19ca2056c1a40 reported cstate change: term changed from 2 to 3, leader changed from c45b23bba25d493a9bc4918390028ced (127.26.219.3) to ee491bd2c4334e92b1e19ca2056c1a40 (127.26.219.1). New cstate: current_term: 3 leader_uuid: "ee491bd2c4334e92b1e19ca2056c1a40" committed_config { opid_index: -1 OBSOLETE_local: false peers { permanent_uuid: "ee491bd2c4334e92b1e19ca2056c1a40" member_type: VOTER last_known_addr { host: "127.26.219.1" port: 43783 } health_report { overall_health: HEALTHY } } peers { permanent_uuid: "e9c2982c395341cdb8e4862fc28d4776" member_type: VOTER last_known_addr { host: "127.26.219.2" port: 43723 } health_report { overall_health: UNKNOWN } } peers { permanent_uuid: "c45b23bba25d493a9bc4918390028ced" member_type: VOTER last_known_addr { host: "127.26.219.3" port: 46403 } health_report { overall_health: UNKNOWN } } }
I20260710 13:27:09.562364 28425 raft_consensus.cc:993] T d7e32343a850416b8d2be1719f31edc5 P e9c2982c395341cdb8e4862fc28d4776: : Instructing follower ee491bd2c4334e92b1e19ca2056c1a40 to start an election
I20260710 13:27:09.562856 28471 raft_consensus.cc:1081] T d7e32343a850416b8d2be1719f31edc5 P e9c2982c395341cdb8e4862fc28d4776 [term 2 LEADER]: Signalling peer ee491bd2c4334e92b1e19ca2056c1a40 to start an election
I20260710 13:27:09.564699 28119 tablet_service.cc:2044] Received Run Leader Election RPC: tablet_id: "d7e32343a850416b8d2be1719f31edc5"
dest_uuid: "ee491bd2c4334e92b1e19ca2056c1a40"
 from {username='slave'} at 127.0.0.1:35680
I20260710 13:27:09.565197 28119 raft_consensus.cc:493] T d7e32343a850416b8d2be1719f31edc5 P ee491bd2c4334e92b1e19ca2056c1a40 [term 2 FOLLOWER]: Starting forced leader election (received explicit request)
I20260710 13:27:09.565495 28119 raft_consensus.cc:3060] T d7e32343a850416b8d2be1719f31edc5 P ee491bd2c4334e92b1e19ca2056c1a40 [term 2 FOLLOWER]: Advancing to term 3
I20260710 13:27:09.569902 28119 raft_consensus.cc:515] T d7e32343a850416b8d2be1719f31edc5 P ee491bd2c4334e92b1e19ca2056c1a40 [term 3 FOLLOWER]: Starting forced leader election with config: opid_index: -1 OBSOLETE_local: false peers { permanent_uuid: "ee491bd2c4334e92b1e19ca2056c1a40" member_type: VOTER last_known_addr { host: "127.26.219.1" port: 43783 } } peers { permanent_uuid: "e9c2982c395341cdb8e4862fc28d4776" member_type: VOTER last_known_addr { host: "127.26.219.2" port: 43723 } } peers { permanent_uuid: "c45b23bba25d493a9bc4918390028ced" member_type: VOTER last_known_addr { host: "127.26.219.3" port: 46403 } }
I20260710 13:27:09.571467 28119 leader_election.cc:290] T d7e32343a850416b8d2be1719f31edc5 P ee491bd2c4334e92b1e19ca2056c1a40 [CANDIDATE]: Term 3 election: Requested vote from peers e9c2982c395341cdb8e4862fc28d4776 (127.26.219.2:43723), c45b23bba25d493a9bc4918390028ced (127.26.219.3:46403)
I20260710 13:27:09.572408 28193 tablet_service.cc:1917] Received RequestConsensusVote() RPC: tablet_id: "d7e32343a850416b8d2be1719f31edc5" candidate_uuid: "ee491bd2c4334e92b1e19ca2056c1a40" candidate_term: 3 candidate_status { last_received { term: 2 index: 2 } } ignore_live_leader: true dest_uuid: "e9c2982c395341cdb8e4862fc28d4776"
I20260710 13:27:09.572602 28267 tablet_service.cc:1917] Received RequestConsensusVote() RPC: tablet_id: "d7e32343a850416b8d2be1719f31edc5" candidate_uuid: "ee491bd2c4334e92b1e19ca2056c1a40" candidate_term: 3 candidate_status { last_received { term: 2 index: 2 } } ignore_live_leader: true dest_uuid: "c45b23bba25d493a9bc4918390028ced"
I20260710 13:27:09.572948 28193 raft_consensus.cc:3055] T d7e32343a850416b8d2be1719f31edc5 P e9c2982c395341cdb8e4862fc28d4776 [term 2 LEADER]: Stepping down as leader of term 2
I20260710 13:27:09.573100 28267 raft_consensus.cc:3060] T d7e32343a850416b8d2be1719f31edc5 P c45b23bba25d493a9bc4918390028ced [term 2 FOLLOWER]: Advancing to term 3
I20260710 13:27:09.573230 28193 raft_consensus.cc:740] T d7e32343a850416b8d2be1719f31edc5 P e9c2982c395341cdb8e4862fc28d4776 [term 2 LEADER]: Becoming Follower/Learner. State: Replica: e9c2982c395341cdb8e4862fc28d4776, State: Running, Role: LEADER
I20260710 13:27:09.573984 28193 consensus_queue.cc:260] T d7e32343a850416b8d2be1719f31edc5 P e9c2982c395341cdb8e4862fc28d4776 [NON_LEADER]: Queue going to NON_LEADER mode. State: All replicated index: 0, Majority replicated index: 2, Committed index: 2, Last appended: 2.2, Last appended by leader: 2, Current term: 2, Majority size: -1, State: 0, Mode: NON_LEADER, active raft config: opid_index: -1 OBSOLETE_local: false peers { permanent_uuid: "ee491bd2c4334e92b1e19ca2056c1a40" member_type: VOTER last_known_addr { host: "127.26.219.1" port: 43783 } } peers { permanent_uuid: "e9c2982c395341cdb8e4862fc28d4776" member_type: VOTER last_known_addr { host: "127.26.219.2" port: 43723 } } peers { permanent_uuid: "c45b23bba25d493a9bc4918390028ced" member_type: VOTER last_known_addr { host: "127.26.219.3" port: 46403 } }
I20260710 13:27:09.574863 28193 raft_consensus.cc:3060] T d7e32343a850416b8d2be1719f31edc5 P e9c2982c395341cdb8e4862fc28d4776 [term 2 FOLLOWER]: Advancing to term 3
I20260710 13:27:09.578155 28267 raft_consensus.cc:2468] T d7e32343a850416b8d2be1719f31edc5 P c45b23bba25d493a9bc4918390028ced [term 3 FOLLOWER]: Leader election vote request: Granting yes vote for candidate ee491bd2c4334e92b1e19ca2056c1a40 in term 3.
I20260710 13:27:09.580127 28083 leader_election.cc:304] T d7e32343a850416b8d2be1719f31edc5 P ee491bd2c4334e92b1e19ca2056c1a40 [CANDIDATE]: Term 3 election: Election decided. Result: candidate won. Election summary: received 2 responses out of 3 voters: 2 yes votes; 0 no votes. yes voters: c45b23bba25d493a9bc4918390028ced, ee491bd2c4334e92b1e19ca2056c1a40; no voters: 
I20260710 13:27:09.580593 28193 raft_consensus.cc:2468] T d7e32343a850416b8d2be1719f31edc5 P e9c2982c395341cdb8e4862fc28d4776 [term 3 FOLLOWER]: Leader election vote request: Granting yes vote for candidate ee491bd2c4334e92b1e19ca2056c1a40 in term 3.
I20260710 13:27:09.581046 28435 raft_consensus.cc:2804] T d7e32343a850416b8d2be1719f31edc5 P ee491bd2c4334e92b1e19ca2056c1a40 [term 3 FOLLOWER]: Leader election won for term 3
I20260710 13:27:09.581547 28435 raft_consensus.cc:697] T d7e32343a850416b8d2be1719f31edc5 P ee491bd2c4334e92b1e19ca2056c1a40 [term 3 LEADER]: Becoming Leader. State: Replica: ee491bd2c4334e92b1e19ca2056c1a40, State: Running, Role: LEADER
I20260710 13:27:09.582269 28435 consensus_queue.cc:237] T d7e32343a850416b8d2be1719f31edc5 P ee491bd2c4334e92b1e19ca2056c1a40 [LEADER]: Queue going to LEADER mode. State: All replicated index: 0, Majority replicated index: 2, Committed index: 2, Last appended: 2.2, Last appended by leader: 2, Current term: 3, Majority size: 2, State: 0, Mode: LEADER, active raft config: opid_index: -1 OBSOLETE_local: false peers { permanent_uuid: "ee491bd2c4334e92b1e19ca2056c1a40" member_type: VOTER last_known_addr { host: "127.26.219.1" port: 43783 } } peers { permanent_uuid: "e9c2982c395341cdb8e4862fc28d4776" member_type: VOTER last_known_addr { host: "127.26.219.2" port: 43723 } } peers { permanent_uuid: "c45b23bba25d493a9bc4918390028ced" member_type: VOTER last_known_addr { host: "127.26.219.3" port: 46403 } }
I20260710 13:27:09.589639 28014 catalog_manager.cc:5697] T d7e32343a850416b8d2be1719f31edc5 P ee491bd2c4334e92b1e19ca2056c1a40 reported cstate change: term changed from 2 to 3, leader changed from e9c2982c395341cdb8e4862fc28d4776 (127.26.219.2) to ee491bd2c4334e92b1e19ca2056c1a40 (127.26.219.1). New cstate: current_term: 3 leader_uuid: "ee491bd2c4334e92b1e19ca2056c1a40" committed_config { opid_index: -1 OBSOLETE_local: false peers { permanent_uuid: "ee491bd2c4334e92b1e19ca2056c1a40" member_type: VOTER last_known_addr { host: "127.26.219.1" port: 43783 } health_report { overall_health: HEALTHY } } peers { permanent_uuid: "e9c2982c395341cdb8e4862fc28d4776" member_type: VOTER last_known_addr { host: "127.26.219.2" port: 43723 } health_report { overall_health: UNKNOWN } } peers { permanent_uuid: "c45b23bba25d493a9bc4918390028ced" member_type: VOTER last_known_addr { host: "127.26.219.3" port: 46403 } health_report { overall_health: UNKNOWN } } }
I20260710 13:27:09.705164 28461 raft_consensus.cc:993] T c5d364dc93cb4e6388d0a7fdbf66d867 P c45b23bba25d493a9bc4918390028ced: : Instructing follower ee491bd2c4334e92b1e19ca2056c1a40 to start an election
I20260710 13:27:09.705680 28388 raft_consensus.cc:1081] T c5d364dc93cb4e6388d0a7fdbf66d867 P c45b23bba25d493a9bc4918390028ced [term 3 LEADER]: Signalling peer ee491bd2c4334e92b1e19ca2056c1a40 to start an election
I20260710 13:27:09.707466 28119 tablet_service.cc:2044] Received Run Leader Election RPC: tablet_id: "c5d364dc93cb4e6388d0a7fdbf66d867"
dest_uuid: "ee491bd2c4334e92b1e19ca2056c1a40"
 from {username='slave'} at 127.0.0.1:35686
I20260710 13:27:09.708076 28119 raft_consensus.cc:493] T c5d364dc93cb4e6388d0a7fdbf66d867 P ee491bd2c4334e92b1e19ca2056c1a40 [term 3 FOLLOWER]: Starting forced leader election (received explicit request)
I20260710 13:27:09.708379 28119 raft_consensus.cc:3060] T c5d364dc93cb4e6388d0a7fdbf66d867 P ee491bd2c4334e92b1e19ca2056c1a40 [term 3 FOLLOWER]: Advancing to term 4
I20260710 13:27:09.712721 28119 raft_consensus.cc:515] T c5d364dc93cb4e6388d0a7fdbf66d867 P ee491bd2c4334e92b1e19ca2056c1a40 [term 4 FOLLOWER]: Starting forced leader election with config: opid_index: -1 OBSOLETE_local: false peers { permanent_uuid: "ee491bd2c4334e92b1e19ca2056c1a40" member_type: VOTER last_known_addr { host: "127.26.219.1" port: 43783 } } peers { permanent_uuid: "e9c2982c395341cdb8e4862fc28d4776" member_type: VOTER last_known_addr { host: "127.26.219.2" port: 43723 } } peers { permanent_uuid: "c45b23bba25d493a9bc4918390028ced" member_type: VOTER last_known_addr { host: "127.26.219.3" port: 46403 } }
I20260710 13:27:09.714134 28119 leader_election.cc:290] T c5d364dc93cb4e6388d0a7fdbf66d867 P ee491bd2c4334e92b1e19ca2056c1a40 [CANDIDATE]: Term 4 election: Requested vote from peers e9c2982c395341cdb8e4862fc28d4776 (127.26.219.2:43723), c45b23bba25d493a9bc4918390028ced (127.26.219.3:46403)
I20260710 13:27:09.715225 28267 tablet_service.cc:1917] Received RequestConsensusVote() RPC: tablet_id: "c5d364dc93cb4e6388d0a7fdbf66d867" candidate_uuid: "ee491bd2c4334e92b1e19ca2056c1a40" candidate_term: 4 candidate_status { last_received { term: 3 index: 3 } } ignore_live_leader: true dest_uuid: "c45b23bba25d493a9bc4918390028ced"
I20260710 13:27:09.715235 28193 tablet_service.cc:1917] Received RequestConsensusVote() RPC: tablet_id: "c5d364dc93cb4e6388d0a7fdbf66d867" candidate_uuid: "ee491bd2c4334e92b1e19ca2056c1a40" candidate_term: 4 candidate_status { last_received { term: 3 index: 3 } } ignore_live_leader: true dest_uuid: "e9c2982c395341cdb8e4862fc28d4776"
I20260710 13:27:09.715865 28267 raft_consensus.cc:3055] T c5d364dc93cb4e6388d0a7fdbf66d867 P c45b23bba25d493a9bc4918390028ced [term 3 LEADER]: Stepping down as leader of term 3
I20260710 13:27:09.715991 28193 raft_consensus.cc:3060] T c5d364dc93cb4e6388d0a7fdbf66d867 P e9c2982c395341cdb8e4862fc28d4776 [term 3 FOLLOWER]: Advancing to term 4
I20260710 13:27:09.716125 28267 raft_consensus.cc:740] T c5d364dc93cb4e6388d0a7fdbf66d867 P c45b23bba25d493a9bc4918390028ced [term 3 LEADER]: Becoming Follower/Learner. State: Replica: c45b23bba25d493a9bc4918390028ced, State: Running, Role: LEADER
I20260710 13:27:09.716833 28267 consensus_queue.cc:260] T c5d364dc93cb4e6388d0a7fdbf66d867 P c45b23bba25d493a9bc4918390028ced [NON_LEADER]: Queue going to NON_LEADER mode. State: All replicated index: 0, Majority replicated index: 3, Committed index: 3, Last appended: 3.3, Last appended by leader: 3, Current term: 3, Majority size: -1, State: 0, Mode: NON_LEADER, active raft config: opid_index: -1 OBSOLETE_local: false peers { permanent_uuid: "ee491bd2c4334e92b1e19ca2056c1a40" member_type: VOTER last_known_addr { host: "127.26.219.1" port: 43783 } } peers { permanent_uuid: "e9c2982c395341cdb8e4862fc28d4776" member_type: VOTER last_known_addr { host: "127.26.219.2" port: 43723 } } peers { permanent_uuid: "c45b23bba25d493a9bc4918390028ced" member_type: VOTER last_known_addr { host: "127.26.219.3" port: 46403 } }
I20260710 13:27:09.717818 28267 raft_consensus.cc:3060] T c5d364dc93cb4e6388d0a7fdbf66d867 P c45b23bba25d493a9bc4918390028ced [term 3 FOLLOWER]: Advancing to term 4
I20260710 13:27:09.720551 28193 raft_consensus.cc:2468] T c5d364dc93cb4e6388d0a7fdbf66d867 P e9c2982c395341cdb8e4862fc28d4776 [term 4 FOLLOWER]: Leader election vote request: Granting yes vote for candidate ee491bd2c4334e92b1e19ca2056c1a40 in term 4.
I20260710 13:27:09.721560 28084 leader_election.cc:304] T c5d364dc93cb4e6388d0a7fdbf66d867 P ee491bd2c4334e92b1e19ca2056c1a40 [CANDIDATE]: Term 4 election: Election decided. Result: candidate won. Election summary: received 2 responses out of 3 voters: 2 yes votes; 0 no votes. yes voters: e9c2982c395341cdb8e4862fc28d4776, ee491bd2c4334e92b1e19ca2056c1a40; no voters: 
I20260710 13:27:09.722249 28435 raft_consensus.cc:2804] T c5d364dc93cb4e6388d0a7fdbf66d867 P ee491bd2c4334e92b1e19ca2056c1a40 [term 4 FOLLOWER]: Leader election won for term 4
I20260710 13:27:09.722519 28267 raft_consensus.cc:2468] T c5d364dc93cb4e6388d0a7fdbf66d867 P c45b23bba25d493a9bc4918390028ced [term 4 FOLLOWER]: Leader election vote request: Granting yes vote for candidate ee491bd2c4334e92b1e19ca2056c1a40 in term 4.
I20260710 13:27:09.722636 28435 raft_consensus.cc:697] T c5d364dc93cb4e6388d0a7fdbf66d867 P ee491bd2c4334e92b1e19ca2056c1a40 [term 4 LEADER]: Becoming Leader. State: Replica: ee491bd2c4334e92b1e19ca2056c1a40, State: Running, Role: LEADER
I20260710 13:27:09.723551 28435 consensus_queue.cc:237] T c5d364dc93cb4e6388d0a7fdbf66d867 P ee491bd2c4334e92b1e19ca2056c1a40 [LEADER]: Queue going to LEADER mode. State: All replicated index: 0, Majority replicated index: 3, Committed index: 3, Last appended: 3.3, Last appended by leader: 3, Current term: 4, Majority size: 2, State: 0, Mode: LEADER, active raft config: opid_index: -1 OBSOLETE_local: false peers { permanent_uuid: "ee491bd2c4334e92b1e19ca2056c1a40" member_type: VOTER last_known_addr { host: "127.26.219.1" port: 43783 } } peers { permanent_uuid: "e9c2982c395341cdb8e4862fc28d4776" member_type: VOTER last_known_addr { host: "127.26.219.2" port: 43723 } } peers { permanent_uuid: "c45b23bba25d493a9bc4918390028ced" member_type: VOTER last_known_addr { host: "127.26.219.3" port: 46403 } }
I20260710 13:27:09.729579 28014 catalog_manager.cc:5697] T c5d364dc93cb4e6388d0a7fdbf66d867 P ee491bd2c4334e92b1e19ca2056c1a40 reported cstate change: term changed from 3 to 4, leader changed from c45b23bba25d493a9bc4918390028ced (127.26.219.3) to ee491bd2c4334e92b1e19ca2056c1a40 (127.26.219.1). New cstate: current_term: 4 leader_uuid: "ee491bd2c4334e92b1e19ca2056c1a40" committed_config { opid_index: -1 OBSOLETE_local: false peers { permanent_uuid: "ee491bd2c4334e92b1e19ca2056c1a40" member_type: VOTER last_known_addr { host: "127.26.219.1" port: 43783 } health_report { overall_health: HEALTHY } } peers { permanent_uuid: "e9c2982c395341cdb8e4862fc28d4776" member_type: VOTER last_known_addr { host: "127.26.219.2" port: 43723 } health_report { overall_health: UNKNOWN } } peers { permanent_uuid: "c45b23bba25d493a9bc4918390028ced" member_type: VOTER last_known_addr { host: "127.26.219.3" port: 46403 } health_report { overall_health: UNKNOWN } } }
I20260710 13:27:09.826925 28471 raft_consensus.cc:993] T d9c0684b66e54c1298eab2cd59545046 P e9c2982c395341cdb8e4862fc28d4776: : Instructing follower ee491bd2c4334e92b1e19ca2056c1a40 to start an election
I20260710 13:27:09.827405 28425 raft_consensus.cc:1081] T d9c0684b66e54c1298eab2cd59545046 P e9c2982c395341cdb8e4862fc28d4776 [term 2 LEADER]: Signalling peer ee491bd2c4334e92b1e19ca2056c1a40 to start an election
I20260710 13:27:09.828962 28119 tablet_service.cc:2044] Received Run Leader Election RPC: tablet_id: "d9c0684b66e54c1298eab2cd59545046"
dest_uuid: "ee491bd2c4334e92b1e19ca2056c1a40"
 from {username='slave'} at 127.0.0.1:35680
I20260710 13:27:09.829366 28119 raft_consensus.cc:493] T d9c0684b66e54c1298eab2cd59545046 P ee491bd2c4334e92b1e19ca2056c1a40 [term 2 FOLLOWER]: Starting forced leader election (received explicit request)
I20260710 13:27:09.829589 28119 raft_consensus.cc:3060] T d9c0684b66e54c1298eab2cd59545046 P ee491bd2c4334e92b1e19ca2056c1a40 [term 2 FOLLOWER]: Advancing to term 3
I20260710 13:27:09.833761 28119 raft_consensus.cc:515] T d9c0684b66e54c1298eab2cd59545046 P ee491bd2c4334e92b1e19ca2056c1a40 [term 3 FOLLOWER]: Starting forced leader election with config: opid_index: -1 OBSOLETE_local: false peers { permanent_uuid: "ee491bd2c4334e92b1e19ca2056c1a40" member_type: VOTER last_known_addr { host: "127.26.219.1" port: 43783 } } peers { permanent_uuid: "e9c2982c395341cdb8e4862fc28d4776" member_type: VOTER last_known_addr { host: "127.26.219.2" port: 43723 } } peers { permanent_uuid: "c45b23bba25d493a9bc4918390028ced" member_type: VOTER last_known_addr { host: "127.26.219.3" port: 46403 } }
I20260710 13:27:09.835142 28119 leader_election.cc:290] T d9c0684b66e54c1298eab2cd59545046 P ee491bd2c4334e92b1e19ca2056c1a40 [CANDIDATE]: Term 3 election: Requested vote from peers e9c2982c395341cdb8e4862fc28d4776 (127.26.219.2:43723), c45b23bba25d493a9bc4918390028ced (127.26.219.3:46403)
I20260710 13:27:09.836024 28193 tablet_service.cc:1917] Received RequestConsensusVote() RPC: tablet_id: "d9c0684b66e54c1298eab2cd59545046" candidate_uuid: "ee491bd2c4334e92b1e19ca2056c1a40" candidate_term: 3 candidate_status { last_received { term: 2 index: 2 } } ignore_live_leader: true dest_uuid: "e9c2982c395341cdb8e4862fc28d4776"
I20260710 13:27:09.836117 28267 tablet_service.cc:1917] Received RequestConsensusVote() RPC: tablet_id: "d9c0684b66e54c1298eab2cd59545046" candidate_uuid: "ee491bd2c4334e92b1e19ca2056c1a40" candidate_term: 3 candidate_status { last_received { term: 2 index: 2 } } ignore_live_leader: true dest_uuid: "c45b23bba25d493a9bc4918390028ced"
I20260710 13:27:09.836776 28193 raft_consensus.cc:3055] T d9c0684b66e54c1298eab2cd59545046 P e9c2982c395341cdb8e4862fc28d4776 [term 2 LEADER]: Stepping down as leader of term 2
I20260710 13:27:09.836829 28267 raft_consensus.cc:3060] T d9c0684b66e54c1298eab2cd59545046 P c45b23bba25d493a9bc4918390028ced [term 2 FOLLOWER]: Advancing to term 3
I20260710 13:27:09.837066 28193 raft_consensus.cc:740] T d9c0684b66e54c1298eab2cd59545046 P e9c2982c395341cdb8e4862fc28d4776 [term 2 LEADER]: Becoming Follower/Learner. State: Replica: e9c2982c395341cdb8e4862fc28d4776, State: Running, Role: LEADER
I20260710 13:27:09.837764 28193 consensus_queue.cc:260] T d9c0684b66e54c1298eab2cd59545046 P e9c2982c395341cdb8e4862fc28d4776 [NON_LEADER]: Queue going to NON_LEADER mode. State: All replicated index: 0, Majority replicated index: 2, Committed index: 2, Last appended: 2.2, Last appended by leader: 2, Current term: 2, Majority size: -1, State: 0, Mode: NON_LEADER, active raft config: opid_index: -1 OBSOLETE_local: false peers { permanent_uuid: "ee491bd2c4334e92b1e19ca2056c1a40" member_type: VOTER last_known_addr { host: "127.26.219.1" port: 43783 } } peers { permanent_uuid: "e9c2982c395341cdb8e4862fc28d4776" member_type: VOTER last_known_addr { host: "127.26.219.2" port: 43723 } } peers { permanent_uuid: "c45b23bba25d493a9bc4918390028ced" member_type: VOTER last_known_addr { host: "127.26.219.3" port: 46403 } }
I20260710 13:27:09.838586 28193 raft_consensus.cc:3060] T d9c0684b66e54c1298eab2cd59545046 P e9c2982c395341cdb8e4862fc28d4776 [term 2 FOLLOWER]: Advancing to term 3
I20260710 13:27:09.841154 28267 raft_consensus.cc:2468] T d9c0684b66e54c1298eab2cd59545046 P c45b23bba25d493a9bc4918390028ced [term 3 FOLLOWER]: Leader election vote request: Granting yes vote for candidate ee491bd2c4334e92b1e19ca2056c1a40 in term 3.
I20260710 13:27:09.842082 28083 leader_election.cc:304] T d9c0684b66e54c1298eab2cd59545046 P ee491bd2c4334e92b1e19ca2056c1a40 [CANDIDATE]: Term 3 election: Election decided. Result: candidate won. Election summary: received 2 responses out of 3 voters: 2 yes votes; 0 no votes. yes voters: c45b23bba25d493a9bc4918390028ced, ee491bd2c4334e92b1e19ca2056c1a40; no voters: 
I20260710 13:27:09.842819 28435 raft_consensus.cc:2804] T d9c0684b66e54c1298eab2cd59545046 P ee491bd2c4334e92b1e19ca2056c1a40 [term 3 FOLLOWER]: Leader election won for term 3
I20260710 13:27:09.842908 28193 raft_consensus.cc:2468] T d9c0684b66e54c1298eab2cd59545046 P e9c2982c395341cdb8e4862fc28d4776 [term 3 FOLLOWER]: Leader election vote request: Granting yes vote for candidate ee491bd2c4334e92b1e19ca2056c1a40 in term 3.
I20260710 13:27:09.843361 28435 raft_consensus.cc:697] T d9c0684b66e54c1298eab2cd59545046 P ee491bd2c4334e92b1e19ca2056c1a40 [term 3 LEADER]: Becoming Leader. State: Replica: ee491bd2c4334e92b1e19ca2056c1a40, State: Running, Role: LEADER
I20260710 13:27:09.844221 28435 consensus_queue.cc:237] T d9c0684b66e54c1298eab2cd59545046 P ee491bd2c4334e92b1e19ca2056c1a40 [LEADER]: Queue going to LEADER mode. State: All replicated index: 0, Majority replicated index: 2, Committed index: 2, Last appended: 2.2, Last appended by leader: 2, Current term: 3, Majority size: 2, State: 0, Mode: LEADER, active raft config: opid_index: -1 OBSOLETE_local: false peers { permanent_uuid: "ee491bd2c4334e92b1e19ca2056c1a40" member_type: VOTER last_known_addr { host: "127.26.219.1" port: 43783 } } peers { permanent_uuid: "e9c2982c395341cdb8e4862fc28d4776" member_type: VOTER last_known_addr { host: "127.26.219.2" port: 43723 } } peers { permanent_uuid: "c45b23bba25d493a9bc4918390028ced" member_type: VOTER last_known_addr { host: "127.26.219.3" port: 46403 } }
I20260710 13:27:09.849629 28267 raft_consensus.cc:1275] T 951d0f90931e413991b0ee7941dd1d89 P c45b23bba25d493a9bc4918390028ced [term 3 FOLLOWER]: Refusing update from remote peer ee491bd2c4334e92b1e19ca2056c1a40: Log matching property violated. Preceding OpId in replica: term: 2 index: 2. Preceding OpId from leader: term: 3 index: 3. (index mismatch)
I20260710 13:27:09.850893 28435 consensus_queue.cc:1048] T 951d0f90931e413991b0ee7941dd1d89 P ee491bd2c4334e92b1e19ca2056c1a40 [LEADER]: Connected to new peer: Peer: permanent_uuid: "c45b23bba25d493a9bc4918390028ced" member_type: VOTER last_known_addr { host: "127.26.219.3" port: 46403 }, Status: LMP_MISMATCH, Last received: 0.0, Next index: 3, Last known committed idx: 2, Time since last communication: 0.000s
I20260710 13:27:09.851675 28014 catalog_manager.cc:5697] T d9c0684b66e54c1298eab2cd59545046 P ee491bd2c4334e92b1e19ca2056c1a40 reported cstate change: term changed from 2 to 3, leader changed from e9c2982c395341cdb8e4862fc28d4776 (127.26.219.2) to ee491bd2c4334e92b1e19ca2056c1a40 (127.26.219.1). New cstate: current_term: 3 leader_uuid: "ee491bd2c4334e92b1e19ca2056c1a40" committed_config { opid_index: -1 OBSOLETE_local: false peers { permanent_uuid: "ee491bd2c4334e92b1e19ca2056c1a40" member_type: VOTER last_known_addr { host: "127.26.219.1" port: 43783 } health_report { overall_health: HEALTHY } } peers { permanent_uuid: "e9c2982c395341cdb8e4862fc28d4776" member_type: VOTER last_known_addr { host: "127.26.219.2" port: 43723 } health_report { overall_health: UNKNOWN } } peers { permanent_uuid: "c45b23bba25d493a9bc4918390028ced" member_type: VOTER last_known_addr { host: "127.26.219.3" port: 46403 } health_report { overall_health: UNKNOWN } } }
I20260710 13:27:09.862869 28193 raft_consensus.cc:1275] T 951d0f90931e413991b0ee7941dd1d89 P e9c2982c395341cdb8e4862fc28d4776 [term 3 FOLLOWER]: Refusing update from remote peer ee491bd2c4334e92b1e19ca2056c1a40: Log matching property violated. Preceding OpId in replica: term: 2 index: 2. Preceding OpId from leader: term: 3 index: 3. (index mismatch)
I20260710 13:27:09.863471 28425 raft_consensus.cc:993] T 48b25b248e014c7eb698bf9db3355c8a P e9c2982c395341cdb8e4862fc28d4776: : Instructing follower ee491bd2c4334e92b1e19ca2056c1a40 to start an election
I20260710 13:27:09.863903 28425 raft_consensus.cc:1081] T 48b25b248e014c7eb698bf9db3355c8a P e9c2982c395341cdb8e4862fc28d4776 [term 2 LEADER]: Signalling peer ee491bd2c4334e92b1e19ca2056c1a40 to start an election
I20260710 13:27:09.865061 28435 consensus_queue.cc:1048] T 951d0f90931e413991b0ee7941dd1d89 P ee491bd2c4334e92b1e19ca2056c1a40 [LEADER]: Connected to new peer: Peer: permanent_uuid: "e9c2982c395341cdb8e4862fc28d4776" member_type: VOTER last_known_addr { host: "127.26.219.2" port: 43723 }, Status: LMP_MISMATCH, Last received: 0.0, Next index: 3, Last known committed idx: 2, Time since last communication: 0.000s
I20260710 13:27:09.866211 28119 tablet_service.cc:2044] Received Run Leader Election RPC: tablet_id: "48b25b248e014c7eb698bf9db3355c8a"
dest_uuid: "ee491bd2c4334e92b1e19ca2056c1a40"
 from {username='slave'} at 127.0.0.1:35680
I20260710 13:27:09.866654 28119 raft_consensus.cc:493] T 48b25b248e014c7eb698bf9db3355c8a P ee491bd2c4334e92b1e19ca2056c1a40 [term 2 FOLLOWER]: Starting forced leader election (received explicit request)
I20260710 13:27:09.866950 28119 raft_consensus.cc:3060] T 48b25b248e014c7eb698bf9db3355c8a P ee491bd2c4334e92b1e19ca2056c1a40 [term 2 FOLLOWER]: Advancing to term 3
I20260710 13:27:09.873391 28119 raft_consensus.cc:515] T 48b25b248e014c7eb698bf9db3355c8a P ee491bd2c4334e92b1e19ca2056c1a40 [term 3 FOLLOWER]: Starting forced leader election with config: opid_index: -1 OBSOLETE_local: false peers { permanent_uuid: "ee491bd2c4334e92b1e19ca2056c1a40" member_type: VOTER last_known_addr { host: "127.26.219.1" port: 43783 } } peers { permanent_uuid: "e9c2982c395341cdb8e4862fc28d4776" member_type: VOTER last_known_addr { host: "127.26.219.2" port: 43723 } } peers { permanent_uuid: "c45b23bba25d493a9bc4918390028ced" member_type: VOTER last_known_addr { host: "127.26.219.3" port: 46403 } }
I20260710 13:27:09.876488 28267 tablet_service.cc:1917] Received RequestConsensusVote() RPC: tablet_id: "48b25b248e014c7eb698bf9db3355c8a" candidate_uuid: "ee491bd2c4334e92b1e19ca2056c1a40" candidate_term: 3 candidate_status { last_received { term: 2 index: 2 } } ignore_live_leader: true dest_uuid: "c45b23bba25d493a9bc4918390028ced"
I20260710 13:27:09.876509 28193 tablet_service.cc:1917] Received RequestConsensusVote() RPC: tablet_id: "48b25b248e014c7eb698bf9db3355c8a" candidate_uuid: "ee491bd2c4334e92b1e19ca2056c1a40" candidate_term: 3 candidate_status { last_received { term: 2 index: 2 } } ignore_live_leader: true dest_uuid: "e9c2982c395341cdb8e4862fc28d4776"
I20260710 13:27:09.877128 28267 raft_consensus.cc:3060] T 48b25b248e014c7eb698bf9db3355c8a P c45b23bba25d493a9bc4918390028ced [term 2 FOLLOWER]: Advancing to term 3
I20260710 13:27:09.877236 28193 raft_consensus.cc:3055] T 48b25b248e014c7eb698bf9db3355c8a P e9c2982c395341cdb8e4862fc28d4776 [term 2 LEADER]: Stepping down as leader of term 2
I20260710 13:27:09.877364 28119 leader_election.cc:290] T 48b25b248e014c7eb698bf9db3355c8a P ee491bd2c4334e92b1e19ca2056c1a40 [CANDIDATE]: Term 3 election: Requested vote from peers e9c2982c395341cdb8e4862fc28d4776 (127.26.219.2:43723), c45b23bba25d493a9bc4918390028ced (127.26.219.3:46403)
I20260710 13:27:09.877668 28193 raft_consensus.cc:740] T 48b25b248e014c7eb698bf9db3355c8a P e9c2982c395341cdb8e4862fc28d4776 [term 2 LEADER]: Becoming Follower/Learner. State: Replica: e9c2982c395341cdb8e4862fc28d4776, State: Running, Role: LEADER
I20260710 13:27:09.878508 28193 consensus_queue.cc:260] T 48b25b248e014c7eb698bf9db3355c8a P e9c2982c395341cdb8e4862fc28d4776 [NON_LEADER]: Queue going to NON_LEADER mode. State: All replicated index: 0, Majority replicated index: 2, Committed index: 2, Last appended: 2.2, Last appended by leader: 2, Current term: 2, Majority size: -1, State: 0, Mode: NON_LEADER, active raft config: opid_index: -1 OBSOLETE_local: false peers { permanent_uuid: "ee491bd2c4334e92b1e19ca2056c1a40" member_type: VOTER last_known_addr { host: "127.26.219.1" port: 43783 } } peers { permanent_uuid: "e9c2982c395341cdb8e4862fc28d4776" member_type: VOTER last_known_addr { host: "127.26.219.2" port: 43723 } } peers { permanent_uuid: "c45b23bba25d493a9bc4918390028ced" member_type: VOTER last_known_addr { host: "127.26.219.3" port: 46403 } }
I20260710 13:27:09.879530 28193 raft_consensus.cc:3060] T 48b25b248e014c7eb698bf9db3355c8a P e9c2982c395341cdb8e4862fc28d4776 [term 2 FOLLOWER]: Advancing to term 3
I20260710 13:27:09.882354 28267 raft_consensus.cc:2468] T 48b25b248e014c7eb698bf9db3355c8a P c45b23bba25d493a9bc4918390028ced [term 3 FOLLOWER]: Leader election vote request: Granting yes vote for candidate ee491bd2c4334e92b1e19ca2056c1a40 in term 3.
I20260710 13:27:09.883358 28083 leader_election.cc:304] T 48b25b248e014c7eb698bf9db3355c8a P ee491bd2c4334e92b1e19ca2056c1a40 [CANDIDATE]: Term 3 election: Election decided. Result: candidate won. Election summary: received 2 responses out of 3 voters: 2 yes votes; 0 no votes. yes voters: c45b23bba25d493a9bc4918390028ced, ee491bd2c4334e92b1e19ca2056c1a40; no voters: 
I20260710 13:27:09.884262 28435 raft_consensus.cc:2804] T 48b25b248e014c7eb698bf9db3355c8a P ee491bd2c4334e92b1e19ca2056c1a40 [term 3 FOLLOWER]: Leader election won for term 3
I20260710 13:27:09.884768 28435 raft_consensus.cc:697] T 48b25b248e014c7eb698bf9db3355c8a P ee491bd2c4334e92b1e19ca2056c1a40 [term 3 LEADER]: Becoming Leader. State: Replica: ee491bd2c4334e92b1e19ca2056c1a40, State: Running, Role: LEADER
