I20260710 13:27:12.328944  1117 consensus_queue.cc:260] T 690aae68879e4f66beb98b521006fe4d P 987a1a0927d243f387f1ad2ebdbecad2 [NON_LEADER]: Queue going to NON_LEADER mode. State: All replicated index: 0, Majority replicated index: 0, Committed index: 0, Last appended: 0.0, Last appended by leader: 0, Current term: 0, Majority size: -1, State: 0, Mode: NON_LEADER, active raft config: opid_index: -1 OBSOLETE_local: false peers { permanent_uuid: "987a1a0927d243f387f1ad2ebdbecad2" member_type: VOTER last_known_addr { host: "127.31.131.1" port: 40415 } } peers { permanent_uuid: "4b49324e0e5e4ab29cb0276ea58126ef" member_type: VOTER last_known_addr { host: "127.31.131.2" port: 42137 } } peers { permanent_uuid: "19dc170f45024b4f843a9caf1e26ada3" member_type: VOTER last_known_addr { host: "127.31.131.3" port: 37599 } }
I20260710 13:27:12.344084   922 raft_consensus.cc:3060] T 690aae68879e4f66beb98b521006fe4d P 987a1a0927d243f387f1ad2ebdbecad2 [term 0 FOLLOWER]: Advancing to term 1
I20260710 13:27:12.334684  1116 tablet_bootstrap.cc:492] T b7ba7962cd9c41d8aab6b07572fa134b P 4b49324e0e5e4ab29cb0276ea58126ef: No bootstrap required, opened a new log
I20260710 13:27:12.349922  1116 ts_tablet_manager.cc:1403] T b7ba7962cd9c41d8aab6b07572fa134b P 4b49324e0e5e4ab29cb0276ea58126ef: Time spent bootstrapping tablet: real 0.116s	user 0.009s	sys 0.006s
I20260710 13:27:12.351589  1117 ts_tablet_manager.cc:1434] T 690aae68879e4f66beb98b521006fe4d P 987a1a0927d243f387f1ad2ebdbecad2: Time spent starting tablet: real 0.071s	user 0.007s	sys 0.002s
I20260710 13:27:12.356604  1117 tablet_bootstrap.cc:492] T 1e7bdd31486b4ba9a7adc4c332bf1163 P 987a1a0927d243f387f1ad2ebdbecad2: Bootstrap starting.
I20260710 13:27:12.364481  1223 consensus_queue.cc:1048] T 7813dbaae0ce4fb583ef40831e729cca P 4b49324e0e5e4ab29cb0276ea58126ef [LEADER]: Connected to new peer: Peer: permanent_uuid: "987a1a0927d243f387f1ad2ebdbecad2" member_type: VOTER last_known_addr { host: "127.31.131.1" port: 40415 }, Status: LMP_MISMATCH, Last received: 0.0, Next index: 1, Last known committed idx: 0, Time since last communication: 0.000s
I20260710 13:27:12.365439   822 catalog_manager.cc:5697] T 690aae68879e4f66beb98b521006fe4d P 4b49324e0e5e4ab29cb0276ea58126ef reported cstate change: term changed from 0 to 1, leader changed from <none> to 4b49324e0e5e4ab29cb0276ea58126ef (127.31.131.2). New cstate: current_term: 1 leader_uuid: "4b49324e0e5e4ab29cb0276ea58126ef" committed_config { opid_index: -1 OBSOLETE_local: false peers { permanent_uuid: "987a1a0927d243f387f1ad2ebdbecad2" member_type: VOTER last_known_addr { host: "127.31.131.1" port: 40415 } health_report { overall_health: UNKNOWN } } peers { permanent_uuid: "4b49324e0e5e4ab29cb0276ea58126ef" member_type: VOTER last_known_addr { host: "127.31.131.2" port: 42137 } health_report { overall_health: HEALTHY } } peers { permanent_uuid: "19dc170f45024b4f843a9caf1e26ada3" member_type: VOTER last_known_addr { host: "127.31.131.3" port: 37599 } health_report { overall_health: UNKNOWN } } }
I20260710 13:27:12.367479   922 raft_consensus.cc:2468] T 690aae68879e4f66beb98b521006fe4d P 987a1a0927d243f387f1ad2ebdbecad2 [term 1 FOLLOWER]: Leader election vote request: Granting yes vote for candidate 4b49324e0e5e4ab29cb0276ea58126ef in term 1.
I20260710 13:27:12.369577  1118 ts_tablet_manager.cc:1434] T 2b7e0cbaaa4d40f89eaa5b0f9bbdda8d P 19dc170f45024b4f843a9caf1e26ada3: Time spent starting tablet: real 0.054s	user 0.016s	sys 0.026s
I20260710 13:27:12.381170  1117 tablet_bootstrap.cc:654] T 1e7bdd31486b4ba9a7adc4c332bf1163 P 987a1a0927d243f387f1ad2ebdbecad2: Neither blocks nor log segments found. Creating new log.
I20260710 13:27:12.379256  1116 raft_consensus.cc:359] T b7ba7962cd9c41d8aab6b07572fa134b P 4b49324e0e5e4ab29cb0276ea58126ef [term 0 FOLLOWER]: Replica starting. Triggering 0 pending ops. Active config: opid_index: -1 OBSOLETE_local: false peers { permanent_uuid: "987a1a0927d243f387f1ad2ebdbecad2" member_type: VOTER last_known_addr { host: "127.31.131.1" port: 40415 } } peers { permanent_uuid: "4b49324e0e5e4ab29cb0276ea58126ef" member_type: VOTER last_known_addr { host: "127.31.131.2" port: 42137 } } peers { permanent_uuid: "19dc170f45024b4f843a9caf1e26ada3" member_type: VOTER last_known_addr { host: "127.31.131.3" port: 37599 } }
I20260710 13:27:12.397567  1116 raft_consensus.cc:385] T b7ba7962cd9c41d8aab6b07572fa134b P 4b49324e0e5e4ab29cb0276ea58126ef [term 0 FOLLOWER]: Consensus starting up: Expiring failure detector timer to make a prompt election more likely
I20260710 13:27:12.397933  1116 raft_consensus.cc:740] T b7ba7962cd9c41d8aab6b07572fa134b P 4b49324e0e5e4ab29cb0276ea58126ef [term 0 FOLLOWER]: Becoming Follower/Learner. State: Replica: 4b49324e0e5e4ab29cb0276ea58126ef, State: Initialized, Role: FOLLOWER
I20260710 13:27:12.398655  1116 consensus_queue.cc:260] T b7ba7962cd9c41d8aab6b07572fa134b P 4b49324e0e5e4ab29cb0276ea58126ef [NON_LEADER]: Queue going to NON_LEADER mode. State: All replicated index: 0, Majority replicated index: 0, Committed index: 0, Last appended: 0.0, Last appended by leader: 0, Current term: 0, Majority size: -1, State: 0, Mode: NON_LEADER, active raft config: opid_index: -1 OBSOLETE_local: false peers { permanent_uuid: "987a1a0927d243f387f1ad2ebdbecad2" member_type: VOTER last_known_addr { host: "127.31.131.1" port: 40415 } } peers { permanent_uuid: "4b49324e0e5e4ab29cb0276ea58126ef" member_type: VOTER last_known_addr { host: "127.31.131.2" port: 42137 } } peers { permanent_uuid: "19dc170f45024b4f843a9caf1e26ada3" member_type: VOTER last_known_addr { host: "127.31.131.3" port: 37599 } }
I20260710 13:27:12.423312  1223 consensus_queue.cc:1048] T 7813dbaae0ce4fb583ef40831e729cca P 4b49324e0e5e4ab29cb0276ea58126ef [LEADER]: Connected to new peer: Peer: permanent_uuid: "19dc170f45024b4f843a9caf1e26ada3" member_type: VOTER last_known_addr { host: "127.31.131.3" port: 37599 }, Status: LMP_MISMATCH, Last received: 0.0, Next index: 1, Last known committed idx: 0, Time since last communication: 0.000s
I20260710 13:27:12.424253  1116 ts_tablet_manager.cc:1434] T b7ba7962cd9c41d8aab6b07572fa134b P 4b49324e0e5e4ab29cb0276ea58126ef: Time spent starting tablet: real 0.072s	user 0.006s	sys 0.002s
W20260710 13:27:12.437414  1042 outbound_call.cc:321] RPC callback for RPC call kudu.consensus.ConsensusService.UpdateConsensus -> {remote=127.31.131.1:40415, user_credentials={real_user=slave}} blocked reactor thread for 98514.8us
I20260710 13:27:12.443331  1117 tablet_bootstrap.cc:492] T 1e7bdd31486b4ba9a7adc4c332bf1163 P 987a1a0927d243f387f1ad2ebdbecad2: No bootstrap required, opened a new log
I20260710 13:27:12.443900  1117 ts_tablet_manager.cc:1403] T 1e7bdd31486b4ba9a7adc4c332bf1163 P 987a1a0927d243f387f1ad2ebdbecad2: Time spent bootstrapping tablet: real 0.088s	user 0.016s	sys 0.034s
I20260710 13:27:12.446491  1117 raft_consensus.cc:359] T 1e7bdd31486b4ba9a7adc4c332bf1163 P 987a1a0927d243f387f1ad2ebdbecad2 [term 0 FOLLOWER]: Replica starting. Triggering 0 pending ops. Active config: opid_index: -1 OBSOLETE_local: false peers { permanent_uuid: "987a1a0927d243f387f1ad2ebdbecad2" member_type: VOTER last_known_addr { host: "127.31.131.1" port: 40415 } } peers { permanent_uuid: "4b49324e0e5e4ab29cb0276ea58126ef" member_type: VOTER last_known_addr { host: "127.31.131.2" port: 42137 } } peers { permanent_uuid: "19dc170f45024b4f843a9caf1e26ada3" member_type: VOTER last_known_addr { host: "127.31.131.3" port: 37599 } }
I20260710 13:27:12.447669  1117 raft_consensus.cc:385] T 1e7bdd31486b4ba9a7adc4c332bf1163 P 987a1a0927d243f387f1ad2ebdbecad2 [term 0 FOLLOWER]: Consensus starting up: Expiring failure detector timer to make a prompt election more likely
I20260710 13:27:12.447958  1117 raft_consensus.cc:740] T 1e7bdd31486b4ba9a7adc4c332bf1163 P 987a1a0927d243f387f1ad2ebdbecad2 [term 0 FOLLOWER]: Becoming Follower/Learner. State: Replica: 987a1a0927d243f387f1ad2ebdbecad2, State: Initialized, Role: FOLLOWER
I20260710 13:27:12.448488  1117 consensus_queue.cc:260] T 1e7bdd31486b4ba9a7adc4c332bf1163 P 987a1a0927d243f387f1ad2ebdbecad2 [NON_LEADER]: Queue going to NON_LEADER mode. State: All replicated index: 0, Majority replicated index: 0, Committed index: 0, Last appended: 0.0, Last appended by leader: 0, Current term: 0, Majority size: -1, State: 0, Mode: NON_LEADER, active raft config: opid_index: -1 OBSOLETE_local: false peers { permanent_uuid: "987a1a0927d243f387f1ad2ebdbecad2" member_type: VOTER last_known_addr { host: "127.31.131.1" port: 40415 } } peers { permanent_uuid: "4b49324e0e5e4ab29cb0276ea58126ef" member_type: VOTER last_known_addr { host: "127.31.131.2" port: 42137 } } peers { permanent_uuid: "19dc170f45024b4f843a9caf1e26ada3" member_type: VOTER last_known_addr { host: "127.31.131.3" port: 37599 } }
I20260710 13:27:12.450362  1117 ts_tablet_manager.cc:1434] T 1e7bdd31486b4ba9a7adc4c332bf1163 P 987a1a0927d243f387f1ad2ebdbecad2: Time spent starting tablet: real 0.006s	user 0.006s	sys 0.000s
I20260710 13:27:12.478047  1291 raft_consensus.cc:493] T 66580addaada4c22b1f83ee1c31df612 P 987a1a0927d243f387f1ad2ebdbecad2 [term 0 FOLLOWER]: Starting pre-election (no leader contacted us within the election timeout)
I20260710 13:27:12.478525  1291 raft_consensus.cc:515] T 66580addaada4c22b1f83ee1c31df612 P 987a1a0927d243f387f1ad2ebdbecad2 [term 0 FOLLOWER]: Starting pre-election with config: opid_index: -1 OBSOLETE_local: false peers { permanent_uuid: "987a1a0927d243f387f1ad2ebdbecad2" member_type: VOTER last_known_addr { host: "127.31.131.1" port: 40415 } } peers { permanent_uuid: "4b49324e0e5e4ab29cb0276ea58126ef" member_type: VOTER last_known_addr { host: "127.31.131.2" port: 42137 } } peers { permanent_uuid: "19dc170f45024b4f843a9caf1e26ada3" member_type: VOTER last_known_addr { host: "127.31.131.3" port: 37599 } }
I20260710 13:27:12.480274  1291 leader_election.cc:290] T 66580addaada4c22b1f83ee1c31df612 P 987a1a0927d243f387f1ad2ebdbecad2 [CANDIDATE]: Term 1 pre-election: Requested pre-vote from peers 4b49324e0e5e4ab29cb0276ea58126ef (127.31.131.2:42137), 19dc170f45024b4f843a9caf1e26ada3 (127.31.131.3:37599)
I20260710 13:27:12.481129   999 tablet_service.cc:1917] Received RequestConsensusVote() RPC: tablet_id: "66580addaada4c22b1f83ee1c31df612" candidate_uuid: "987a1a0927d243f387f1ad2ebdbecad2" candidate_term: 1 candidate_status { last_received { term: 0 index: 0 } } ignore_live_leader: false dest_uuid: "4b49324e0e5e4ab29cb0276ea58126ef" is_pre_election: true
I20260710 13:27:12.481323  1070 tablet_service.cc:1917] Received RequestConsensusVote() RPC: tablet_id: "66580addaada4c22b1f83ee1c31df612" candidate_uuid: "987a1a0927d243f387f1ad2ebdbecad2" candidate_term: 1 candidate_status { last_received { term: 0 index: 0 } } ignore_live_leader: false dest_uuid: "19dc170f45024b4f843a9caf1e26ada3" is_pre_election: true
I20260710 13:27:12.482569   891 leader_election.cc:304] T 66580addaada4c22b1f83ee1c31df612 P 987a1a0927d243f387f1ad2ebdbecad2 [CANDIDATE]: Term 1 pre-election: Election decided. Result: candidate lost. Election summary: received 3 responses out of 3 voters: 1 yes votes; 2 no votes. yes voters: 987a1a0927d243f387f1ad2ebdbecad2; no voters: 19dc170f45024b4f843a9caf1e26ada3, 4b49324e0e5e4ab29cb0276ea58126ef
I20260710 13:27:12.483165  1291 raft_consensus.cc:2749] T 66580addaada4c22b1f83ee1c31df612 P 987a1a0927d243f387f1ad2ebdbecad2 [term 0 FOLLOWER]: Leader pre-election lost for term 1. Reason: could not achieve majority
I20260710 13:27:12.505537  1291 consensus_queue.cc:1048] T f76071501caf4a3384ff0f857468ea78 P 987a1a0927d243f387f1ad2ebdbecad2 [LEADER]: Connected to new peer: Peer: permanent_uuid: "4b49324e0e5e4ab29cb0276ea58126ef" member_type: VOTER last_known_addr { host: "127.31.131.2" port: 42137 }, Status: LMP_MISMATCH, Last received: 0.0, Next index: 1, Last known committed idx: 0, Time since last communication: 0.000s
I20260710 13:27:12.513648  1070 raft_consensus.cc:3060] T f76071501caf4a3384ff0f857468ea78 P 19dc170f45024b4f843a9caf1e26ada3 [term 0 FOLLOWER]: Advancing to term 1
I20260710 13:27:12.520396  1291 consensus_queue.cc:1048] T f76071501caf4a3384ff0f857468ea78 P 987a1a0927d243f387f1ad2ebdbecad2 [LEADER]: Connected to new peer: Peer: permanent_uuid: "19dc170f45024b4f843a9caf1e26ada3" member_type: VOTER last_known_addr { host: "127.31.131.3" port: 37599 }, Status: LMP_MISMATCH, Last received: 0.0, Next index: 1, Last known committed idx: 0, Time since last communication: 0.000s
I20260710 13:27:12.525254   923 raft_consensus.cc:3060] T 1e7bdd31486b4ba9a7adc4c332bf1163 P 987a1a0927d243f387f1ad2ebdbecad2 [term 0 FOLLOWER]: Advancing to term 1
I20260710 13:27:12.574026   923 raft_consensus.cc:3060] T 66580addaada4c22b1f83ee1c31df612 P 987a1a0927d243f387f1ad2ebdbecad2 [term 0 FOLLOWER]: Advancing to term 1
I20260710 13:27:12.603039 32268 file_cache.cc:504] Constructed file cache file cache with capacity 419430
W20260710 13:27:12.609843  1312 instance_detector.cc:116] could not retrieve AWS instance metadata: Network error: curl error: HTTP response code said error: The requested URL returned error: 404
W20260710 13:27:12.611881  1313 instance_detector.cc:116] could not retrieve Azure instance metadata: Network error: curl error: HTTP response code said error: The requested URL returned error: 404
W20260710 13:27:12.613189  1315 instance_detector.cc:116] could not retrieve OpenStack instance metadata: Network error: curl error: HTTP response code said error: The requested URL returned error: 404
I20260710 13:27:12.613663 32268 server_base.cc:1061] running on GCE node
I20260710 13:27:12.614526 32268 hybrid_clock.cc:584] initializing the hybrid clock with 'system_unsync' time source
W20260710 13:27:12.614748 32268 system_unsync_time.cc:38] NTP support is disabled. Clock error bounds will not be accurate. This configuration is not suitable for distributed clusters.
I20260710 13:27:12.614933 32268 hybrid_clock.cc:648] HybridClock initialized: now 1783690032614916 us; error 0 us; skew 500 ppm
I20260710 13:27:12.615458 32268 server_base.cc:861] Flag tcmalloc_max_total_thread_cache_bytes is not working since tcmalloc is not enabled.
I20260710 13:27:12.617862 32268 webserver.cc:533] Webserver started at http://127.31.131.4:44867/ using document root <none> and password file <none>
I20260710 13:27:12.618435 32268 fs_manager.cc:362] Metadata directory not provided
I20260710 13:27:12.618649 32268 fs_manager.cc:368] Using write-ahead log directory (fs_wal_dir) as metadata directory
I20260710 13:27:12.618919 32268 server_base.cc:909] This appears to be a new deployment of Kudu; creating new FS layout
I20260710 13:27:12.619938 32268 fs_manager.cc:1068] Generated new instance metadata in path /tmp/dist-test-taskh__IC0/test-tmp/auto_leader_rebalancer-test.0.LeaderRebalancerTest.AddTserver.1783690004135274-32268-0/minicluster-data/ts-3-root/instance:
uuid: "2babed5ca7fc41fe86a2af876ae745d2"
format_stamp: "Formatted at 2026-07-10 13:27:12 on dist-test-slave-frcf"
I20260710 13:27:12.624266 32268 fs_manager.cc:696] Time spent creating directory manager: real 0.004s	user 0.005s	sys 0.000s
I20260710 13:27:12.629194  1320 log_block_manager.cc:4127] Time spent loading block containers with low live blocks: real 0.000s	user 0.000s	sys 0.000s
I20260710 13:27:12.630074 32268 fs_manager.cc:730] Time spent opening block manager: real 0.004s	user 0.003s	sys 0.002s
I20260710 13:27:12.630422 32268 fs_manager.cc:647] Opened local filesystem: /tmp/dist-test-taskh__IC0/test-tmp/auto_leader_rebalancer-test.0.LeaderRebalancerTest.AddTserver.1783690004135274-32268-0/minicluster-data/ts-3-root
uuid: "2babed5ca7fc41fe86a2af876ae745d2"
format_stamp: "Formatted at 2026-07-10 13:27:12 on dist-test-slave-frcf"
I20260710 13:27:12.630728 32268 fs_report.cc:389] FS layout report
--------------------
wal directory: /tmp/dist-test-taskh__IC0/test-tmp/auto_leader_rebalancer-test.0.LeaderRebalancerTest.AddTserver.1783690004135274-32268-0/minicluster-data/ts-3-root
metadata directory: /tmp/dist-test-taskh__IC0/test-tmp/auto_leader_rebalancer-test.0.LeaderRebalancerTest.AddTserver.1783690004135274-32268-0/minicluster-data/ts-3-root
1 data directories: /tmp/dist-test-taskh__IC0/test-tmp/auto_leader_rebalancer-test.0.LeaderRebalancerTest.AddTserver.1783690004135274-32268-0/minicluster-data/ts-3-root/data
Total live blocks: 0
Total live bytes: 0
Total live bytes (after alignment): 0
Total number of LBM containers: 0 (0 full)
Did not check for missing blocks
Did not check for orphaned blocks
Total full LBM containers with extra space: 0 (0 repaired)
Total full LBM container extra space in bytes: 0 (0 repaired)
Total incomplete LBM containers: 0 (0 repaired)
Total LBM partial records: 0 (0 repaired)
Total corrupted LBM metadata records in RocksDB: 0 (0 repaired)
I20260710 13:27:12.641316  1218 raft_consensus.cc:493] T d36f8e447b3c476087ac1652ec58f504 P 4b49324e0e5e4ab29cb0276ea58126ef [term 0 FOLLOWER]: Starting pre-election (no leader contacted us within the election timeout)
I20260710 13:27:12.641798  1218 raft_consensus.cc:515] T d36f8e447b3c476087ac1652ec58f504 P 4b49324e0e5e4ab29cb0276ea58126ef [term 0 FOLLOWER]: Starting pre-election with config: opid_index: -1 OBSOLETE_local: false peers { permanent_uuid: "987a1a0927d243f387f1ad2ebdbecad2" member_type: VOTER last_known_addr { host: "127.31.131.1" port: 40415 } } peers { permanent_uuid: "4b49324e0e5e4ab29cb0276ea58126ef" member_type: VOTER last_known_addr { host: "127.31.131.2" port: 42137 } } peers { permanent_uuid: "19dc170f45024b4f843a9caf1e26ada3" member_type: VOTER last_known_addr { host: "127.31.131.3" port: 37599 } }
I20260710 13:27:12.643388  1218 leader_election.cc:290] T d36f8e447b3c476087ac1652ec58f504 P 4b49324e0e5e4ab29cb0276ea58126ef [CANDIDATE]: Term 1 pre-election: Requested pre-vote from peers 987a1a0927d243f387f1ad2ebdbecad2 (127.31.131.1:40415), 19dc170f45024b4f843a9caf1e26ada3 (127.31.131.3:37599)
I20260710 13:27:12.644189   923 tablet_service.cc:1917] Received RequestConsensusVote() RPC: tablet_id: "d36f8e447b3c476087ac1652ec58f504" candidate_uuid: "4b49324e0e5e4ab29cb0276ea58126ef" candidate_term: 1 candidate_status { last_received { term: 0 index: 0 } } ignore_live_leader: false dest_uuid: "987a1a0927d243f387f1ad2ebdbecad2" is_pre_election: true
I20260710 13:27:12.644449  1071 tablet_service.cc:1917] Received RequestConsensusVote() RPC: tablet_id: "d36f8e447b3c476087ac1652ec58f504" candidate_uuid: "4b49324e0e5e4ab29cb0276ea58126ef" candidate_term: 1 candidate_status { last_received { term: 0 index: 0 } } ignore_live_leader: false dest_uuid: "19dc170f45024b4f843a9caf1e26ada3" is_pre_election: true
I20260710 13:27:12.645125  1071 raft_consensus.cc:2393] T d36f8e447b3c476087ac1652ec58f504 P 19dc170f45024b4f843a9caf1e26ada3 [term 1 FOLLOWER]: Leader pre-election vote request: Denying vote to candidate 4b49324e0e5e4ab29cb0276ea58126ef in current term 1: Already voted for candidate 987a1a0927d243f387f1ad2ebdbecad2 in this term.
I20260710 13:27:12.646063   966 leader_election.cc:304] T d36f8e447b3c476087ac1652ec58f504 P 4b49324e0e5e4ab29cb0276ea58126ef [CANDIDATE]: Term 1 pre-election: Election decided. Result: candidate lost. Election summary: received 3 responses out of 3 voters: 1 yes votes; 2 no votes. yes voters: 4b49324e0e5e4ab29cb0276ea58126ef; no voters: 19dc170f45024b4f843a9caf1e26ada3, 987a1a0927d243f387f1ad2ebdbecad2
I20260710 13:27:12.646768  1218 raft_consensus.cc:3060] T d36f8e447b3c476087ac1652ec58f504 P 4b49324e0e5e4ab29cb0276ea58126ef [term 0 FOLLOWER]: Advancing to term 1
I20260710 13:27:12.651705  1218 raft_consensus.cc:2749] T d36f8e447b3c476087ac1652ec58f504 P 4b49324e0e5e4ab29cb0276ea58126ef [term 1 FOLLOWER]: Leader pre-election lost for term 1. Reason: could not achieve majority
I20260710 13:27:12.663769 32268 rpc_server.cc:225] running with OpenSSL 1.1.1  11 Sep 2018
I20260710 13:27:12.665076 32268 kserver.cc:163] Server-wide thread pool size limit: 3276
I20260710 13:27:12.666468 32268 txn_system_client.cc:432] TxnSystemClient initialization is disabled...
I20260710 13:27:12.668422 32268 ts_tablet_manager.cc:585] Loaded tablet metadata (0 total tablets, 0 live tablets)
I20260710 13:27:12.668651 32268 ts_tablet_manager.cc:531] Time spent load tablet metadata: real 0.000s	user 0.000s	sys 0.000s
I20260710 13:27:12.668900 32268 ts_tablet_manager.cc:616] Registered 0 tablets
I20260710 13:27:12.669077 32268 ts_tablet_manager.cc:595] Time spent register tablets: real 0.000s	user 0.000s	sys 0.000s
I20260710 13:27:12.683899  1221 raft_consensus.cc:493] T 2b7e0cbaaa4d40f89eaa5b0f9bbdda8d P 19dc170f45024b4f843a9caf1e26ada3 [term 0 FOLLOWER]: Starting pre-election (no leader contacted us within the election timeout)
I20260710 13:27:12.684504  1221 raft_consensus.cc:515] T 2b7e0cbaaa4d40f89eaa5b0f9bbdda8d P 19dc170f45024b4f843a9caf1e26ada3 [term 0 FOLLOWER]: Starting pre-election with config: opid_index: -1 OBSOLETE_local: false peers { permanent_uuid: "987a1a0927d243f387f1ad2ebdbecad2" member_type: VOTER last_known_addr { host: "127.31.131.1" port: 40415 } } peers { permanent_uuid: "4b49324e0e5e4ab29cb0276ea58126ef" member_type: VOTER last_known_addr { host: "127.31.131.2" port: 42137 } } peers { permanent_uuid: "19dc170f45024b4f843a9caf1e26ada3" member_type: VOTER last_known_addr { host: "127.31.131.3" port: 37599 } }
I20260710 13:27:12.689108  1002 tablet_service.cc:1917] Received RequestConsensusVote() RPC: tablet_id: "2b7e0cbaaa4d40f89eaa5b0f9bbdda8d" candidate_uuid: "19dc170f45024b4f843a9caf1e26ada3" candidate_term: 1 candidate_status { last_received { term: 0 index: 0 } } ignore_live_leader: false dest_uuid: "4b49324e0e5e4ab29cb0276ea58126ef" is_pre_election: true
I20260710 13:27:12.689594   923 tablet_service.cc:1917] Received RequestConsensusVote() RPC: tablet_id: "2b7e0cbaaa4d40f89eaa5b0f9bbdda8d" candidate_uuid: "19dc170f45024b4f843a9caf1e26ada3" candidate_term: 1 candidate_status { last_received { term: 0 index: 0 } } ignore_live_leader: false dest_uuid: "987a1a0927d243f387f1ad2ebdbecad2" is_pre_election: true
I20260710 13:27:12.690394  1221 leader_election.cc:290] T 2b7e0cbaaa4d40f89eaa5b0f9bbdda8d P 19dc170f45024b4f843a9caf1e26ada3 [CANDIDATE]: Term 1 pre-election: Requested pre-vote from peers 987a1a0927d243f387f1ad2ebdbecad2 (127.31.131.1:40415), 4b49324e0e5e4ab29cb0276ea58126ef (127.31.131.2:42137)
I20260710 13:27:12.691320  1042 leader_election.cc:304] T 2b7e0cbaaa4d40f89eaa5b0f9bbdda8d P 19dc170f45024b4f843a9caf1e26ada3 [CANDIDATE]: Term 1 pre-election: Election decided. Result: candidate lost. Election summary: received 3 responses out of 3 voters: 1 yes votes; 2 no votes. yes voters: 19dc170f45024b4f843a9caf1e26ada3; no voters: 4b49324e0e5e4ab29cb0276ea58126ef, 987a1a0927d243f387f1ad2ebdbecad2
I20260710 13:27:12.692178  1221 raft_consensus.cc:2749] T 2b7e0cbaaa4d40f89eaa5b0f9bbdda8d P 19dc170f45024b4f843a9caf1e26ada3 [term 0 FOLLOWER]: Leader pre-election lost for term 1. Reason: could not achieve majority
I20260710 13:27:12.721455  1163 consensus_queue.cc:1048] T 690aae68879e4f66beb98b521006fe4d P 4b49324e0e5e4ab29cb0276ea58126ef [LEADER]: Connected to new peer: Peer: permanent_uuid: "987a1a0927d243f387f1ad2ebdbecad2" member_type: VOTER last_known_addr { host: "127.31.131.1" port: 40415 }, Status: LMP_MISMATCH, Last received: 0.0, Next index: 1, Last known committed idx: 0, Time since last communication: 0.000s
I20260710 13:27:12.743391  1218 consensus_queue.cc:1048] T 690aae68879e4f66beb98b521006fe4d P 4b49324e0e5e4ab29cb0276ea58126ef [LEADER]: Connected to new peer: Peer: permanent_uuid: "19dc170f45024b4f843a9caf1e26ada3" member_type: VOTER last_known_addr { host: "127.31.131.3" port: 37599 }, Status: LMP_MISMATCH, Last received: 0.0, Next index: 1, Last known committed idx: 0, Time since last communication: 0.000s
I20260710 13:27:12.752904  1002 raft_consensus.cc:3060] T b7ba7962cd9c41d8aab6b07572fa134b P 4b49324e0e5e4ab29cb0276ea58126ef [term 0 FOLLOWER]: Advancing to term 1
I20260710 13:27:12.755496  1071 raft_consensus.cc:3060] T 2b7e0cbaaa4d40f89eaa5b0f9bbdda8d P 19dc170f45024b4f843a9caf1e26ada3 [term 0 FOLLOWER]: Advancing to term 1
I20260710 13:27:12.778467  1148 consensus_queue.cc:1048] T d36f8e447b3c476087ac1652ec58f504 P 987a1a0927d243f387f1ad2ebdbecad2 [LEADER]: Connected to new peer: Peer: permanent_uuid: "19dc170f45024b4f843a9caf1e26ada3" member_type: VOTER last_known_addr { host: "127.31.131.3" port: 37599 }, Status: LMP_MISMATCH, Last received: 0.0, Next index: 1, Last known committed idx: 0, Time since last communication: 0.000s
I20260710 13:27:12.806788  1291 consensus_queue.cc:1048] T d36f8e447b3c476087ac1652ec58f504 P 987a1a0927d243f387f1ad2ebdbecad2 [LEADER]: Connected to new peer: Peer: permanent_uuid: "4b49324e0e5e4ab29cb0276ea58126ef" member_type: VOTER last_known_addr { host: "127.31.131.2" port: 42137 }, Status: LMP_MISMATCH, Last received: 0.0, Next index: 1, Last known committed idx: 0, Time since last communication: 0.001s
I20260710 13:27:12.842397 32268 rpc_server.cc:307] RPC server started. Bound to: 127.31.131.4:39659
I20260710 13:27:12.842962  1388 acceptor_pool.cc:272] collecting diagnostics on the listening RPC socket 127.31.131.4:39659 every 8 connection(s)
I20260710 13:27:12.847497 32268 auto_leader_rebalancer-test.cc:388] add a tserver: 2babed5ca7fc41fe86a2af876ae745d2
I20260710 13:27:12.864159  1389 heartbeater.cc:344] Connected to a master server at 127.31.131.62:39897
I20260710 13:27:12.864534  1389 heartbeater.cc:461] Registering TS with master...
I20260710 13:27:12.865203  1389 heartbeater.cc:507] Master 127.31.131.62:39897 requested a full tablet report, sending...
I20260710 13:27:12.866989   822 ts_manager.cc:194] Registered new tserver with Master: 2babed5ca7fc41fe86a2af876ae745d2 (127.31.131.4:39659)
I20260710 13:27:12.868335   822 master_service.cc:502] Signed X509 certificate for tserver {username='slave'} at 127.0.0.1:42908
I20260710 13:27:13.464993  1002 consensus_queue.cc:237] T 2b7e0cbaaa4d40f89eaa5b0f9bbdda8d P 4b49324e0e5e4ab29cb0276ea58126ef [LEADER]: Queue going to LEADER mode. State: All replicated index: 0, Majority replicated index: 1, Committed index: 1, Last appended: 1.1, Last appended by leader: 0, Current term: 1, Majority size: 2, State: 0, Mode: LEADER, active raft config: opid_index: 2 OBSOLETE_local: false peers { permanent_uuid: "987a1a0927d243f387f1ad2ebdbecad2" member_type: VOTER last_known_addr { host: "127.31.131.1" port: 40415 } } peers { permanent_uuid: "4b49324e0e5e4ab29cb0276ea58126ef" member_type: VOTER last_known_addr { host: "127.31.131.2" port: 42137 } } peers { permanent_uuid: "19dc170f45024b4f843a9caf1e26ada3" member_type: VOTER last_known_addr { host: "127.31.131.3" port: 37599 } attrs { replace: true } } peers { permanent_uuid: "2babed5ca7fc41fe86a2af876ae745d2" member_type: NON_VOTER last_known_addr { host: "127.31.131.4" port: 39659 } attrs { promote: true } }
I20260710 13:27:13.470889  1071 raft_consensus.cc:1275] T 2b7e0cbaaa4d40f89eaa5b0f9bbdda8d P 19dc170f45024b4f843a9caf1e26ada3 [term 1 FOLLOWER]: Refusing update from remote peer 4b49324e0e5e4ab29cb0276ea58126ef: Log matching property violated. Preceding OpId in replica: term: 1 index: 1. Preceding OpId from leader: term: 1 index: 2. (index mismatch)
I20260710 13:27:13.472502  1163 consensus_queue.cc:1048] T 2b7e0cbaaa4d40f89eaa5b0f9bbdda8d P 4b49324e0e5e4ab29cb0276ea58126ef [LEADER]: Connected to new peer: Peer: permanent_uuid: "19dc170f45024b4f843a9caf1e26ada3" member_type: VOTER last_known_addr { host: "127.31.131.3" port: 37599 } attrs { replace: true }, Status: LMP_MISMATCH, Last received: 0.0, Next index: 2, Last known committed idx: 1, Time since last communication: 0.000s
I20260710 13:27:13.472568   923 raft_consensus.cc:1275] T 2b7e0cbaaa4d40f89eaa5b0f9bbdda8d P 987a1a0927d243f387f1ad2ebdbecad2 [term 1 FOLLOWER]: Refusing update from remote peer 4b49324e0e5e4ab29cb0276ea58126ef: Log matching property violated. Preceding OpId in replica: term: 1 index: 1. Preceding OpId from leader: term: 1 index: 2. (index mismatch)
I20260710 13:27:13.474166  1218 consensus_queue.cc:1048] T 2b7e0cbaaa4d40f89eaa5b0f9bbdda8d P 4b49324e0e5e4ab29cb0276ea58126ef [LEADER]: Connected to new peer: Peer: permanent_uuid: "987a1a0927d243f387f1ad2ebdbecad2" member_type: VOTER last_known_addr { host: "127.31.131.1" port: 40415 }, Status: LMP_MISMATCH, Last received: 0.0, Next index: 2, Last known committed idx: 1, Time since last communication: 0.000s
I20260710 13:27:13.479308  1163 raft_consensus.cc:2955] T 2b7e0cbaaa4d40f89eaa5b0f9bbdda8d P 4b49324e0e5e4ab29cb0276ea58126ef [term 1 LEADER]: Committing config change with OpId 1.2: config changed from index -1 to 2, NON_VOTER 2babed5ca7fc41fe86a2af876ae745d2 (127.31.131.4) added. New config: { opid_index: 2 OBSOLETE_local: false peers { permanent_uuid: "987a1a0927d243f387f1ad2ebdbecad2" member_type: VOTER last_known_addr { host: "127.31.131.1" port: 40415 } } peers { permanent_uuid: "4b49324e0e5e4ab29cb0276ea58126ef" member_type: VOTER last_known_addr { host: "127.31.131.2" port: 42137 } } peers { permanent_uuid: "19dc170f45024b4f843a9caf1e26ada3" member_type: VOTER last_known_addr { host: "127.31.131.3" port: 37599 } attrs { replace: true } } peers { permanent_uuid: "2babed5ca7fc41fe86a2af876ae745d2" member_type: NON_VOTER last_known_addr { host: "127.31.131.4" port: 39659 } attrs { promote: true } } }
I20260710 13:27:13.481047  1071 raft_consensus.cc:2955] T 2b7e0cbaaa4d40f89eaa5b0f9bbdda8d P 19dc170f45024b4f843a9caf1e26ada3 [term 1 FOLLOWER]: Committing config change with OpId 1.2: config changed from index -1 to 2, NON_VOTER 2babed5ca7fc41fe86a2af876ae745d2 (127.31.131.4) added. New config: { opid_index: 2 OBSOLETE_local: false peers { permanent_uuid: "987a1a0927d243f387f1ad2ebdbecad2" member_type: VOTER last_known_addr { host: "127.31.131.1" port: 40415 } } peers { permanent_uuid: "4b49324e0e5e4ab29cb0276ea58126ef" member_type: VOTER last_known_addr { host: "127.31.131.2" port: 42137 } } peers { permanent_uuid: "19dc170f45024b4f843a9caf1e26ada3" member_type: VOTER last_known_addr { host: "127.31.131.3" port: 37599 } attrs { replace: true } } peers { permanent_uuid: "2babed5ca7fc41fe86a2af876ae745d2" member_type: NON_VOTER last_known_addr { host: "127.31.131.4" port: 39659 } attrs { promote: true } } }
W20260710 13:27:13.489106   967 consensus_peers.cc:597] T 2b7e0cbaaa4d40f89eaa5b0f9bbdda8d P 4b49324e0e5e4ab29cb0276ea58126ef -> Peer 2babed5ca7fc41fe86a2af876ae745d2 (127.31.131.4:39659): Couldn't send request to peer 2babed5ca7fc41fe86a2af876ae745d2. Error code: TABLET_NOT_FOUND (6). Status: Not found: Tablet not found: 2b7e0cbaaa4d40f89eaa5b0f9bbdda8d. This is attempt 1: this message will repeat every 5th retry.
I20260710 13:27:13.492213   923 raft_consensus.cc:2955] T 2b7e0cbaaa4d40f89eaa5b0f9bbdda8d P 987a1a0927d243f387f1ad2ebdbecad2 [term 1 FOLLOWER]: Committing config change with OpId 1.2: config changed from index -1 to 2, NON_VOTER 2babed5ca7fc41fe86a2af876ae745d2 (127.31.131.4) added. New config: { opid_index: 2 OBSOLETE_local: false peers { permanent_uuid: "987a1a0927d243f387f1ad2ebdbecad2" member_type: VOTER last_known_addr { host: "127.31.131.1" port: 40415 } } peers { permanent_uuid: "4b49324e0e5e4ab29cb0276ea58126ef" member_type: VOTER last_known_addr { host: "127.31.131.2" port: 42137 } } peers { permanent_uuid: "19dc170f45024b4f843a9caf1e26ada3" member_type: VOTER last_known_addr { host: "127.31.131.3" port: 37599 } attrs { replace: true } } peers { permanent_uuid: "2babed5ca7fc41fe86a2af876ae745d2" member_type: NON_VOTER last_known_addr { host: "127.31.131.4" port: 39659 } attrs { promote: true } } }
I20260710 13:27:13.500780   822 catalog_manager.cc:5697] T 2b7e0cbaaa4d40f89eaa5b0f9bbdda8d P 19dc170f45024b4f843a9caf1e26ada3 reported cstate change: config changed from index -1 to 2, NON_VOTER 2babed5ca7fc41fe86a2af876ae745d2 (127.31.131.4) added. New cstate: current_term: 1 leader_uuid: "4b49324e0e5e4ab29cb0276ea58126ef" committed_config { opid_index: 2 OBSOLETE_local: false peers { permanent_uuid: "987a1a0927d243f387f1ad2ebdbecad2" member_type: VOTER last_known_addr { host: "127.31.131.1" port: 40415 } } peers { permanent_uuid: "4b49324e0e5e4ab29cb0276ea58126ef" member_type: VOTER last_known_addr { host: "127.31.131.2" port: 42137 } } peers { permanent_uuid: "19dc170f45024b4f843a9caf1e26ada3" member_type: VOTER last_known_addr { host: "127.31.131.3" port: 37599 } attrs { replace: true } } peers { permanent_uuid: "2babed5ca7fc41fe86a2af876ae745d2" member_type: NON_VOTER last_known_addr { host: "127.31.131.4" port: 39659 } attrs { promote: true } } }
I20260710 13:27:13.515206   923 consensus_queue.cc:237] T 47c89f8413b54f468e12d8c727dcbc01 P 987a1a0927d243f387f1ad2ebdbecad2 [LEADER]: Queue going to LEADER mode. State: All replicated index: 0, Majority replicated index: 1, Committed index: 1, Last appended: 1.1, Last appended by leader: 0, Current term: 1, Majority size: 2, State: 0, Mode: LEADER, active raft config: opid_index: 2 OBSOLETE_local: false peers { permanent_uuid: "987a1a0927d243f387f1ad2ebdbecad2" member_type: VOTER last_known_addr { host: "127.31.131.1" port: 40415 } } peers { permanent_uuid: "4b49324e0e5e4ab29cb0276ea58126ef" member_type: VOTER last_known_addr { host: "127.31.131.2" port: 42137 } attrs { replace: true } } peers { permanent_uuid: "19dc170f45024b4f843a9caf1e26ada3" member_type: VOTER last_known_addr { host: "127.31.131.3" port: 37599 } } peers { permanent_uuid: "2babed5ca7fc41fe86a2af876ae745d2" member_type: NON_VOTER last_known_addr { host: "127.31.131.4" port: 39659 } attrs { promote: true } }
I20260710 13:27:13.531292  1071 raft_consensus.cc:1275] T 47c89f8413b54f468e12d8c727dcbc01 P 19dc170f45024b4f843a9caf1e26ada3 [term 1 FOLLOWER]: Refusing update from remote peer 987a1a0927d243f387f1ad2ebdbecad2: Log matching property violated. Preceding OpId in replica: term: 1 index: 1. Preceding OpId from leader: term: 1 index: 2. (index mismatch)
I20260710 13:27:13.532094  1002 raft_consensus.cc:1275] T 47c89f8413b54f468e12d8c727dcbc01 P 4b49324e0e5e4ab29cb0276ea58126ef [term 1 FOLLOWER]: Refusing update from remote peer 987a1a0927d243f387f1ad2ebdbecad2: Log matching property violated. Preceding OpId in replica: term: 1 index: 1. Preceding OpId from leader: term: 1 index: 2. (index mismatch)
I20260710 13:27:13.533879  1291 consensus_queue.cc:1048] T 47c89f8413b54f468e12d8c727dcbc01 P 987a1a0927d243f387f1ad2ebdbecad2 [LEADER]: Connected to new peer: Peer: permanent_uuid: "4b49324e0e5e4ab29cb0276ea58126ef" member_type: VOTER last_known_addr { host: "127.31.131.2" port: 42137 } attrs { replace: true }, Status: LMP_MISMATCH, Last received: 0.0, Next index: 2, Last known committed idx: 1, Time since last communication: 0.000s
I20260710 13:27:13.537137  1148 consensus_queue.cc:1048] T 47c89f8413b54f468e12d8c727dcbc01 P 987a1a0927d243f387f1ad2ebdbecad2 [LEADER]: Connected to new peer: Peer: permanent_uuid: "19dc170f45024b4f843a9caf1e26ada3" member_type: VOTER last_known_addr { host: "127.31.131.3" port: 37599 }, Status: LMP_MISMATCH, Last received: 0.0, Next index: 2, Last known committed idx: 1, Time since last communication: 0.000s
W20260710 13:27:13.549446   892 consensus_peers.cc:597] T 47c89f8413b54f468e12d8c727dcbc01 P 987a1a0927d243f387f1ad2ebdbecad2 -> Peer 2babed5ca7fc41fe86a2af876ae745d2 (127.31.131.4:39659): Couldn't send request to peer 2babed5ca7fc41fe86a2af876ae745d2. Error code: TABLET_NOT_FOUND (6). Status: Not found: Tablet not found: 47c89f8413b54f468e12d8c727dcbc01. This is attempt 1: this message will repeat every 5th retry.
I20260710 13:27:13.555513  1291 raft_consensus.cc:2955] T 47c89f8413b54f468e12d8c727dcbc01 P 987a1a0927d243f387f1ad2ebdbecad2 [term 1 LEADER]: Committing config change with OpId 1.2: config changed from index -1 to 2, NON_VOTER 2babed5ca7fc41fe86a2af876ae745d2 (127.31.131.4) added. New config: { opid_index: 2 OBSOLETE_local: false peers { permanent_uuid: "987a1a0927d243f387f1ad2ebdbecad2" member_type: VOTER last_known_addr { host: "127.31.131.1" port: 40415 } } peers { permanent_uuid: "4b49324e0e5e4ab29cb0276ea58126ef" member_type: VOTER last_known_addr { host: "127.31.131.2" port: 42137 } attrs { replace: true } } peers { permanent_uuid: "19dc170f45024b4f843a9caf1e26ada3" member_type: VOTER last_known_addr { host: "127.31.131.3" port: 37599 } } peers { permanent_uuid: "2babed5ca7fc41fe86a2af876ae745d2" member_type: NON_VOTER last_known_addr { host: "127.31.131.4" port: 39659 } attrs { promote: true } } }
I20260710 13:27:13.562105  1002 raft_consensus.cc:2955] T 47c89f8413b54f468e12d8c727dcbc01 P 4b49324e0e5e4ab29cb0276ea58126ef [term 1 FOLLOWER]: Committing config change with OpId 1.2: config changed from index -1 to 2, NON_VOTER 2babed5ca7fc41fe86a2af876ae745d2 (127.31.131.4) added. New config: { opid_index: 2 OBSOLETE_local: false peers { permanent_uuid: "987a1a0927d243f387f1ad2ebdbecad2" member_type: VOTER last_known_addr { host: "127.31.131.1" port: 40415 } } peers { permanent_uuid: "4b49324e0e5e4ab29cb0276ea58126ef" member_type: VOTER last_known_addr { host: "127.31.131.2" port: 42137 } attrs { replace: true } } peers { permanent_uuid: "19dc170f45024b4f843a9caf1e26ada3" member_type: VOTER last_known_addr { host: "127.31.131.3" port: 37599 } } peers { permanent_uuid: "2babed5ca7fc41fe86a2af876ae745d2" member_type: NON_VOTER last_known_addr { host: "127.31.131.4" port: 39659 } attrs { promote: true } } }
I20260710 13:27:13.563000  1071 raft_consensus.cc:2955] T 47c89f8413b54f468e12d8c727dcbc01 P 19dc170f45024b4f843a9caf1e26ada3 [term 1 FOLLOWER]: Committing config change with OpId 1.2: config changed from index -1 to 2, NON_VOTER 2babed5ca7fc41fe86a2af876ae745d2 (127.31.131.4) added. New config: { opid_index: 2 OBSOLETE_local: false peers { permanent_uuid: "987a1a0927d243f387f1ad2ebdbecad2" member_type: VOTER last_known_addr { host: "127.31.131.1" port: 40415 } } peers { permanent_uuid: "4b49324e0e5e4ab29cb0276ea58126ef" member_type: VOTER last_known_addr { host: "127.31.131.2" port: 42137 } attrs { replace: true } } peers { permanent_uuid: "19dc170f45024b4f843a9caf1e26ada3" member_type: VOTER last_known_addr { host: "127.31.131.3" port: 37599 } } peers { permanent_uuid: "2babed5ca7fc41fe86a2af876ae745d2" member_type: NON_VOTER last_known_addr { host: "127.31.131.4" port: 39659 } attrs { promote: true } } }
I20260710 13:27:13.585775  1071 consensus_queue.cc:237] T bdd365acd4dd486bb2b0dc06cae3e92c P 19dc170f45024b4f843a9caf1e26ada3 [LEADER]: Queue going to LEADER mode. State: All replicated index: 0, Majority replicated index: 1, Committed index: 1, Last appended: 1.1, Last appended by leader: 0, Current term: 1, Majority size: 2, State: 0, Mode: LEADER, active raft config: opid_index: 2 OBSOLETE_local: false peers { permanent_uuid: "987a1a0927d243f387f1ad2ebdbecad2" member_type: VOTER last_known_addr { host: "127.31.131.1" port: 40415 } attrs { replace: true } } peers { permanent_uuid: "4b49324e0e5e4ab29cb0276ea58126ef" member_type: VOTER last_known_addr { host: "127.31.131.2" port: 42137 } } peers { permanent_uuid: "19dc170f45024b4f843a9caf1e26ada3" member_type: VOTER last_known_addr { host: "127.31.131.3" port: 37599 } } peers { permanent_uuid: "2babed5ca7fc41fe86a2af876ae745d2" member_type: NON_VOTER last_known_addr { host: "127.31.131.4" port: 39659 } attrs { promote: true } }
I20260710 13:27:13.589877   822 catalog_manager.cc:5697] T 47c89f8413b54f468e12d8c727dcbc01 P 19dc170f45024b4f843a9caf1e26ada3 reported cstate change: config changed from index -1 to 2, NON_VOTER 2babed5ca7fc41fe86a2af876ae745d2 (127.31.131.4) added. New cstate: current_term: 1 leader_uuid: "987a1a0927d243f387f1ad2ebdbecad2" committed_config { opid_index: 2 OBSOLETE_local: false peers { permanent_uuid: "987a1a0927d243f387f1ad2ebdbecad2" member_type: VOTER last_known_addr { host: "127.31.131.1" port: 40415 } } peers { permanent_uuid: "4b49324e0e5e4ab29cb0276ea58126ef" member_type: VOTER last_known_addr { host: "127.31.131.2" port: 42137 } attrs { replace: true } } peers { permanent_uuid: "19dc170f45024b4f843a9caf1e26ada3" member_type: VOTER last_known_addr { host: "127.31.131.3" port: 37599 } } peers { permanent_uuid: "2babed5ca7fc41fe86a2af876ae745d2" member_type: NON_VOTER last_known_addr { host: "127.31.131.4" port: 39659 } attrs { promote: true } } }
I20260710 13:27:13.604602  1002 raft_consensus.cc:1275] T bdd365acd4dd486bb2b0dc06cae3e92c P 4b49324e0e5e4ab29cb0276ea58126ef [term 1 FOLLOWER]: Refusing update from remote peer 19dc170f45024b4f843a9caf1e26ada3: Log matching property violated. Preceding OpId in replica: term: 1 index: 1. Preceding OpId from leader: term: 1 index: 2. (index mismatch)
I20260710 13:27:13.606505   923 raft_consensus.cc:1275] T bdd365acd4dd486bb2b0dc06cae3e92c P 987a1a0927d243f387f1ad2ebdbecad2 [term 1 FOLLOWER]: Refusing update from remote peer 19dc170f45024b4f843a9caf1e26ada3: Log matching property violated. Preceding OpId in replica: term: 1 index: 1. Preceding OpId from leader: term: 1 index: 2. (index mismatch)
I20260710 13:27:13.608145  1221 consensus_queue.cc:1048] T bdd365acd4dd486bb2b0dc06cae3e92c P 19dc170f45024b4f843a9caf1e26ada3 [LEADER]: Connected to new peer: Peer: permanent_uuid: "987a1a0927d243f387f1ad2ebdbecad2" member_type: VOTER last_known_addr { host: "127.31.131.1" port: 40415 } attrs { replace: true }, Status: LMP_MISMATCH, Last received: 0.0, Next index: 2, Last known committed idx: 1, Time since last communication: 0.000s
I20260710 13:27:13.613301  1221 consensus_queue.cc:1048] T bdd365acd4dd486bb2b0dc06cae3e92c P 19dc170f45024b4f843a9caf1e26ada3 [LEADER]: Connected to new peer: Peer: permanent_uuid: "4b49324e0e5e4ab29cb0276ea58126ef" member_type: VOTER last_known_addr { host: "127.31.131.2" port: 42137 }, Status: LMP_MISMATCH, Last received: 0.0, Next index: 2, Last known committed idx: 1, Time since last communication: 0.001s
W20260710 13:27:13.626230  1041 consensus_peers.cc:597] T bdd365acd4dd486bb2b0dc06cae3e92c P 19dc170f45024b4f843a9caf1e26ada3 -> Peer 2babed5ca7fc41fe86a2af876ae745d2 (127.31.131.4:39659): Couldn't send request to peer 2babed5ca7fc41fe86a2af876ae745d2. Error code: TABLET_NOT_FOUND (6). Status: Not found: Tablet not found: bdd365acd4dd486bb2b0dc06cae3e92c. This is attempt 1: this message will repeat every 5th retry.
I20260710 13:27:13.627395  1304 raft_consensus.cc:2955] T bdd365acd4dd486bb2b0dc06cae3e92c P 19dc170f45024b4f843a9caf1e26ada3 [term 1 LEADER]: Committing config change with OpId 1.2: config changed from index -1 to 2, NON_VOTER 2babed5ca7fc41fe86a2af876ae745d2 (127.31.131.4) added. New config: { opid_index: 2 OBSOLETE_local: false peers { permanent_uuid: "987a1a0927d243f387f1ad2ebdbecad2" member_type: VOTER last_known_addr { host: "127.31.131.1" port: 40415 } attrs { replace: true } } peers { permanent_uuid: "4b49324e0e5e4ab29cb0276ea58126ef" member_type: VOTER last_known_addr { host: "127.31.131.2" port: 42137 } } peers { permanent_uuid: "19dc170f45024b4f843a9caf1e26ada3" member_type: VOTER last_known_addr { host: "127.31.131.3" port: 37599 } } peers { permanent_uuid: "2babed5ca7fc41fe86a2af876ae745d2" member_type: NON_VOTER last_known_addr { host: "127.31.131.4" port: 39659 } attrs { promote: true } } }
I20260710 13:27:13.629236  1002 raft_consensus.cc:2955] T bdd365acd4dd486bb2b0dc06cae3e92c P 4b49324e0e5e4ab29cb0276ea58126ef [term 1 FOLLOWER]: Committing config change with OpId 1.2: config changed from index -1 to 2, NON_VOTER 2babed5ca7fc41fe86a2af876ae745d2 (127.31.131.4) added. New config: { opid_index: 2 OBSOLETE_local: false peers { permanent_uuid: "987a1a0927d243f387f1ad2ebdbecad2" member_type: VOTER last_known_addr { host: "127.31.131.1" port: 40415 } attrs { replace: true } } peers { permanent_uuid: "4b49324e0e5e4ab29cb0276ea58126ef" member_type: VOTER last_known_addr { host: "127.31.131.2" port: 42137 } } peers { permanent_uuid: "19dc170f45024b4f843a9caf1e26ada3" member_type: VOTER last_known_addr { host: "127.31.131.3" port: 37599 } } peers { permanent_uuid: "2babed5ca7fc41fe86a2af876ae745d2" member_type: NON_VOTER last_known_addr { host: "127.31.131.4" port: 39659 } attrs { promote: true } } }
I20260710 13:27:13.630337   923 raft_consensus.cc:2955] T bdd365acd4dd486bb2b0dc06cae3e92c P 987a1a0927d243f387f1ad2ebdbecad2 [term 1 FOLLOWER]: Committing config change with OpId 1.2: config changed from index -1 to 2, NON_VOTER 2babed5ca7fc41fe86a2af876ae745d2 (127.31.131.4) added. New config: { opid_index: 2 OBSOLETE_local: false peers { permanent_uuid: "987a1a0927d243f387f1ad2ebdbecad2" member_type: VOTER last_known_addr { host: "127.31.131.1" port: 40415 } attrs { replace: true } } peers { permanent_uuid: "4b49324e0e5e4ab29cb0276ea58126ef" member_type: VOTER last_known_addr { host: "127.31.131.2" port: 42137 } } peers { permanent_uuid: "19dc170f45024b4f843a9caf1e26ada3" member_type: VOTER last_known_addr { host: "127.31.131.3" port: 37599 } } peers { permanent_uuid: "2babed5ca7fc41fe86a2af876ae745d2" member_type: NON_VOTER last_known_addr { host: "127.31.131.4" port: 39659 } attrs { promote: true } } }
I20260710 13:27:13.641590   825 catalog_manager.cc:5697] T bdd365acd4dd486bb2b0dc06cae3e92c P 987a1a0927d243f387f1ad2ebdbecad2 reported cstate change: config changed from index -1 to 2, NON_VOTER 2babed5ca7fc41fe86a2af876ae745d2 (127.31.131.4) added. New cstate: current_term: 1 leader_uuid: "19dc170f45024b4f843a9caf1e26ada3" committed_config { opid_index: 2 OBSOLETE_local: false peers { permanent_uuid: "987a1a0927d243f387f1ad2ebdbecad2" member_type: VOTER last_known_addr { host: "127.31.131.1" port: 40415 } attrs { replace: true } } peers { permanent_uuid: "4b49324e0e5e4ab29cb0276ea58126ef" member_type: VOTER last_known_addr { host: "127.31.131.2" port: 42137 } } peers { permanent_uuid: "19dc170f45024b4f843a9caf1e26ada3" member_type: VOTER last_known_addr { host: "127.31.131.3" port: 37599 } } peers { permanent_uuid: "2babed5ca7fc41fe86a2af876ae745d2" member_type: NON_VOTER last_known_addr { host: "127.31.131.4" port: 39659 } attrs { promote: true } } }
I20260710 13:27:13.644835   926 consensus_queue.cc:237] T 5a813eb143bf43e78f195a118e0170cf P 987a1a0927d243f387f1ad2ebdbecad2 [LEADER]: Queue going to LEADER mode. State: All replicated index: 0, Majority replicated index: 1, Committed index: 1, Last appended: 1.1, Last appended by leader: 0, Current term: 1, Majority size: 2, State: 0, Mode: LEADER, active raft config: opid_index: 2 OBSOLETE_local: false peers { permanent_uuid: "4b49324e0e5e4ab29cb0276ea58126ef" member_type: VOTER last_known_addr { host: "127.31.131.2" port: 42137 } attrs { replace: true } } peers { permanent_uuid: "19dc170f45024b4f843a9caf1e26ada3" member_type: VOTER last_known_addr { host: "127.31.131.3" port: 37599 } } peers { permanent_uuid: "987a1a0927d243f387f1ad2ebdbecad2" member_type: VOTER last_known_addr { host: "127.31.131.1" port: 40415 } } peers { permanent_uuid: "2babed5ca7fc41fe86a2af876ae745d2" member_type: NON_VOTER last_known_addr { host: "127.31.131.4" port: 39659 } attrs { promote: true } }
I20260710 13:27:13.652026  1071 raft_consensus.cc:1275] T 5a813eb143bf43e78f195a118e0170cf P 19dc170f45024b4f843a9caf1e26ada3 [term 1 FOLLOWER]: Refusing update from remote peer 987a1a0927d243f387f1ad2ebdbecad2: Log matching property violated. Preceding OpId in replica: term: 1 index: 1. Preceding OpId from leader: term: 1 index: 2. (index mismatch)
W20260710 13:27:13.652205   892 consensus_peers.cc:597] T 5a813eb143bf43e78f195a118e0170cf P 987a1a0927d243f387f1ad2ebdbecad2 -> Peer 2babed5ca7fc41fe86a2af876ae745d2 (127.31.131.4:39659): Couldn't send request to peer 2babed5ca7fc41fe86a2af876ae745d2. Error code: TABLET_NOT_FOUND (6). Status: Not found: Tablet not found: 5a813eb143bf43e78f195a118e0170cf. This is attempt 1: this message will repeat every 5th retry.
I20260710 13:27:13.653581  1410 consensus_queue.cc:1048] T 5a813eb143bf43e78f195a118e0170cf P 987a1a0927d243f387f1ad2ebdbecad2 [LEADER]: Connected to new peer: Peer: permanent_uuid: "19dc170f45024b4f843a9caf1e26ada3" member_type: VOTER last_known_addr { host: "127.31.131.3" port: 37599 }, Status: LMP_MISMATCH, Last received: 0.0, Next index: 2, Last known committed idx: 1, Time since last communication: 0.000s
I20260710 13:27:13.658735  1002 raft_consensus.cc:1275] T 5a813eb143bf43e78f195a118e0170cf P 4b49324e0e5e4ab29cb0276ea58126ef [term 1 FOLLOWER]: Refusing update from remote peer 987a1a0927d243f387f1ad2ebdbecad2: Log matching property violated. Preceding OpId in replica: term: 1 index: 1. Preceding OpId from leader: term: 1 index: 2. (index mismatch)
I20260710 13:27:13.660159  1410 consensus_queue.cc:1048] T 5a813eb143bf43e78f195a118e0170cf P 987a1a0927d243f387f1ad2ebdbecad2 [LEADER]: Connected to new peer: Peer: permanent_uuid: "4b49324e0e5e4ab29cb0276ea58126ef" member_type: VOTER last_known_addr { host: "127.31.131.2" port: 42137 } attrs { replace: true }, Status: LMP_MISMATCH, Last received: 0.0, Next index: 2, Last known committed idx: 1, Time since last communication: 0.000s
I20260710 13:27:13.669579  1291 raft_consensus.cc:2955] T 5a813eb143bf43e78f195a118e0170cf P 987a1a0927d243f387f1ad2ebdbecad2 [term 1 LEADER]: Committing config change with OpId 1.2: config changed from index -1 to 2, NON_VOTER 2babed5ca7fc41fe86a2af876ae745d2 (127.31.131.4) added. New config: { opid_index: 2 OBSOLETE_local: false peers { permanent_uuid: "4b49324e0e5e4ab29cb0276ea58126ef" member_type: VOTER last_known_addr { host: "127.31.131.2" port: 42137 } attrs { replace: true } } peers { permanent_uuid: "19dc170f45024b4f843a9caf1e26ada3" member_type: VOTER last_known_addr { host: "127.31.131.3" port: 37599 } } peers { permanent_uuid: "987a1a0927d243f387f1ad2ebdbecad2" member_type: VOTER last_known_addr { host: "127.31.131.1" port: 40415 } } peers { permanent_uuid: "2babed5ca7fc41fe86a2af876ae745d2" member_type: NON_VOTER last_known_addr { host: "127.31.131.4" port: 39659 } attrs { promote: true } } }
