I20260710 13:26:48.722944 32296 catalog_manager.cc:5697] T e104e79e73444a53adab2ee8961e3acf P 15ee6c82f79b460487bffdbf753be6b4 reported cstate change: term changed from 1 to 2, leader changed from f420d8d66ee340818eacd31558c630b0 (127.31.131.1) to 15ee6c82f79b460487bffdbf753be6b4 (127.31.131.2). New cstate: current_term: 2 leader_uuid: "15ee6c82f79b460487bffdbf753be6b4" committed_config { opid_index: -1 OBSOLETE_local: false peers { permanent_uuid: "f420d8d66ee340818eacd31558c630b0" member_type: VOTER last_known_addr { host: "127.31.131.1" port: 39991 } health_report { overall_health: UNKNOWN } } peers { permanent_uuid: "15ee6c82f79b460487bffdbf753be6b4" member_type: VOTER last_known_addr { host: "127.31.131.2" port: 40693 } health_report { overall_health: HEALTHY } } peers { permanent_uuid: "360d94f122ee4642b4f44daa07344af0" member_type: VOTER last_known_addr { host: "127.31.131.3" port: 46137 } health_report { overall_health: UNKNOWN } } }
I20260710 13:26:48.812121 32641 raft_consensus.cc:993] T f3c0b20f434b410e9b15cf5b7ed71485 P 15ee6c82f79b460487bffdbf753be6b4: : Instructing follower f420d8d66ee340818eacd31558c630b0 to start an election
I20260710 13:26:48.812520 32603 raft_consensus.cc:1081] T f3c0b20f434b410e9b15cf5b7ed71485 P 15ee6c82f79b460487bffdbf753be6b4 [term 1 LEADER]: Signalling peer f420d8d66ee340818eacd31558c630b0 to start an election
I20260710 13:26:48.813798 32402 tablet_service.cc:2044] Received Run Leader Election RPC: tablet_id: "f3c0b20f434b410e9b15cf5b7ed71485"
dest_uuid: "f420d8d66ee340818eacd31558c630b0"
 from {username='slave'} at 127.0.0.1:41554
I20260710 13:26:48.814213 32402 raft_consensus.cc:493] T f3c0b20f434b410e9b15cf5b7ed71485 P f420d8d66ee340818eacd31558c630b0 [term 1 FOLLOWER]: Starting forced leader election (received explicit request)
I20260710 13:26:48.814522 32402 raft_consensus.cc:3060] T f3c0b20f434b410e9b15cf5b7ed71485 P f420d8d66ee340818eacd31558c630b0 [term 1 FOLLOWER]: Advancing to term 2
I20260710 13:26:48.819216 32402 raft_consensus.cc:515] T f3c0b20f434b410e9b15cf5b7ed71485 P f420d8d66ee340818eacd31558c630b0 [term 2 FOLLOWER]: Starting forced leader election with config: opid_index: -1 OBSOLETE_local: false peers { permanent_uuid: "f420d8d66ee340818eacd31558c630b0" member_type: VOTER last_known_addr { host: "127.31.131.1" port: 39991 } } peers { permanent_uuid: "15ee6c82f79b460487bffdbf753be6b4" member_type: VOTER last_known_addr { host: "127.31.131.2" port: 40693 } } peers { permanent_uuid: "360d94f122ee4642b4f44daa07344af0" member_type: VOTER last_known_addr { host: "127.31.131.3" port: 46137 } }
I20260710 13:26:48.820776 32402 leader_election.cc:290] T f3c0b20f434b410e9b15cf5b7ed71485 P f420d8d66ee340818eacd31558c630b0 [CANDIDATE]: Term 2 election: Requested vote from peers 15ee6c82f79b460487bffdbf753be6b4 (127.31.131.2:40693), 360d94f122ee4642b4f44daa07344af0 (127.31.131.3:46137)
I20260710 13:26:48.821628 32477 tablet_service.cc:1917] Received RequestConsensusVote() RPC: tablet_id: "f3c0b20f434b410e9b15cf5b7ed71485" candidate_uuid: "f420d8d66ee340818eacd31558c630b0" candidate_term: 2 candidate_status { last_received { term: 1 index: 1 } } ignore_live_leader: true dest_uuid: "15ee6c82f79b460487bffdbf753be6b4"
I20260710 13:26:48.821741 32552 tablet_service.cc:1917] Received RequestConsensusVote() RPC: tablet_id: "f3c0b20f434b410e9b15cf5b7ed71485" candidate_uuid: "f420d8d66ee340818eacd31558c630b0" candidate_term: 2 candidate_status { last_received { term: 1 index: 1 } } ignore_live_leader: true dest_uuid: "360d94f122ee4642b4f44daa07344af0"
I20260710 13:26:48.822247 32477 raft_consensus.cc:3055] T f3c0b20f434b410e9b15cf5b7ed71485 P 15ee6c82f79b460487bffdbf753be6b4 [term 1 LEADER]: Stepping down as leader of term 1
I20260710 13:26:48.822352 32552 raft_consensus.cc:3060] T f3c0b20f434b410e9b15cf5b7ed71485 P 360d94f122ee4642b4f44daa07344af0 [term 1 FOLLOWER]: Advancing to term 2
I20260710 13:26:48.822670 32477 raft_consensus.cc:740] T f3c0b20f434b410e9b15cf5b7ed71485 P 15ee6c82f79b460487bffdbf753be6b4 [term 1 LEADER]: Becoming Follower/Learner. State: Replica: 15ee6c82f79b460487bffdbf753be6b4, State: Running, Role: LEADER
I20260710 13:26:48.823408 32477 consensus_queue.cc:260] T f3c0b20f434b410e9b15cf5b7ed71485 P 15ee6c82f79b460487bffdbf753be6b4 [NON_LEADER]: Queue going to NON_LEADER mode. State: All replicated index: 0, Majority replicated index: 1, Committed index: 1, Last appended: 1.1, Last appended by leader: 1, Current term: 1, Majority size: -1, State: 0, Mode: NON_LEADER, active raft config: opid_index: -1 OBSOLETE_local: false peers { permanent_uuid: "f420d8d66ee340818eacd31558c630b0" member_type: VOTER last_known_addr { host: "127.31.131.1" port: 39991 } } peers { permanent_uuid: "15ee6c82f79b460487bffdbf753be6b4" member_type: VOTER last_known_addr { host: "127.31.131.2" port: 40693 } } peers { permanent_uuid: "360d94f122ee4642b4f44daa07344af0" member_type: VOTER last_known_addr { host: "127.31.131.3" port: 46137 } }
I20260710 13:26:48.824263 32477 raft_consensus.cc:3060] T f3c0b20f434b410e9b15cf5b7ed71485 P 15ee6c82f79b460487bffdbf753be6b4 [term 1 FOLLOWER]: Advancing to term 2
I20260710 13:26:48.828052 32552 raft_consensus.cc:2468] T f3c0b20f434b410e9b15cf5b7ed71485 P 360d94f122ee4642b4f44daa07344af0 [term 2 FOLLOWER]: Leader election vote request: Granting yes vote for candidate f420d8d66ee340818eacd31558c630b0 in term 2.
I20260710 13:26:48.829094 32366 leader_election.cc:304] T f3c0b20f434b410e9b15cf5b7ed71485 P f420d8d66ee340818eacd31558c630b0 [CANDIDATE]: Term 2 election: Election decided. Result: candidate won. Election summary: received 2 responses out of 3 voters: 2 yes votes; 0 no votes. yes voters: 360d94f122ee4642b4f44daa07344af0, f420d8d66ee340818eacd31558c630b0; no voters: 
I20260710 13:26:48.829749 32656 raft_consensus.cc:2804] T f3c0b20f434b410e9b15cf5b7ed71485 P f420d8d66ee340818eacd31558c630b0 [term 2 FOLLOWER]: Leader election won for term 2
I20260710 13:26:48.830168 32656 raft_consensus.cc:697] T f3c0b20f434b410e9b15cf5b7ed71485 P f420d8d66ee340818eacd31558c630b0 [term 2 LEADER]: Becoming Leader. State: Replica: f420d8d66ee340818eacd31558c630b0, State: Running, Role: LEADER
I20260710 13:26:48.831159 32477 raft_consensus.cc:2468] T f3c0b20f434b410e9b15cf5b7ed71485 P 15ee6c82f79b460487bffdbf753be6b4 [term 2 FOLLOWER]: Leader election vote request: Granting yes vote for candidate f420d8d66ee340818eacd31558c630b0 in term 2.
I20260710 13:26:48.830935 32656 consensus_queue.cc:237] T f3c0b20f434b410e9b15cf5b7ed71485 P f420d8d66ee340818eacd31558c630b0 [LEADER]: Queue going to LEADER mode. State: All replicated index: 0, Majority replicated index: 1, Committed index: 1, Last appended: 1.1, Last appended by leader: 1, Current term: 2, Majority size: 2, State: 0, Mode: LEADER, active raft config: opid_index: -1 OBSOLETE_local: false peers { permanent_uuid: "f420d8d66ee340818eacd31558c630b0" member_type: VOTER last_known_addr { host: "127.31.131.1" port: 39991 } } peers { permanent_uuid: "15ee6c82f79b460487bffdbf753be6b4" member_type: VOTER last_known_addr { host: "127.31.131.2" port: 40693 } } peers { permanent_uuid: "360d94f122ee4642b4f44daa07344af0" member_type: VOTER last_known_addr { host: "127.31.131.3" port: 46137 } }
I20260710 13:26:48.837657 32296 catalog_manager.cc:5697] T f3c0b20f434b410e9b15cf5b7ed71485 P f420d8d66ee340818eacd31558c630b0 reported cstate change: term changed from 1 to 2, leader changed from 15ee6c82f79b460487bffdbf753be6b4 (127.31.131.2) to f420d8d66ee340818eacd31558c630b0 (127.31.131.1). New cstate: current_term: 2 leader_uuid: "f420d8d66ee340818eacd31558c630b0" committed_config { opid_index: -1 OBSOLETE_local: false peers { permanent_uuid: "f420d8d66ee340818eacd31558c630b0" member_type: VOTER last_known_addr { host: "127.31.131.1" port: 39991 } health_report { overall_health: HEALTHY } } peers { permanent_uuid: "15ee6c82f79b460487bffdbf753be6b4" member_type: VOTER last_known_addr { host: "127.31.131.2" port: 40693 } health_report { overall_health: UNKNOWN } } peers { permanent_uuid: "360d94f122ee4642b4f44daa07344af0" member_type: VOTER last_known_addr { host: "127.31.131.3" port: 46137 } health_report { overall_health: UNKNOWN } } }
I20260710 13:26:48.881155 32619 raft_consensus.cc:993] T 15eee88a143440758b001df7844b8c3d P f420d8d66ee340818eacd31558c630b0: : Instructing follower 15ee6c82f79b460487bffdbf753be6b4 to start an election
I20260710 13:26:48.881558 32656 raft_consensus.cc:1081] T 15eee88a143440758b001df7844b8c3d P f420d8d66ee340818eacd31558c630b0 [term 1 LEADER]: Signalling peer 15ee6c82f79b460487bffdbf753be6b4 to start an election
I20260710 13:26:48.882871 32477 tablet_service.cc:2044] Received Run Leader Election RPC: tablet_id: "15eee88a143440758b001df7844b8c3d"
dest_uuid: "15ee6c82f79b460487bffdbf753be6b4"
 from {username='slave'} at 127.0.0.1:54648
I20260710 13:26:48.883366 32477 raft_consensus.cc:493] T 15eee88a143440758b001df7844b8c3d P 15ee6c82f79b460487bffdbf753be6b4 [term 1 FOLLOWER]: Starting forced leader election (received explicit request)
I20260710 13:26:48.883665 32477 raft_consensus.cc:3060] T 15eee88a143440758b001df7844b8c3d P 15ee6c82f79b460487bffdbf753be6b4 [term 1 FOLLOWER]: Advancing to term 2
I20260710 13:26:48.888026 32477 raft_consensus.cc:515] T 15eee88a143440758b001df7844b8c3d P 15ee6c82f79b460487bffdbf753be6b4 [term 2 FOLLOWER]: Starting forced leader election with config: opid_index: -1 OBSOLETE_local: false peers { permanent_uuid: "f420d8d66ee340818eacd31558c630b0" member_type: VOTER last_known_addr { host: "127.31.131.1" port: 39991 } } peers { permanent_uuid: "15ee6c82f79b460487bffdbf753be6b4" member_type: VOTER last_known_addr { host: "127.31.131.2" port: 40693 } } peers { permanent_uuid: "360d94f122ee4642b4f44daa07344af0" member_type: VOTER last_known_addr { host: "127.31.131.3" port: 46137 } }
I20260710 13:26:48.889611 32477 leader_election.cc:290] T 15eee88a143440758b001df7844b8c3d P 15ee6c82f79b460487bffdbf753be6b4 [CANDIDATE]: Term 2 election: Requested vote from peers f420d8d66ee340818eacd31558c630b0 (127.31.131.1:39991), 360d94f122ee4642b4f44daa07344af0 (127.31.131.3:46137)
I20260710 13:26:48.890578 32402 tablet_service.cc:1917] Received RequestConsensusVote() RPC: tablet_id: "15eee88a143440758b001df7844b8c3d" candidate_uuid: "15ee6c82f79b460487bffdbf753be6b4" candidate_term: 2 candidate_status { last_received { term: 1 index: 1 } } ignore_live_leader: true dest_uuid: "f420d8d66ee340818eacd31558c630b0"
I20260710 13:26:48.890717 32552 tablet_service.cc:1917] Received RequestConsensusVote() RPC: tablet_id: "15eee88a143440758b001df7844b8c3d" candidate_uuid: "15ee6c82f79b460487bffdbf753be6b4" candidate_term: 2 candidate_status { last_received { term: 1 index: 1 } } ignore_live_leader: true dest_uuid: "360d94f122ee4642b4f44daa07344af0"
I20260710 13:26:48.891235 32402 raft_consensus.cc:3055] T 15eee88a143440758b001df7844b8c3d P f420d8d66ee340818eacd31558c630b0 [term 1 LEADER]: Stepping down as leader of term 1
I20260710 13:26:48.891319 32552 raft_consensus.cc:3060] T 15eee88a143440758b001df7844b8c3d P 360d94f122ee4642b4f44daa07344af0 [term 1 FOLLOWER]: Advancing to term 2
I20260710 13:26:48.891645 32402 raft_consensus.cc:740] T 15eee88a143440758b001df7844b8c3d P f420d8d66ee340818eacd31558c630b0 [term 1 LEADER]: Becoming Follower/Learner. State: Replica: f420d8d66ee340818eacd31558c630b0, State: Running, Role: LEADER
I20260710 13:26:48.892344 32402 consensus_queue.cc:260] T 15eee88a143440758b001df7844b8c3d P f420d8d66ee340818eacd31558c630b0 [NON_LEADER]: Queue going to NON_LEADER mode. State: All replicated index: 0, Majority replicated index: 1, Committed index: 1, Last appended: 1.1, Last appended by leader: 1, Current term: 1, Majority size: -1, State: 0, Mode: NON_LEADER, active raft config: opid_index: -1 OBSOLETE_local: false peers { permanent_uuid: "f420d8d66ee340818eacd31558c630b0" member_type: VOTER last_known_addr { host: "127.31.131.1" port: 39991 } } peers { permanent_uuid: "15ee6c82f79b460487bffdbf753be6b4" member_type: VOTER last_known_addr { host: "127.31.131.2" port: 40693 } } peers { permanent_uuid: "360d94f122ee4642b4f44daa07344af0" member_type: VOTER last_known_addr { host: "127.31.131.3" port: 46137 } }
I20260710 13:26:48.893198 32402 raft_consensus.cc:3060] T 15eee88a143440758b001df7844b8c3d P f420d8d66ee340818eacd31558c630b0 [term 1 FOLLOWER]: Advancing to term 2
I20260710 13:26:48.896121 32552 raft_consensus.cc:2468] T 15eee88a143440758b001df7844b8c3d P 360d94f122ee4642b4f44daa07344af0 [term 2 FOLLOWER]: Leader election vote request: Granting yes vote for candidate 15ee6c82f79b460487bffdbf753be6b4 in term 2.
I20260710 13:26:48.897274 32441 leader_election.cc:304] T 15eee88a143440758b001df7844b8c3d P 15ee6c82f79b460487bffdbf753be6b4 [CANDIDATE]: Term 2 election: Election decided. Result: candidate won. Election summary: received 2 responses out of 3 voters: 2 yes votes; 0 no votes. yes voters: 15ee6c82f79b460487bffdbf753be6b4, 360d94f122ee4642b4f44daa07344af0; no voters: 
I20260710 13:26:48.897959 32603 raft_consensus.cc:2804] T 15eee88a143440758b001df7844b8c3d P 15ee6c82f79b460487bffdbf753be6b4 [term 2 FOLLOWER]: Leader election won for term 2
I20260710 13:26:48.897890 32402 raft_consensus.cc:2468] T 15eee88a143440758b001df7844b8c3d P f420d8d66ee340818eacd31558c630b0 [term 2 FOLLOWER]: Leader election vote request: Granting yes vote for candidate 15ee6c82f79b460487bffdbf753be6b4 in term 2.
I20260710 13:26:48.898547 32603 raft_consensus.cc:697] T 15eee88a143440758b001df7844b8c3d P 15ee6c82f79b460487bffdbf753be6b4 [term 2 LEADER]: Becoming Leader. State: Replica: 15ee6c82f79b460487bffdbf753be6b4, State: Running, Role: LEADER
I20260710 13:26:48.899324 32603 consensus_queue.cc:237] T 15eee88a143440758b001df7844b8c3d P 15ee6c82f79b460487bffdbf753be6b4 [LEADER]: Queue going to LEADER mode. State: All replicated index: 0, Majority replicated index: 1, Committed index: 1, Last appended: 1.1, Last appended by leader: 1, Current term: 2, Majority size: 2, State: 0, Mode: LEADER, active raft config: opid_index: -1 OBSOLETE_local: false peers { permanent_uuid: "f420d8d66ee340818eacd31558c630b0" member_type: VOTER last_known_addr { host: "127.31.131.1" port: 39991 } } peers { permanent_uuid: "15ee6c82f79b460487bffdbf753be6b4" member_type: VOTER last_known_addr { host: "127.31.131.2" port: 40693 } } peers { permanent_uuid: "360d94f122ee4642b4f44daa07344af0" member_type: VOTER last_known_addr { host: "127.31.131.3" port: 46137 } }
I20260710 13:26:48.905807 32296 catalog_manager.cc:5697] T 15eee88a143440758b001df7844b8c3d P 15ee6c82f79b460487bffdbf753be6b4 reported cstate change: term changed from 1 to 2, leader changed from f420d8d66ee340818eacd31558c630b0 (127.31.131.1) to 15ee6c82f79b460487bffdbf753be6b4 (127.31.131.2). New cstate: current_term: 2 leader_uuid: "15ee6c82f79b460487bffdbf753be6b4" committed_config { opid_index: -1 OBSOLETE_local: false peers { permanent_uuid: "f420d8d66ee340818eacd31558c630b0" member_type: VOTER last_known_addr { host: "127.31.131.1" port: 39991 } health_report { overall_health: UNKNOWN } } peers { permanent_uuid: "15ee6c82f79b460487bffdbf753be6b4" member_type: VOTER last_known_addr { host: "127.31.131.2" port: 40693 } health_report { overall_health: HEALTHY } } peers { permanent_uuid: "360d94f122ee4642b4f44daa07344af0" member_type: VOTER last_known_addr { host: "127.31.131.3" port: 46137 } health_report { overall_health: UNKNOWN } } }
I20260710 13:26:48.924773 32602 raft_consensus.cc:993] T 5cad898a8f714002b840ac18fdd43489 P 360d94f122ee4642b4f44daa07344af0: : Instructing follower 15ee6c82f79b460487bffdbf753be6b4 to start an election
I20260710 13:26:48.925203 32635 raft_consensus.cc:1081] T 5cad898a8f714002b840ac18fdd43489 P 360d94f122ee4642b4f44daa07344af0 [term 1 LEADER]: Signalling peer 15ee6c82f79b460487bffdbf753be6b4 to start an election
I20260710 13:26:48.926615 32477 tablet_service.cc:2044] Received Run Leader Election RPC: tablet_id: "5cad898a8f714002b840ac18fdd43489"
dest_uuid: "15ee6c82f79b460487bffdbf753be6b4"
 from {username='slave'} at 127.0.0.1:54636
I20260710 13:26:48.927196 32477 raft_consensus.cc:493] T 5cad898a8f714002b840ac18fdd43489 P 15ee6c82f79b460487bffdbf753be6b4 [term 1 FOLLOWER]: Starting forced leader election (received explicit request)
I20260710 13:26:48.927493 32477 raft_consensus.cc:3060] T 5cad898a8f714002b840ac18fdd43489 P 15ee6c82f79b460487bffdbf753be6b4 [term 1 FOLLOWER]: Advancing to term 2
I20260710 13:26:48.932228 32477 raft_consensus.cc:515] T 5cad898a8f714002b840ac18fdd43489 P 15ee6c82f79b460487bffdbf753be6b4 [term 2 FOLLOWER]: Starting forced leader election with config: opid_index: -1 OBSOLETE_local: false peers { permanent_uuid: "f420d8d66ee340818eacd31558c630b0" member_type: VOTER last_known_addr { host: "127.31.131.1" port: 39991 } } peers { permanent_uuid: "15ee6c82f79b460487bffdbf753be6b4" member_type: VOTER last_known_addr { host: "127.31.131.2" port: 40693 } } peers { permanent_uuid: "360d94f122ee4642b4f44daa07344af0" member_type: VOTER last_known_addr { host: "127.31.131.3" port: 46137 } }
I20260710 13:26:48.933743 32477 leader_election.cc:290] T 5cad898a8f714002b840ac18fdd43489 P 15ee6c82f79b460487bffdbf753be6b4 [CANDIDATE]: Term 2 election: Requested vote from peers f420d8d66ee340818eacd31558c630b0 (127.31.131.1:39991), 360d94f122ee4642b4f44daa07344af0 (127.31.131.3:46137)
I20260710 13:26:48.934576 32402 tablet_service.cc:1917] Received RequestConsensusVote() RPC: tablet_id: "5cad898a8f714002b840ac18fdd43489" candidate_uuid: "15ee6c82f79b460487bffdbf753be6b4" candidate_term: 2 candidate_status { last_received { term: 1 index: 1 } } ignore_live_leader: true dest_uuid: "f420d8d66ee340818eacd31558c630b0"
I20260710 13:26:48.934846 32552 tablet_service.cc:1917] Received RequestConsensusVote() RPC: tablet_id: "5cad898a8f714002b840ac18fdd43489" candidate_uuid: "15ee6c82f79b460487bffdbf753be6b4" candidate_term: 2 candidate_status { last_received { term: 1 index: 1 } } ignore_live_leader: true dest_uuid: "360d94f122ee4642b4f44daa07344af0"
I20260710 13:26:48.935190 32402 raft_consensus.cc:3060] T 5cad898a8f714002b840ac18fdd43489 P f420d8d66ee340818eacd31558c630b0 [term 1 FOLLOWER]: Advancing to term 2
I20260710 13:26:48.935371 32552 raft_consensus.cc:3055] T 5cad898a8f714002b840ac18fdd43489 P 360d94f122ee4642b4f44daa07344af0 [term 1 LEADER]: Stepping down as leader of term 1
I20260710 13:26:48.935706 32552 raft_consensus.cc:740] T 5cad898a8f714002b840ac18fdd43489 P 360d94f122ee4642b4f44daa07344af0 [term 1 LEADER]: Becoming Follower/Learner. State: Replica: 360d94f122ee4642b4f44daa07344af0, State: Running, Role: LEADER
I20260710 13:26:48.936367 32552 consensus_queue.cc:260] T 5cad898a8f714002b840ac18fdd43489 P 360d94f122ee4642b4f44daa07344af0 [NON_LEADER]: Queue going to NON_LEADER mode. State: All replicated index: 0, Majority replicated index: 1, Committed index: 1, Last appended: 1.1, Last appended by leader: 1, Current term: 1, Majority size: -1, State: 0, Mode: NON_LEADER, active raft config: opid_index: -1 OBSOLETE_local: false peers { permanent_uuid: "f420d8d66ee340818eacd31558c630b0" member_type: VOTER last_known_addr { host: "127.31.131.1" port: 39991 } } peers { permanent_uuid: "15ee6c82f79b460487bffdbf753be6b4" member_type: VOTER last_known_addr { host: "127.31.131.2" port: 40693 } } peers { permanent_uuid: "360d94f122ee4642b4f44daa07344af0" member_type: VOTER last_known_addr { host: "127.31.131.3" port: 46137 } }
I20260710 13:26:48.937220 32552 raft_consensus.cc:3060] T 5cad898a8f714002b840ac18fdd43489 P 360d94f122ee4642b4f44daa07344af0 [term 1 FOLLOWER]: Advancing to term 2
I20260710 13:26:48.939867 32402 raft_consensus.cc:2468] T 5cad898a8f714002b840ac18fdd43489 P f420d8d66ee340818eacd31558c630b0 [term 2 FOLLOWER]: Leader election vote request: Granting yes vote for candidate 15ee6c82f79b460487bffdbf753be6b4 in term 2.
I20260710 13:26:48.940830 32442 leader_election.cc:304] T 5cad898a8f714002b840ac18fdd43489 P 15ee6c82f79b460487bffdbf753be6b4 [CANDIDATE]: Term 2 election: Election decided. Result: candidate won. Election summary: received 2 responses out of 3 voters: 2 yes votes; 0 no votes. yes voters: 15ee6c82f79b460487bffdbf753be6b4, f420d8d66ee340818eacd31558c630b0; no voters: 
I20260710 13:26:48.941483 32603 raft_consensus.cc:2804] T 5cad898a8f714002b840ac18fdd43489 P 15ee6c82f79b460487bffdbf753be6b4 [term 2 FOLLOWER]: Leader election won for term 2
I20260710 13:26:48.941615 32552 raft_consensus.cc:2468] T 5cad898a8f714002b840ac18fdd43489 P 360d94f122ee4642b4f44daa07344af0 [term 2 FOLLOWER]: Leader election vote request: Granting yes vote for candidate 15ee6c82f79b460487bffdbf753be6b4 in term 2.
I20260710 13:26:48.941936 32603 raft_consensus.cc:697] T 5cad898a8f714002b840ac18fdd43489 P 15ee6c82f79b460487bffdbf753be6b4 [term 2 LEADER]: Becoming Leader. State: Replica: 15ee6c82f79b460487bffdbf753be6b4, State: Running, Role: LEADER
I20260710 13:26:48.942818 32603 consensus_queue.cc:237] T 5cad898a8f714002b840ac18fdd43489 P 15ee6c82f79b460487bffdbf753be6b4 [LEADER]: Queue going to LEADER mode. State: All replicated index: 0, Majority replicated index: 1, Committed index: 1, Last appended: 1.1, Last appended by leader: 1, Current term: 2, Majority size: 2, State: 0, Mode: LEADER, active raft config: opid_index: -1 OBSOLETE_local: false peers { permanent_uuid: "f420d8d66ee340818eacd31558c630b0" member_type: VOTER last_known_addr { host: "127.31.131.1" port: 39991 } } peers { permanent_uuid: "15ee6c82f79b460487bffdbf753be6b4" member_type: VOTER last_known_addr { host: "127.31.131.2" port: 40693 } } peers { permanent_uuid: "360d94f122ee4642b4f44daa07344af0" member_type: VOTER last_known_addr { host: "127.31.131.3" port: 46137 } }
I20260710 13:26:48.948676 32296 catalog_manager.cc:5697] T 5cad898a8f714002b840ac18fdd43489 P 15ee6c82f79b460487bffdbf753be6b4 reported cstate change: term changed from 1 to 2, leader changed from 360d94f122ee4642b4f44daa07344af0 (127.31.131.3) to 15ee6c82f79b460487bffdbf753be6b4 (127.31.131.2). New cstate: current_term: 2 leader_uuid: "15ee6c82f79b460487bffdbf753be6b4" committed_config { opid_index: -1 OBSOLETE_local: false peers { permanent_uuid: "f420d8d66ee340818eacd31558c630b0" member_type: VOTER last_known_addr { host: "127.31.131.1" port: 39991 } health_report { overall_health: UNKNOWN } } peers { permanent_uuid: "15ee6c82f79b460487bffdbf753be6b4" member_type: VOTER last_known_addr { host: "127.31.131.2" port: 40693 } health_report { overall_health: HEALTHY } } peers { permanent_uuid: "360d94f122ee4642b4f44daa07344af0" member_type: VOTER last_known_addr { host: "127.31.131.3" port: 46137 } health_report { overall_health: UNKNOWN } } }
I20260710 13:26:48.984717 32619 raft_consensus.cc:993] T 0d1aea858c474318a5072ac6731e6814 P f420d8d66ee340818eacd31558c630b0: : Instructing follower 15ee6c82f79b460487bffdbf753be6b4 to start an election
I20260710 13:26:48.985213 32619 raft_consensus.cc:1081] T 0d1aea858c474318a5072ac6731e6814 P f420d8d66ee340818eacd31558c630b0 [term 1 LEADER]: Signalling peer 15ee6c82f79b460487bffdbf753be6b4 to start an election
I20260710 13:26:48.986928 32477 tablet_service.cc:2044] Received Run Leader Election RPC: tablet_id: "0d1aea858c474318a5072ac6731e6814"
dest_uuid: "15ee6c82f79b460487bffdbf753be6b4"
 from {username='slave'} at 127.0.0.1:54648
I20260710 13:26:48.987478 32477 raft_consensus.cc:493] T 0d1aea858c474318a5072ac6731e6814 P 15ee6c82f79b460487bffdbf753be6b4 [term 1 FOLLOWER]: Starting forced leader election (received explicit request)
I20260710 13:26:48.987890 32477 raft_consensus.cc:3060] T 0d1aea858c474318a5072ac6731e6814 P 15ee6c82f79b460487bffdbf753be6b4 [term 1 FOLLOWER]: Advancing to term 2
I20260710 13:26:48.992770 32477 raft_consensus.cc:515] T 0d1aea858c474318a5072ac6731e6814 P 15ee6c82f79b460487bffdbf753be6b4 [term 2 FOLLOWER]: Starting forced leader election with config: opid_index: -1 OBSOLETE_local: false peers { permanent_uuid: "f420d8d66ee340818eacd31558c630b0" member_type: VOTER last_known_addr { host: "127.31.131.1" port: 39991 } } peers { permanent_uuid: "15ee6c82f79b460487bffdbf753be6b4" member_type: VOTER last_known_addr { host: "127.31.131.2" port: 40693 } } peers { permanent_uuid: "360d94f122ee4642b4f44daa07344af0" member_type: VOTER last_known_addr { host: "127.31.131.3" port: 46137 } }
I20260710 13:26:48.994750 32477 leader_election.cc:290] T 0d1aea858c474318a5072ac6731e6814 P 15ee6c82f79b460487bffdbf753be6b4 [CANDIDATE]: Term 2 election: Requested vote from peers f420d8d66ee340818eacd31558c630b0 (127.31.131.1:39991), 360d94f122ee4642b4f44daa07344af0 (127.31.131.3:46137)
I20260710 13:26:48.995424 32402 tablet_service.cc:1917] Received RequestConsensusVote() RPC: tablet_id: "0d1aea858c474318a5072ac6731e6814" candidate_uuid: "15ee6c82f79b460487bffdbf753be6b4" candidate_term: 2 candidate_status { last_received { term: 1 index: 1 } } ignore_live_leader: true dest_uuid: "f420d8d66ee340818eacd31558c630b0"
I20260710 13:26:48.996070 32402 raft_consensus.cc:3055] T 0d1aea858c474318a5072ac6731e6814 P f420d8d66ee340818eacd31558c630b0 [term 1 LEADER]: Stepping down as leader of term 1
I20260710 13:26:48.996168 32552 tablet_service.cc:1917] Received RequestConsensusVote() RPC: tablet_id: "0d1aea858c474318a5072ac6731e6814" candidate_uuid: "15ee6c82f79b460487bffdbf753be6b4" candidate_term: 2 candidate_status { last_received { term: 1 index: 1 } } ignore_live_leader: true dest_uuid: "360d94f122ee4642b4f44daa07344af0"
I20260710 13:26:48.996445 32402 raft_consensus.cc:740] T 0d1aea858c474318a5072ac6731e6814 P f420d8d66ee340818eacd31558c630b0 [term 1 LEADER]: Becoming Follower/Learner. State: Replica: f420d8d66ee340818eacd31558c630b0, State: Running, Role: LEADER
I20260710 13:26:48.996766 32552 raft_consensus.cc:3060] T 0d1aea858c474318a5072ac6731e6814 P 360d94f122ee4642b4f44daa07344af0 [term 1 FOLLOWER]: Advancing to term 2
I20260710 13:26:48.997289 32402 consensus_queue.cc:260] T 0d1aea858c474318a5072ac6731e6814 P f420d8d66ee340818eacd31558c630b0 [NON_LEADER]: Queue going to NON_LEADER mode. State: All replicated index: 0, Majority replicated index: 1, Committed index: 1, Last appended: 1.1, Last appended by leader: 1, Current term: 1, Majority size: -1, State: 0, Mode: NON_LEADER, active raft config: opid_index: -1 OBSOLETE_local: false peers { permanent_uuid: "f420d8d66ee340818eacd31558c630b0" member_type: VOTER last_known_addr { host: "127.31.131.1" port: 39991 } } peers { permanent_uuid: "15ee6c82f79b460487bffdbf753be6b4" member_type: VOTER last_known_addr { host: "127.31.131.2" port: 40693 } } peers { permanent_uuid: "360d94f122ee4642b4f44daa07344af0" member_type: VOTER last_known_addr { host: "127.31.131.3" port: 46137 } }
I20260710 13:26:48.998495 32402 raft_consensus.cc:3060] T 0d1aea858c474318a5072ac6731e6814 P f420d8d66ee340818eacd31558c630b0 [term 1 FOLLOWER]: Advancing to term 2
I20260710 13:26:49.003573 32552 raft_consensus.cc:2468] T 0d1aea858c474318a5072ac6731e6814 P 360d94f122ee4642b4f44daa07344af0 [term 2 FOLLOWER]: Leader election vote request: Granting yes vote for candidate 15ee6c82f79b460487bffdbf753be6b4 in term 2.
I20260710 13:26:49.004758 32441 leader_election.cc:304] T 0d1aea858c474318a5072ac6731e6814 P 15ee6c82f79b460487bffdbf753be6b4 [CANDIDATE]: Term 2 election: Election decided. Result: candidate won. Election summary: received 2 responses out of 3 voters: 2 yes votes; 0 no votes. yes voters: 15ee6c82f79b460487bffdbf753be6b4, 360d94f122ee4642b4f44daa07344af0; no voters: 
I20260710 13:26:49.005050 32402 raft_consensus.cc:2468] T 0d1aea858c474318a5072ac6731e6814 P f420d8d66ee340818eacd31558c630b0 [term 2 FOLLOWER]: Leader election vote request: Granting yes vote for candidate 15ee6c82f79b460487bffdbf753be6b4 in term 2.
I20260710 13:26:49.005571 32603 raft_consensus.cc:2804] T 0d1aea858c474318a5072ac6731e6814 P 15ee6c82f79b460487bffdbf753be6b4 [term 2 FOLLOWER]: Leader election won for term 2
I20260710 13:26:49.006052 32603 raft_consensus.cc:697] T 0d1aea858c474318a5072ac6731e6814 P 15ee6c82f79b460487bffdbf753be6b4 [term 2 LEADER]: Becoming Leader. State: Replica: 15ee6c82f79b460487bffdbf753be6b4, State: Running, Role: LEADER
I20260710 13:26:49.007401 32603 consensus_queue.cc:237] T 0d1aea858c474318a5072ac6731e6814 P 15ee6c82f79b460487bffdbf753be6b4 [LEADER]: Queue going to LEADER mode. State: All replicated index: 0, Majority replicated index: 1, Committed index: 1, Last appended: 1.1, Last appended by leader: 1, Current term: 2, Majority size: 2, State: 0, Mode: LEADER, active raft config: opid_index: -1 OBSOLETE_local: false peers { permanent_uuid: "f420d8d66ee340818eacd31558c630b0" member_type: VOTER last_known_addr { host: "127.31.131.1" port: 39991 } } peers { permanent_uuid: "15ee6c82f79b460487bffdbf753be6b4" member_type: VOTER last_known_addr { host: "127.31.131.2" port: 40693 } } peers { permanent_uuid: "360d94f122ee4642b4f44daa07344af0" member_type: VOTER last_known_addr { host: "127.31.131.3" port: 46137 } }
I20260710 13:26:49.011575 32552 raft_consensus.cc:1275] T 7d73ab8748434e96b082b1e73d3fb6fd P 360d94f122ee4642b4f44daa07344af0 [term 2 FOLLOWER]: Refusing update from remote peer f420d8d66ee340818eacd31558c630b0: Log matching property violated. Preceding OpId in replica: term: 1 index: 1. Preceding OpId from leader: term: 2 index: 2. (index mismatch)
I20260710 13:26:49.012228 32635 raft_consensus.cc:993] T 294a6a45e1364764abecc99a4c862b7c P 360d94f122ee4642b4f44daa07344af0: : Instructing follower f420d8d66ee340818eacd31558c630b0 to start an election
I20260710 13:26:49.012663 32635 raft_consensus.cc:1081] T 294a6a45e1364764abecc99a4c862b7c P 360d94f122ee4642b4f44daa07344af0 [term 1 LEADER]: Signalling peer f420d8d66ee340818eacd31558c630b0 to start an election
I20260710 13:26:49.012778 32619 consensus_queue.cc:1048] T 7d73ab8748434e96b082b1e73d3fb6fd P f420d8d66ee340818eacd31558c630b0 [LEADER]: Connected to new peer: Peer: permanent_uuid: "360d94f122ee4642b4f44daa07344af0" member_type: VOTER last_known_addr { host: "127.31.131.3" port: 46137 }, Status: LMP_MISMATCH, Last received: 0.0, Next index: 2, Last known committed idx: 1, Time since last communication: 0.000s
I20260710 13:26:49.014156 32402 tablet_service.cc:2044] Received Run Leader Election RPC: tablet_id: "294a6a45e1364764abecc99a4c862b7c"
dest_uuid: "f420d8d66ee340818eacd31558c630b0"
 from {username='slave'} at 127.0.0.1:41540
I20260710 13:26:49.014780 32402 raft_consensus.cc:493] T 294a6a45e1364764abecc99a4c862b7c P f420d8d66ee340818eacd31558c630b0 [term 1 FOLLOWER]: Starting forced leader election (received explicit request)
I20260710 13:26:49.015204 32402 raft_consensus.cc:3060] T 294a6a45e1364764abecc99a4c862b7c P f420d8d66ee340818eacd31558c630b0 [term 1 FOLLOWER]: Advancing to term 2
I20260710 13:26:49.015074 32296 catalog_manager.cc:5697] T 0d1aea858c474318a5072ac6731e6814 P 15ee6c82f79b460487bffdbf753be6b4 reported cstate change: term changed from 1 to 2, leader changed from f420d8d66ee340818eacd31558c630b0 (127.31.131.1) to 15ee6c82f79b460487bffdbf753be6b4 (127.31.131.2). New cstate: current_term: 2 leader_uuid: "15ee6c82f79b460487bffdbf753be6b4" committed_config { opid_index: -1 OBSOLETE_local: false peers { permanent_uuid: "f420d8d66ee340818eacd31558c630b0" member_type: VOTER last_known_addr { host: "127.31.131.1" port: 39991 } health_report { overall_health: UNKNOWN } } peers { permanent_uuid: "15ee6c82f79b460487bffdbf753be6b4" member_type: VOTER last_known_addr { host: "127.31.131.2" port: 40693 } health_report { overall_health: HEALTHY } } peers { permanent_uuid: "360d94f122ee4642b4f44daa07344af0" member_type: VOTER last_known_addr { host: "127.31.131.3" port: 46137 } health_report { overall_health: UNKNOWN } } }
I20260710 13:26:49.022082 32402 raft_consensus.cc:515] T 294a6a45e1364764abecc99a4c862b7c P f420d8d66ee340818eacd31558c630b0 [term 2 FOLLOWER]: Starting forced leader election with config: opid_index: -1 OBSOLETE_local: false peers { permanent_uuid: "f420d8d66ee340818eacd31558c630b0" member_type: VOTER last_known_addr { host: "127.31.131.1" port: 39991 } } peers { permanent_uuid: "360d94f122ee4642b4f44daa07344af0" member_type: VOTER last_known_addr { host: "127.31.131.3" port: 46137 } } peers { permanent_uuid: "15ee6c82f79b460487bffdbf753be6b4" member_type: VOTER last_known_addr { host: "127.31.131.2" port: 40693 } }
I20260710 13:26:49.025117 32402 leader_election.cc:290] T 294a6a45e1364764abecc99a4c862b7c P f420d8d66ee340818eacd31558c630b0 [CANDIDATE]: Term 2 election: Requested vote from peers 360d94f122ee4642b4f44daa07344af0 (127.31.131.3:46137), 15ee6c82f79b460487bffdbf753be6b4 (127.31.131.2:40693)
I20260710 13:26:49.025422 32477 tablet_service.cc:1917] Received RequestConsensusVote() RPC: tablet_id: "294a6a45e1364764abecc99a4c862b7c" candidate_uuid: "f420d8d66ee340818eacd31558c630b0" candidate_term: 2 candidate_status { last_received { term: 1 index: 1 } } ignore_live_leader: true dest_uuid: "15ee6c82f79b460487bffdbf753be6b4"
I20260710 13:26:49.025970 32552 tablet_service.cc:1917] Received RequestConsensusVote() RPC: tablet_id: "294a6a45e1364764abecc99a4c862b7c" candidate_uuid: "f420d8d66ee340818eacd31558c630b0" candidate_term: 2 candidate_status { last_received { term: 1 index: 1 } } ignore_live_leader: true dest_uuid: "360d94f122ee4642b4f44daa07344af0"
I20260710 13:26:49.027007 32552 raft_consensus.cc:3055] T 294a6a45e1364764abecc99a4c862b7c P 360d94f122ee4642b4f44daa07344af0 [term 1 LEADER]: Stepping down as leader of term 1
I20260710 13:26:49.029312 32476 raft_consensus.cc:1275] T 7d73ab8748434e96b082b1e73d3fb6fd P 15ee6c82f79b460487bffdbf753be6b4 [term 2 FOLLOWER]: Refusing update from remote peer f420d8d66ee340818eacd31558c630b0: Log matching property violated. Preceding OpId in replica: term: 1 index: 1. Preceding OpId from leader: term: 2 index: 2. (index mismatch)
I20260710 13:26:49.025964 32477 raft_consensus.cc:3060] T 294a6a45e1364764abecc99a4c862b7c P 15ee6c82f79b460487bffdbf753be6b4 [term 1 FOLLOWER]: Advancing to term 2
I20260710 13:26:49.030414 32552 raft_consensus.cc:740] T 294a6a45e1364764abecc99a4c862b7c P 360d94f122ee4642b4f44daa07344af0 [term 1 LEADER]: Becoming Follower/Learner. State: Replica: 360d94f122ee4642b4f44daa07344af0, State: Running, Role: LEADER
I20260710 13:26:49.031351 32552 consensus_queue.cc:260] T 294a6a45e1364764abecc99a4c862b7c P 360d94f122ee4642b4f44daa07344af0 [NON_LEADER]: Queue going to NON_LEADER mode. State: All replicated index: 0, Majority replicated index: 1, Committed index: 1, Last appended: 1.1, Last appended by leader: 1, Current term: 1, Majority size: -1, State: 0, Mode: NON_LEADER, active raft config: opid_index: -1 OBSOLETE_local: false peers { permanent_uuid: "f420d8d66ee340818eacd31558c630b0" member_type: VOTER last_known_addr { host: "127.31.131.1" port: 39991 } } peers { permanent_uuid: "360d94f122ee4642b4f44daa07344af0" member_type: VOTER last_known_addr { host: "127.31.131.3" port: 46137 } } peers { permanent_uuid: "15ee6c82f79b460487bffdbf753be6b4" member_type: VOTER last_known_addr { host: "127.31.131.2" port: 40693 } }
I20260710 13:26:49.031834 32601 consensus_queue.cc:1048] T 7d73ab8748434e96b082b1e73d3fb6fd P f420d8d66ee340818eacd31558c630b0 [LEADER]: Connected to new peer: Peer: permanent_uuid: "15ee6c82f79b460487bffdbf753be6b4" member_type: VOTER last_known_addr { host: "127.31.131.2" port: 40693 }, Status: LMP_MISMATCH, Last received: 0.0, Next index: 2, Last known committed idx: 1, Time since last communication: 0.000s
I20260710 13:26:49.032572 32552 raft_consensus.cc:3060] T 294a6a45e1364764abecc99a4c862b7c P 360d94f122ee4642b4f44daa07344af0 [term 1 FOLLOWER]: Advancing to term 2
I20260710 13:26:49.038456 32477 raft_consensus.cc:2468] T 294a6a45e1364764abecc99a4c862b7c P 15ee6c82f79b460487bffdbf753be6b4 [term 2 FOLLOWER]: Leader election vote request: Granting yes vote for candidate f420d8d66ee340818eacd31558c630b0 in term 2.
I20260710 13:26:49.039785 32368 leader_election.cc:304] T 294a6a45e1364764abecc99a4c862b7c P f420d8d66ee340818eacd31558c630b0 [CANDIDATE]: Term 2 election: Election decided. Result: candidate won. Election summary: received 2 responses out of 3 voters: 2 yes votes; 0 no votes. yes voters: 15ee6c82f79b460487bffdbf753be6b4, f420d8d66ee340818eacd31558c630b0; no voters: 
I20260710 13:26:49.040629 32601 raft_consensus.cc:2804] T 294a6a45e1364764abecc99a4c862b7c P f420d8d66ee340818eacd31558c630b0 [term 2 FOLLOWER]: Leader election won for term 2
I20260710 13:26:49.041126 32601 raft_consensus.cc:697] T 294a6a45e1364764abecc99a4c862b7c P f420d8d66ee340818eacd31558c630b0 [term 2 LEADER]: Becoming Leader. State: Replica: f420d8d66ee340818eacd31558c630b0, State: Running, Role: LEADER
I20260710 13:26:49.042006 32601 consensus_queue.cc:237] T 294a6a45e1364764abecc99a4c862b7c P f420d8d66ee340818eacd31558c630b0 [LEADER]: Queue going to LEADER mode. State: All replicated index: 0, Majority replicated index: 1, Committed index: 1, Last appended: 1.1, Last appended by leader: 1, Current term: 2, Majority size: 2, State: 0, Mode: LEADER, active raft config: opid_index: -1 OBSOLETE_local: false peers { permanent_uuid: "f420d8d66ee340818eacd31558c630b0" member_type: VOTER last_known_addr { host: "127.31.131.1" port: 39991 } } peers { permanent_uuid: "360d94f122ee4642b4f44daa07344af0" member_type: VOTER last_known_addr { host: "127.31.131.3" port: 46137 } } peers { permanent_uuid: "15ee6c82f79b460487bffdbf753be6b4" member_type: VOTER last_known_addr { host: "127.31.131.2" port: 40693 } }
I20260710 13:26:49.048941 32552 raft_consensus.cc:2468] T 294a6a45e1364764abecc99a4c862b7c P 360d94f122ee4642b4f44daa07344af0 [term 2 FOLLOWER]: Leader election vote request: Granting yes vote for candidate f420d8d66ee340818eacd31558c630b0 in term 2.
I20260710 13:26:49.052439 32300 catalog_manager.cc:5697] T 294a6a45e1364764abecc99a4c862b7c P f420d8d66ee340818eacd31558c630b0 reported cstate change: term changed from 1 to 2, leader changed from 360d94f122ee4642b4f44daa07344af0 (127.31.131.3) to f420d8d66ee340818eacd31558c630b0 (127.31.131.1). New cstate: current_term: 2 leader_uuid: "f420d8d66ee340818eacd31558c630b0" committed_config { opid_index: -1 OBSOLETE_local: false peers { permanent_uuid: "f420d8d66ee340818eacd31558c630b0" member_type: VOTER last_known_addr { host: "127.31.131.1" port: 39991 } health_report { overall_health: HEALTHY } } peers { permanent_uuid: "360d94f122ee4642b4f44daa07344af0" member_type: VOTER last_known_addr { host: "127.31.131.3" port: 46137 } health_report { overall_health: UNKNOWN } } peers { permanent_uuid: "15ee6c82f79b460487bffdbf753be6b4" member_type: VOTER last_known_addr { host: "127.31.131.2" port: 40693 } health_report { overall_health: UNKNOWN } } }
I20260710 13:26:49.190943 32552 raft_consensus.cc:1275] T e104e79e73444a53adab2ee8961e3acf P 360d94f122ee4642b4f44daa07344af0 [term 2 FOLLOWER]: Refusing update from remote peer 15ee6c82f79b460487bffdbf753be6b4: Log matching property violated. Preceding OpId in replica: term: 1 index: 1. Preceding OpId from leader: term: 2 index: 2. (index mismatch)
I20260710 13:26:49.192143 32603 consensus_queue.cc:1048] T e104e79e73444a53adab2ee8961e3acf P 15ee6c82f79b460487bffdbf753be6b4 [LEADER]: Connected to new peer: Peer: permanent_uuid: "360d94f122ee4642b4f44daa07344af0" member_type: VOTER last_known_addr { host: "127.31.131.3" port: 46137 }, Status: LMP_MISMATCH, Last received: 0.0, Next index: 2, Last known committed idx: 1, Time since last communication: 0.000s
I20260710 13:26:49.199045 32402 raft_consensus.cc:1275] T e104e79e73444a53adab2ee8961e3acf P f420d8d66ee340818eacd31558c630b0 [term 2 FOLLOWER]: Refusing update from remote peer 15ee6c82f79b460487bffdbf753be6b4: Log matching property violated. Preceding OpId in replica: term: 1 index: 1. Preceding OpId from leader: term: 2 index: 2. (index mismatch)
I20260710 13:26:49.200534 32686 consensus_queue.cc:1048] T e104e79e73444a53adab2ee8961e3acf P 15ee6c82f79b460487bffdbf753be6b4 [LEADER]: Connected to new peer: Peer: permanent_uuid: "f420d8d66ee340818eacd31558c630b0" member_type: VOTER last_known_addr { host: "127.31.131.1" port: 39991 }, Status: LMP_MISMATCH, Last received: 0.0, Next index: 2, Last known committed idx: 1, Time since last communication: 0.001s
I20260710 13:26:49.273124 32552 raft_consensus.cc:1275] T f3c0b20f434b410e9b15cf5b7ed71485 P 360d94f122ee4642b4f44daa07344af0 [term 2 FOLLOWER]: Refusing update from remote peer f420d8d66ee340818eacd31558c630b0: Log matching property violated. Preceding OpId in replica: term: 1 index: 1. Preceding OpId from leader: term: 2 index: 2. (index mismatch)
I20260710 13:26:49.274377 32601 consensus_queue.cc:1048] T f3c0b20f434b410e9b15cf5b7ed71485 P f420d8d66ee340818eacd31558c630b0 [LEADER]: Connected to new peer: Peer: permanent_uuid: "360d94f122ee4642b4f44daa07344af0" member_type: VOTER last_known_addr { host: "127.31.131.3" port: 46137 }, Status: LMP_MISMATCH, Last received: 0.0, Next index: 2, Last known committed idx: 1, Time since last communication: 0.000s
I20260710 13:26:49.281459 32476 raft_consensus.cc:1275] T f3c0b20f434b410e9b15cf5b7ed71485 P 15ee6c82f79b460487bffdbf753be6b4 [term 2 FOLLOWER]: Refusing update from remote peer f420d8d66ee340818eacd31558c630b0: Log matching property violated. Preceding OpId in replica: term: 1 index: 1. Preceding OpId from leader: term: 2 index: 2. (index mismatch)
I20260710 13:26:49.282928 32655 consensus_queue.cc:1048] T f3c0b20f434b410e9b15cf5b7ed71485 P f420d8d66ee340818eacd31558c630b0 [LEADER]: Connected to new peer: Peer: permanent_uuid: "15ee6c82f79b460487bffdbf753be6b4" member_type: VOTER last_known_addr { host: "127.31.131.2" port: 40693 }, Status: LMP_MISMATCH, Last received: 0.0, Next index: 2, Last known committed idx: 1, Time since last communication: 0.000s
I20260710 13:26:49.335270 32402 raft_consensus.cc:1275] T 5cad898a8f714002b840ac18fdd43489 P f420d8d66ee340818eacd31558c630b0 [term 2 FOLLOWER]: Refusing update from remote peer 15ee6c82f79b460487bffdbf753be6b4: Log matching property violated. Preceding OpId in replica: term: 1 index: 1. Preceding OpId from leader: term: 2 index: 2. (index mismatch)
I20260710 13:26:49.336385 32686 consensus_queue.cc:1048] T 5cad898a8f714002b840ac18fdd43489 P 15ee6c82f79b460487bffdbf753be6b4 [LEADER]: Connected to new peer: Peer: permanent_uuid: "f420d8d66ee340818eacd31558c630b0" member_type: VOTER last_known_addr { host: "127.31.131.1" port: 39991 }, Status: LMP_MISMATCH, Last received: 0.0, Next index: 2, Last known committed idx: 1, Time since last communication: 0.000s
I20260710 13:26:49.341797 32552 raft_consensus.cc:1275] T 15eee88a143440758b001df7844b8c3d P 360d94f122ee4642b4f44daa07344af0 [term 2 FOLLOWER]: Refusing update from remote peer 15ee6c82f79b460487bffdbf753be6b4: Log matching property violated. Preceding OpId in replica: term: 1 index: 1. Preceding OpId from leader: term: 2 index: 2. (index mismatch)
I20260710 13:26:49.344792 32552 raft_consensus.cc:1275] T 5cad898a8f714002b840ac18fdd43489 P 360d94f122ee4642b4f44daa07344af0 [term 2 FOLLOWER]: Refusing update from remote peer 15ee6c82f79b460487bffdbf753be6b4: Log matching property violated. Preceding OpId in replica: term: 1 index: 1. Preceding OpId from leader: term: 2 index: 2. (index mismatch)
I20260710 13:26:49.345279 32641 consensus_queue.cc:1048] T 15eee88a143440758b001df7844b8c3d P 15ee6c82f79b460487bffdbf753be6b4 [LEADER]: Connected to new peer: Peer: permanent_uuid: "360d94f122ee4642b4f44daa07344af0" member_type: VOTER last_known_addr { host: "127.31.131.3" port: 46137 }, Status: LMP_MISMATCH, Last received: 0.0, Next index: 2, Last known committed idx: 1, Time since last communication: 0.000s
I20260710 13:26:49.347955 32641 consensus_queue.cc:1048] T 5cad898a8f714002b840ac18fdd43489 P 15ee6c82f79b460487bffdbf753be6b4 [LEADER]: Connected to new peer: Peer: permanent_uuid: "360d94f122ee4642b4f44daa07344af0" member_type: VOTER last_known_addr { host: "127.31.131.3" port: 46137 }, Status: LMP_MISMATCH, Last received: 0.0, Next index: 2, Last known committed idx: 1, Time since last communication: 0.000s
I20260710 13:26:49.357733 32402 raft_consensus.cc:1275] T 15eee88a143440758b001df7844b8c3d P f420d8d66ee340818eacd31558c630b0 [term 2 FOLLOWER]: Refusing update from remote peer 15ee6c82f79b460487bffdbf753be6b4: Log matching property violated. Preceding OpId in replica: term: 1 index: 1. Preceding OpId from leader: term: 2 index: 2. (index mismatch)
I20260710 13:26:49.359325 32641 consensus_queue.cc:1048] T 15eee88a143440758b001df7844b8c3d P 15ee6c82f79b460487bffdbf753be6b4 [LEADER]: Connected to new peer: Peer: permanent_uuid: "f420d8d66ee340818eacd31558c630b0" member_type: VOTER last_known_addr { host: "127.31.131.1" port: 39991 }, Status: LMP_MISMATCH, Last received: 0.0, Next index: 2, Last known committed idx: 1, Time since last communication: 0.000s
I20260710 13:26:49.502365 32402 raft_consensus.cc:1275] T 0d1aea858c474318a5072ac6731e6814 P f420d8d66ee340818eacd31558c630b0 [term 2 FOLLOWER]: Refusing update from remote peer 15ee6c82f79b460487bffdbf753be6b4: Log matching property violated. Preceding OpId in replica: term: 1 index: 1. Preceding OpId from leader: term: 2 index: 2. (index mismatch)
I20260710 13:26:49.503499 32641 consensus_queue.cc:1048] T 0d1aea858c474318a5072ac6731e6814 P 15ee6c82f79b460487bffdbf753be6b4 [LEADER]: Connected to new peer: Peer: permanent_uuid: "f420d8d66ee340818eacd31558c630b0" member_type: VOTER last_known_addr { host: "127.31.131.1" port: 39991 }, Status: LMP_MISMATCH, Last received: 0.0, Next index: 2, Last known committed idx: 1, Time since last communication: 0.000s
I20260710 13:26:49.511401 32551 raft_consensus.cc:1275] T 0d1aea858c474318a5072ac6731e6814 P 360d94f122ee4642b4f44daa07344af0 [term 2 FOLLOWER]: Refusing update from remote peer 15ee6c82f79b460487bffdbf753be6b4: Log matching property violated. Preceding OpId in replica: term: 1 index: 1. Preceding OpId from leader: term: 2 index: 2. (index mismatch)
I20260710 13:26:49.512938 32641 consensus_queue.cc:1048] T 0d1aea858c474318a5072ac6731e6814 P 15ee6c82f79b460487bffdbf753be6b4 [LEADER]: Connected to new peer: Peer: permanent_uuid: "360d94f122ee4642b4f44daa07344af0" member_type: VOTER last_known_addr { host: "127.31.131.3" port: 46137 }, Status: LMP_MISMATCH, Last received: 0.0, Next index: 2, Last known committed idx: 1, Time since last communication: 0.000s
I20260710 13:26:49.615161 32476 raft_consensus.cc:1275] T 294a6a45e1364764abecc99a4c862b7c P 15ee6c82f79b460487bffdbf753be6b4 [term 2 FOLLOWER]: Refusing update from remote peer f420d8d66ee340818eacd31558c630b0: Log matching property violated. Preceding OpId in replica: term: 1 index: 1. Preceding OpId from leader: term: 2 index: 2. (index mismatch)
I20260710 13:26:49.616297 32656 consensus_queue.cc:1048] T 294a6a45e1364764abecc99a4c862b7c P f420d8d66ee340818eacd31558c630b0 [LEADER]: Connected to new peer: Peer: permanent_uuid: "15ee6c82f79b460487bffdbf753be6b4" member_type: VOTER last_known_addr { host: "127.31.131.2" port: 40693 }, Status: LMP_MISMATCH, Last received: 0.0, Next index: 2, Last known committed idx: 1, Time since last communication: 0.000s
I20260710 13:26:49.624675 32551 raft_consensus.cc:1275] T 294a6a45e1364764abecc99a4c862b7c P 360d94f122ee4642b4f44daa07344af0 [term 2 FOLLOWER]: Refusing update from remote peer f420d8d66ee340818eacd31558c630b0: Log matching property violated. Preceding OpId in replica: term: 1 index: 1. Preceding OpId from leader: term: 2 index: 2. (index mismatch)
I20260710 13:26:49.626652 32656 consensus_queue.cc:1048] T 294a6a45e1364764abecc99a4c862b7c P f420d8d66ee340818eacd31558c630b0 [LEADER]: Connected to new peer: Peer: permanent_uuid: "360d94f122ee4642b4f44daa07344af0" member_type: VOTER last_known_addr { host: "127.31.131.3" port: 46137 }, Status: LMP_MISMATCH, Last received: 0.0, Next index: 2, Last known committed idx: 1, Time since last communication: 0.000s
I20260710 13:26:51.586531 32268 auto_leader_rebalancer-test.cc:316] The leader distribution is 
I20260710 13:26:51.587327 32268 auto_leader_rebalancer.cc:141] leader rebalance for table test-workload
I20260710 13:26:51.607249 32402 tablet_service.cc:2072] Received LeaderStepDown RPC: tablet_id: "12d8caed3ffd421b9a1648c007dcb13d"
dest_uuid: "f420d8d66ee340818eacd31558c630b0"
mode: GRACEFUL
new_leader_uuid: "360d94f122ee4642b4f44daa07344af0"
 from {username='slave'} at 127.0.0.1:58430
I20260710 13:26:51.607754 32402 raft_consensus.cc:606] T 12d8caed3ffd421b9a1648c007dcb13d P f420d8d66ee340818eacd31558c630b0 [term 1 LEADER]: Received request to transfer leadership to TS 360d94f122ee4642b4f44daa07344af0
I20260710 13:26:51.617384 32476 tablet_service.cc:2072] Received LeaderStepDown RPC: tablet_id: "5cad898a8f714002b840ac18fdd43489"
dest_uuid: "15ee6c82f79b460487bffdbf753be6b4"
mode: GRACEFUL
new_leader_uuid: "360d94f122ee4642b4f44daa07344af0"
 from {username='slave'} at 127.0.0.1:46554
I20260710 13:26:51.617911 32476 raft_consensus.cc:606] T 5cad898a8f714002b840ac18fdd43489 P 15ee6c82f79b460487bffdbf753be6b4 [term 2 LEADER]: Received request to transfer leadership to TS 360d94f122ee4642b4f44daa07344af0
I20260710 13:26:51.619055 32268 auto_leader_rebalancer.cc:479] table: test-workload, leader rebalance finish, leader transfer count: 2
I20260710 13:26:51.619505 32268 auto_leader_rebalancer.cc:554] All tables' leader rebalancing finished this round
I20260710 13:26:51.627280 32619 raft_consensus.cc:993] T 12d8caed3ffd421b9a1648c007dcb13d P f420d8d66ee340818eacd31558c630b0: : Instructing follower 360d94f122ee4642b4f44daa07344af0 to start an election
I20260710 13:26:51.627734 32699 raft_consensus.cc:1081] T 12d8caed3ffd421b9a1648c007dcb13d P f420d8d66ee340818eacd31558c630b0 [term 1 LEADER]: Signalling peer 360d94f122ee4642b4f44daa07344af0 to start an election
I20260710 13:26:51.629305 32552 tablet_service.cc:2044] Received Run Leader Election RPC: tablet_id: "12d8caed3ffd421b9a1648c007dcb13d"
dest_uuid: "360d94f122ee4642b4f44daa07344af0"
 from {username='slave'} at 127.0.0.1:37100
