I20260710 13:27:33.063064   822 catalog_manager.cc:5697] T c21d09013a864debafa0b30e09839181 P 2babed5ca7fc41fe86a2af876ae745d2 reported cstate change: term changed from 1 to 2, leader changed from 4b49324e0e5e4ab29cb0276ea58126ef (127.31.131.2) to 2babed5ca7fc41fe86a2af876ae745d2 (127.31.131.4). New cstate: current_term: 2 leader_uuid: "2babed5ca7fc41fe86a2af876ae745d2" committed_config { opid_index: 4 OBSOLETE_local: false peers { permanent_uuid: "987a1a0927d243f387f1ad2ebdbecad2" member_type: VOTER last_known_addr { host: "127.31.131.1" port: 40415 } health_report { overall_health: UNKNOWN } } peers { permanent_uuid: "4b49324e0e5e4ab29cb0276ea58126ef" member_type: VOTER last_known_addr { host: "127.31.131.2" port: 42137 } health_report { overall_health: UNKNOWN } } peers { permanent_uuid: "2babed5ca7fc41fe86a2af876ae745d2" member_type: VOTER last_known_addr { host: "127.31.131.4" port: 39659 } attrs { promote: false } health_report { overall_health: HEALTHY } } }
I20260710 13:27:33.125849  1699 raft_consensus.cc:993] T 277bfdf5a6ae47c4b372ba4203cb0fd7 P 4b49324e0e5e4ab29cb0276ea58126ef: : Instructing follower 2babed5ca7fc41fe86a2af876ae745d2 to start an election
I20260710 13:27:33.126255  1726 raft_consensus.cc:1081] T 277bfdf5a6ae47c4b372ba4203cb0fd7 P 4b49324e0e5e4ab29cb0276ea58126ef [term 1 LEADER]: Signalling peer 2babed5ca7fc41fe86a2af876ae745d2 to start an election
I20260710 13:27:33.127521  1358 tablet_service.cc:2044] Received Run Leader Election RPC: tablet_id: "277bfdf5a6ae47c4b372ba4203cb0fd7"
dest_uuid: "2babed5ca7fc41fe86a2af876ae745d2"
 from {username='slave'} at 127.0.0.1:55420
I20260710 13:27:33.128049  1358 raft_consensus.cc:493] T 277bfdf5a6ae47c4b372ba4203cb0fd7 P 2babed5ca7fc41fe86a2af876ae745d2 [term 1 FOLLOWER]: Starting forced leader election (received explicit request)
I20260710 13:27:33.128379  1358 raft_consensus.cc:3060] T 277bfdf5a6ae47c4b372ba4203cb0fd7 P 2babed5ca7fc41fe86a2af876ae745d2 [term 1 FOLLOWER]: Advancing to term 2
I20260710 13:27:33.133289  1358 raft_consensus.cc:515] T 277bfdf5a6ae47c4b372ba4203cb0fd7 P 2babed5ca7fc41fe86a2af876ae745d2 [term 2 FOLLOWER]: Starting forced leader election with config: opid_index: 4 OBSOLETE_local: false peers { permanent_uuid: "4b49324e0e5e4ab29cb0276ea58126ef" member_type: VOTER last_known_addr { host: "127.31.131.2" port: 42137 } } peers { permanent_uuid: "19dc170f45024b4f843a9caf1e26ada3" member_type: VOTER last_known_addr { host: "127.31.131.3" port: 37599 } } peers { permanent_uuid: "2babed5ca7fc41fe86a2af876ae745d2" member_type: VOTER last_known_addr { host: "127.31.131.4" port: 39659 } attrs { promote: false } }
I20260710 13:27:33.134899  1358 leader_election.cc:290] T 277bfdf5a6ae47c4b372ba4203cb0fd7 P 2babed5ca7fc41fe86a2af876ae745d2 [CANDIDATE]: Term 2 election: Requested vote from peers 4b49324e0e5e4ab29cb0276ea58126ef (127.31.131.2:42137), 19dc170f45024b4f843a9caf1e26ada3 (127.31.131.3:37599)
I20260710 13:27:33.135807   999 tablet_service.cc:1917] Received RequestConsensusVote() RPC: tablet_id: "277bfdf5a6ae47c4b372ba4203cb0fd7" candidate_uuid: "2babed5ca7fc41fe86a2af876ae745d2" candidate_term: 2 candidate_status { last_received { term: 1 index: 4 } } ignore_live_leader: true dest_uuid: "4b49324e0e5e4ab29cb0276ea58126ef"
I20260710 13:27:33.136040  1075 tablet_service.cc:1917] Received RequestConsensusVote() RPC: tablet_id: "277bfdf5a6ae47c4b372ba4203cb0fd7" candidate_uuid: "2babed5ca7fc41fe86a2af876ae745d2" candidate_term: 2 candidate_status { last_received { term: 1 index: 4 } } ignore_live_leader: true dest_uuid: "19dc170f45024b4f843a9caf1e26ada3"
I20260710 13:27:33.136292   999 raft_consensus.cc:3055] T 277bfdf5a6ae47c4b372ba4203cb0fd7 P 4b49324e0e5e4ab29cb0276ea58126ef [term 1 LEADER]: Stepping down as leader of term 1
I20260710 13:27:33.136598  1075 raft_consensus.cc:3060] T 277bfdf5a6ae47c4b372ba4203cb0fd7 P 19dc170f45024b4f843a9caf1e26ada3 [term 1 FOLLOWER]: Advancing to term 2
I20260710 13:27:33.136610   999 raft_consensus.cc:740] T 277bfdf5a6ae47c4b372ba4203cb0fd7 P 4b49324e0e5e4ab29cb0276ea58126ef [term 1 LEADER]: Becoming Follower/Learner. State: Replica: 4b49324e0e5e4ab29cb0276ea58126ef, State: Running, Role: LEADER
I20260710 13:27:33.137454   999 consensus_queue.cc:260] T 277bfdf5a6ae47c4b372ba4203cb0fd7 P 4b49324e0e5e4ab29cb0276ea58126ef [NON_LEADER]: Queue going to NON_LEADER mode. State: All replicated index: 0, Majority replicated index: 4, Committed index: 4, Last appended: 1.4, Last appended by leader: 4, Current term: 1, Majority size: -1, State: 0, Mode: NON_LEADER, active raft config: opid_index: 4 OBSOLETE_local: false peers { permanent_uuid: "4b49324e0e5e4ab29cb0276ea58126ef" member_type: VOTER last_known_addr { host: "127.31.131.2" port: 42137 } } peers { permanent_uuid: "19dc170f45024b4f843a9caf1e26ada3" member_type: VOTER last_known_addr { host: "127.31.131.3" port: 37599 } } peers { permanent_uuid: "2babed5ca7fc41fe86a2af876ae745d2" member_type: VOTER last_known_addr { host: "127.31.131.4" port: 39659 } attrs { promote: false } }
I20260710 13:27:33.138561   999 raft_consensus.cc:3060] T 277bfdf5a6ae47c4b372ba4203cb0fd7 P 4b49324e0e5e4ab29cb0276ea58126ef [term 1 FOLLOWER]: Advancing to term 2
I20260710 13:27:33.141996  1075 raft_consensus.cc:2468] T 277bfdf5a6ae47c4b372ba4203cb0fd7 P 19dc170f45024b4f843a9caf1e26ada3 [term 2 FOLLOWER]: Leader election vote request: Granting yes vote for candidate 2babed5ca7fc41fe86a2af876ae745d2 in term 2.
I20260710 13:27:33.143139  1322 leader_election.cc:304] T 277bfdf5a6ae47c4b372ba4203cb0fd7 P 2babed5ca7fc41fe86a2af876ae745d2 [CANDIDATE]: Term 2 election: Election decided. Result: candidate won. Election summary: received 2 responses out of 3 voters: 2 yes votes; 0 no votes. yes voters: 19dc170f45024b4f843a9caf1e26ada3, 2babed5ca7fc41fe86a2af876ae745d2; no voters: 
I20260710 13:27:33.143541   999 raft_consensus.cc:2468] T 277bfdf5a6ae47c4b372ba4203cb0fd7 P 4b49324e0e5e4ab29cb0276ea58126ef [term 2 FOLLOWER]: Leader election vote request: Granting yes vote for candidate 2babed5ca7fc41fe86a2af876ae745d2 in term 2.
I20260710 13:27:33.143872  1731 raft_consensus.cc:2804] T 277bfdf5a6ae47c4b372ba4203cb0fd7 P 2babed5ca7fc41fe86a2af876ae745d2 [term 2 FOLLOWER]: Leader election won for term 2
I20260710 13:27:33.144409  1731 raft_consensus.cc:697] T 277bfdf5a6ae47c4b372ba4203cb0fd7 P 2babed5ca7fc41fe86a2af876ae745d2 [term 2 LEADER]: Becoming Leader. State: Replica: 2babed5ca7fc41fe86a2af876ae745d2, State: Running, Role: LEADER
I20260710 13:27:33.145241  1731 consensus_queue.cc:237] T 277bfdf5a6ae47c4b372ba4203cb0fd7 P 2babed5ca7fc41fe86a2af876ae745d2 [LEADER]: Queue going to LEADER mode. State: All replicated index: 0, Majority replicated index: 4, Committed index: 4, Last appended: 1.4, Last appended by leader: 4, Current term: 2, Majority size: 2, State: 0, Mode: LEADER, active raft config: opid_index: 4 OBSOLETE_local: false peers { permanent_uuid: "4b49324e0e5e4ab29cb0276ea58126ef" member_type: VOTER last_known_addr { host: "127.31.131.2" port: 42137 } } peers { permanent_uuid: "19dc170f45024b4f843a9caf1e26ada3" member_type: VOTER last_known_addr { host: "127.31.131.3" port: 37599 } } peers { permanent_uuid: "2babed5ca7fc41fe86a2af876ae745d2" member_type: VOTER last_known_addr { host: "127.31.131.4" port: 39659 } attrs { promote: false } }
I20260710 13:27:33.152309   822 catalog_manager.cc:5697] T 277bfdf5a6ae47c4b372ba4203cb0fd7 P 2babed5ca7fc41fe86a2af876ae745d2 reported cstate change: term changed from 1 to 2, leader changed from 4b49324e0e5e4ab29cb0276ea58126ef (127.31.131.2) to 2babed5ca7fc41fe86a2af876ae745d2 (127.31.131.4). New cstate: current_term: 2 leader_uuid: "2babed5ca7fc41fe86a2af876ae745d2" committed_config { opid_index: 4 OBSOLETE_local: false peers { permanent_uuid: "4b49324e0e5e4ab29cb0276ea58126ef" member_type: VOTER last_known_addr { host: "127.31.131.2" port: 42137 } health_report { overall_health: UNKNOWN } } peers { permanent_uuid: "19dc170f45024b4f843a9caf1e26ada3" member_type: VOTER last_known_addr { host: "127.31.131.3" port: 37599 } health_report { overall_health: UNKNOWN } } peers { permanent_uuid: "2babed5ca7fc41fe86a2af876ae745d2" member_type: VOTER last_known_addr { host: "127.31.131.4" port: 39659 } attrs { promote: false } health_report { overall_health: HEALTHY } } }
I20260710 13:27:33.231034  1699 raft_consensus.cc:993] T 2b7e0cbaaa4d40f89eaa5b0f9bbdda8d P 4b49324e0e5e4ab29cb0276ea58126ef: : Instructing follower 2babed5ca7fc41fe86a2af876ae745d2 to start an election
I20260710 13:27:33.231519  1726 raft_consensus.cc:1081] T 2b7e0cbaaa4d40f89eaa5b0f9bbdda8d P 4b49324e0e5e4ab29cb0276ea58126ef [term 1 LEADER]: Signalling peer 2babed5ca7fc41fe86a2af876ae745d2 to start an election
I20260710 13:27:33.232817  1358 tablet_service.cc:2044] Received Run Leader Election RPC: tablet_id: "2b7e0cbaaa4d40f89eaa5b0f9bbdda8d"
dest_uuid: "2babed5ca7fc41fe86a2af876ae745d2"
 from {username='slave'} at 127.0.0.1:55420
I20260710 13:27:33.233242  1358 raft_consensus.cc:493] T 2b7e0cbaaa4d40f89eaa5b0f9bbdda8d P 2babed5ca7fc41fe86a2af876ae745d2 [term 1 FOLLOWER]: Starting forced leader election (received explicit request)
I20260710 13:27:33.233523  1358 raft_consensus.cc:3060] T 2b7e0cbaaa4d40f89eaa5b0f9bbdda8d P 2babed5ca7fc41fe86a2af876ae745d2 [term 1 FOLLOWER]: Advancing to term 2
I20260710 13:27:33.237829  1358 raft_consensus.cc:515] T 2b7e0cbaaa4d40f89eaa5b0f9bbdda8d P 2babed5ca7fc41fe86a2af876ae745d2 [term 2 FOLLOWER]: Starting forced leader election with config: opid_index: 4 OBSOLETE_local: false peers { permanent_uuid: "987a1a0927d243f387f1ad2ebdbecad2" member_type: VOTER last_known_addr { host: "127.31.131.1" port: 40415 } } peers { permanent_uuid: "4b49324e0e5e4ab29cb0276ea58126ef" member_type: VOTER last_known_addr { host: "127.31.131.2" port: 42137 } } peers { permanent_uuid: "2babed5ca7fc41fe86a2af876ae745d2" member_type: VOTER last_known_addr { host: "127.31.131.4" port: 39659 } attrs { promote: false } }
I20260710 13:27:33.239220  1358 leader_election.cc:290] T 2b7e0cbaaa4d40f89eaa5b0f9bbdda8d P 2babed5ca7fc41fe86a2af876ae745d2 [CANDIDATE]: Term 2 election: Requested vote from peers 987a1a0927d243f387f1ad2ebdbecad2 (127.31.131.1:40415), 4b49324e0e5e4ab29cb0276ea58126ef (127.31.131.2:42137)
I20260710 13:27:33.240221   924 tablet_service.cc:1917] Received RequestConsensusVote() RPC: tablet_id: "2b7e0cbaaa4d40f89eaa5b0f9bbdda8d" candidate_uuid: "2babed5ca7fc41fe86a2af876ae745d2" candidate_term: 2 candidate_status { last_received { term: 1 index: 4 } } ignore_live_leader: true dest_uuid: "987a1a0927d243f387f1ad2ebdbecad2"
I20260710 13:27:33.240268   999 tablet_service.cc:1917] Received RequestConsensusVote() RPC: tablet_id: "2b7e0cbaaa4d40f89eaa5b0f9bbdda8d" candidate_uuid: "2babed5ca7fc41fe86a2af876ae745d2" candidate_term: 2 candidate_status { last_received { term: 1 index: 4 } } ignore_live_leader: true dest_uuid: "4b49324e0e5e4ab29cb0276ea58126ef"
I20260710 13:27:33.240875   924 raft_consensus.cc:3060] T 2b7e0cbaaa4d40f89eaa5b0f9bbdda8d P 987a1a0927d243f387f1ad2ebdbecad2 [term 1 FOLLOWER]: Advancing to term 2
I20260710 13:27:33.240897   999 raft_consensus.cc:3055] T 2b7e0cbaaa4d40f89eaa5b0f9bbdda8d P 4b49324e0e5e4ab29cb0276ea58126ef [term 1 LEADER]: Stepping down as leader of term 1
I20260710 13:27:33.241340   999 raft_consensus.cc:740] T 2b7e0cbaaa4d40f89eaa5b0f9bbdda8d P 4b49324e0e5e4ab29cb0276ea58126ef [term 1 LEADER]: Becoming Follower/Learner. State: Replica: 4b49324e0e5e4ab29cb0276ea58126ef, State: Running, Role: LEADER
I20260710 13:27:33.241958   999 consensus_queue.cc:260] T 2b7e0cbaaa4d40f89eaa5b0f9bbdda8d P 4b49324e0e5e4ab29cb0276ea58126ef [NON_LEADER]: Queue going to NON_LEADER mode. State: All replicated index: 0, Majority replicated index: 4, Committed index: 4, Last appended: 1.4, Last appended by leader: 4, Current term: 1, Majority size: -1, State: 0, Mode: NON_LEADER, active raft config: opid_index: 4 OBSOLETE_local: false peers { permanent_uuid: "987a1a0927d243f387f1ad2ebdbecad2" member_type: VOTER last_known_addr { host: "127.31.131.1" port: 40415 } } peers { permanent_uuid: "4b49324e0e5e4ab29cb0276ea58126ef" member_type: VOTER last_known_addr { host: "127.31.131.2" port: 42137 } } peers { permanent_uuid: "2babed5ca7fc41fe86a2af876ae745d2" member_type: VOTER last_known_addr { host: "127.31.131.4" port: 39659 } attrs { promote: false } }
I20260710 13:27:33.242906   999 raft_consensus.cc:3060] T 2b7e0cbaaa4d40f89eaa5b0f9bbdda8d P 4b49324e0e5e4ab29cb0276ea58126ef [term 1 FOLLOWER]: Advancing to term 2
I20260710 13:27:33.245388   924 raft_consensus.cc:2468] T 2b7e0cbaaa4d40f89eaa5b0f9bbdda8d P 987a1a0927d243f387f1ad2ebdbecad2 [term 2 FOLLOWER]: Leader election vote request: Granting yes vote for candidate 2babed5ca7fc41fe86a2af876ae745d2 in term 2.
I20260710 13:27:33.246372  1324 leader_election.cc:304] T 2b7e0cbaaa4d40f89eaa5b0f9bbdda8d P 2babed5ca7fc41fe86a2af876ae745d2 [CANDIDATE]: Term 2 election: Election decided. Result: candidate won. Election summary: received 2 responses out of 3 voters: 2 yes votes; 0 no votes. yes voters: 2babed5ca7fc41fe86a2af876ae745d2, 987a1a0927d243f387f1ad2ebdbecad2; no voters: 
I20260710 13:27:33.247275  1731 raft_consensus.cc:2804] T 2b7e0cbaaa4d40f89eaa5b0f9bbdda8d P 2babed5ca7fc41fe86a2af876ae745d2 [term 2 FOLLOWER]: Leader election won for term 2
I20260710 13:27:33.248080   999 raft_consensus.cc:2468] T 2b7e0cbaaa4d40f89eaa5b0f9bbdda8d P 4b49324e0e5e4ab29cb0276ea58126ef [term 2 FOLLOWER]: Leader election vote request: Granting yes vote for candidate 2babed5ca7fc41fe86a2af876ae745d2 in term 2.
I20260710 13:27:33.248867  1731 raft_consensus.cc:697] T 2b7e0cbaaa4d40f89eaa5b0f9bbdda8d P 2babed5ca7fc41fe86a2af876ae745d2 [term 2 LEADER]: Becoming Leader. State: Replica: 2babed5ca7fc41fe86a2af876ae745d2, State: Running, Role: LEADER
I20260710 13:27:33.249744  1731 consensus_queue.cc:237] T 2b7e0cbaaa4d40f89eaa5b0f9bbdda8d P 2babed5ca7fc41fe86a2af876ae745d2 [LEADER]: Queue going to LEADER mode. State: All replicated index: 0, Majority replicated index: 4, Committed index: 4, Last appended: 1.4, Last appended by leader: 4, Current term: 2, Majority size: 2, State: 0, Mode: LEADER, active raft config: opid_index: 4 OBSOLETE_local: false peers { permanent_uuid: "987a1a0927d243f387f1ad2ebdbecad2" member_type: VOTER last_known_addr { host: "127.31.131.1" port: 40415 } } peers { permanent_uuid: "4b49324e0e5e4ab29cb0276ea58126ef" member_type: VOTER last_known_addr { host: "127.31.131.2" port: 42137 } } peers { permanent_uuid: "2babed5ca7fc41fe86a2af876ae745d2" member_type: VOTER last_known_addr { host: "127.31.131.4" port: 39659 } attrs { promote: false } }
I20260710 13:27:33.254779  1726 raft_consensus.cc:993] T f0d06633625a479cbdf89a45d7bfd8f1 P 4b49324e0e5e4ab29cb0276ea58126ef: : Instructing follower 2babed5ca7fc41fe86a2af876ae745d2 to start an election
I20260710 13:27:33.255226  1699 raft_consensus.cc:1081] T f0d06633625a479cbdf89a45d7bfd8f1 P 4b49324e0e5e4ab29cb0276ea58126ef [term 1 LEADER]: Signalling peer 2babed5ca7fc41fe86a2af876ae745d2 to start an election
I20260710 13:27:33.256460  1358 tablet_service.cc:2044] Received Run Leader Election RPC: tablet_id: "f0d06633625a479cbdf89a45d7bfd8f1"
dest_uuid: "2babed5ca7fc41fe86a2af876ae745d2"
 from {username='slave'} at 127.0.0.1:55420
I20260710 13:27:33.256969  1358 raft_consensus.cc:493] T f0d06633625a479cbdf89a45d7bfd8f1 P 2babed5ca7fc41fe86a2af876ae745d2 [term 1 FOLLOWER]: Starting forced leader election (received explicit request)
I20260710 13:27:33.257241  1358 raft_consensus.cc:3060] T f0d06633625a479cbdf89a45d7bfd8f1 P 2babed5ca7fc41fe86a2af876ae745d2 [term 1 FOLLOWER]: Advancing to term 2
I20260710 13:27:33.258106   822 catalog_manager.cc:5697] T 2b7e0cbaaa4d40f89eaa5b0f9bbdda8d P 2babed5ca7fc41fe86a2af876ae745d2 reported cstate change: term changed from 1 to 2, leader changed from 4b49324e0e5e4ab29cb0276ea58126ef (127.31.131.2) to 2babed5ca7fc41fe86a2af876ae745d2 (127.31.131.4). New cstate: current_term: 2 leader_uuid: "2babed5ca7fc41fe86a2af876ae745d2" committed_config { opid_index: 4 OBSOLETE_local: false peers { permanent_uuid: "987a1a0927d243f387f1ad2ebdbecad2" member_type: VOTER last_known_addr { host: "127.31.131.1" port: 40415 } health_report { overall_health: UNKNOWN } } peers { permanent_uuid: "4b49324e0e5e4ab29cb0276ea58126ef" member_type: VOTER last_known_addr { host: "127.31.131.2" port: 42137 } health_report { overall_health: UNKNOWN } } peers { permanent_uuid: "2babed5ca7fc41fe86a2af876ae745d2" member_type: VOTER last_known_addr { host: "127.31.131.4" port: 39659 } attrs { promote: false } health_report { overall_health: HEALTHY } } }
I20260710 13:27:33.262061  1358 raft_consensus.cc:515] T f0d06633625a479cbdf89a45d7bfd8f1 P 2babed5ca7fc41fe86a2af876ae745d2 [term 2 FOLLOWER]: Starting forced leader election with config: opid_index: 4 OBSOLETE_local: false peers { permanent_uuid: "4b49324e0e5e4ab29cb0276ea58126ef" member_type: VOTER last_known_addr { host: "127.31.131.2" port: 42137 } } peers { permanent_uuid: "19dc170f45024b4f843a9caf1e26ada3" member_type: VOTER last_known_addr { host: "127.31.131.3" port: 37599 } } peers { permanent_uuid: "2babed5ca7fc41fe86a2af876ae745d2" member_type: VOTER last_known_addr { host: "127.31.131.4" port: 39659 } attrs { promote: false } }
I20260710 13:27:33.264286  1358 leader_election.cc:290] T f0d06633625a479cbdf89a45d7bfd8f1 P 2babed5ca7fc41fe86a2af876ae745d2 [CANDIDATE]: Term 2 election: Requested vote from peers 4b49324e0e5e4ab29cb0276ea58126ef (127.31.131.2:42137), 19dc170f45024b4f843a9caf1e26ada3 (127.31.131.3:37599)
I20260710 13:27:33.264844   999 tablet_service.cc:1917] Received RequestConsensusVote() RPC: tablet_id: "f0d06633625a479cbdf89a45d7bfd8f1" candidate_uuid: "2babed5ca7fc41fe86a2af876ae745d2" candidate_term: 2 candidate_status { last_received { term: 1 index: 4 } } ignore_live_leader: true dest_uuid: "4b49324e0e5e4ab29cb0276ea58126ef"
I20260710 13:27:33.265168  1070 tablet_service.cc:1917] Received RequestConsensusVote() RPC: tablet_id: "f0d06633625a479cbdf89a45d7bfd8f1" candidate_uuid: "2babed5ca7fc41fe86a2af876ae745d2" candidate_term: 2 candidate_status { last_received { term: 1 index: 4 } } ignore_live_leader: true dest_uuid: "19dc170f45024b4f843a9caf1e26ada3"
I20260710 13:27:33.265445   999 raft_consensus.cc:3055] T f0d06633625a479cbdf89a45d7bfd8f1 P 4b49324e0e5e4ab29cb0276ea58126ef [term 1 LEADER]: Stepping down as leader of term 1
I20260710 13:27:33.265769  1070 raft_consensus.cc:3060] T f0d06633625a479cbdf89a45d7bfd8f1 P 19dc170f45024b4f843a9caf1e26ada3 [term 1 FOLLOWER]: Advancing to term 2
I20260710 13:27:33.265817   999 raft_consensus.cc:740] T f0d06633625a479cbdf89a45d7bfd8f1 P 4b49324e0e5e4ab29cb0276ea58126ef [term 1 LEADER]: Becoming Follower/Learner. State: Replica: 4b49324e0e5e4ab29cb0276ea58126ef, State: Running, Role: LEADER
I20260710 13:27:33.266749   999 consensus_queue.cc:260] T f0d06633625a479cbdf89a45d7bfd8f1 P 4b49324e0e5e4ab29cb0276ea58126ef [NON_LEADER]: Queue going to NON_LEADER mode. State: All replicated index: 0, Majority replicated index: 4, Committed index: 4, Last appended: 1.4, Last appended by leader: 4, Current term: 1, Majority size: -1, State: 0, Mode: NON_LEADER, active raft config: opid_index: 4 OBSOLETE_local: false peers { permanent_uuid: "4b49324e0e5e4ab29cb0276ea58126ef" member_type: VOTER last_known_addr { host: "127.31.131.2" port: 42137 } } peers { permanent_uuid: "19dc170f45024b4f843a9caf1e26ada3" member_type: VOTER last_known_addr { host: "127.31.131.3" port: 37599 } } peers { permanent_uuid: "2babed5ca7fc41fe86a2af876ae745d2" member_type: VOTER last_known_addr { host: "127.31.131.4" port: 39659 } attrs { promote: false } }
I20260710 13:27:33.267715   999 raft_consensus.cc:3060] T f0d06633625a479cbdf89a45d7bfd8f1 P 4b49324e0e5e4ab29cb0276ea58126ef [term 1 FOLLOWER]: Advancing to term 2
I20260710 13:27:33.270282  1070 raft_consensus.cc:2468] T f0d06633625a479cbdf89a45d7bfd8f1 P 19dc170f45024b4f843a9caf1e26ada3 [term 2 FOLLOWER]: Leader election vote request: Granting yes vote for candidate 2babed5ca7fc41fe86a2af876ae745d2 in term 2.
I20260710 13:27:33.271250  1322 leader_election.cc:304] T f0d06633625a479cbdf89a45d7bfd8f1 P 2babed5ca7fc41fe86a2af876ae745d2 [CANDIDATE]: Term 2 election: Election decided. Result: candidate won. Election summary: received 2 responses out of 3 voters: 2 yes votes; 0 no votes. yes voters: 19dc170f45024b4f843a9caf1e26ada3, 2babed5ca7fc41fe86a2af876ae745d2; no voters: 
I20260710 13:27:33.271778   999 raft_consensus.cc:2468] T f0d06633625a479cbdf89a45d7bfd8f1 P 4b49324e0e5e4ab29cb0276ea58126ef [term 2 FOLLOWER]: Leader election vote request: Granting yes vote for candidate 2babed5ca7fc41fe86a2af876ae745d2 in term 2.
I20260710 13:27:33.272011  1731 raft_consensus.cc:2804] T f0d06633625a479cbdf89a45d7bfd8f1 P 2babed5ca7fc41fe86a2af876ae745d2 [term 2 FOLLOWER]: Leader election won for term 2
I20260710 13:27:33.272506  1731 raft_consensus.cc:697] T f0d06633625a479cbdf89a45d7bfd8f1 P 2babed5ca7fc41fe86a2af876ae745d2 [term 2 LEADER]: Becoming Leader. State: Replica: 2babed5ca7fc41fe86a2af876ae745d2, State: Running, Role: LEADER
I20260710 13:27:33.273722  1731 consensus_queue.cc:237] T f0d06633625a479cbdf89a45d7bfd8f1 P 2babed5ca7fc41fe86a2af876ae745d2 [LEADER]: Queue going to LEADER mode. State: All replicated index: 0, Majority replicated index: 4, Committed index: 4, Last appended: 1.4, Last appended by leader: 4, Current term: 2, Majority size: 2, State: 0, Mode: LEADER, active raft config: opid_index: 4 OBSOLETE_local: false peers { permanent_uuid: "4b49324e0e5e4ab29cb0276ea58126ef" member_type: VOTER last_known_addr { host: "127.31.131.2" port: 42137 } } peers { permanent_uuid: "19dc170f45024b4f843a9caf1e26ada3" member_type: VOTER last_known_addr { host: "127.31.131.3" port: 37599 } } peers { permanent_uuid: "2babed5ca7fc41fe86a2af876ae745d2" member_type: VOTER last_known_addr { host: "127.31.131.4" port: 39659 } attrs { promote: false } }
I20260710 13:27:33.280795   822 catalog_manager.cc:5697] T f0d06633625a479cbdf89a45d7bfd8f1 P 2babed5ca7fc41fe86a2af876ae745d2 reported cstate change: term changed from 1 to 2, leader changed from 4b49324e0e5e4ab29cb0276ea58126ef (127.31.131.2) to 2babed5ca7fc41fe86a2af876ae745d2 (127.31.131.4). New cstate: current_term: 2 leader_uuid: "2babed5ca7fc41fe86a2af876ae745d2" committed_config { opid_index: 4 OBSOLETE_local: false peers { permanent_uuid: "4b49324e0e5e4ab29cb0276ea58126ef" member_type: VOTER last_known_addr { host: "127.31.131.2" port: 42137 } health_report { overall_health: UNKNOWN } } peers { permanent_uuid: "19dc170f45024b4f843a9caf1e26ada3" member_type: VOTER last_known_addr { host: "127.31.131.3" port: 37599 } health_report { overall_health: UNKNOWN } } peers { permanent_uuid: "2babed5ca7fc41fe86a2af876ae745d2" member_type: VOTER last_known_addr { host: "127.31.131.4" port: 39659 } attrs { promote: false } health_report { overall_health: HEALTHY } } }
I20260710 13:27:33.301875  1727 raft_consensus.cc:993] T 0416f2cd997141d6ba1ab563a0f46044 P 987a1a0927d243f387f1ad2ebdbecad2: : Instructing follower 2babed5ca7fc41fe86a2af876ae745d2 to start an election
I20260710 13:27:33.302289  1725 raft_consensus.cc:1081] T 0416f2cd997141d6ba1ab563a0f46044 P 987a1a0927d243f387f1ad2ebdbecad2 [term 1 LEADER]: Signalling peer 2babed5ca7fc41fe86a2af876ae745d2 to start an election
I20260710 13:27:33.303540  1358 tablet_service.cc:2044] Received Run Leader Election RPC: tablet_id: "0416f2cd997141d6ba1ab563a0f46044"
dest_uuid: "2babed5ca7fc41fe86a2af876ae745d2"
 from {username='slave'} at 127.0.0.1:55430
I20260710 13:27:33.303970  1358 raft_consensus.cc:493] T 0416f2cd997141d6ba1ab563a0f46044 P 2babed5ca7fc41fe86a2af876ae745d2 [term 1 FOLLOWER]: Starting forced leader election (received explicit request)
I20260710 13:27:33.304244  1358 raft_consensus.cc:3060] T 0416f2cd997141d6ba1ab563a0f46044 P 2babed5ca7fc41fe86a2af876ae745d2 [term 1 FOLLOWER]: Advancing to term 2
I20260710 13:27:33.308343  1358 raft_consensus.cc:515] T 0416f2cd997141d6ba1ab563a0f46044 P 2babed5ca7fc41fe86a2af876ae745d2 [term 2 FOLLOWER]: Starting forced leader election with config: opid_index: 4 OBSOLETE_local: false peers { permanent_uuid: "987a1a0927d243f387f1ad2ebdbecad2" member_type: VOTER last_known_addr { host: "127.31.131.1" port: 40415 } } peers { permanent_uuid: "4b49324e0e5e4ab29cb0276ea58126ef" member_type: VOTER last_known_addr { host: "127.31.131.2" port: 42137 } } peers { permanent_uuid: "2babed5ca7fc41fe86a2af876ae745d2" member_type: VOTER last_known_addr { host: "127.31.131.4" port: 39659 } attrs { promote: false } }
I20260710 13:27:33.310145  1358 leader_election.cc:290] T 0416f2cd997141d6ba1ab563a0f46044 P 2babed5ca7fc41fe86a2af876ae745d2 [CANDIDATE]: Term 2 election: Requested vote from peers 987a1a0927d243f387f1ad2ebdbecad2 (127.31.131.1:40415), 4b49324e0e5e4ab29cb0276ea58126ef (127.31.131.2:42137)
I20260710 13:27:33.310384   924 tablet_service.cc:1917] Received RequestConsensusVote() RPC: tablet_id: "0416f2cd997141d6ba1ab563a0f46044" candidate_uuid: "2babed5ca7fc41fe86a2af876ae745d2" candidate_term: 2 candidate_status { last_received { term: 1 index: 4 } } ignore_live_leader: true dest_uuid: "987a1a0927d243f387f1ad2ebdbecad2"
I20260710 13:27:33.310648   999 tablet_service.cc:1917] Received RequestConsensusVote() RPC: tablet_id: "0416f2cd997141d6ba1ab563a0f46044" candidate_uuid: "2babed5ca7fc41fe86a2af876ae745d2" candidate_term: 2 candidate_status { last_received { term: 1 index: 4 } } ignore_live_leader: true dest_uuid: "4b49324e0e5e4ab29cb0276ea58126ef"
I20260710 13:27:33.310950   924 raft_consensus.cc:3055] T 0416f2cd997141d6ba1ab563a0f46044 P 987a1a0927d243f387f1ad2ebdbecad2 [term 1 LEADER]: Stepping down as leader of term 1
I20260710 13:27:33.311193   999 raft_consensus.cc:3060] T 0416f2cd997141d6ba1ab563a0f46044 P 4b49324e0e5e4ab29cb0276ea58126ef [term 1 FOLLOWER]: Advancing to term 2
I20260710 13:27:33.311332   924 raft_consensus.cc:740] T 0416f2cd997141d6ba1ab563a0f46044 P 987a1a0927d243f387f1ad2ebdbecad2 [term 1 LEADER]: Becoming Follower/Learner. State: Replica: 987a1a0927d243f387f1ad2ebdbecad2, State: Running, Role: LEADER
I20260710 13:27:33.312142   924 consensus_queue.cc:260] T 0416f2cd997141d6ba1ab563a0f46044 P 987a1a0927d243f387f1ad2ebdbecad2 [NON_LEADER]: Queue going to NON_LEADER mode. State: All replicated index: 0, Majority replicated index: 4, Committed index: 4, Last appended: 1.4, Last appended by leader: 4, Current term: 1, Majority size: -1, State: 0, Mode: NON_LEADER, active raft config: opid_index: 4 OBSOLETE_local: false peers { permanent_uuid: "987a1a0927d243f387f1ad2ebdbecad2" member_type: VOTER last_known_addr { host: "127.31.131.1" port: 40415 } } peers { permanent_uuid: "4b49324e0e5e4ab29cb0276ea58126ef" member_type: VOTER last_known_addr { host: "127.31.131.2" port: 42137 } } peers { permanent_uuid: "2babed5ca7fc41fe86a2af876ae745d2" member_type: VOTER last_known_addr { host: "127.31.131.4" port: 39659 } attrs { promote: false } }
I20260710 13:27:33.313248   924 raft_consensus.cc:3060] T 0416f2cd997141d6ba1ab563a0f46044 P 987a1a0927d243f387f1ad2ebdbecad2 [term 1 FOLLOWER]: Advancing to term 2
I20260710 13:27:33.317157   999 raft_consensus.cc:2468] T 0416f2cd997141d6ba1ab563a0f46044 P 4b49324e0e5e4ab29cb0276ea58126ef [term 2 FOLLOWER]: Leader election vote request: Granting yes vote for candidate 2babed5ca7fc41fe86a2af876ae745d2 in term 2.
I20260710 13:27:33.318236  1321 leader_election.cc:304] T 0416f2cd997141d6ba1ab563a0f46044 P 2babed5ca7fc41fe86a2af876ae745d2 [CANDIDATE]: Term 2 election: Election decided. Result: candidate won. Election summary: received 2 responses out of 3 voters: 2 yes votes; 0 no votes. yes voters: 2babed5ca7fc41fe86a2af876ae745d2, 4b49324e0e5e4ab29cb0276ea58126ef; no voters: 
I20260710 13:27:33.318974  1731 raft_consensus.cc:2804] T 0416f2cd997141d6ba1ab563a0f46044 P 2babed5ca7fc41fe86a2af876ae745d2 [term 2 FOLLOWER]: Leader election won for term 2
I20260710 13:27:33.319126   924 raft_consensus.cc:2468] T 0416f2cd997141d6ba1ab563a0f46044 P 987a1a0927d243f387f1ad2ebdbecad2 [term 2 FOLLOWER]: Leader election vote request: Granting yes vote for candidate 2babed5ca7fc41fe86a2af876ae745d2 in term 2.
I20260710 13:27:33.319475  1731 raft_consensus.cc:697] T 0416f2cd997141d6ba1ab563a0f46044 P 2babed5ca7fc41fe86a2af876ae745d2 [term 2 LEADER]: Becoming Leader. State: Replica: 2babed5ca7fc41fe86a2af876ae745d2, State: Running, Role: LEADER
I20260710 13:27:33.320361  1731 consensus_queue.cc:237] T 0416f2cd997141d6ba1ab563a0f46044 P 2babed5ca7fc41fe86a2af876ae745d2 [LEADER]: Queue going to LEADER mode. State: All replicated index: 0, Majority replicated index: 4, Committed index: 4, Last appended: 1.4, Last appended by leader: 4, Current term: 2, Majority size: 2, State: 0, Mode: LEADER, active raft config: opid_index: 4 OBSOLETE_local: false peers { permanent_uuid: "987a1a0927d243f387f1ad2ebdbecad2" member_type: VOTER last_known_addr { host: "127.31.131.1" port: 40415 } } peers { permanent_uuid: "4b49324e0e5e4ab29cb0276ea58126ef" member_type: VOTER last_known_addr { host: "127.31.131.2" port: 42137 } } peers { permanent_uuid: "2babed5ca7fc41fe86a2af876ae745d2" member_type: VOTER last_known_addr { host: "127.31.131.4" port: 39659 } attrs { promote: false } }
I20260710 13:27:33.326889   822 catalog_manager.cc:5697] T 0416f2cd997141d6ba1ab563a0f46044 P 2babed5ca7fc41fe86a2af876ae745d2 reported cstate change: term changed from 1 to 2, leader changed from 987a1a0927d243f387f1ad2ebdbecad2 (127.31.131.1) to 2babed5ca7fc41fe86a2af876ae745d2 (127.31.131.4). New cstate: current_term: 2 leader_uuid: "2babed5ca7fc41fe86a2af876ae745d2" committed_config { opid_index: 4 OBSOLETE_local: false peers { permanent_uuid: "987a1a0927d243f387f1ad2ebdbecad2" member_type: VOTER last_known_addr { host: "127.31.131.1" port: 40415 } health_report { overall_health: UNKNOWN } } peers { permanent_uuid: "4b49324e0e5e4ab29cb0276ea58126ef" member_type: VOTER last_known_addr { host: "127.31.131.2" port: 42137 } health_report { overall_health: UNKNOWN } } peers { permanent_uuid: "2babed5ca7fc41fe86a2af876ae745d2" member_type: VOTER last_known_addr { host: "127.31.131.4" port: 39659 } attrs { promote: false } health_report { overall_health: HEALTHY } } }
I20260710 13:27:33.392982  1726 raft_consensus.cc:993] T 1e7bdd31486b4ba9a7adc4c332bf1163 P 4b49324e0e5e4ab29cb0276ea58126ef: : Instructing follower 19dc170f45024b4f843a9caf1e26ada3 to start an election
I20260710 13:27:33.393464  1699 raft_consensus.cc:1081] T 1e7bdd31486b4ba9a7adc4c332bf1163 P 4b49324e0e5e4ab29cb0276ea58126ef [term 1 LEADER]: Signalling peer 19dc170f45024b4f843a9caf1e26ada3 to start an election
I20260710 13:27:33.394697  1070 tablet_service.cc:2044] Received Run Leader Election RPC: tablet_id: "1e7bdd31486b4ba9a7adc4c332bf1163"
dest_uuid: "19dc170f45024b4f843a9caf1e26ada3"
 from {username='slave'} at 127.0.0.1:59078
I20260710 13:27:33.395160  1070 raft_consensus.cc:493] T 1e7bdd31486b4ba9a7adc4c332bf1163 P 19dc170f45024b4f843a9caf1e26ada3 [term 1 FOLLOWER]: Starting forced leader election (received explicit request)
I20260710 13:27:33.395439  1070 raft_consensus.cc:3060] T 1e7bdd31486b4ba9a7adc4c332bf1163 P 19dc170f45024b4f843a9caf1e26ada3 [term 1 FOLLOWER]: Advancing to term 2
I20260710 13:27:33.400504  1070 raft_consensus.cc:515] T 1e7bdd31486b4ba9a7adc4c332bf1163 P 19dc170f45024b4f843a9caf1e26ada3 [term 2 FOLLOWER]: Starting forced leader election with config: opid_index: -1 OBSOLETE_local: false peers { permanent_uuid: "987a1a0927d243f387f1ad2ebdbecad2" member_type: VOTER last_known_addr { host: "127.31.131.1" port: 40415 } } peers { permanent_uuid: "4b49324e0e5e4ab29cb0276ea58126ef" member_type: VOTER last_known_addr { host: "127.31.131.2" port: 42137 } } peers { permanent_uuid: "19dc170f45024b4f843a9caf1e26ada3" member_type: VOTER last_known_addr { host: "127.31.131.3" port: 37599 } }
I20260710 13:27:33.401968  1070 leader_election.cc:290] T 1e7bdd31486b4ba9a7adc4c332bf1163 P 19dc170f45024b4f843a9caf1e26ada3 [CANDIDATE]: Term 2 election: Requested vote from peers 987a1a0927d243f387f1ad2ebdbecad2 (127.31.131.1:40415), 4b49324e0e5e4ab29cb0276ea58126ef (127.31.131.2:42137)
I20260710 13:27:33.402554   924 tablet_service.cc:1917] Received RequestConsensusVote() RPC: tablet_id: "1e7bdd31486b4ba9a7adc4c332bf1163" candidate_uuid: "19dc170f45024b4f843a9caf1e26ada3" candidate_term: 2 candidate_status { last_received { term: 1 index: 1 } } ignore_live_leader: true dest_uuid: "987a1a0927d243f387f1ad2ebdbecad2"
I20260710 13:27:33.402890   999 tablet_service.cc:1917] Received RequestConsensusVote() RPC: tablet_id: "1e7bdd31486b4ba9a7adc4c332bf1163" candidate_uuid: "19dc170f45024b4f843a9caf1e26ada3" candidate_term: 2 candidate_status { last_received { term: 1 index: 1 } } ignore_live_leader: true dest_uuid: "4b49324e0e5e4ab29cb0276ea58126ef"
I20260710 13:27:33.403106   924 raft_consensus.cc:3060] T 1e7bdd31486b4ba9a7adc4c332bf1163 P 987a1a0927d243f387f1ad2ebdbecad2 [term 1 FOLLOWER]: Advancing to term 2
I20260710 13:27:33.403367   999 raft_consensus.cc:3055] T 1e7bdd31486b4ba9a7adc4c332bf1163 P 4b49324e0e5e4ab29cb0276ea58126ef [term 1 LEADER]: Stepping down as leader of term 1
I20260710 13:27:33.403663   999 raft_consensus.cc:740] T 1e7bdd31486b4ba9a7adc4c332bf1163 P 4b49324e0e5e4ab29cb0276ea58126ef [term 1 LEADER]: Becoming Follower/Learner. State: Replica: 4b49324e0e5e4ab29cb0276ea58126ef, State: Running, Role: LEADER
I20260710 13:27:33.404227   999 consensus_queue.cc:260] T 1e7bdd31486b4ba9a7adc4c332bf1163 P 4b49324e0e5e4ab29cb0276ea58126ef [NON_LEADER]: Queue going to NON_LEADER mode. State: All replicated index: 0, Majority replicated index: 1, Committed index: 1, Last appended: 1.1, Last appended by leader: 1, Current term: 1, Majority size: -1, State: 0, Mode: NON_LEADER, active raft config: opid_index: -1 OBSOLETE_local: false peers { permanent_uuid: "987a1a0927d243f387f1ad2ebdbecad2" member_type: VOTER last_known_addr { host: "127.31.131.1" port: 40415 } } peers { permanent_uuid: "4b49324e0e5e4ab29cb0276ea58126ef" member_type: VOTER last_known_addr { host: "127.31.131.2" port: 42137 } } peers { permanent_uuid: "19dc170f45024b4f843a9caf1e26ada3" member_type: VOTER last_known_addr { host: "127.31.131.3" port: 37599 } }
I20260710 13:27:33.405022   999 raft_consensus.cc:3060] T 1e7bdd31486b4ba9a7adc4c332bf1163 P 4b49324e0e5e4ab29cb0276ea58126ef [term 1 FOLLOWER]: Advancing to term 2
I20260710 13:27:33.407984   924 raft_consensus.cc:2468] T 1e7bdd31486b4ba9a7adc4c332bf1163 P 987a1a0927d243f387f1ad2ebdbecad2 [term 2 FOLLOWER]: Leader election vote request: Granting yes vote for candidate 19dc170f45024b4f843a9caf1e26ada3 in term 2.
I20260710 13:27:33.409032  1042 leader_election.cc:304] T 1e7bdd31486b4ba9a7adc4c332bf1163 P 19dc170f45024b4f843a9caf1e26ada3 [CANDIDATE]: Term 2 election: Election decided. Result: candidate won. Election summary: received 2 responses out of 3 voters: 2 yes votes; 0 no votes. yes voters: 19dc170f45024b4f843a9caf1e26ada3, 987a1a0927d243f387f1ad2ebdbecad2; no voters: 
I20260710 13:27:33.409886  1641 raft_consensus.cc:2804] T 1e7bdd31486b4ba9a7adc4c332bf1163 P 19dc170f45024b4f843a9caf1e26ada3 [term 2 FOLLOWER]: Leader election won for term 2
I20260710 13:27:33.409976   999 raft_consensus.cc:2468] T 1e7bdd31486b4ba9a7adc4c332bf1163 P 4b49324e0e5e4ab29cb0276ea58126ef [term 2 FOLLOWER]: Leader election vote request: Granting yes vote for candidate 19dc170f45024b4f843a9caf1e26ada3 in term 2.
I20260710 13:27:33.411006  1641 raft_consensus.cc:697] T 1e7bdd31486b4ba9a7adc4c332bf1163 P 19dc170f45024b4f843a9caf1e26ada3 [term 2 LEADER]: Becoming Leader. State: Replica: 19dc170f45024b4f843a9caf1e26ada3, State: Running, Role: LEADER
I20260710 13:27:33.411774  1641 consensus_queue.cc:237] T 1e7bdd31486b4ba9a7adc4c332bf1163 P 19dc170f45024b4f843a9caf1e26ada3 [LEADER]: Queue going to LEADER mode. State: All replicated index: 0, Majority replicated index: 1, Committed index: 1, Last appended: 1.1, Last appended by leader: 1, Current term: 2, Majority size: 2, State: 0, Mode: LEADER, active raft config: opid_index: -1 OBSOLETE_local: false peers { permanent_uuid: "987a1a0927d243f387f1ad2ebdbecad2" member_type: VOTER last_known_addr { host: "127.31.131.1" port: 40415 } } peers { permanent_uuid: "4b49324e0e5e4ab29cb0276ea58126ef" member_type: VOTER last_known_addr { host: "127.31.131.2" port: 42137 } } peers { permanent_uuid: "19dc170f45024b4f843a9caf1e26ada3" member_type: VOTER last_known_addr { host: "127.31.131.3" port: 37599 } }
I20260710 13:27:33.419327   822 catalog_manager.cc:5697] T 1e7bdd31486b4ba9a7adc4c332bf1163 P 19dc170f45024b4f843a9caf1e26ada3 reported cstate change: term changed from 1 to 2, leader changed from 4b49324e0e5e4ab29cb0276ea58126ef (127.31.131.2) to 19dc170f45024b4f843a9caf1e26ada3 (127.31.131.3). New cstate: current_term: 2 leader_uuid: "19dc170f45024b4f843a9caf1e26ada3" committed_config { opid_index: -1 OBSOLETE_local: false peers { permanent_uuid: "987a1a0927d243f387f1ad2ebdbecad2" member_type: VOTER last_known_addr { host: "127.31.131.1" port: 40415 } health_report { overall_health: UNKNOWN } } peers { permanent_uuid: "4b49324e0e5e4ab29cb0276ea58126ef" member_type: VOTER last_known_addr { host: "127.31.131.2" port: 42137 } health_report { overall_health: UNKNOWN } } peers { permanent_uuid: "19dc170f45024b4f843a9caf1e26ada3" member_type: VOTER last_known_addr { host: "127.31.131.3" port: 37599 } health_report { overall_health: HEALTHY } } }
I20260710 13:27:33.545650   999 raft_consensus.cc:1275] T c21d09013a864debafa0b30e09839181 P 4b49324e0e5e4ab29cb0276ea58126ef [term 2 FOLLOWER]: Refusing update from remote peer 2babed5ca7fc41fe86a2af876ae745d2: Log matching property violated. Preceding OpId in replica: term: 1 index: 4. Preceding OpId from leader: term: 2 index: 5. (index mismatch)
I20260710 13:27:33.546782  1731 consensus_queue.cc:1048] T c21d09013a864debafa0b30e09839181 P 2babed5ca7fc41fe86a2af876ae745d2 [LEADER]: Connected to new peer: Peer: permanent_uuid: "4b49324e0e5e4ab29cb0276ea58126ef" member_type: VOTER last_known_addr { host: "127.31.131.2" port: 42137 }, Status: LMP_MISMATCH, Last received: 0.0, Next index: 5, Last known committed idx: 4, Time since last communication: 0.000s
I20260710 13:27:33.555867   924 raft_consensus.cc:1275] T c21d09013a864debafa0b30e09839181 P 987a1a0927d243f387f1ad2ebdbecad2 [term 2 FOLLOWER]: Refusing update from remote peer 2babed5ca7fc41fe86a2af876ae745d2: Log matching property violated. Preceding OpId in replica: term: 1 index: 4. Preceding OpId from leader: term: 2 index: 5. (index mismatch)
I20260710 13:27:33.557405  1731 consensus_queue.cc:1048] T c21d09013a864debafa0b30e09839181 P 2babed5ca7fc41fe86a2af876ae745d2 [LEADER]: Connected to new peer: Peer: permanent_uuid: "987a1a0927d243f387f1ad2ebdbecad2" member_type: VOTER last_known_addr { host: "127.31.131.1" port: 40415 }, Status: LMP_MISMATCH, Last received: 0.0, Next index: 5, Last known committed idx: 4, Time since last communication: 0.001s
I20260710 13:27:33.603420  1070 raft_consensus.cc:1275] T 277bfdf5a6ae47c4b372ba4203cb0fd7 P 19dc170f45024b4f843a9caf1e26ada3 [term 2 FOLLOWER]: Refusing update from remote peer 2babed5ca7fc41fe86a2af876ae745d2: Log matching property violated. Preceding OpId in replica: term: 1 index: 4. Preceding OpId from leader: term: 2 index: 5. (index mismatch)
I20260710 13:27:33.604617  1731 consensus_queue.cc:1048] T 277bfdf5a6ae47c4b372ba4203cb0fd7 P 2babed5ca7fc41fe86a2af876ae745d2 [LEADER]: Connected to new peer: Peer: permanent_uuid: "19dc170f45024b4f843a9caf1e26ada3" member_type: VOTER last_known_addr { host: "127.31.131.3" port: 37599 }, Status: LMP_MISMATCH, Last received: 0.0, Next index: 5, Last known committed idx: 4, Time since last communication: 0.000s
I20260710 13:27:33.613276   999 raft_consensus.cc:1275] T 277bfdf5a6ae47c4b372ba4203cb0fd7 P 4b49324e0e5e4ab29cb0276ea58126ef [term 2 FOLLOWER]: Refusing update from remote peer 2babed5ca7fc41fe86a2af876ae745d2: Log matching property violated. Preceding OpId in replica: term: 1 index: 4. Preceding OpId from leader: term: 2 index: 5. (index mismatch)
I20260710 13:27:33.614952  1731 consensus_queue.cc:1048] T 277bfdf5a6ae47c4b372ba4203cb0fd7 P 2babed5ca7fc41fe86a2af876ae745d2 [LEADER]: Connected to new peer: Peer: permanent_uuid: "4b49324e0e5e4ab29cb0276ea58126ef" member_type: VOTER last_known_addr { host: "127.31.131.2" port: 42137 }, Status: LMP_MISMATCH, Last received: 0.0, Next index: 5, Last known committed idx: 4, Time since last communication: 0.000s
I20260710 13:27:33.715133   999 raft_consensus.cc:1275] T 0416f2cd997141d6ba1ab563a0f46044 P 4b49324e0e5e4ab29cb0276ea58126ef [term 2 FOLLOWER]: Refusing update from remote peer 2babed5ca7fc41fe86a2af876ae745d2: Log matching property violated. Preceding OpId in replica: term: 1 index: 4. Preceding OpId from leader: term: 2 index: 5. (index mismatch)
I20260710 13:27:33.716385  1731 consensus_queue.cc:1048] T 0416f2cd997141d6ba1ab563a0f46044 P 2babed5ca7fc41fe86a2af876ae745d2 [LEADER]: Connected to new peer: Peer: permanent_uuid: "4b49324e0e5e4ab29cb0276ea58126ef" member_type: VOTER last_known_addr { host: "127.31.131.2" port: 42137 }, Status: LMP_MISMATCH, Last received: 0.0, Next index: 5, Last known committed idx: 4, Time since last communication: 0.000s
I20260710 13:27:33.719700  1070 raft_consensus.cc:1275] T f0d06633625a479cbdf89a45d7bfd8f1 P 19dc170f45024b4f843a9caf1e26ada3 [term 2 FOLLOWER]: Refusing update from remote peer 2babed5ca7fc41fe86a2af876ae745d2: Log matching property violated. Preceding OpId in replica: term: 1 index: 4. Preceding OpId from leader: term: 2 index: 5. (index mismatch)
I20260710 13:27:33.721231  1731 consensus_queue.cc:1048] T f0d06633625a479cbdf89a45d7bfd8f1 P 2babed5ca7fc41fe86a2af876ae745d2 [LEADER]: Connected to new peer: Peer: permanent_uuid: "19dc170f45024b4f843a9caf1e26ada3" member_type: VOTER last_known_addr { host: "127.31.131.3" port: 37599 }, Status: LMP_MISMATCH, Last received: 0.0, Next index: 5, Last known committed idx: 4, Time since last communication: 0.000s
I20260710 13:27:33.731802   924 raft_consensus.cc:1275] T 0416f2cd997141d6ba1ab563a0f46044 P 987a1a0927d243f387f1ad2ebdbecad2 [term 2 FOLLOWER]: Refusing update from remote peer 2babed5ca7fc41fe86a2af876ae745d2: Log matching property violated. Preceding OpId in replica: term: 1 index: 4. Preceding OpId from leader: term: 2 index: 5. (index mismatch)
I20260710 13:27:33.735940   999 raft_consensus.cc:1275] T f0d06633625a479cbdf89a45d7bfd8f1 P 4b49324e0e5e4ab29cb0276ea58126ef [term 2 FOLLOWER]: Refusing update from remote peer 2babed5ca7fc41fe86a2af876ae745d2: Log matching property violated. Preceding OpId in replica: term: 1 index: 4. Preceding OpId from leader: term: 2 index: 5. (index mismatch)
I20260710 13:27:33.736353  1732 consensus_queue.cc:1048] T 0416f2cd997141d6ba1ab563a0f46044 P 2babed5ca7fc41fe86a2af876ae745d2 [LEADER]: Connected to new peer: Peer: permanent_uuid: "987a1a0927d243f387f1ad2ebdbecad2" member_type: VOTER last_known_addr { host: "127.31.131.1" port: 40415 }, Status: LMP_MISMATCH, Last received: 0.0, Next index: 5, Last known committed idx: 4, Time since last communication: 0.001s
I20260710 13:27:33.737470  1731 consensus_queue.cc:1048] T f0d06633625a479cbdf89a45d7bfd8f1 P 2babed5ca7fc41fe86a2af876ae745d2 [LEADER]: Connected to new peer: Peer: permanent_uuid: "4b49324e0e5e4ab29cb0276ea58126ef" member_type: VOTER last_known_addr { host: "127.31.131.2" port: 42137 }, Status: LMP_MISMATCH, Last received: 0.0, Next index: 5, Last known committed idx: 4, Time since last communication: 0.001s
I20260710 13:27:33.814180   999 raft_consensus.cc:1275] T 2b7e0cbaaa4d40f89eaa5b0f9bbdda8d P 4b49324e0e5e4ab29cb0276ea58126ef [term 2 FOLLOWER]: Refusing update from remote peer 2babed5ca7fc41fe86a2af876ae745d2: Log matching property violated. Preceding OpId in replica: term: 1 index: 4. Preceding OpId from leader: term: 2 index: 5. (index mismatch)
I20260710 13:27:33.815361  1756 consensus_queue.cc:1048] T 2b7e0cbaaa4d40f89eaa5b0f9bbdda8d P 2babed5ca7fc41fe86a2af876ae745d2 [LEADER]: Connected to new peer: Peer: permanent_uuid: "4b49324e0e5e4ab29cb0276ea58126ef" member_type: VOTER last_known_addr { host: "127.31.131.2" port: 42137 }, Status: LMP_MISMATCH, Last received: 0.0, Next index: 5, Last known committed idx: 4, Time since last communication: 0.000s
I20260710 13:27:33.824287   924 raft_consensus.cc:1275] T 2b7e0cbaaa4d40f89eaa5b0f9bbdda8d P 987a1a0927d243f387f1ad2ebdbecad2 [term 2 FOLLOWER]: Refusing update from remote peer 2babed5ca7fc41fe86a2af876ae745d2: Log matching property violated. Preceding OpId in replica: term: 1 index: 4. Preceding OpId from leader: term: 2 index: 5. (index mismatch)
I20260710 13:27:33.825965  1755 consensus_queue.cc:1048] T 2b7e0cbaaa4d40f89eaa5b0f9bbdda8d P 2babed5ca7fc41fe86a2af876ae745d2 [LEADER]: Connected to new peer: Peer: permanent_uuid: "987a1a0927d243f387f1ad2ebdbecad2" member_type: VOTER last_known_addr { host: "127.31.131.1" port: 40415 }, Status: LMP_MISMATCH, Last received: 0.0, Next index: 5, Last known committed idx: 4, Time since last communication: 0.001s
I20260710 13:27:33.917465   924 raft_consensus.cc:1275] T 1e7bdd31486b4ba9a7adc4c332bf1163 P 987a1a0927d243f387f1ad2ebdbecad2 [term 2 FOLLOWER]: Refusing update from remote peer 19dc170f45024b4f843a9caf1e26ada3: Log matching property violated. Preceding OpId in replica: term: 1 index: 1. Preceding OpId from leader: term: 2 index: 2. (index mismatch)
I20260710 13:27:33.918658  1641 consensus_queue.cc:1048] T 1e7bdd31486b4ba9a7adc4c332bf1163 P 19dc170f45024b4f843a9caf1e26ada3 [LEADER]: Connected to new peer: Peer: permanent_uuid: "987a1a0927d243f387f1ad2ebdbecad2" member_type: VOTER last_known_addr { host: "127.31.131.1" port: 40415 }, Status: LMP_MISMATCH, Last received: 0.0, Next index: 2, Last known committed idx: 1, Time since last communication: 0.000s
I20260710 13:27:33.928493   999 raft_consensus.cc:1275] T 1e7bdd31486b4ba9a7adc4c332bf1163 P 4b49324e0e5e4ab29cb0276ea58126ef [term 2 FOLLOWER]: Refusing update from remote peer 19dc170f45024b4f843a9caf1e26ada3: Log matching property violated. Preceding OpId in replica: term: 1 index: 1. Preceding OpId from leader: term: 2 index: 2. (index mismatch)
I20260710 13:27:33.932024  1763 consensus_queue.cc:1048] T 1e7bdd31486b4ba9a7adc4c332bf1163 P 19dc170f45024b4f843a9caf1e26ada3 [LEADER]: Connected to new peer: Peer: permanent_uuid: "4b49324e0e5e4ab29cb0276ea58126ef" member_type: VOTER last_known_addr { host: "127.31.131.2" port: 42137 }, Status: LMP_MISMATCH, Last received: 0.0, Next index: 2, Last known committed idx: 1, Time since last communication: 0.001s
I20260710 13:27:34.016517 32268 auto_leader_rebalancer.cc:141] leader rebalance for table test-workload
I20260710 13:27:34.031744 32268 auto_leader_rebalancer.cc:141] leader rebalance for table test-workload
I20260710 13:27:34.045970   924 tablet_service.cc:2072] Received LeaderStepDown RPC: tablet_id: "1cab70d850de44b98247d4c91eff117b"
dest_uuid: "987a1a0927d243f387f1ad2ebdbecad2"
mode: GRACEFUL
new_leader_uuid: "2babed5ca7fc41fe86a2af876ae745d2"
 from {username='slave'} at 127.0.0.1:60254
I20260710 13:27:34.046514   924 raft_consensus.cc:606] T 1cab70d850de44b98247d4c91eff117b P 987a1a0927d243f387f1ad2ebdbecad2 [term 1 LEADER]: Received request to transfer leadership to TS 2babed5ca7fc41fe86a2af876ae745d2
I20260710 13:27:34.048657   924 tablet_service.cc:2072] Received LeaderStepDown RPC: tablet_id: "c1ad8e3c22494963b7d5ddc6b673b7a4"
dest_uuid: "987a1a0927d243f387f1ad2ebdbecad2"
mode: GRACEFUL
new_leader_uuid: "19dc170f45024b4f843a9caf1e26ada3"
 from {username='slave'} at 127.0.0.1:60254
I20260710 13:27:34.049067   924 raft_consensus.cc:606] T c1ad8e3c22494963b7d5ddc6b673b7a4 P 987a1a0927d243f387f1ad2ebdbecad2 [term 1 LEADER]: Received request to transfer leadership to TS 19dc170f45024b4f843a9caf1e26ada3
I20260710 13:27:34.049960 32268 auto_leader_rebalancer.cc:479] table: test-workload, leader rebalance finish, leader transfer count: 2
I20260710 13:27:34.050638 32268 auto_leader_rebalancer.cc:554] All tables' leader rebalancing finished this round
I20260710 13:27:34.233147  1727 raft_consensus.cc:993] T 1cab70d850de44b98247d4c91eff117b P 987a1a0927d243f387f1ad2ebdbecad2: : Instructing follower 2babed5ca7fc41fe86a2af876ae745d2 to start an election
I20260710 13:27:34.233630  1725 raft_consensus.cc:1081] T 1cab70d850de44b98247d4c91eff117b P 987a1a0927d243f387f1ad2ebdbecad2 [term 1 LEADER]: Signalling peer 2babed5ca7fc41fe86a2af876ae745d2 to start an election
I20260710 13:27:34.235145  1356 tablet_service.cc:2044] Received Run Leader Election RPC: tablet_id: "1cab70d850de44b98247d4c91eff117b"
dest_uuid: "2babed5ca7fc41fe86a2af876ae745d2"
 from {username='slave'} at 127.0.0.1:55430
I20260710 13:27:34.235569  1356 raft_consensus.cc:493] T 1cab70d850de44b98247d4c91eff117b P 2babed5ca7fc41fe86a2af876ae745d2 [term 1 FOLLOWER]: Starting forced leader election (received explicit request)
I20260710 13:27:34.235857  1356 raft_consensus.cc:3060] T 1cab70d850de44b98247d4c91eff117b P 2babed5ca7fc41fe86a2af876ae745d2 [term 1 FOLLOWER]: Advancing to term 2
I20260710 13:27:34.240612  1356 raft_consensus.cc:515] T 1cab70d850de44b98247d4c91eff117b P 2babed5ca7fc41fe86a2af876ae745d2 [term 2 FOLLOWER]: Starting forced leader election with config: opid_index: 4 OBSOLETE_local: false peers { permanent_uuid: "987a1a0927d243f387f1ad2ebdbecad2" member_type: VOTER last_known_addr { host: "127.31.131.1" port: 40415 } } peers { permanent_uuid: "4b49324e0e5e4ab29cb0276ea58126ef" member_type: VOTER last_known_addr { host: "127.31.131.2" port: 42137 } } peers { permanent_uuid: "2babed5ca7fc41fe86a2af876ae745d2" member_type: VOTER last_known_addr { host: "127.31.131.4" port: 39659 } attrs { promote: false } }
