I20260710 13:26:58.948709   664 raft_consensus.cc:515] T b03c3b2838e94f05953cbbfafff5f1f9 P 3c9945d9a4a640f7bf539dd15242a78c [term 0 FOLLOWER]: Starting pre-election with config: opid_index: -1 OBSOLETE_local: false peers { permanent_uuid: "e4a2ef6fba034a6f9eb0e208aff99bb8" member_type: VOTER last_known_addr { host: "127.31.131.1" port: 44261 } } peers { permanent_uuid: "1d38060c1eb24ac597ec47a72db4a6ae" member_type: VOTER last_known_addr { host: "127.31.131.2" port: 39699 } } peers { permanent_uuid: "3c9945d9a4a640f7bf539dd15242a78c" member_type: VOTER last_known_addr { host: "127.31.131.3" port: 34855 } }
I20260710 13:26:58.950441   664 leader_election.cc:290] T b03c3b2838e94f05953cbbfafff5f1f9 P 3c9945d9a4a640f7bf539dd15242a78c [CANDIDATE]: Term 1 pre-election: Requested pre-vote from peers e4a2ef6fba034a6f9eb0e208aff99bb8 (127.31.131.1:44261), 1d38060c1eb24ac597ec47a72db4a6ae (127.31.131.2:39699)
I20260710 13:26:58.951385   435 tablet_service.cc:1917] Received RequestConsensusVote() RPC: tablet_id: "b03c3b2838e94f05953cbbfafff5f1f9" candidate_uuid: "3c9945d9a4a640f7bf539dd15242a78c" candidate_term: 1 candidate_status { last_received { term: 0 index: 0 } } ignore_live_leader: false dest_uuid: "e4a2ef6fba034a6f9eb0e208aff99bb8" is_pre_election: true
I20260710 13:26:58.951443   512 tablet_service.cc:1917] Received RequestConsensusVote() RPC: tablet_id: "b03c3b2838e94f05953cbbfafff5f1f9" candidate_uuid: "3c9945d9a4a640f7bf539dd15242a78c" candidate_term: 1 candidate_status { last_received { term: 0 index: 0 } } ignore_live_leader: false dest_uuid: "1d38060c1eb24ac597ec47a72db4a6ae" is_pre_election: true
I20260710 13:26:58.952220   435 raft_consensus.cc:2468] T b03c3b2838e94f05953cbbfafff5f1f9 P e4a2ef6fba034a6f9eb0e208aff99bb8 [term 0 FOLLOWER]: Leader pre-election vote request: Granting yes vote for candidate 3c9945d9a4a640f7bf539dd15242a78c in term 0.
I20260710 13:26:58.952310   512 raft_consensus.cc:2468] T b03c3b2838e94f05953cbbfafff5f1f9 P 1d38060c1eb24ac597ec47a72db4a6ae [term 0 FOLLOWER]: Leader pre-election vote request: Granting yes vote for candidate 3c9945d9a4a640f7bf539dd15242a78c in term 0.
I20260710 13:26:58.953189   553 leader_election.cc:304] T b03c3b2838e94f05953cbbfafff5f1f9 P 3c9945d9a4a640f7bf539dd15242a78c [CANDIDATE]: Term 1 pre-election: Election decided. Result: candidate won. Election summary: received 2 responses out of 3 voters: 2 yes votes; 0 no votes. yes voters: 3c9945d9a4a640f7bf539dd15242a78c, e4a2ef6fba034a6f9eb0e208aff99bb8; no voters: 
I20260710 13:26:58.953835   664 raft_consensus.cc:2804] T b03c3b2838e94f05953cbbfafff5f1f9 P 3c9945d9a4a640f7bf539dd15242a78c [term 0 FOLLOWER]: Leader pre-election won for term 1
I20260710 13:26:58.954097   664 raft_consensus.cc:493] T b03c3b2838e94f05953cbbfafff5f1f9 P 3c9945d9a4a640f7bf539dd15242a78c [term 0 FOLLOWER]: Starting leader election (no leader contacted us within the election timeout)
I20260710 13:26:58.954365   664 raft_consensus.cc:3060] T b03c3b2838e94f05953cbbfafff5f1f9 P 3c9945d9a4a640f7bf539dd15242a78c [term 0 FOLLOWER]: Advancing to term 1
I20260710 13:26:58.959793   664 raft_consensus.cc:515] T b03c3b2838e94f05953cbbfafff5f1f9 P 3c9945d9a4a640f7bf539dd15242a78c [term 1 FOLLOWER]: Starting leader election with config: opid_index: -1 OBSOLETE_local: false peers { permanent_uuid: "e4a2ef6fba034a6f9eb0e208aff99bb8" member_type: VOTER last_known_addr { host: "127.31.131.1" port: 44261 } } peers { permanent_uuid: "1d38060c1eb24ac597ec47a72db4a6ae" member_type: VOTER last_known_addr { host: "127.31.131.2" port: 39699 } } peers { permanent_uuid: "3c9945d9a4a640f7bf539dd15242a78c" member_type: VOTER last_known_addr { host: "127.31.131.3" port: 34855 } }
I20260710 13:26:58.961326   664 leader_election.cc:290] T b03c3b2838e94f05953cbbfafff5f1f9 P 3c9945d9a4a640f7bf539dd15242a78c [CANDIDATE]: Term 1 election: Requested vote from peers e4a2ef6fba034a6f9eb0e208aff99bb8 (127.31.131.1:44261), 1d38060c1eb24ac597ec47a72db4a6ae (127.31.131.2:39699)
I20260710 13:26:58.962251   435 tablet_service.cc:1917] Received RequestConsensusVote() RPC: tablet_id: "b03c3b2838e94f05953cbbfafff5f1f9" candidate_uuid: "3c9945d9a4a640f7bf539dd15242a78c" candidate_term: 1 candidate_status { last_received { term: 0 index: 0 } } ignore_live_leader: false dest_uuid: "e4a2ef6fba034a6f9eb0e208aff99bb8"
I20260710 13:26:58.962374   512 tablet_service.cc:1917] Received RequestConsensusVote() RPC: tablet_id: "b03c3b2838e94f05953cbbfafff5f1f9" candidate_uuid: "3c9945d9a4a640f7bf539dd15242a78c" candidate_term: 1 candidate_status { last_received { term: 0 index: 0 } } ignore_live_leader: false dest_uuid: "1d38060c1eb24ac597ec47a72db4a6ae"
I20260710 13:26:58.962908   435 raft_consensus.cc:3060] T b03c3b2838e94f05953cbbfafff5f1f9 P e4a2ef6fba034a6f9eb0e208aff99bb8 [term 0 FOLLOWER]: Advancing to term 1
I20260710 13:26:58.962983   512 raft_consensus.cc:3060] T b03c3b2838e94f05953cbbfafff5f1f9 P 1d38060c1eb24ac597ec47a72db4a6ae [term 0 FOLLOWER]: Advancing to term 1
I20260710 13:26:58.967378   435 raft_consensus.cc:2468] T b03c3b2838e94f05953cbbfafff5f1f9 P e4a2ef6fba034a6f9eb0e208aff99bb8 [term 1 FOLLOWER]: Leader election vote request: Granting yes vote for candidate 3c9945d9a4a640f7bf539dd15242a78c in term 1.
I20260710 13:26:58.967375   512 raft_consensus.cc:2468] T b03c3b2838e94f05953cbbfafff5f1f9 P 1d38060c1eb24ac597ec47a72db4a6ae [term 1 FOLLOWER]: Leader election vote request: Granting yes vote for candidate 3c9945d9a4a640f7bf539dd15242a78c in term 1.
I20260710 13:26:58.968484   553 leader_election.cc:304] T b03c3b2838e94f05953cbbfafff5f1f9 P 3c9945d9a4a640f7bf539dd15242a78c [CANDIDATE]: Term 1 election: Election decided. Result: candidate won. Election summary: received 2 responses out of 3 voters: 2 yes votes; 0 no votes. yes voters: 3c9945d9a4a640f7bf539dd15242a78c, e4a2ef6fba034a6f9eb0e208aff99bb8; no voters: 
I20260710 13:26:58.969134   664 raft_consensus.cc:2804] T b03c3b2838e94f05953cbbfafff5f1f9 P 3c9945d9a4a640f7bf539dd15242a78c [term 1 FOLLOWER]: Leader election won for term 1
I20260710 13:26:58.969602   664 raft_consensus.cc:697] T b03c3b2838e94f05953cbbfafff5f1f9 P 3c9945d9a4a640f7bf539dd15242a78c [term 1 LEADER]: Becoming Leader. State: Replica: 3c9945d9a4a640f7bf539dd15242a78c, State: Running, Role: LEADER
I20260710 13:26:58.970368   664 consensus_queue.cc:237] T b03c3b2838e94f05953cbbfafff5f1f9 P 3c9945d9a4a640f7bf539dd15242a78c [LEADER]: Queue going to LEADER mode. State: All replicated index: 0, Majority replicated index: 0, Committed index: 0, Last appended: 0.0, Last appended by leader: 0, Current term: 1, Majority size: 2, State: 0, Mode: LEADER, active raft config: opid_index: -1 OBSOLETE_local: false peers { permanent_uuid: "e4a2ef6fba034a6f9eb0e208aff99bb8" member_type: VOTER last_known_addr { host: "127.31.131.1" port: 44261 } } peers { permanent_uuid: "1d38060c1eb24ac597ec47a72db4a6ae" member_type: VOTER last_known_addr { host: "127.31.131.2" port: 39699 } } peers { permanent_uuid: "3c9945d9a4a640f7bf539dd15242a78c" member_type: VOTER last_known_addr { host: "127.31.131.3" port: 34855 } }
I20260710 13:26:58.976641   331 catalog_manager.cc:5697] T b03c3b2838e94f05953cbbfafff5f1f9 P 3c9945d9a4a640f7bf539dd15242a78c reported cstate change: term changed from 0 to 1, leader changed from <none> to 3c9945d9a4a640f7bf539dd15242a78c (127.31.131.3). New cstate: current_term: 1 leader_uuid: "3c9945d9a4a640f7bf539dd15242a78c" committed_config { opid_index: -1 OBSOLETE_local: false peers { permanent_uuid: "e4a2ef6fba034a6f9eb0e208aff99bb8" member_type: VOTER last_known_addr { host: "127.31.131.1" port: 44261 } health_report { overall_health: UNKNOWN } } peers { permanent_uuid: "1d38060c1eb24ac597ec47a72db4a6ae" member_type: VOTER last_known_addr { host: "127.31.131.2" port: 39699 } health_report { overall_health: UNKNOWN } } peers { permanent_uuid: "3c9945d9a4a640f7bf539dd15242a78c" member_type: VOTER last_known_addr { host: "127.31.131.3" port: 34855 } health_report { overall_health: HEALTHY } } }
I20260710 13:26:59.008701   633 consensus_queue.cc:1048] T a6c2bcc8917340e8baeba788873cbed0 P e4a2ef6fba034a6f9eb0e208aff99bb8 [LEADER]: Connected to new peer: Peer: permanent_uuid: "1d38060c1eb24ac597ec47a72db4a6ae" member_type: VOTER last_known_addr { host: "127.31.131.2" port: 39699 }, Status: LMP_MISMATCH, Last received: 0.0, Next index: 1, Last known committed idx: 0, Time since last communication: 0.000s
I20260710 13:26:59.020733   667 consensus_queue.cc:1048] T a6c2bcc8917340e8baeba788873cbed0 P e4a2ef6fba034a6f9eb0e208aff99bb8 [LEADER]: Connected to new peer: Peer: permanent_uuid: "3c9945d9a4a640f7bf539dd15242a78c" member_type: VOTER last_known_addr { host: "127.31.131.3" port: 34855 }, Status: LMP_MISMATCH, Last received: 0.0, Next index: 1, Last known committed idx: 0, Time since last communication: 0.001s
I20260710 13:26:59.034998   664 raft_consensus.cc:493] T eef7823e59cc4bc79ce6385b4f40dbd1 P 3c9945d9a4a640f7bf539dd15242a78c [term 0 FOLLOWER]: Starting pre-election (no leader contacted us within the election timeout)
I20260710 13:26:59.035413   664 raft_consensus.cc:515] T eef7823e59cc4bc79ce6385b4f40dbd1 P 3c9945d9a4a640f7bf539dd15242a78c [term 0 FOLLOWER]: Starting pre-election with config: opid_index: -1 OBSOLETE_local: false peers { permanent_uuid: "e4a2ef6fba034a6f9eb0e208aff99bb8" member_type: VOTER last_known_addr { host: "127.31.131.1" port: 44261 } } peers { permanent_uuid: "1d38060c1eb24ac597ec47a72db4a6ae" member_type: VOTER last_known_addr { host: "127.31.131.2" port: 39699 } } peers { permanent_uuid: "3c9945d9a4a640f7bf539dd15242a78c" member_type: VOTER last_known_addr { host: "127.31.131.3" port: 34855 } }
I20260710 13:26:59.037149   664 leader_election.cc:290] T eef7823e59cc4bc79ce6385b4f40dbd1 P 3c9945d9a4a640f7bf539dd15242a78c [CANDIDATE]: Term 1 pre-election: Requested pre-vote from peers e4a2ef6fba034a6f9eb0e208aff99bb8 (127.31.131.1:44261), 1d38060c1eb24ac597ec47a72db4a6ae (127.31.131.2:39699)
I20260710 13:26:59.037704   435 tablet_service.cc:1917] Received RequestConsensusVote() RPC: tablet_id: "eef7823e59cc4bc79ce6385b4f40dbd1" candidate_uuid: "3c9945d9a4a640f7bf539dd15242a78c" candidate_term: 1 candidate_status { last_received { term: 0 index: 0 } } ignore_live_leader: false dest_uuid: "e4a2ef6fba034a6f9eb0e208aff99bb8" is_pre_election: true
I20260710 13:26:59.038084   512 tablet_service.cc:1917] Received RequestConsensusVote() RPC: tablet_id: "eef7823e59cc4bc79ce6385b4f40dbd1" candidate_uuid: "3c9945d9a4a640f7bf539dd15242a78c" candidate_term: 1 candidate_status { last_received { term: 0 index: 0 } } ignore_live_leader: false dest_uuid: "1d38060c1eb24ac597ec47a72db4a6ae" is_pre_election: true
I20260710 13:26:59.038381   435 raft_consensus.cc:2468] T eef7823e59cc4bc79ce6385b4f40dbd1 P e4a2ef6fba034a6f9eb0e208aff99bb8 [term 0 FOLLOWER]: Leader pre-election vote request: Granting yes vote for candidate 3c9945d9a4a640f7bf539dd15242a78c in term 0.
I20260710 13:26:59.038707   512 raft_consensus.cc:2468] T eef7823e59cc4bc79ce6385b4f40dbd1 P 1d38060c1eb24ac597ec47a72db4a6ae [term 0 FOLLOWER]: Leader pre-election vote request: Granting yes vote for candidate 3c9945d9a4a640f7bf539dd15242a78c in term 0.
I20260710 13:26:59.039387   553 leader_election.cc:304] T eef7823e59cc4bc79ce6385b4f40dbd1 P 3c9945d9a4a640f7bf539dd15242a78c [CANDIDATE]: Term 1 pre-election: Election decided. Result: candidate won. Election summary: received 2 responses out of 3 voters: 2 yes votes; 0 no votes. yes voters: 3c9945d9a4a640f7bf539dd15242a78c, e4a2ef6fba034a6f9eb0e208aff99bb8; no voters: 
I20260710 13:26:59.040130   664 raft_consensus.cc:2804] T eef7823e59cc4bc79ce6385b4f40dbd1 P 3c9945d9a4a640f7bf539dd15242a78c [term 0 FOLLOWER]: Leader pre-election won for term 1
I20260710 13:26:59.040438   664 raft_consensus.cc:493] T eef7823e59cc4bc79ce6385b4f40dbd1 P 3c9945d9a4a640f7bf539dd15242a78c [term 0 FOLLOWER]: Starting leader election (no leader contacted us within the election timeout)
I20260710 13:26:59.040661   664 raft_consensus.cc:3060] T eef7823e59cc4bc79ce6385b4f40dbd1 P 3c9945d9a4a640f7bf539dd15242a78c [term 0 FOLLOWER]: Advancing to term 1
I20260710 13:26:59.045034   664 raft_consensus.cc:515] T eef7823e59cc4bc79ce6385b4f40dbd1 P 3c9945d9a4a640f7bf539dd15242a78c [term 1 FOLLOWER]: Starting leader election with config: opid_index: -1 OBSOLETE_local: false peers { permanent_uuid: "e4a2ef6fba034a6f9eb0e208aff99bb8" member_type: VOTER last_known_addr { host: "127.31.131.1" port: 44261 } } peers { permanent_uuid: "1d38060c1eb24ac597ec47a72db4a6ae" member_type: VOTER last_known_addr { host: "127.31.131.2" port: 39699 } } peers { permanent_uuid: "3c9945d9a4a640f7bf539dd15242a78c" member_type: VOTER last_known_addr { host: "127.31.131.3" port: 34855 } }
I20260710 13:26:59.046600   664 leader_election.cc:290] T eef7823e59cc4bc79ce6385b4f40dbd1 P 3c9945d9a4a640f7bf539dd15242a78c [CANDIDATE]: Term 1 election: Requested vote from peers e4a2ef6fba034a6f9eb0e208aff99bb8 (127.31.131.1:44261), 1d38060c1eb24ac597ec47a72db4a6ae (127.31.131.2:39699)
I20260710 13:26:59.047180   435 tablet_service.cc:1917] Received RequestConsensusVote() RPC: tablet_id: "eef7823e59cc4bc79ce6385b4f40dbd1" candidate_uuid: "3c9945d9a4a640f7bf539dd15242a78c" candidate_term: 1 candidate_status { last_received { term: 0 index: 0 } } ignore_live_leader: false dest_uuid: "e4a2ef6fba034a6f9eb0e208aff99bb8"
I20260710 13:26:59.047480   512 tablet_service.cc:1917] Received RequestConsensusVote() RPC: tablet_id: "eef7823e59cc4bc79ce6385b4f40dbd1" candidate_uuid: "3c9945d9a4a640f7bf539dd15242a78c" candidate_term: 1 candidate_status { last_received { term: 0 index: 0 } } ignore_live_leader: false dest_uuid: "1d38060c1eb24ac597ec47a72db4a6ae"
I20260710 13:26:59.047642   435 raft_consensus.cc:3060] T eef7823e59cc4bc79ce6385b4f40dbd1 P e4a2ef6fba034a6f9eb0e208aff99bb8 [term 0 FOLLOWER]: Advancing to term 1
I20260710 13:26:59.047952   512 raft_consensus.cc:3060] T eef7823e59cc4bc79ce6385b4f40dbd1 P 1d38060c1eb24ac597ec47a72db4a6ae [term 0 FOLLOWER]: Advancing to term 1
I20260710 13:26:59.052078   435 raft_consensus.cc:2468] T eef7823e59cc4bc79ce6385b4f40dbd1 P e4a2ef6fba034a6f9eb0e208aff99bb8 [term 1 FOLLOWER]: Leader election vote request: Granting yes vote for candidate 3c9945d9a4a640f7bf539dd15242a78c in term 1.
I20260710 13:26:59.052083   512 raft_consensus.cc:2468] T eef7823e59cc4bc79ce6385b4f40dbd1 P 1d38060c1eb24ac597ec47a72db4a6ae [term 1 FOLLOWER]: Leader election vote request: Granting yes vote for candidate 3c9945d9a4a640f7bf539dd15242a78c in term 1.
I20260710 13:26:59.053069   553 leader_election.cc:304] T eef7823e59cc4bc79ce6385b4f40dbd1 P 3c9945d9a4a640f7bf539dd15242a78c [CANDIDATE]: Term 1 election: Election decided. Result: candidate won. Election summary: received 2 responses out of 3 voters: 2 yes votes; 0 no votes. yes voters: 3c9945d9a4a640f7bf539dd15242a78c, e4a2ef6fba034a6f9eb0e208aff99bb8; no voters: 
I20260710 13:26:59.053674   664 raft_consensus.cc:2804] T eef7823e59cc4bc79ce6385b4f40dbd1 P 3c9945d9a4a640f7bf539dd15242a78c [term 1 FOLLOWER]: Leader election won for term 1
I20260710 13:26:59.054073   664 raft_consensus.cc:697] T eef7823e59cc4bc79ce6385b4f40dbd1 P 3c9945d9a4a640f7bf539dd15242a78c [term 1 LEADER]: Becoming Leader. State: Replica: 3c9945d9a4a640f7bf539dd15242a78c, State: Running, Role: LEADER
I20260710 13:26:59.054690   664 consensus_queue.cc:237] T eef7823e59cc4bc79ce6385b4f40dbd1 P 3c9945d9a4a640f7bf539dd15242a78c [LEADER]: Queue going to LEADER mode. State: All replicated index: 0, Majority replicated index: 0, Committed index: 0, Last appended: 0.0, Last appended by leader: 0, Current term: 1, Majority size: 2, State: 0, Mode: LEADER, active raft config: opid_index: -1 OBSOLETE_local: false peers { permanent_uuid: "e4a2ef6fba034a6f9eb0e208aff99bb8" member_type: VOTER last_known_addr { host: "127.31.131.1" port: 44261 } } peers { permanent_uuid: "1d38060c1eb24ac597ec47a72db4a6ae" member_type: VOTER last_known_addr { host: "127.31.131.2" port: 39699 } } peers { permanent_uuid: "3c9945d9a4a640f7bf539dd15242a78c" member_type: VOTER last_known_addr { host: "127.31.131.3" port: 34855 } }
I20260710 13:26:59.061390   333 catalog_manager.cc:5697] T eef7823e59cc4bc79ce6385b4f40dbd1 P 3c9945d9a4a640f7bf539dd15242a78c reported cstate change: term changed from 0 to 1, leader changed from <none> to 3c9945d9a4a640f7bf539dd15242a78c (127.31.131.3). New cstate: current_term: 1 leader_uuid: "3c9945d9a4a640f7bf539dd15242a78c" committed_config { opid_index: -1 OBSOLETE_local: false peers { permanent_uuid: "e4a2ef6fba034a6f9eb0e208aff99bb8" member_type: VOTER last_known_addr { host: "127.31.131.1" port: 44261 } health_report { overall_health: UNKNOWN } } peers { permanent_uuid: "1d38060c1eb24ac597ec47a72db4a6ae" member_type: VOTER last_known_addr { host: "127.31.131.2" port: 39699 } health_report { overall_health: UNKNOWN } } peers { permanent_uuid: "3c9945d9a4a640f7bf539dd15242a78c" member_type: VOTER last_known_addr { host: "127.31.131.3" port: 34855 } health_report { overall_health: HEALTHY } } }
I20260710 13:26:59.134194   669 consensus_queue.cc:1048] T 474cccb8145d4556a7ddf93e5c708b9a P 1d38060c1eb24ac597ec47a72db4a6ae [LEADER]: Connected to new peer: Peer: permanent_uuid: "3c9945d9a4a640f7bf539dd15242a78c" member_type: VOTER last_known_addr { host: "127.31.131.3" port: 34855 }, Status: LMP_MISMATCH, Last received: 0.0, Next index: 1, Last known committed idx: 0, Time since last communication: 0.000s
I20260710 13:26:59.144338   632 consensus_queue.cc:1048] T 474cccb8145d4556a7ddf93e5c708b9a P 1d38060c1eb24ac597ec47a72db4a6ae [LEADER]: Connected to new peer: Peer: permanent_uuid: "e4a2ef6fba034a6f9eb0e208aff99bb8" member_type: VOTER last_known_addr { host: "127.31.131.1" port: 44261 }, Status: LMP_MISMATCH, Last received: 0.0, Next index: 1, Last known committed idx: 0, Time since last communication: 0.000s
I20260710 13:26:59.215850   632 consensus_queue.cc:1048] T 065e7474874b4d5ab657b8be9c576e0f P 1d38060c1eb24ac597ec47a72db4a6ae [LEADER]: Connected to new peer: Peer: permanent_uuid: "e4a2ef6fba034a6f9eb0e208aff99bb8" member_type: VOTER last_known_addr { host: "127.31.131.1" port: 44261 }, Status: LMP_MISMATCH, Last received: 0.0, Next index: 1, Last known committed idx: 0, Time since last communication: 0.000s
I20260710 13:26:59.216948   672 consensus_queue.cc:1048] T 065e7474874b4d5ab657b8be9c576e0f P 1d38060c1eb24ac597ec47a72db4a6ae [LEADER]: Connected to new peer: Peer: permanent_uuid: "3c9945d9a4a640f7bf539dd15242a78c" member_type: VOTER last_known_addr { host: "127.31.131.3" port: 34855 }, Status: LMP_MISMATCH, Last received: 0.0, Next index: 1, Last known committed idx: 0, Time since last communication: 0.000s
I20260710 13:26:59.227653   664 consensus_queue.cc:1048] T 1b3195ad5a24410f9f2cfa9fb7ff923c P 3c9945d9a4a640f7bf539dd15242a78c [LEADER]: Connected to new peer: Peer: permanent_uuid: "e4a2ef6fba034a6f9eb0e208aff99bb8" member_type: VOTER last_known_addr { host: "127.31.131.1" port: 44261 }, Status: LMP_MISMATCH, Last received: 0.0, Next index: 1, Last known committed idx: 0, Time since last communication: 0.000s
I20260710 13:26:59.228427   587 raft_consensus.cc:3060] T 02246139d5984ae8a5d81d1388f8e32c P 3c9945d9a4a640f7bf539dd15242a78c [term 0 FOLLOWER]: Advancing to term 1
I20260710 13:26:59.236367   632 consensus_queue.cc:1048] T c86da4a6b43d41239b76777add519140 P 1d38060c1eb24ac597ec47a72db4a6ae [LEADER]: Connected to new peer: Peer: permanent_uuid: "3c9945d9a4a640f7bf539dd15242a78c" member_type: VOTER last_known_addr { host: "127.31.131.3" port: 34855 }, Status: LMP_MISMATCH, Last received: 0.0, Next index: 1, Last known committed idx: 0, Time since last communication: 0.000s
I20260710 13:26:59.238313   667 consensus_queue.cc:1048] T 02246139d5984ae8a5d81d1388f8e32c P e4a2ef6fba034a6f9eb0e208aff99bb8 [LEADER]: Connected to new peer: Peer: permanent_uuid: "3c9945d9a4a640f7bf539dd15242a78c" member_type: VOTER last_known_addr { host: "127.31.131.3" port: 34855 }, Status: LMP_MISMATCH, Last received: 0.0, Next index: 1, Last known committed idx: 0, Time since last communication: 0.001s
I20260710 13:26:59.241014   667 consensus_queue.cc:1048] T 02246139d5984ae8a5d81d1388f8e32c P e4a2ef6fba034a6f9eb0e208aff99bb8 [LEADER]: Connected to new peer: Peer: permanent_uuid: "1d38060c1eb24ac597ec47a72db4a6ae" member_type: VOTER last_known_addr { host: "127.31.131.2" port: 39699 }, Status: LMP_MISMATCH, Last received: 0.0, Next index: 1, Last known committed idx: 0, Time since last communication: 0.000s
I20260710 13:26:59.252609   437 raft_consensus.cc:3060] T 16231ff20dac4cff9cd36d636bc030e9 P e4a2ef6fba034a6f9eb0e208aff99bb8 [term 0 FOLLOWER]: Advancing to term 1
I20260710 13:26:59.269980   663 consensus_queue.cc:1048] T 16231ff20dac4cff9cd36d636bc030e9 P 3c9945d9a4a640f7bf539dd15242a78c [LEADER]: Connected to new peer: Peer: permanent_uuid: "e4a2ef6fba034a6f9eb0e208aff99bb8" member_type: VOTER last_known_addr { host: "127.31.131.1" port: 44261 }, Status: LMP_MISMATCH, Last received: 0.0, Next index: 1, Last known committed idx: 0, Time since last communication: 0.000s
I20260710 13:26:59.277312   667 raft_consensus.cc:493] T 16231ff20dac4cff9cd36d636bc030e9 P e4a2ef6fba034a6f9eb0e208aff99bb8 [term 1 FOLLOWER]: Starting pre-election (no leader contacted us within the election timeout)
I20260710 13:26:59.277794   667 raft_consensus.cc:515] T 16231ff20dac4cff9cd36d636bc030e9 P e4a2ef6fba034a6f9eb0e208aff99bb8 [term 1 FOLLOWER]: Starting pre-election with config: opid_index: -1 OBSOLETE_local: false peers { permanent_uuid: "e4a2ef6fba034a6f9eb0e208aff99bb8" member_type: VOTER last_known_addr { host: "127.31.131.1" port: 44261 } } peers { permanent_uuid: "1d38060c1eb24ac597ec47a72db4a6ae" member_type: VOTER last_known_addr { host: "127.31.131.2" port: 39699 } } peers { permanent_uuid: "3c9945d9a4a640f7bf539dd15242a78c" member_type: VOTER last_known_addr { host: "127.31.131.3" port: 34855 } }
I20260710 13:26:59.282207   672 consensus_queue.cc:1048] T c86da4a6b43d41239b76777add519140 P 1d38060c1eb24ac597ec47a72db4a6ae [LEADER]: Connected to new peer: Peer: permanent_uuid: "e4a2ef6fba034a6f9eb0e208aff99bb8" member_type: VOTER last_known_addr { host: "127.31.131.1" port: 44261 }, Status: LMP_MISMATCH, Last received: 0.0, Next index: 1, Last known committed idx: 0, Time since last communication: 0.000s
I20260710 13:26:59.282820   663 consensus_queue.cc:1048] T 1b3195ad5a24410f9f2cfa9fb7ff923c P 3c9945d9a4a640f7bf539dd15242a78c [LEADER]: Connected to new peer: Peer: permanent_uuid: "1d38060c1eb24ac597ec47a72db4a6ae" member_type: VOTER last_known_addr { host: "127.31.131.2" port: 39699 }, Status: LMP_MISMATCH, Last received: 0.0, Next index: 1, Last known committed idx: 0, Time since last communication: 0.000s
I20260710 13:26:59.284853   667 leader_election.cc:290] T 16231ff20dac4cff9cd36d636bc030e9 P e4a2ef6fba034a6f9eb0e208aff99bb8 [CANDIDATE]: Term 2 pre-election: Requested pre-vote from peers 1d38060c1eb24ac597ec47a72db4a6ae (127.31.131.2:39699), 3c9945d9a4a640f7bf539dd15242a78c (127.31.131.3:34855)
I20260710 13:26:59.290463   512 tablet_service.cc:1917] Received RequestConsensusVote() RPC: tablet_id: "16231ff20dac4cff9cd36d636bc030e9" candidate_uuid: "e4a2ef6fba034a6f9eb0e208aff99bb8" candidate_term: 2 candidate_status { last_received { term: 0 index: 0 } } ignore_live_leader: false dest_uuid: "1d38060c1eb24ac597ec47a72db4a6ae" is_pre_election: true
I20260710 13:26:59.291030   512 raft_consensus.cc:2468] T 16231ff20dac4cff9cd36d636bc030e9 P 1d38060c1eb24ac597ec47a72db4a6ae [term 1 FOLLOWER]: Leader pre-election vote request: Granting yes vote for candidate e4a2ef6fba034a6f9eb0e208aff99bb8 in term 1.
I20260710 13:26:59.292062   402 leader_election.cc:304] T 16231ff20dac4cff9cd36d636bc030e9 P e4a2ef6fba034a6f9eb0e208aff99bb8 [CANDIDATE]: Term 2 pre-election: Election decided. Result: candidate won. Election summary: received 2 responses out of 3 voters: 2 yes votes; 0 no votes. yes voters: 1d38060c1eb24ac597ec47a72db4a6ae, e4a2ef6fba034a6f9eb0e208aff99bb8; no voters: 
I20260710 13:26:59.293215   661 raft_consensus.cc:2804] T 16231ff20dac4cff9cd36d636bc030e9 P e4a2ef6fba034a6f9eb0e208aff99bb8 [term 1 FOLLOWER]: Leader pre-election won for term 2
I20260710 13:26:59.293640   661 raft_consensus.cc:493] T 16231ff20dac4cff9cd36d636bc030e9 P e4a2ef6fba034a6f9eb0e208aff99bb8 [term 1 FOLLOWER]: Starting leader election (detected failure of leader 3c9945d9a4a640f7bf539dd15242a78c)
I20260710 13:26:59.294128   661 raft_consensus.cc:3060] T 16231ff20dac4cff9cd36d636bc030e9 P e4a2ef6fba034a6f9eb0e208aff99bb8 [term 1 FOLLOWER]: Advancing to term 2
I20260710 13:26:59.299715   587 tablet_service.cc:1917] Received RequestConsensusVote() RPC: tablet_id: "16231ff20dac4cff9cd36d636bc030e9" candidate_uuid: "e4a2ef6fba034a6f9eb0e208aff99bb8" candidate_term: 2 candidate_status { last_received { term: 0 index: 0 } } ignore_live_leader: false dest_uuid: "3c9945d9a4a640f7bf539dd15242a78c" is_pre_election: true
I20260710 13:26:59.305473   664 consensus_queue.cc:1048] T 16231ff20dac4cff9cd36d636bc030e9 P 3c9945d9a4a640f7bf539dd15242a78c [LEADER]: Connected to new peer: Peer: permanent_uuid: "1d38060c1eb24ac597ec47a72db4a6ae" member_type: VOTER last_known_addr { host: "127.31.131.2" port: 39699 }, Status: LMP_MISMATCH, Last received: 0.0, Next index: 1, Last known committed idx: 0, Time since last communication: 0.000s
I20260710 13:26:59.320242   661 raft_consensus.cc:515] T 16231ff20dac4cff9cd36d636bc030e9 P e4a2ef6fba034a6f9eb0e208aff99bb8 [term 2 FOLLOWER]: Starting leader election with config: opid_index: -1 OBSOLETE_local: false peers { permanent_uuid: "e4a2ef6fba034a6f9eb0e208aff99bb8" member_type: VOTER last_known_addr { host: "127.31.131.1" port: 44261 } } peers { permanent_uuid: "1d38060c1eb24ac597ec47a72db4a6ae" member_type: VOTER last_known_addr { host: "127.31.131.2" port: 39699 } } peers { permanent_uuid: "3c9945d9a4a640f7bf539dd15242a78c" member_type: VOTER last_known_addr { host: "127.31.131.3" port: 34855 } }
I20260710 13:26:59.321238   435 raft_consensus.cc:1240] T 16231ff20dac4cff9cd36d636bc030e9 P e4a2ef6fba034a6f9eb0e208aff99bb8 [term 2 FOLLOWER]: Rejecting Update request from peer 3c9945d9a4a640f7bf539dd15242a78c for earlier term 1. Current term is 2. Ops: []
I20260710 13:26:59.322923   510 tablet_service.cc:1917] Received RequestConsensusVote() RPC: tablet_id: "16231ff20dac4cff9cd36d636bc030e9" candidate_uuid: "e4a2ef6fba034a6f9eb0e208aff99bb8" candidate_term: 2 candidate_status { last_received { term: 1 index: 1 } } ignore_live_leader: false dest_uuid: "1d38060c1eb24ac597ec47a72db4a6ae"
I20260710 13:26:59.329457   665 consensus_queue.cc:1059] T 16231ff20dac4cff9cd36d636bc030e9 P 3c9945d9a4a640f7bf539dd15242a78c [LEADER]: Peer responded invalid term: Peer: permanent_uuid: "e4a2ef6fba034a6f9eb0e208aff99bb8" member_type: VOTER last_known_addr { host: "127.31.131.1" port: 44261 }, Status: INVALID_TERM, Last received: 1.1, Next index: 2, Last known committed idx: 0, Time since last communication: 0.000s
I20260710 13:26:59.329885   587 tablet_service.cc:2072] Received LeaderStepDown RPC: tablet_id: "ccaed3a3a65946509c1244fcfc946639"
dest_uuid: "3c9945d9a4a640f7bf539dd15242a78c"
mode: GRACEFUL
new_leader_uuid: "e4a2ef6fba034a6f9eb0e208aff99bb8"
 from {username='slave'} at 127.0.0.1:48584
I20260710 13:26:59.330415   665 raft_consensus.cc:3055] T 16231ff20dac4cff9cd36d636bc030e9 P 3c9945d9a4a640f7bf539dd15242a78c [term 1 LEADER]: Stepping down as leader of term 1
I20260710 13:26:59.330500   587 raft_consensus.cc:606] T ccaed3a3a65946509c1244fcfc946639 P 3c9945d9a4a640f7bf539dd15242a78c [term 1 LEADER]: Received request to transfer leadership to TS e4a2ef6fba034a6f9eb0e208aff99bb8
I20260710 13:26:59.330796   665 raft_consensus.cc:740] T 16231ff20dac4cff9cd36d636bc030e9 P 3c9945d9a4a640f7bf539dd15242a78c [term 1 LEADER]: Becoming Follower/Learner. State: Replica: 3c9945d9a4a640f7bf539dd15242a78c, State: Running, Role: LEADER
I20260710 13:26:59.331736   665 consensus_queue.cc:260] T 16231ff20dac4cff9cd36d636bc030e9 P 3c9945d9a4a640f7bf539dd15242a78c [NON_LEADER]: Queue going to NON_LEADER mode. State: All replicated index: 0, Majority replicated index: 1, Committed index: 1, Last appended: 1.1, Last appended by leader: 1, Current term: 1, Majority size: -1, State: 0, Mode: NON_LEADER, active raft config: opid_index: -1 OBSOLETE_local: false peers { permanent_uuid: "e4a2ef6fba034a6f9eb0e208aff99bb8" member_type: VOTER last_known_addr { host: "127.31.131.1" port: 44261 } } peers { permanent_uuid: "1d38060c1eb24ac597ec47a72db4a6ae" member_type: VOTER last_known_addr { host: "127.31.131.2" port: 39699 } } peers { permanent_uuid: "3c9945d9a4a640f7bf539dd15242a78c" member_type: VOTER last_known_addr { host: "127.31.131.3" port: 34855 } }
I20260710 13:26:59.332932   665 raft_consensus.cc:3060] T 16231ff20dac4cff9cd36d636bc030e9 P 3c9945d9a4a640f7bf539dd15242a78c [term 1 FOLLOWER]: Advancing to term 2
I20260710 13:26:59.334602   661 leader_election.cc:290] T 16231ff20dac4cff9cd36d636bc030e9 P e4a2ef6fba034a6f9eb0e208aff99bb8 [CANDIDATE]: Term 2 election: Requested vote from peers 1d38060c1eb24ac597ec47a72db4a6ae (127.31.131.2:39699), 3c9945d9a4a640f7bf539dd15242a78c (127.31.131.3:34855)
I20260710 13:26:59.337047   587 tablet_service.cc:1917] Received RequestConsensusVote() RPC: tablet_id: "16231ff20dac4cff9cd36d636bc030e9" candidate_uuid: "e4a2ef6fba034a6f9eb0e208aff99bb8" candidate_term: 2 candidate_status { last_received { term: 1 index: 1 } } ignore_live_leader: false dest_uuid: "3c9945d9a4a640f7bf539dd15242a78c"
I20260710 13:26:59.339272   664 consensus_queue.cc:1048] T ccaed3a3a65946509c1244fcfc946639 P 3c9945d9a4a640f7bf539dd15242a78c [LEADER]: Connected to new peer: Peer: permanent_uuid: "1d38060c1eb24ac597ec47a72db4a6ae" member_type: VOTER last_known_addr { host: "127.31.131.2" port: 39699 }, Status: LMP_MISMATCH, Last received: 0.0, Next index: 1, Last known committed idx: 0, Time since last communication: 0.000s
I20260710 13:26:59.350426   587 raft_consensus.cc:2468] T 16231ff20dac4cff9cd36d636bc030e9 P 3c9945d9a4a640f7bf539dd15242a78c [term 2 FOLLOWER]: Leader election vote request: Granting yes vote for candidate e4a2ef6fba034a6f9eb0e208aff99bb8 in term 2.
I20260710 13:26:59.355260   513 tablet_service.cc:2072] Received LeaderStepDown RPC: tablet_id: "474cccb8145d4556a7ddf93e5c708b9a"
dest_uuid: "1d38060c1eb24ac597ec47a72db4a6ae"
mode: GRACEFUL
new_leader_uuid: "e4a2ef6fba034a6f9eb0e208aff99bb8"
 from {username='slave'} at 127.0.0.1:42786
I20260710 13:26:59.356024   513 raft_consensus.cc:606] T 474cccb8145d4556a7ddf93e5c708b9a P 1d38060c1eb24ac597ec47a72db4a6ae [term 1 LEADER]: Received request to transfer leadership to TS e4a2ef6fba034a6f9eb0e208aff99bb8
I20260710 13:26:59.356835   402 leader_election.cc:304] T 16231ff20dac4cff9cd36d636bc030e9 P e4a2ef6fba034a6f9eb0e208aff99bb8 [CANDIDATE]: Term 2 election: Election decided. Result: candidate won. Election summary: received 3 responses out of 3 voters: 2 yes votes; 1 no votes. yes voters: 3c9945d9a4a640f7bf539dd15242a78c, e4a2ef6fba034a6f9eb0e208aff99bb8; no voters: 1d38060c1eb24ac597ec47a72db4a6ae
I20260710 13:26:59.357946   661 raft_consensus.cc:2804] T 16231ff20dac4cff9cd36d636bc030e9 P e4a2ef6fba034a6f9eb0e208aff99bb8 [term 2 FOLLOWER]: Leader election won for term 2
I20260710 13:26:59.358418   661 raft_consensus.cc:697] T 16231ff20dac4cff9cd36d636bc030e9 P e4a2ef6fba034a6f9eb0e208aff99bb8 [term 2 LEADER]: Becoming Leader. State: Replica: e4a2ef6fba034a6f9eb0e208aff99bb8, State: Running, Role: LEADER
I20260710 13:26:59.359192   661 consensus_queue.cc:237] T 16231ff20dac4cff9cd36d636bc030e9 P e4a2ef6fba034a6f9eb0e208aff99bb8 [LEADER]: Queue going to LEADER mode. State: All replicated index: 0, Majority replicated index: 0, Committed index: 0, Last appended: 1.1, Last appended by leader: 1, Current term: 2, Majority size: 2, State: 0, Mode: LEADER, active raft config: opid_index: -1 OBSOLETE_local: false peers { permanent_uuid: "e4a2ef6fba034a6f9eb0e208aff99bb8" member_type: VOTER last_known_addr { host: "127.31.131.1" port: 44261 } } peers { permanent_uuid: "1d38060c1eb24ac597ec47a72db4a6ae" member_type: VOTER last_known_addr { host: "127.31.131.2" port: 39699 } } peers { permanent_uuid: "3c9945d9a4a640f7bf539dd15242a78c" member_type: VOTER last_known_addr { host: "127.31.131.3" port: 34855 } }
I20260710 13:26:59.363386   664 consensus_queue.cc:1048] T ccaed3a3a65946509c1244fcfc946639 P 3c9945d9a4a640f7bf539dd15242a78c [LEADER]: Connected to new peer: Peer: permanent_uuid: "e4a2ef6fba034a6f9eb0e208aff99bb8" member_type: VOTER last_known_addr { host: "127.31.131.1" port: 44261 }, Status: LMP_MISMATCH, Last received: 0.0, Next index: 1, Last known committed idx: 0, Time since last communication: 0.000s
I20260710 13:26:59.369450   332 catalog_manager.cc:5697] T 16231ff20dac4cff9cd36d636bc030e9 P e4a2ef6fba034a6f9eb0e208aff99bb8 reported cstate change: term changed from 1 to 2, leader changed from 3c9945d9a4a640f7bf539dd15242a78c (127.31.131.3) to e4a2ef6fba034a6f9eb0e208aff99bb8 (127.31.131.1). New cstate: current_term: 2 leader_uuid: "e4a2ef6fba034a6f9eb0e208aff99bb8" committed_config { opid_index: -1 OBSOLETE_local: false peers { permanent_uuid: "e4a2ef6fba034a6f9eb0e208aff99bb8" member_type: VOTER last_known_addr { host: "127.31.131.1" port: 44261 } health_report { overall_health: HEALTHY } } peers { permanent_uuid: "1d38060c1eb24ac597ec47a72db4a6ae" member_type: VOTER last_known_addr { host: "127.31.131.2" port: 39699 } health_report { overall_health: UNKNOWN } } peers { permanent_uuid: "3c9945d9a4a640f7bf539dd15242a78c" member_type: VOTER last_known_addr { host: "127.31.131.3" port: 34855 } health_report { overall_health: UNKNOWN } } }
I20260710 13:26:59.370981   587 tablet_service.cc:2072] Received LeaderStepDown RPC: tablet_id: "16231ff20dac4cff9cd36d636bc030e9"
dest_uuid: "3c9945d9a4a640f7bf539dd15242a78c"
mode: GRACEFUL
new_leader_uuid: "e4a2ef6fba034a6f9eb0e208aff99bb8"
 from {username='slave'} at 127.0.0.1:48584
I20260710 13:26:59.371552   587 raft_consensus.cc:606] T 16231ff20dac4cff9cd36d636bc030e9 P 3c9945d9a4a640f7bf539dd15242a78c [term 2 FOLLOWER]: Received request to transfer leadership to TS e4a2ef6fba034a6f9eb0e208aff99bb8
I20260710 13:26:59.371886   587 raft_consensus.cc:614] T 16231ff20dac4cff9cd36d636bc030e9 P 3c9945d9a4a640f7bf539dd15242a78c [term 2 FOLLOWER]: Rejecting request to transer leadership while not leader
I20260710 13:26:59.372408   664 raft_consensus.cc:993] T ccaed3a3a65946509c1244fcfc946639 P 3c9945d9a4a640f7bf539dd15242a78c: : Instructing follower e4a2ef6fba034a6f9eb0e208aff99bb8 to start an election
I20260710 13:26:59.372833   665 raft_consensus.cc:1081] T ccaed3a3a65946509c1244fcfc946639 P 3c9945d9a4a640f7bf539dd15242a78c [term 1 LEADER]: Signalling peer e4a2ef6fba034a6f9eb0e208aff99bb8 to start an election
I20260710 13:26:59.374254   436 tablet_service.cc:2044] Received Run Leader Election RPC: tablet_id: "ccaed3a3a65946509c1244fcfc946639"
dest_uuid: "e4a2ef6fba034a6f9eb0e208aff99bb8"
 from {username='slave'} at 127.0.0.1:56168
I20260710 13:26:59.374854   436 raft_consensus.cc:493] T ccaed3a3a65946509c1244fcfc946639 P e4a2ef6fba034a6f9eb0e208aff99bb8 [term 1 FOLLOWER]: Starting forced leader election (received explicit request)
I20260710 13:26:59.375223   436 raft_consensus.cc:3060] T ccaed3a3a65946509c1244fcfc946639 P e4a2ef6fba034a6f9eb0e208aff99bb8 [term 1 FOLLOWER]: Advancing to term 2
I20260710 13:26:59.379565   512 tablet_service.cc:2072] Received LeaderStepDown RPC: tablet_id: "c86da4a6b43d41239b76777add519140"
dest_uuid: "1d38060c1eb24ac597ec47a72db4a6ae"
mode: GRACEFUL
new_leader_uuid: "e4a2ef6fba034a6f9eb0e208aff99bb8"
 from {username='slave'} at 127.0.0.1:42786
I20260710 13:26:59.380187   512 raft_consensus.cc:606] T c86da4a6b43d41239b76777add519140 P 1d38060c1eb24ac597ec47a72db4a6ae [term 1 LEADER]: Received request to transfer leadership to TS e4a2ef6fba034a6f9eb0e208aff99bb8
I20260710 13:26:59.383591   436 raft_consensus.cc:515] T ccaed3a3a65946509c1244fcfc946639 P e4a2ef6fba034a6f9eb0e208aff99bb8 [term 2 FOLLOWER]: Starting forced leader election with config: opid_index: -1 OBSOLETE_local: false peers { permanent_uuid: "e4a2ef6fba034a6f9eb0e208aff99bb8" member_type: VOTER last_known_addr { host: "127.31.131.1" port: 44261 } } peers { permanent_uuid: "3c9945d9a4a640f7bf539dd15242a78c" member_type: VOTER last_known_addr { host: "127.31.131.3" port: 34855 } } peers { permanent_uuid: "1d38060c1eb24ac597ec47a72db4a6ae" member_type: VOTER last_known_addr { host: "127.31.131.2" port: 39699 } }
I20260710 13:26:59.385406   436 leader_election.cc:290] T ccaed3a3a65946509c1244fcfc946639 P e4a2ef6fba034a6f9eb0e208aff99bb8 [CANDIDATE]: Term 2 election: Requested vote from peers 3c9945d9a4a640f7bf539dd15242a78c (127.31.131.3:34855), 1d38060c1eb24ac597ec47a72db4a6ae (127.31.131.2:39699)
I20260710 13:26:59.386464   512 tablet_service.cc:1917] Received RequestConsensusVote() RPC: tablet_id: "ccaed3a3a65946509c1244fcfc946639" candidate_uuid: "e4a2ef6fba034a6f9eb0e208aff99bb8" candidate_term: 2 candidate_status { last_received { term: 1 index: 1 } } ignore_live_leader: true dest_uuid: "1d38060c1eb24ac597ec47a72db4a6ae"
I20260710 13:26:59.386685   586 tablet_service.cc:2072] Received LeaderStepDown RPC: tablet_id: "1b3195ad5a24410f9f2cfa9fb7ff923c"
dest_uuid: "3c9945d9a4a640f7bf539dd15242a78c"
mode: GRACEFUL
new_leader_uuid: "1d38060c1eb24ac597ec47a72db4a6ae"
 from {username='slave'} at 127.0.0.1:48584
I20260710 13:26:59.387051   512 raft_consensus.cc:3060] T ccaed3a3a65946509c1244fcfc946639 P 1d38060c1eb24ac597ec47a72db4a6ae [term 1 FOLLOWER]: Advancing to term 2
I20260710 13:26:59.387192   586 raft_consensus.cc:606] T 1b3195ad5a24410f9f2cfa9fb7ff923c P 3c9945d9a4a640f7bf539dd15242a78c [term 1 LEADER]: Received request to transfer leadership to TS 1d38060c1eb24ac597ec47a72db4a6ae
I20260710 13:26:59.387082   587 tablet_service.cc:1917] Received RequestConsensusVote() RPC: tablet_id: "ccaed3a3a65946509c1244fcfc946639" candidate_uuid: "e4a2ef6fba034a6f9eb0e208aff99bb8" candidate_term: 2 candidate_status { last_received { term: 1 index: 1 } } ignore_live_leader: true dest_uuid: "3c9945d9a4a640f7bf539dd15242a78c"
I20260710 13:26:59.388290   587 raft_consensus.cc:3055] T ccaed3a3a65946509c1244fcfc946639 P 3c9945d9a4a640f7bf539dd15242a78c [term 1 LEADER]: Stepping down as leader of term 1
I20260710 13:26:59.388622   587 raft_consensus.cc:740] T ccaed3a3a65946509c1244fcfc946639 P 3c9945d9a4a640f7bf539dd15242a78c [term 1 LEADER]: Becoming Follower/Learner. State: Replica: 3c9945d9a4a640f7bf539dd15242a78c, State: Running, Role: LEADER
I20260710 13:26:59.389405   587 consensus_queue.cc:260] T ccaed3a3a65946509c1244fcfc946639 P 3c9945d9a4a640f7bf539dd15242a78c [NON_LEADER]: Queue going to NON_LEADER mode. State: All replicated index: 0, Majority replicated index: 1, Committed index: 1, Last appended: 1.1, Last appended by leader: 1, Current term: 1, Majority size: -1, State: 0, Mode: NON_LEADER, active raft config: opid_index: -1 OBSOLETE_local: false peers { permanent_uuid: "e4a2ef6fba034a6f9eb0e208aff99bb8" member_type: VOTER last_known_addr { host: "127.31.131.1" port: 44261 } } peers { permanent_uuid: "3c9945d9a4a640f7bf539dd15242a78c" member_type: VOTER last_known_addr { host: "127.31.131.3" port: 34855 } } peers { permanent_uuid: "1d38060c1eb24ac597ec47a72db4a6ae" member_type: VOTER last_known_addr { host: "127.31.131.2" port: 39699 } }
I20260710 13:26:59.390640   587 raft_consensus.cc:3060] T ccaed3a3a65946509c1244fcfc946639 P 3c9945d9a4a640f7bf539dd15242a78c [term 1 FOLLOWER]: Advancing to term 2
I20260710 13:26:59.395236   512 raft_consensus.cc:2468] T ccaed3a3a65946509c1244fcfc946639 P 1d38060c1eb24ac597ec47a72db4a6ae [term 2 FOLLOWER]: Leader election vote request: Granting yes vote for candidate e4a2ef6fba034a6f9eb0e208aff99bb8 in term 2.
I20260710 13:26:59.396353   402 leader_election.cc:304] T ccaed3a3a65946509c1244fcfc946639 P e4a2ef6fba034a6f9eb0e208aff99bb8 [CANDIDATE]: Term 2 election: Election decided. Result: candidate won. Election summary: received 2 responses out of 3 voters: 2 yes votes; 0 no votes. yes voters: 1d38060c1eb24ac597ec47a72db4a6ae, e4a2ef6fba034a6f9eb0e208aff99bb8; no voters: 
I20260710 13:26:59.397123   661 raft_consensus.cc:2804] T ccaed3a3a65946509c1244fcfc946639 P e4a2ef6fba034a6f9eb0e208aff99bb8 [term 2 FOLLOWER]: Leader election won for term 2
I20260710 13:26:59.397265   587 raft_consensus.cc:2468] T ccaed3a3a65946509c1244fcfc946639 P 3c9945d9a4a640f7bf539dd15242a78c [term 2 FOLLOWER]: Leader election vote request: Granting yes vote for candidate e4a2ef6fba034a6f9eb0e208aff99bb8 in term 2.
I20260710 13:26:59.397622   661 raft_consensus.cc:697] T ccaed3a3a65946509c1244fcfc946639 P e4a2ef6fba034a6f9eb0e208aff99bb8 [term 2 LEADER]: Becoming Leader. State: Replica: e4a2ef6fba034a6f9eb0e208aff99bb8, State: Running, Role: LEADER
I20260710 13:26:59.398499   661 consensus_queue.cc:237] T ccaed3a3a65946509c1244fcfc946639 P e4a2ef6fba034a6f9eb0e208aff99bb8 [LEADER]: Queue going to LEADER mode. State: All replicated index: 0, Majority replicated index: 1, Committed index: 1, Last appended: 1.1, Last appended by leader: 1, Current term: 2, Majority size: 2, State: 0, Mode: LEADER, active raft config: opid_index: -1 OBSOLETE_local: false peers { permanent_uuid: "e4a2ef6fba034a6f9eb0e208aff99bb8" member_type: VOTER last_known_addr { host: "127.31.131.1" port: 44261 } } peers { permanent_uuid: "3c9945d9a4a640f7bf539dd15242a78c" member_type: VOTER last_known_addr { host: "127.31.131.3" port: 34855 } } peers { permanent_uuid: "1d38060c1eb24ac597ec47a72db4a6ae" member_type: VOTER last_known_addr { host: "127.31.131.2" port: 39699 } }
I20260710 13:26:59.406076   332 catalog_manager.cc:5697] T ccaed3a3a65946509c1244fcfc946639 P e4a2ef6fba034a6f9eb0e208aff99bb8 reported cstate change: term changed from 1 to 2, leader changed from 3c9945d9a4a640f7bf539dd15242a78c (127.31.131.3) to e4a2ef6fba034a6f9eb0e208aff99bb8 (127.31.131.1). New cstate: current_term: 2 leader_uuid: "e4a2ef6fba034a6f9eb0e208aff99bb8" committed_config { opid_index: -1 OBSOLETE_local: false peers { permanent_uuid: "e4a2ef6fba034a6f9eb0e208aff99bb8" member_type: VOTER last_known_addr { host: "127.31.131.1" port: 44261 } health_report { overall_health: HEALTHY } } peers { permanent_uuid: "3c9945d9a4a640f7bf539dd15242a78c" member_type: VOTER last_known_addr { host: "127.31.131.3" port: 34855 } health_report { overall_health: UNKNOWN } } peers { permanent_uuid: "1d38060c1eb24ac597ec47a72db4a6ae" member_type: VOTER last_known_addr { host: "127.31.131.2" port: 39699 } health_report { overall_health: UNKNOWN } } }
I20260710 13:26:59.415766   436 tablet_service.cc:2072] Received LeaderStepDown RPC: tablet_id: "a6c2bcc8917340e8baeba788873cbed0"
dest_uuid: "e4a2ef6fba034a6f9eb0e208aff99bb8"
mode: GRACEFUL
new_leader_uuid: "1d38060c1eb24ac597ec47a72db4a6ae"
 from {username='slave'} at 127.0.0.1:56194
I20260710 13:26:59.416334   436 raft_consensus.cc:606] T a6c2bcc8917340e8baeba788873cbed0 P e4a2ef6fba034a6f9eb0e208aff99bb8 [term 1 LEADER]: Received request to transfer leadership to TS 1d38060c1eb24ac597ec47a72db4a6ae
I20260710 13:26:59.421510   587 tablet_service.cc:2072] Received LeaderStepDown RPC: tablet_id: "eef7823e59cc4bc79ce6385b4f40dbd1"
dest_uuid: "3c9945d9a4a640f7bf539dd15242a78c"
mode: GRACEFUL
new_leader_uuid: "1d38060c1eb24ac597ec47a72db4a6ae"
 from {username='slave'} at 127.0.0.1:48584
I20260710 13:26:59.421993   587 raft_consensus.cc:606] T eef7823e59cc4bc79ce6385b4f40dbd1 P 3c9945d9a4a640f7bf539dd15242a78c [term 1 LEADER]: Received request to transfer leadership to TS 1d38060c1eb24ac597ec47a72db4a6ae
I20260710 13:26:59.465652   665 consensus_queue.cc:1048] T b03c3b2838e94f05953cbbfafff5f1f9 P 3c9945d9a4a640f7bf539dd15242a78c [LEADER]: Connected to new peer: Peer: permanent_uuid: "e4a2ef6fba034a6f9eb0e208aff99bb8" member_type: VOTER last_known_addr { host: "127.31.131.1" port: 44261 }, Status: LMP_MISMATCH, Last received: 0.0, Next index: 1, Last known committed idx: 0, Time since last communication: 0.000s
I20260710 13:26:59.475978   664 consensus_queue.cc:1048] T b03c3b2838e94f05953cbbfafff5f1f9 P 3c9945d9a4a640f7bf539dd15242a78c [LEADER]: Connected to new peer: Peer: permanent_uuid: "1d38060c1eb24ac597ec47a72db4a6ae" member_type: VOTER last_known_addr { host: "127.31.131.2" port: 39699 }, Status: LMP_MISMATCH, Last received: 0.0, Next index: 1, Last known committed idx: 0, Time since last communication: 0.000s
I20260710 13:26:59.567021   665 consensus_queue.cc:1048] T eef7823e59cc4bc79ce6385b4f40dbd1 P 3c9945d9a4a640f7bf539dd15242a78c [LEADER]: Connected to new peer: Peer: permanent_uuid: "e4a2ef6fba034a6f9eb0e208aff99bb8" member_type: VOTER last_known_addr { host: "127.31.131.1" port: 44261 }, Status: LMP_MISMATCH, Last received: 0.0, Next index: 1, Last known committed idx: 0, Time since last communication: 0.000s
I20260710 13:26:59.578977   664 consensus_queue.cc:1048] T eef7823e59cc4bc79ce6385b4f40dbd1 P 3c9945d9a4a640f7bf539dd15242a78c [LEADER]: Connected to new peer: Peer: permanent_uuid: "1d38060c1eb24ac597ec47a72db4a6ae" member_type: VOTER last_known_addr { host: "127.31.131.2" port: 39699 }, Status: LMP_MISMATCH, Last received: 0.0, Next index: 1, Last known committed idx: 0, Time since last communication: 0.000s
I20260710 13:26:59.585788   663 raft_consensus.cc:993] T eef7823e59cc4bc79ce6385b4f40dbd1 P 3c9945d9a4a640f7bf539dd15242a78c: : Instructing follower 1d38060c1eb24ac597ec47a72db4a6ae to start an election
I20260710 13:26:59.586195   664 raft_consensus.cc:1081] T eef7823e59cc4bc79ce6385b4f40dbd1 P 3c9945d9a4a640f7bf539dd15242a78c [term 1 LEADER]: Signalling peer 1d38060c1eb24ac597ec47a72db4a6ae to start an election
I20260710 13:26:59.587646   512 tablet_service.cc:2044] Received Run Leader Election RPC: tablet_id: "eef7823e59cc4bc79ce6385b4f40dbd1"
dest_uuid: "1d38060c1eb24ac597ec47a72db4a6ae"
 from {username='slave'} at 127.0.0.1:42772
I20260710 13:26:59.588111   512 raft_consensus.cc:493] T eef7823e59cc4bc79ce6385b4f40dbd1 P 1d38060c1eb24ac597ec47a72db4a6ae [term 1 FOLLOWER]: Starting forced leader election (received explicit request)
I20260710 13:26:59.588405   512 raft_consensus.cc:3060] T eef7823e59cc4bc79ce6385b4f40dbd1 P 1d38060c1eb24ac597ec47a72db4a6ae [term 1 FOLLOWER]: Advancing to term 2
I20260710 13:26:59.592901   512 raft_consensus.cc:515] T eef7823e59cc4bc79ce6385b4f40dbd1 P 1d38060c1eb24ac597ec47a72db4a6ae [term 2 FOLLOWER]: Starting forced leader election with config: opid_index: -1 OBSOLETE_local: false peers { permanent_uuid: "e4a2ef6fba034a6f9eb0e208aff99bb8" member_type: VOTER last_known_addr { host: "127.31.131.1" port: 44261 } } peers { permanent_uuid: "1d38060c1eb24ac597ec47a72db4a6ae" member_type: VOTER last_known_addr { host: "127.31.131.2" port: 39699 } } peers { permanent_uuid: "3c9945d9a4a640f7bf539dd15242a78c" member_type: VOTER last_known_addr { host: "127.31.131.3" port: 34855 } }
I20260710 13:26:59.594571   512 leader_election.cc:290] T eef7823e59cc4bc79ce6385b4f40dbd1 P 1d38060c1eb24ac597ec47a72db4a6ae [CANDIDATE]: Term 2 election: Requested vote from peers e4a2ef6fba034a6f9eb0e208aff99bb8 (127.31.131.1:44261), 3c9945d9a4a640f7bf539dd15242a78c (127.31.131.3:34855)
I20260710 13:26:59.595238   436 tablet_service.cc:1917] Received RequestConsensusVote() RPC: tablet_id: "eef7823e59cc4bc79ce6385b4f40dbd1" candidate_uuid: "1d38060c1eb24ac597ec47a72db4a6ae" candidate_term: 2 candidate_status { last_received { term: 1 index: 1 } } ignore_live_leader: true dest_uuid: "e4a2ef6fba034a6f9eb0e208aff99bb8"
I20260710 13:26:59.595746   436 raft_consensus.cc:3060] T eef7823e59cc4bc79ce6385b4f40dbd1 P e4a2ef6fba034a6f9eb0e208aff99bb8 [term 1 FOLLOWER]: Advancing to term 2
I20260710 13:26:59.595599   587 tablet_service.cc:1917] Received RequestConsensusVote() RPC: tablet_id: "eef7823e59cc4bc79ce6385b4f40dbd1" candidate_uuid: "1d38060c1eb24ac597ec47a72db4a6ae" candidate_term: 2 candidate_status { last_received { term: 1 index: 1 } } ignore_live_leader: true dest_uuid: "3c9945d9a4a640f7bf539dd15242a78c"
I20260710 13:26:59.596207   587 raft_consensus.cc:3055] T eef7823e59cc4bc79ce6385b4f40dbd1 P 3c9945d9a4a640f7bf539dd15242a78c [term 1 LEADER]: Stepping down as leader of term 1
I20260710 13:26:59.596534   587 raft_consensus.cc:740] T eef7823e59cc4bc79ce6385b4f40dbd1 P 3c9945d9a4a640f7bf539dd15242a78c [term 1 LEADER]: Becoming Follower/Learner. State: Replica: 3c9945d9a4a640f7bf539dd15242a78c, State: Running, Role: LEADER
I20260710 13:26:59.597321   587 consensus_queue.cc:260] T eef7823e59cc4bc79ce6385b4f40dbd1 P 3c9945d9a4a640f7bf539dd15242a78c [NON_LEADER]: Queue going to NON_LEADER mode. State: All replicated index: 0, Majority replicated index: 1, Committed index: 1, Last appended: 1.1, Last appended by leader: 1, Current term: 1, Majority size: -1, State: 0, Mode: NON_LEADER, active raft config: opid_index: -1 OBSOLETE_local: false peers { permanent_uuid: "e4a2ef6fba034a6f9eb0e208aff99bb8" member_type: VOTER last_known_addr { host: "127.31.131.1" port: 44261 } } peers { permanent_uuid: "1d38060c1eb24ac597ec47a72db4a6ae" member_type: VOTER last_known_addr { host: "127.31.131.2" port: 39699 } } peers { permanent_uuid: "3c9945d9a4a640f7bf539dd15242a78c" member_type: VOTER last_known_addr { host: "127.31.131.3" port: 34855 } }
I20260710 13:26:59.598536   587 raft_consensus.cc:3060] T eef7823e59cc4bc79ce6385b4f40dbd1 P 3c9945d9a4a640f7bf539dd15242a78c [term 1 FOLLOWER]: Advancing to term 2
I20260710 13:26:59.602626   436 raft_consensus.cc:2468] T eef7823e59cc4bc79ce6385b4f40dbd1 P e4a2ef6fba034a6f9eb0e208aff99bb8 [term 2 FOLLOWER]: Leader election vote request: Granting yes vote for candidate 1d38060c1eb24ac597ec47a72db4a6ae in term 2.
