I20260710 13:27:07.351555  6303 tablet_service.cc:1917] Received RequestConsensusVote() RPC: tablet_id: "f5c37a4ffdea4a2294f8b68af7968786" candidate_uuid: "9cfc481305624d61a1269d4ab143eba1" candidate_term: 1 candidate_status { last_received { term: 0 index: 0 } } ignore_live_leader: false dest_uuid: "0946af8ef57246caa1fec64829531343"
I20260710 13:27:07.347980  6500 raft_consensus.cc:515] T 96f6465a1df04c8eb6c3ba3d6620dcdd P 06540afaab8a4874b54a787b91b5571c [term 0 FOLLOWER]: Starting pre-election with config: opid_index: -1 OBSOLETE_local: false peers { permanent_uuid: "0946af8ef57246caa1fec64829531343" member_type: VOTER last_known_addr { host: "127.5.15.65" port: 44333 } } peers { permanent_uuid: "9cfc481305624d61a1269d4ab143eba1" member_type: VOTER last_known_addr { host: "127.5.15.66" port: 43813 } } peers { permanent_uuid: "06540afaab8a4874b54a787b91b5571c" member_type: VOTER last_known_addr { host: "127.5.15.67" port: 44545 } }
I20260710 13:27:07.354137  6500 leader_election.cc:290] T 96f6465a1df04c8eb6c3ba3d6620dcdd P 06540afaab8a4874b54a787b91b5571c [CANDIDATE]: Term 1 pre-election: Requested pre-vote from peers 0946af8ef57246caa1fec64829531343 (127.5.15.65:44333), 9cfc481305624d61a1269d4ab143eba1 (127.5.15.66:43813)
I20260710 13:27:07.355463  6452 tablet_service.cc:1917] Received RequestConsensusVote() RPC: tablet_id: "130a2425dc1a4ccbb2e2851bef507f33" candidate_uuid: "0946af8ef57246caa1fec64829531343" candidate_term: 1 candidate_status { last_received { term: 0 index: 0 } } ignore_live_leader: false dest_uuid: "06540afaab8a4874b54a787b91b5571c" is_pre_election: true
W20260710 13:27:07.355854  6343 leader_election.cc:343] T f5c37a4ffdea4a2294f8b68af7968786 P 9cfc481305624d61a1269d4ab143eba1 [CANDIDATE]: Term 1 pre-election: Tablet error from VoteRequest() call to peer 0946af8ef57246caa1fec64829531343 (127.5.15.65:44333): Illegal state: must be running to vote when last-logged opid is not known
W20260710 13:27:07.356778  6343 leader_election.cc:343] T f5c37a4ffdea4a2294f8b68af7968786 P 9cfc481305624d61a1269d4ab143eba1 [CANDIDATE]: Term 1 election: Tablet error from VoteRequest() call to peer 0946af8ef57246caa1fec64829531343 (127.5.15.65:44333): Illegal state: must be running to vote when last-logged opid is not known
W20260710 13:27:07.357134  6266 leader_election.cc:343] T 130a2425dc1a4ccbb2e2851bef507f33 P 0946af8ef57246caa1fec64829531343 [CANDIDATE]: Term 1 pre-election: Tablet error from VoteRequest() call to peer 06540afaab8a4874b54a787b91b5571c (127.5.15.67:44545): Illegal state: must be running to vote when last-logged opid is not known
I20260710 13:27:07.360865  6303 tablet_service.cc:1917] Received RequestConsensusVote() RPC: tablet_id: "f5c37a4ffdea4a2294f8b68af7968786" candidate_uuid: "06540afaab8a4874b54a787b91b5571c" candidate_term: 1 candidate_status { last_received { term: 0 index: 0 } } ignore_live_leader: false dest_uuid: "0946af8ef57246caa1fec64829531343" is_pre_election: true
I20260710 13:27:07.361132  6302 tablet_service.cc:1917] Received RequestConsensusVote() RPC: tablet_id: "96f6465a1df04c8eb6c3ba3d6620dcdd" candidate_uuid: "06540afaab8a4874b54a787b91b5571c" candidate_term: 1 candidate_status { last_received { term: 0 index: 0 } } ignore_live_leader: false dest_uuid: "0946af8ef57246caa1fec64829531343" is_pre_election: true
I20260710 13:27:07.361943  6341 leader_election.cc:304] T f5c37a4ffdea4a2294f8b68af7968786 P 9cfc481305624d61a1269d4ab143eba1 [CANDIDATE]: Term 1 election: Election decided. Result: candidate won. Election summary: received 3 responses out of 3 voters: 2 yes votes; 1 no votes. yes voters: 06540afaab8a4874b54a787b91b5571c, 9cfc481305624d61a1269d4ab143eba1; no voters: 0946af8ef57246caa1fec64829531343
W20260710 13:27:07.362116  6417 leader_election.cc:343] T f5c37a4ffdea4a2294f8b68af7968786 P 06540afaab8a4874b54a787b91b5571c [CANDIDATE]: Term 1 pre-election: Tablet error from VoteRequest() call to peer 0946af8ef57246caa1fec64829531343 (127.5.15.65:44333): Illegal state: must be running to vote when last-logged opid is not known
I20260710 13:27:07.362629  6498 raft_consensus.cc:2804] T f5c37a4ffdea4a2294f8b68af7968786 P 9cfc481305624d61a1269d4ab143eba1 [term 1 FOLLOWER]: Leader election won for term 1
W20260710 13:27:07.362839  6417 leader_election.cc:343] T 96f6465a1df04c8eb6c3ba3d6620dcdd P 06540afaab8a4874b54a787b91b5571c [CANDIDATE]: Term 1 pre-election: Tablet error from VoteRequest() call to peer 0946af8ef57246caa1fec64829531343 (127.5.15.65:44333): Illegal state: must be running to vote when last-logged opid is not known
I20260710 13:27:07.364068  6493 tablet_bootstrap.cc:492] T 4ae29b32a98a4733a4cdec778f5f3c98 P 9cfc481305624d61a1269d4ab143eba1: Bootstrap starting.
I20260710 13:27:07.372259  6495 tablet_bootstrap.cc:492] T 4ce24f22b1b440ab9c02eb781cf3d7fd P 06540afaab8a4874b54a787b91b5571c: No bootstrap required, opened a new log
I20260710 13:27:07.372738  6495 ts_tablet_manager.cc:1403] T 4ce24f22b1b440ab9c02eb781cf3d7fd P 06540afaab8a4874b54a787b91b5571c: Time spent bootstrapping tablet: real 0.100s	user 0.013s	sys 0.012s
I20260710 13:27:07.375720  6378 tablet_service.cc:1917] Received RequestConsensusVote() RPC: tablet_id: "130a2425dc1a4ccbb2e2851bef507f33" candidate_uuid: "0946af8ef57246caa1fec64829531343" candidate_term: 1 candidate_status { last_received { term: 0 index: 0 } } ignore_live_leader: false dest_uuid: "9cfc481305624d61a1269d4ab143eba1" is_pre_election: true
W20260710 13:27:07.377328  6269 leader_election.cc:343] T 130a2425dc1a4ccbb2e2851bef507f33 P 0946af8ef57246caa1fec64829531343 [CANDIDATE]: Term 1 pre-election: Tablet error from VoteRequest() call to peer 9cfc481305624d61a1269d4ab143eba1 (127.5.15.66:43813): Illegal state: must be running to vote when last-logged opid is not known
I20260710 13:27:07.377795  6269 leader_election.cc:304] T 130a2425dc1a4ccbb2e2851bef507f33 P 0946af8ef57246caa1fec64829531343 [CANDIDATE]: Term 1 pre-election: Election decided. Result: candidate lost. Election summary: received 3 responses out of 3 voters: 1 yes votes; 2 no votes. yes voters: 0946af8ef57246caa1fec64829531343; no voters: 06540afaab8a4874b54a787b91b5571c, 9cfc481305624d61a1269d4ab143eba1
I20260710 13:27:07.378116  6495 raft_consensus.cc:359] T 4ce24f22b1b440ab9c02eb781cf3d7fd P 06540afaab8a4874b54a787b91b5571c [term 0 FOLLOWER]: Replica starting. Triggering 0 pending ops. Active config: opid_index: -1 OBSOLETE_local: false peers { permanent_uuid: "0946af8ef57246caa1fec64829531343" member_type: VOTER last_known_addr { host: "127.5.15.65" port: 44333 } } peers { permanent_uuid: "9cfc481305624d61a1269d4ab143eba1" member_type: VOTER last_known_addr { host: "127.5.15.66" port: 43813 } } peers { permanent_uuid: "06540afaab8a4874b54a787b91b5571c" member_type: VOTER last_known_addr { host: "127.5.15.67" port: 44545 } }
I20260710 13:27:07.378618  6498 raft_consensus.cc:697] T f5c37a4ffdea4a2294f8b68af7968786 P 9cfc481305624d61a1269d4ab143eba1 [term 1 LEADER]: Becoming Leader. State: Replica: 9cfc481305624d61a1269d4ab143eba1, State: Running, Role: LEADER
I20260710 13:27:07.378676  6495 raft_consensus.cc:385] T 4ce24f22b1b440ab9c02eb781cf3d7fd P 06540afaab8a4874b54a787b91b5571c [term 0 FOLLOWER]: Consensus starting up: Expiring failure detector timer to make a prompt election more likely
I20260710 13:27:07.372716  6492 tablet_bootstrap.cc:492] T ce5359e78cc1490bbeaa43652d8754f9 P 0946af8ef57246caa1fec64829531343: No bootstrap required, opened a new log
I20260710 13:27:07.379179  6495 raft_consensus.cc:740] T 4ce24f22b1b440ab9c02eb781cf3d7fd P 06540afaab8a4874b54a787b91b5571c [term 0 FOLLOWER]: Becoming Follower/Learner. State: Replica: 06540afaab8a4874b54a787b91b5571c, State: Initialized, Role: FOLLOWER
I20260710 13:27:07.379773  6497 raft_consensus.cc:2749] T 130a2425dc1a4ccbb2e2851bef507f33 P 0946af8ef57246caa1fec64829531343 [term 0 FOLLOWER]: Leader pre-election lost for term 1. Reason: could not achieve majority
I20260710 13:27:07.379551  6498 consensus_queue.cc:237] T f5c37a4ffdea4a2294f8b68af7968786 P 9cfc481305624d61a1269d4ab143eba1 [LEADER]: Queue going to LEADER mode. State: All replicated index: 0, Majority replicated index: 0, Committed index: 0, Last appended: 0.0, Last appended by leader: 0, Current term: 1, Majority size: 2, State: 0, Mode: LEADER, active raft config: opid_index: -1 OBSOLETE_local: false peers { permanent_uuid: "0946af8ef57246caa1fec64829531343" member_type: VOTER last_known_addr { host: "127.5.15.65" port: 44333 } } peers { permanent_uuid: "9cfc481305624d61a1269d4ab143eba1" member_type: VOTER last_known_addr { host: "127.5.15.66" port: 43813 } } peers { permanent_uuid: "06540afaab8a4874b54a787b91b5571c" member_type: VOTER last_known_addr { host: "127.5.15.67" port: 44545 } }
I20260710 13:27:07.379163  6377 tablet_service.cc:1917] Received RequestConsensusVote() RPC: tablet_id: "96f6465a1df04c8eb6c3ba3d6620dcdd" candidate_uuid: "06540afaab8a4874b54a787b91b5571c" candidate_term: 1 candidate_status { last_received { term: 0 index: 0 } } ignore_live_leader: false dest_uuid: "9cfc481305624d61a1269d4ab143eba1" is_pre_election: true
I20260710 13:27:07.380785  6493 tablet_bootstrap.cc:654] T 4ae29b32a98a4733a4cdec778f5f3c98 P 9cfc481305624d61a1269d4ab143eba1: Neither blocks nor log segments found. Creating new log.
I20260710 13:27:07.380201  6495 consensus_queue.cc:260] T 4ce24f22b1b440ab9c02eb781cf3d7fd P 06540afaab8a4874b54a787b91b5571c [NON_LEADER]: Queue going to NON_LEADER mode. State: All replicated index: 0, Majority replicated index: 0, Committed index: 0, Last appended: 0.0, Last appended by leader: 0, Current term: 0, Majority size: -1, State: 0, Mode: NON_LEADER, active raft config: opid_index: -1 OBSOLETE_local: false peers { permanent_uuid: "0946af8ef57246caa1fec64829531343" member_type: VOTER last_known_addr { host: "127.5.15.65" port: 44333 } } peers { permanent_uuid: "9cfc481305624d61a1269d4ab143eba1" member_type: VOTER last_known_addr { host: "127.5.15.66" port: 43813 } } peers { permanent_uuid: "06540afaab8a4874b54a787b91b5571c" member_type: VOTER last_known_addr { host: "127.5.15.67" port: 44545 } }
W20260710 13:27:07.381458  6418 leader_election.cc:343] T 96f6465a1df04c8eb6c3ba3d6620dcdd P 06540afaab8a4874b54a787b91b5571c [CANDIDATE]: Term 1 pre-election: Tablet error from VoteRequest() call to peer 9cfc481305624d61a1269d4ab143eba1 (127.5.15.66:43813): Illegal state: must be running to vote when last-logged opid is not known
I20260710 13:27:07.381888  6418 leader_election.cc:304] T 96f6465a1df04c8eb6c3ba3d6620dcdd P 06540afaab8a4874b54a787b91b5571c [CANDIDATE]: Term 1 pre-election: Election decided. Result: candidate lost. Election summary: received 3 responses out of 3 voters: 1 yes votes; 2 no votes. yes voters: 06540afaab8a4874b54a787b91b5571c; no voters: 0946af8ef57246caa1fec64829531343, 9cfc481305624d61a1269d4ab143eba1
I20260710 13:27:07.379427  6492 ts_tablet_manager.cc:1403] T ce5359e78cc1490bbeaa43652d8754f9 P 0946af8ef57246caa1fec64829531343: Time spent bootstrapping tablet: real 0.044s	user 0.013s	sys 0.016s
I20260710 13:27:07.380014  6378 tablet_service.cc:1917] Received RequestConsensusVote() RPC: tablet_id: "f5c37a4ffdea4a2294f8b68af7968786" candidate_uuid: "06540afaab8a4874b54a787b91b5571c" candidate_term: 1 candidate_status { last_received { term: 0 index: 0 } } ignore_live_leader: false dest_uuid: "9cfc481305624d61a1269d4ab143eba1" is_pre_election: true
I20260710 13:27:07.383142  6495 ts_tablet_manager.cc:1434] T 4ce24f22b1b440ab9c02eb781cf3d7fd P 06540afaab8a4874b54a787b91b5571c: Time spent starting tablet: real 0.007s	user 0.006s	sys 0.000s
I20260710 13:27:07.384213  6495 tablet_bootstrap.cc:492] T 130a2425dc1a4ccbb2e2851bef507f33 P 06540afaab8a4874b54a787b91b5571c: Bootstrap starting.
I20260710 13:27:07.384261  6418 leader_election.cc:304] T f5c37a4ffdea4a2294f8b68af7968786 P 06540afaab8a4874b54a787b91b5571c [CANDIDATE]: Term 1 pre-election: Election decided. Result: candidate lost. Election summary: received 3 responses out of 3 voters: 1 yes votes; 2 no votes. yes voters: 06540afaab8a4874b54a787b91b5571c; no voters: 0946af8ef57246caa1fec64829531343, 9cfc481305624d61a1269d4ab143eba1
I20260710 13:27:07.384655  6500 raft_consensus.cc:2749] T 96f6465a1df04c8eb6c3ba3d6620dcdd P 06540afaab8a4874b54a787b91b5571c [term 0 FOLLOWER]: Leader pre-election lost for term 1. Reason: could not achieve majority
I20260710 13:27:07.385239  6500 raft_consensus.cc:2749] T f5c37a4ffdea4a2294f8b68af7968786 P 06540afaab8a4874b54a787b91b5571c [term 1 FOLLOWER]: Leader pre-election lost for term 1. Reason: could not achieve majority
I20260710 13:27:07.392493  6495 tablet_bootstrap.cc:654] T 130a2425dc1a4ccbb2e2851bef507f33 P 06540afaab8a4874b54a787b91b5571c: Neither blocks nor log segments found. Creating new log.
I20260710 13:27:07.392693  6492 raft_consensus.cc:359] T ce5359e78cc1490bbeaa43652d8754f9 P 0946af8ef57246caa1fec64829531343 [term 0 FOLLOWER]: Replica starting. Triggering 0 pending ops. Active config: opid_index: -1 OBSOLETE_local: false peers { permanent_uuid: "0946af8ef57246caa1fec64829531343" member_type: VOTER last_known_addr { host: "127.5.15.65" port: 44333 } } peers { permanent_uuid: "9cfc481305624d61a1269d4ab143eba1" member_type: VOTER last_known_addr { host: "127.5.15.66" port: 43813 } } peers { permanent_uuid: "06540afaab8a4874b54a787b91b5571c" member_type: VOTER last_known_addr { host: "127.5.15.67" port: 44545 } }
I20260710 13:27:07.395171  6492 raft_consensus.cc:385] T ce5359e78cc1490bbeaa43652d8754f9 P 0946af8ef57246caa1fec64829531343 [term 0 FOLLOWER]: Consensus starting up: Expiring failure detector timer to make a prompt election more likely
I20260710 13:27:07.395816  6492 raft_consensus.cc:740] T ce5359e78cc1490bbeaa43652d8754f9 P 0946af8ef57246caa1fec64829531343 [term 0 FOLLOWER]: Becoming Follower/Learner. State: Replica: 0946af8ef57246caa1fec64829531343, State: Initialized, Role: FOLLOWER
I20260710 13:27:07.397267  6492 consensus_queue.cc:260] T ce5359e78cc1490bbeaa43652d8754f9 P 0946af8ef57246caa1fec64829531343 [NON_LEADER]: Queue going to NON_LEADER mode. State: All replicated index: 0, Majority replicated index: 0, Committed index: 0, Last appended: 0.0, Last appended by leader: 0, Current term: 0, Majority size: -1, State: 0, Mode: NON_LEADER, active raft config: opid_index: -1 OBSOLETE_local: false peers { permanent_uuid: "0946af8ef57246caa1fec64829531343" member_type: VOTER last_known_addr { host: "127.5.15.65" port: 44333 } } peers { permanent_uuid: "9cfc481305624d61a1269d4ab143eba1" member_type: VOTER last_known_addr { host: "127.5.15.66" port: 43813 } } peers { permanent_uuid: "06540afaab8a4874b54a787b91b5571c" member_type: VOTER last_known_addr { host: "127.5.15.67" port: 44545 } }
I20260710 13:27:07.403065  6492 ts_tablet_manager.cc:1434] T ce5359e78cc1490bbeaa43652d8754f9 P 0946af8ef57246caa1fec64829531343: Time spent starting tablet: real 0.015s	user 0.005s	sys 0.000s
I20260710 13:27:07.403999  6492 tablet_bootstrap.cc:492] T 96f6465a1df04c8eb6c3ba3d6620dcdd P 0946af8ef57246caa1fec64829531343: Bootstrap starting.
I20260710 13:27:07.409878  6492 tablet_bootstrap.cc:654] T 96f6465a1df04c8eb6c3ba3d6620dcdd P 0946af8ef57246caa1fec64829531343: Neither blocks nor log segments found. Creating new log.
I20260710 13:27:07.416941  6199 catalog_manager.cc:5697] T f5c37a4ffdea4a2294f8b68af7968786 P 9cfc481305624d61a1269d4ab143eba1 reported cstate change: term changed from 0 to 1, leader changed from <none> to 9cfc481305624d61a1269d4ab143eba1 (127.5.15.66). New cstate: current_term: 1 leader_uuid: "9cfc481305624d61a1269d4ab143eba1" committed_config { opid_index: -1 OBSOLETE_local: false peers { permanent_uuid: "0946af8ef57246caa1fec64829531343" member_type: VOTER last_known_addr { host: "127.5.15.65" port: 44333 } health_report { overall_health: UNKNOWN } } peers { permanent_uuid: "9cfc481305624d61a1269d4ab143eba1" member_type: VOTER last_known_addr { host: "127.5.15.66" port: 43813 } health_report { overall_health: HEALTHY } } peers { permanent_uuid: "06540afaab8a4874b54a787b91b5571c" member_type: VOTER last_known_addr { host: "127.5.15.67" port: 44545 } health_report { overall_health: UNKNOWN } } }
I20260710 13:27:07.418947  6495 tablet_bootstrap.cc:492] T 130a2425dc1a4ccbb2e2851bef507f33 P 06540afaab8a4874b54a787b91b5571c: No bootstrap required, opened a new log
I20260710 13:27:07.419421  6495 ts_tablet_manager.cc:1403] T 130a2425dc1a4ccbb2e2851bef507f33 P 06540afaab8a4874b54a787b91b5571c: Time spent bootstrapping tablet: real 0.035s	user 0.017s	sys 0.015s
I20260710 13:27:07.420710  6492 tablet_bootstrap.cc:492] T 96f6465a1df04c8eb6c3ba3d6620dcdd P 0946af8ef57246caa1fec64829531343: No bootstrap required, opened a new log
I20260710 13:27:07.421211  6492 ts_tablet_manager.cc:1403] T 96f6465a1df04c8eb6c3ba3d6620dcdd P 0946af8ef57246caa1fec64829531343: Time spent bootstrapping tablet: real 0.017s	user 0.015s	sys 0.001s
I20260710 13:27:07.422361  6495 raft_consensus.cc:359] T 130a2425dc1a4ccbb2e2851bef507f33 P 06540afaab8a4874b54a787b91b5571c [term 0 FOLLOWER]: Replica starting. Triggering 0 pending ops. Active config: opid_index: -1 OBSOLETE_local: false peers { permanent_uuid: "0946af8ef57246caa1fec64829531343" member_type: VOTER last_known_addr { host: "127.5.15.65" port: 44333 } } peers { permanent_uuid: "9cfc481305624d61a1269d4ab143eba1" member_type: VOTER last_known_addr { host: "127.5.15.66" port: 43813 } } peers { permanent_uuid: "06540afaab8a4874b54a787b91b5571c" member_type: VOTER last_known_addr { host: "127.5.15.67" port: 44545 } }
I20260710 13:27:07.423116  6495 raft_consensus.cc:385] T 130a2425dc1a4ccbb2e2851bef507f33 P 06540afaab8a4874b54a787b91b5571c [term 0 FOLLOWER]: Consensus starting up: Expiring failure detector timer to make a prompt election more likely
I20260710 13:27:07.423504  6495 raft_consensus.cc:740] T 130a2425dc1a4ccbb2e2851bef507f33 P 06540afaab8a4874b54a787b91b5571c [term 0 FOLLOWER]: Becoming Follower/Learner. State: Replica: 06540afaab8a4874b54a787b91b5571c, State: Initialized, Role: FOLLOWER
I20260710 13:27:07.422987  6493 tablet_bootstrap.cc:492] T 4ae29b32a98a4733a4cdec778f5f3c98 P 9cfc481305624d61a1269d4ab143eba1: No bootstrap required, opened a new log
I20260710 13:27:07.423920  6492 raft_consensus.cc:359] T 96f6465a1df04c8eb6c3ba3d6620dcdd P 0946af8ef57246caa1fec64829531343 [term 0 FOLLOWER]: Replica starting. Triggering 0 pending ops. Active config: opid_index: -1 OBSOLETE_local: false peers { permanent_uuid: "0946af8ef57246caa1fec64829531343" member_type: VOTER last_known_addr { host: "127.5.15.65" port: 44333 } } peers { permanent_uuid: "9cfc481305624d61a1269d4ab143eba1" member_type: VOTER last_known_addr { host: "127.5.15.66" port: 43813 } } peers { permanent_uuid: "06540afaab8a4874b54a787b91b5571c" member_type: VOTER last_known_addr { host: "127.5.15.67" port: 44545 } }
I20260710 13:27:07.424239  6493 ts_tablet_manager.cc:1403] T 4ae29b32a98a4733a4cdec778f5f3c98 P 9cfc481305624d61a1269d4ab143eba1: Time spent bootstrapping tablet: real 0.072s	user 0.019s	sys 0.022s
I20260710 13:27:07.424635  6492 raft_consensus.cc:385] T 96f6465a1df04c8eb6c3ba3d6620dcdd P 0946af8ef57246caa1fec64829531343 [term 0 FOLLOWER]: Consensus starting up: Expiring failure detector timer to make a prompt election more likely
I20260710 13:27:07.424280  6495 consensus_queue.cc:260] T 130a2425dc1a4ccbb2e2851bef507f33 P 06540afaab8a4874b54a787b91b5571c [NON_LEADER]: Queue going to NON_LEADER mode. State: All replicated index: 0, Majority replicated index: 0, Committed index: 0, Last appended: 0.0, Last appended by leader: 0, Current term: 0, Majority size: -1, State: 0, Mode: NON_LEADER, active raft config: opid_index: -1 OBSOLETE_local: false peers { permanent_uuid: "0946af8ef57246caa1fec64829531343" member_type: VOTER last_known_addr { host: "127.5.15.65" port: 44333 } } peers { permanent_uuid: "9cfc481305624d61a1269d4ab143eba1" member_type: VOTER last_known_addr { host: "127.5.15.66" port: 43813 } } peers { permanent_uuid: "06540afaab8a4874b54a787b91b5571c" member_type: VOTER last_known_addr { host: "127.5.15.67" port: 44545 } }
I20260710 13:27:07.424978  6492 raft_consensus.cc:740] T 96f6465a1df04c8eb6c3ba3d6620dcdd P 0946af8ef57246caa1fec64829531343 [term 0 FOLLOWER]: Becoming Follower/Learner. State: Replica: 0946af8ef57246caa1fec64829531343, State: Initialized, Role: FOLLOWER
I20260710 13:27:07.425796  6492 consensus_queue.cc:260] T 96f6465a1df04c8eb6c3ba3d6620dcdd P 0946af8ef57246caa1fec64829531343 [NON_LEADER]: Queue going to NON_LEADER mode. State: All replicated index: 0, Majority replicated index: 0, Committed index: 0, Last appended: 0.0, Last appended by leader: 0, Current term: 0, Majority size: -1, State: 0, Mode: NON_LEADER, active raft config: opid_index: -1 OBSOLETE_local: false peers { permanent_uuid: "0946af8ef57246caa1fec64829531343" member_type: VOTER last_known_addr { host: "127.5.15.65" port: 44333 } } peers { permanent_uuid: "9cfc481305624d61a1269d4ab143eba1" member_type: VOTER last_known_addr { host: "127.5.15.66" port: 43813 } } peers { permanent_uuid: "06540afaab8a4874b54a787b91b5571c" member_type: VOTER last_known_addr { host: "127.5.15.67" port: 44545 } }
I20260710 13:27:07.427903  6492 ts_tablet_manager.cc:1434] T 96f6465a1df04c8eb6c3ba3d6620dcdd P 0946af8ef57246caa1fec64829531343: Time spent starting tablet: real 0.006s	user 0.005s	sys 0.000s
I20260710 13:27:07.428486  6495 ts_tablet_manager.cc:1434] T 130a2425dc1a4ccbb2e2851bef507f33 P 06540afaab8a4874b54a787b91b5571c: Time spent starting tablet: real 0.009s	user 0.008s	sys 0.000s
I20260710 13:27:07.428836  6492 tablet_bootstrap.cc:492] T f5c37a4ffdea4a2294f8b68af7968786 P 0946af8ef57246caa1fec64829531343: Bootstrap starting.
I20260710 13:27:07.429518  6495 tablet_bootstrap.cc:492] T 4ae29b32a98a4733a4cdec778f5f3c98 P 06540afaab8a4874b54a787b91b5571c: Bootstrap starting.
I20260710 13:27:07.434190  6493 raft_consensus.cc:359] T 4ae29b32a98a4733a4cdec778f5f3c98 P 9cfc481305624d61a1269d4ab143eba1 [term 0 FOLLOWER]: Replica starting. Triggering 0 pending ops. Active config: opid_index: -1 OBSOLETE_local: false peers { permanent_uuid: "0946af8ef57246caa1fec64829531343" member_type: VOTER last_known_addr { host: "127.5.15.65" port: 44333 } } peers { permanent_uuid: "9cfc481305624d61a1269d4ab143eba1" member_type: VOTER last_known_addr { host: "127.5.15.66" port: 43813 } } peers { permanent_uuid: "06540afaab8a4874b54a787b91b5571c" member_type: VOTER last_known_addr { host: "127.5.15.67" port: 44545 } }
I20260710 13:27:07.434855  6493 raft_consensus.cc:385] T 4ae29b32a98a4733a4cdec778f5f3c98 P 9cfc481305624d61a1269d4ab143eba1 [term 0 FOLLOWER]: Consensus starting up: Expiring failure detector timer to make a prompt election more likely
I20260710 13:27:07.435186  6492 tablet_bootstrap.cc:654] T f5c37a4ffdea4a2294f8b68af7968786 P 0946af8ef57246caa1fec64829531343: Neither blocks nor log segments found. Creating new log.
I20260710 13:27:07.435995  6495 tablet_bootstrap.cc:654] T 4ae29b32a98a4733a4cdec778f5f3c98 P 06540afaab8a4874b54a787b91b5571c: Neither blocks nor log segments found. Creating new log.
I20260710 13:27:07.435132  6493 raft_consensus.cc:740] T 4ae29b32a98a4733a4cdec778f5f3c98 P 9cfc481305624d61a1269d4ab143eba1 [term 0 FOLLOWER]: Becoming Follower/Learner. State: Replica: 9cfc481305624d61a1269d4ab143eba1, State: Initialized, Role: FOLLOWER
I20260710 13:27:07.438073  6493 consensus_queue.cc:260] T 4ae29b32a98a4733a4cdec778f5f3c98 P 9cfc481305624d61a1269d4ab143eba1 [NON_LEADER]: Queue going to NON_LEADER mode. State: All replicated index: 0, Majority replicated index: 0, Committed index: 0, Last appended: 0.0, Last appended by leader: 0, Current term: 0, Majority size: -1, State: 0, Mode: NON_LEADER, active raft config: opid_index: -1 OBSOLETE_local: false peers { permanent_uuid: "0946af8ef57246caa1fec64829531343" member_type: VOTER last_known_addr { host: "127.5.15.65" port: 44333 } } peers { permanent_uuid: "9cfc481305624d61a1269d4ab143eba1" member_type: VOTER last_known_addr { host: "127.5.15.66" port: 43813 } } peers { permanent_uuid: "06540afaab8a4874b54a787b91b5571c" member_type: VOTER last_known_addr { host: "127.5.15.67" port: 44545 } }
I20260710 13:27:07.440207  6493 ts_tablet_manager.cc:1434] T 4ae29b32a98a4733a4cdec778f5f3c98 P 9cfc481305624d61a1269d4ab143eba1: Time spent starting tablet: real 0.015s	user 0.004s	sys 0.000s
I20260710 13:27:07.441228  6493 tablet_bootstrap.cc:492] T 4ce24f22b1b440ab9c02eb781cf3d7fd P 9cfc481305624d61a1269d4ab143eba1: Bootstrap starting.
I20260710 13:27:07.446509  6492 tablet_bootstrap.cc:492] T f5c37a4ffdea4a2294f8b68af7968786 P 0946af8ef57246caa1fec64829531343: No bootstrap required, opened a new log
I20260710 13:27:07.446938  6492 ts_tablet_manager.cc:1403] T f5c37a4ffdea4a2294f8b68af7968786 P 0946af8ef57246caa1fec64829531343: Time spent bootstrapping tablet: real 0.018s	user 0.012s	sys 0.004s
I20260710 13:27:07.447463  6495 tablet_bootstrap.cc:492] T 4ae29b32a98a4733a4cdec778f5f3c98 P 06540afaab8a4874b54a787b91b5571c: No bootstrap required, opened a new log
I20260710 13:27:07.447948  6495 ts_tablet_manager.cc:1403] T 4ae29b32a98a4733a4cdec778f5f3c98 P 06540afaab8a4874b54a787b91b5571c: Time spent bootstrapping tablet: real 0.019s	user 0.007s	sys 0.009s
I20260710 13:27:07.450001  6498 raft_consensus.cc:493] T 323472a9eaba4246a79c0711b63c2bea P 9cfc481305624d61a1269d4ab143eba1 [term 0 FOLLOWER]: Starting pre-election (no leader contacted us within the election timeout)
I20260710 13:27:07.450443  6498 raft_consensus.cc:515] T 323472a9eaba4246a79c0711b63c2bea P 9cfc481305624d61a1269d4ab143eba1 [term 0 FOLLOWER]: Starting pre-election with config: opid_index: -1 OBSOLETE_local: false peers { permanent_uuid: "9cfc481305624d61a1269d4ab143eba1" member_type: VOTER last_known_addr { host: "127.5.15.66" port: 43813 } } peers { permanent_uuid: "06540afaab8a4874b54a787b91b5571c" member_type: VOTER last_known_addr { host: "127.5.15.67" port: 44545 } } peers { permanent_uuid: "0946af8ef57246caa1fec64829531343" member_type: VOTER last_known_addr { host: "127.5.15.65" port: 44333 } }
I20260710 13:27:07.451474  6495 raft_consensus.cc:359] T 4ae29b32a98a4733a4cdec778f5f3c98 P 06540afaab8a4874b54a787b91b5571c [term 0 FOLLOWER]: Replica starting. Triggering 0 pending ops. Active config: opid_index: -1 OBSOLETE_local: false peers { permanent_uuid: "0946af8ef57246caa1fec64829531343" member_type: VOTER last_known_addr { host: "127.5.15.65" port: 44333 } } peers { permanent_uuid: "9cfc481305624d61a1269d4ab143eba1" member_type: VOTER last_known_addr { host: "127.5.15.66" port: 43813 } } peers { permanent_uuid: "06540afaab8a4874b54a787b91b5571c" member_type: VOTER last_known_addr { host: "127.5.15.67" port: 44545 } }
I20260710 13:27:07.452143  6495 raft_consensus.cc:385] T 4ae29b32a98a4733a4cdec778f5f3c98 P 06540afaab8a4874b54a787b91b5571c [term 0 FOLLOWER]: Consensus starting up: Expiring failure detector timer to make a prompt election more likely
I20260710 13:27:07.452453  6498 leader_election.cc:290] T 323472a9eaba4246a79c0711b63c2bea P 9cfc481305624d61a1269d4ab143eba1 [CANDIDATE]: Term 1 pre-election: Requested pre-vote from peers 06540afaab8a4874b54a787b91b5571c (127.5.15.67:44545), 0946af8ef57246caa1fec64829531343 (127.5.15.65:44333)
I20260710 13:27:07.452436  6495 raft_consensus.cc:740] T 4ae29b32a98a4733a4cdec778f5f3c98 P 06540afaab8a4874b54a787b91b5571c [term 0 FOLLOWER]: Becoming Follower/Learner. State: Replica: 06540afaab8a4874b54a787b91b5571c, State: Initialized, Role: FOLLOWER
I20260710 13:27:07.453533  6302 tablet_service.cc:1917] Received RequestConsensusVote() RPC: tablet_id: "323472a9eaba4246a79c0711b63c2bea" candidate_uuid: "9cfc481305624d61a1269d4ab143eba1" candidate_term: 1 candidate_status { last_received { term: 0 index: 0 } } ignore_live_leader: false dest_uuid: "0946af8ef57246caa1fec64829531343" is_pre_election: true
I20260710 13:27:07.453729  6495 consensus_queue.cc:260] T 4ae29b32a98a4733a4cdec778f5f3c98 P 06540afaab8a4874b54a787b91b5571c [NON_LEADER]: Queue going to NON_LEADER mode. State: All replicated index: 0, Majority replicated index: 0, Committed index: 0, Last appended: 0.0, Last appended by leader: 0, Current term: 0, Majority size: -1, State: 0, Mode: NON_LEADER, active raft config: opid_index: -1 OBSOLETE_local: false peers { permanent_uuid: "0946af8ef57246caa1fec64829531343" member_type: VOTER last_known_addr { host: "127.5.15.65" port: 44333 } } peers { permanent_uuid: "9cfc481305624d61a1269d4ab143eba1" member_type: VOTER last_known_addr { host: "127.5.15.66" port: 43813 } } peers { permanent_uuid: "06540afaab8a4874b54a787b91b5571c" member_type: VOTER last_known_addr { host: "127.5.15.67" port: 44545 } }
I20260710 13:27:07.455364  6452 tablet_service.cc:1917] Received RequestConsensusVote() RPC: tablet_id: "323472a9eaba4246a79c0711b63c2bea" candidate_uuid: "9cfc481305624d61a1269d4ab143eba1" candidate_term: 1 candidate_status { last_received { term: 0 index: 0 } } ignore_live_leader: false dest_uuid: "06540afaab8a4874b54a787b91b5571c" is_pre_election: true
I20260710 13:27:07.454233  6493 tablet_bootstrap.cc:654] T 4ce24f22b1b440ab9c02eb781cf3d7fd P 9cfc481305624d61a1269d4ab143eba1: Neither blocks nor log segments found. Creating new log.
W20260710 13:27:07.457047  6343 leader_election.cc:343] T 323472a9eaba4246a79c0711b63c2bea P 9cfc481305624d61a1269d4ab143eba1 [CANDIDATE]: Term 1 pre-election: Tablet error from VoteRequest() call to peer 0946af8ef57246caa1fec64829531343 (127.5.15.65:44333): Illegal state: must be running to vote when last-logged opid is not known
W20260710 13:27:07.457715  6341 leader_election.cc:343] T 323472a9eaba4246a79c0711b63c2bea P 9cfc481305624d61a1269d4ab143eba1 [CANDIDATE]: Term 1 pre-election: Tablet error from VoteRequest() call to peer 06540afaab8a4874b54a787b91b5571c (127.5.15.67:44545): Illegal state: must be running to vote when last-logged opid is not known
I20260710 13:27:07.457890  6495 ts_tablet_manager.cc:1434] T 4ae29b32a98a4733a4cdec778f5f3c98 P 06540afaab8a4874b54a787b91b5571c: Time spent starting tablet: real 0.010s	user 0.004s	sys 0.004s
I20260710 13:27:07.458141  6341 leader_election.cc:304] T 323472a9eaba4246a79c0711b63c2bea P 9cfc481305624d61a1269d4ab143eba1 [CANDIDATE]: Term 1 pre-election: Election decided. Result: candidate lost. Election summary: received 3 responses out of 3 voters: 1 yes votes; 2 no votes. yes voters: 9cfc481305624d61a1269d4ab143eba1; no voters: 06540afaab8a4874b54a787b91b5571c, 0946af8ef57246caa1fec64829531343
I20260710 13:27:07.458858  6495 tablet_bootstrap.cc:492] T 2e3d45c986d6412ebb6b441bc347b47a P 06540afaab8a4874b54a787b91b5571c: Bootstrap starting.
I20260710 13:27:07.459192  6498 raft_consensus.cc:2749] T 323472a9eaba4246a79c0711b63c2bea P 9cfc481305624d61a1269d4ab143eba1 [term 0 FOLLOWER]: Leader pre-election lost for term 1. Reason: could not achieve majority
I20260710 13:27:07.459944  6492 raft_consensus.cc:359] T f5c37a4ffdea4a2294f8b68af7968786 P 0946af8ef57246caa1fec64829531343 [term 0 FOLLOWER]: Replica starting. Triggering 0 pending ops. Active config: opid_index: -1 OBSOLETE_local: false peers { permanent_uuid: "0946af8ef57246caa1fec64829531343" member_type: VOTER last_known_addr { host: "127.5.15.65" port: 44333 } } peers { permanent_uuid: "9cfc481305624d61a1269d4ab143eba1" member_type: VOTER last_known_addr { host: "127.5.15.66" port: 43813 } } peers { permanent_uuid: "06540afaab8a4874b54a787b91b5571c" member_type: VOTER last_known_addr { host: "127.5.15.67" port: 44545 } }
I20260710 13:27:07.460769  6492 raft_consensus.cc:385] T f5c37a4ffdea4a2294f8b68af7968786 P 0946af8ef57246caa1fec64829531343 [term 0 FOLLOWER]: Consensus starting up: Expiring failure detector timer to make a prompt election more likely
I20260710 13:27:07.461248  6492 raft_consensus.cc:740] T f5c37a4ffdea4a2294f8b68af7968786 P 0946af8ef57246caa1fec64829531343 [term 0 FOLLOWER]: Becoming Follower/Learner. State: Replica: 0946af8ef57246caa1fec64829531343, State: Initialized, Role: FOLLOWER
I20260710 13:27:07.462100  6492 consensus_queue.cc:260] T f5c37a4ffdea4a2294f8b68af7968786 P 0946af8ef57246caa1fec64829531343 [NON_LEADER]: Queue going to NON_LEADER mode. State: All replicated index: 0, Majority replicated index: 0, Committed index: 0, Last appended: 0.0, Last appended by leader: 0, Current term: 0, Majority size: -1, State: 0, Mode: NON_LEADER, active raft config: opid_index: -1 OBSOLETE_local: false peers { permanent_uuid: "0946af8ef57246caa1fec64829531343" member_type: VOTER last_known_addr { host: "127.5.15.65" port: 44333 } } peers { permanent_uuid: "9cfc481305624d61a1269d4ab143eba1" member_type: VOTER last_known_addr { host: "127.5.15.66" port: 43813 } } peers { permanent_uuid: "06540afaab8a4874b54a787b91b5571c" member_type: VOTER last_known_addr { host: "127.5.15.67" port: 44545 } }
I20260710 13:27:07.464376  6492 ts_tablet_manager.cc:1434] T f5c37a4ffdea4a2294f8b68af7968786 P 0946af8ef57246caa1fec64829531343: Time spent starting tablet: real 0.017s	user 0.008s	sys 0.000s
I20260710 13:27:07.465273  6492 tablet_bootstrap.cc:492] T 4ce24f22b1b440ab9c02eb781cf3d7fd P 0946af8ef57246caa1fec64829531343: Bootstrap starting.
I20260710 13:27:07.466635  6495 tablet_bootstrap.cc:654] T 2e3d45c986d6412ebb6b441bc347b47a P 06540afaab8a4874b54a787b91b5571c: Neither blocks nor log segments found. Creating new log.
I20260710 13:27:07.466506  6497 raft_consensus.cc:493] T 4ae29b32a98a4733a4cdec778f5f3c98 P 0946af8ef57246caa1fec64829531343 [term 0 FOLLOWER]: Starting pre-election (no leader contacted us within the election timeout)
I20260710 13:27:07.467123  6497 raft_consensus.cc:515] T 4ae29b32a98a4733a4cdec778f5f3c98 P 0946af8ef57246caa1fec64829531343 [term 0 FOLLOWER]: Starting pre-election with config: opid_index: -1 OBSOLETE_local: false peers { permanent_uuid: "0946af8ef57246caa1fec64829531343" member_type: VOTER last_known_addr { host: "127.5.15.65" port: 44333 } } peers { permanent_uuid: "9cfc481305624d61a1269d4ab143eba1" member_type: VOTER last_known_addr { host: "127.5.15.66" port: 43813 } } peers { permanent_uuid: "06540afaab8a4874b54a787b91b5571c" member_type: VOTER last_known_addr { host: "127.5.15.67" port: 44545 } }
I20260710 13:27:07.469108  6497 leader_election.cc:290] T 4ae29b32a98a4733a4cdec778f5f3c98 P 0946af8ef57246caa1fec64829531343 [CANDIDATE]: Term 1 pre-election: Requested pre-vote from peers 9cfc481305624d61a1269d4ab143eba1 (127.5.15.66:43813), 06540afaab8a4874b54a787b91b5571c (127.5.15.67:44545)
I20260710 13:27:07.471185  6452 tablet_service.cc:1917] Received RequestConsensusVote() RPC: tablet_id: "4ae29b32a98a4733a4cdec778f5f3c98" candidate_uuid: "0946af8ef57246caa1fec64829531343" candidate_term: 1 candidate_status { last_received { term: 0 index: 0 } } ignore_live_leader: false dest_uuid: "06540afaab8a4874b54a787b91b5571c" is_pre_election: true
I20260710 13:27:07.471830  6452 raft_consensus.cc:2468] T 4ae29b32a98a4733a4cdec778f5f3c98 P 06540afaab8a4874b54a787b91b5571c [term 0 FOLLOWER]: Leader pre-election vote request: Granting yes vote for candidate 0946af8ef57246caa1fec64829531343 in term 0.
I20260710 13:27:07.472941  6266 leader_election.cc:304] T 4ae29b32a98a4733a4cdec778f5f3c98 P 0946af8ef57246caa1fec64829531343 [CANDIDATE]: Term 1 pre-election: Election decided. Result: candidate won. Election summary: received 2 responses out of 3 voters: 2 yes votes; 0 no votes. yes voters: 06540afaab8a4874b54a787b91b5571c, 0946af8ef57246caa1fec64829531343; no voters: 
I20260710 13:27:07.471197  6378 tablet_service.cc:1917] Received RequestConsensusVote() RPC: tablet_id: "4ae29b32a98a4733a4cdec778f5f3c98" candidate_uuid: "0946af8ef57246caa1fec64829531343" candidate_term: 1 candidate_status { last_received { term: 0 index: 0 } } ignore_live_leader: false dest_uuid: "9cfc481305624d61a1269d4ab143eba1" is_pre_election: true
I20260710 13:27:07.474344  6378 raft_consensus.cc:2468] T 4ae29b32a98a4733a4cdec778f5f3c98 P 9cfc481305624d61a1269d4ab143eba1 [term 0 FOLLOWER]: Leader pre-election vote request: Granting yes vote for candidate 0946af8ef57246caa1fec64829531343 in term 0.
I20260710 13:27:07.475883  6497 raft_consensus.cc:2804] T 4ae29b32a98a4733a4cdec778f5f3c98 P 0946af8ef57246caa1fec64829531343 [term 0 FOLLOWER]: Leader pre-election won for term 1
I20260710 13:27:07.475975  6518 raft_consensus.cc:493] T 130a2425dc1a4ccbb2e2851bef507f33 P 06540afaab8a4874b54a787b91b5571c [term 0 FOLLOWER]: Starting pre-election (no leader contacted us within the election timeout)
I20260710 13:27:07.476286  6497 raft_consensus.cc:493] T 4ae29b32a98a4733a4cdec778f5f3c98 P 0946af8ef57246caa1fec64829531343 [term 0 FOLLOWER]: Starting leader election (no leader contacted us within the election timeout)
I20260710 13:27:07.476696  6497 raft_consensus.cc:3060] T 4ae29b32a98a4733a4cdec778f5f3c98 P 0946af8ef57246caa1fec64829531343 [term 0 FOLLOWER]: Advancing to term 1
I20260710 13:27:07.476526  6518 raft_consensus.cc:515] T 130a2425dc1a4ccbb2e2851bef507f33 P 06540afaab8a4874b54a787b91b5571c [term 0 FOLLOWER]: Starting pre-election with config: opid_index: -1 OBSOLETE_local: false peers { permanent_uuid: "0946af8ef57246caa1fec64829531343" member_type: VOTER last_known_addr { host: "127.5.15.65" port: 44333 } } peers { permanent_uuid: "9cfc481305624d61a1269d4ab143eba1" member_type: VOTER last_known_addr { host: "127.5.15.66" port: 43813 } } peers { permanent_uuid: "06540afaab8a4874b54a787b91b5571c" member_type: VOTER last_known_addr { host: "127.5.15.67" port: 44545 } }
I20260710 13:27:07.478693  6518 leader_election.cc:290] T 130a2425dc1a4ccbb2e2851bef507f33 P 06540afaab8a4874b54a787b91b5571c [CANDIDATE]: Term 1 pre-election: Requested pre-vote from peers 0946af8ef57246caa1fec64829531343 (127.5.15.65:44333), 9cfc481305624d61a1269d4ab143eba1 (127.5.15.66:43813)
I20260710 13:27:07.480127  6302 tablet_service.cc:1917] Received RequestConsensusVote() RPC: tablet_id: "130a2425dc1a4ccbb2e2851bef507f33" candidate_uuid: "06540afaab8a4874b54a787b91b5571c" candidate_term: 1 candidate_status { last_received { term: 0 index: 0 } } ignore_live_leader: false dest_uuid: "0946af8ef57246caa1fec64829531343" is_pre_election: true
I20260710 13:27:07.481235  6302 raft_consensus.cc:2468] T 130a2425dc1a4ccbb2e2851bef507f33 P 0946af8ef57246caa1fec64829531343 [term 0 FOLLOWER]: Leader pre-election vote request: Granting yes vote for candidate 06540afaab8a4874b54a787b91b5571c in term 0.
I20260710 13:27:07.482391  6378 tablet_service.cc:1917] Received RequestConsensusVote() RPC: tablet_id: "130a2425dc1a4ccbb2e2851bef507f33" candidate_uuid: "06540afaab8a4874b54a787b91b5571c" candidate_term: 1 candidate_status { last_received { term: 0 index: 0 } } ignore_live_leader: false dest_uuid: "9cfc481305624d61a1269d4ab143eba1" is_pre_election: true
I20260710 13:27:07.483270  6493 tablet_bootstrap.cc:492] T 4ce24f22b1b440ab9c02eb781cf3d7fd P 9cfc481305624d61a1269d4ab143eba1: No bootstrap required, opened a new log
I20260710 13:27:07.484140  6493 ts_tablet_manager.cc:1403] T 4ce24f22b1b440ab9c02eb781cf3d7fd P 9cfc481305624d61a1269d4ab143eba1: Time spent bootstrapping tablet: real 0.043s	user 0.015s	sys 0.016s
I20260710 13:27:07.486159  6495 tablet_bootstrap.cc:492] T 2e3d45c986d6412ebb6b441bc347b47a P 06540afaab8a4874b54a787b91b5571c: No bootstrap required, opened a new log
I20260710 13:27:07.486898  6495 ts_tablet_manager.cc:1403] T 2e3d45c986d6412ebb6b441bc347b47a P 06540afaab8a4874b54a787b91b5571c: Time spent bootstrapping tablet: real 0.028s	user 0.011s	sys 0.006s
I20260710 13:27:07.486927  6493 raft_consensus.cc:359] T 4ce24f22b1b440ab9c02eb781cf3d7fd P 9cfc481305624d61a1269d4ab143eba1 [term 0 FOLLOWER]: Replica starting. Triggering 0 pending ops. Active config: opid_index: -1 OBSOLETE_local: false peers { permanent_uuid: "0946af8ef57246caa1fec64829531343" member_type: VOTER last_known_addr { host: "127.5.15.65" port: 44333 } } peers { permanent_uuid: "9cfc481305624d61a1269d4ab143eba1" member_type: VOTER last_known_addr { host: "127.5.15.66" port: 43813 } } peers { permanent_uuid: "06540afaab8a4874b54a787b91b5571c" member_type: VOTER last_known_addr { host: "127.5.15.67" port: 44545 } }
I20260710 13:27:07.487396  6497 raft_consensus.cc:515] T 4ae29b32a98a4733a4cdec778f5f3c98 P 0946af8ef57246caa1fec64829531343 [term 1 FOLLOWER]: Starting leader election with config: opid_index: -1 OBSOLETE_local: false peers { permanent_uuid: "0946af8ef57246caa1fec64829531343" member_type: VOTER last_known_addr { host: "127.5.15.65" port: 44333 } } peers { permanent_uuid: "9cfc481305624d61a1269d4ab143eba1" member_type: VOTER last_known_addr { host: "127.5.15.66" port: 43813 } } peers { permanent_uuid: "06540afaab8a4874b54a787b91b5571c" member_type: VOTER last_known_addr { host: "127.5.15.67" port: 44545 } }
I20260710 13:27:07.487821  6493 raft_consensus.cc:385] T 4ce24f22b1b440ab9c02eb781cf3d7fd P 9cfc481305624d61a1269d4ab143eba1 [term 0 FOLLOWER]: Consensus starting up: Expiring failure detector timer to make a prompt election more likely
I20260710 13:27:07.488206  6493 raft_consensus.cc:740] T 4ce24f22b1b440ab9c02eb781cf3d7fd P 9cfc481305624d61a1269d4ab143eba1 [term 0 FOLLOWER]: Becoming Follower/Learner. State: Replica: 9cfc481305624d61a1269d4ab143eba1, State: Initialized, Role: FOLLOWER
I20260710 13:27:07.489094  6492 tablet_bootstrap.cc:654] T 4ce24f22b1b440ab9c02eb781cf3d7fd P 0946af8ef57246caa1fec64829531343: Neither blocks nor log segments found. Creating new log.
I20260710 13:27:07.489003  6493 consensus_queue.cc:260] T 4ce24f22b1b440ab9c02eb781cf3d7fd P 9cfc481305624d61a1269d4ab143eba1 [NON_LEADER]: Queue going to NON_LEADER mode. State: All replicated index: 0, Majority replicated index: 0, Committed index: 0, Last appended: 0.0, Last appended by leader: 0, Current term: 0, Majority size: -1, State: 0, Mode: NON_LEADER, active raft config: opid_index: -1 OBSOLETE_local: false peers { permanent_uuid: "0946af8ef57246caa1fec64829531343" member_type: VOTER last_known_addr { host: "127.5.15.65" port: 44333 } } peers { permanent_uuid: "9cfc481305624d61a1269d4ab143eba1" member_type: VOTER last_known_addr { host: "127.5.15.66" port: 43813 } } peers { permanent_uuid: "06540afaab8a4874b54a787b91b5571c" member_type: VOTER last_known_addr { host: "127.5.15.67" port: 44545 } }
I20260710 13:27:07.489840  6495 raft_consensus.cc:359] T 2e3d45c986d6412ebb6b441bc347b47a P 06540afaab8a4874b54a787b91b5571c [term 0 FOLLOWER]: Replica starting. Triggering 0 pending ops. Active config: opid_index: -1 OBSOLETE_local: false peers { permanent_uuid: "0946af8ef57246caa1fec64829531343" member_type: VOTER last_known_addr { host: "127.5.15.65" port: 44333 } } peers { permanent_uuid: "9cfc481305624d61a1269d4ab143eba1" member_type: VOTER last_known_addr { host: "127.5.15.66" port: 43813 } } peers { permanent_uuid: "06540afaab8a4874b54a787b91b5571c" member_type: VOTER last_known_addr { host: "127.5.15.67" port: 44545 } }
I20260710 13:27:07.490516  6495 raft_consensus.cc:385] T 2e3d45c986d6412ebb6b441bc347b47a P 06540afaab8a4874b54a787b91b5571c [term 0 FOLLOWER]: Consensus starting up: Expiring failure detector timer to make a prompt election more likely
I20260710 13:27:07.490803  6495 raft_consensus.cc:740] T 2e3d45c986d6412ebb6b441bc347b47a P 06540afaab8a4874b54a787b91b5571c [term 0 FOLLOWER]: Becoming Follower/Learner. State: Replica: 06540afaab8a4874b54a787b91b5571c, State: Initialized, Role: FOLLOWER
I20260710 13:27:07.491461  6493 ts_tablet_manager.cc:1434] T 4ce24f22b1b440ab9c02eb781cf3d7fd P 9cfc481305624d61a1269d4ab143eba1: Time spent starting tablet: real 0.007s	user 0.004s	sys 0.003s
I20260710 13:27:07.491524  6495 consensus_queue.cc:260] T 2e3d45c986d6412ebb6b441bc347b47a P 06540afaab8a4874b54a787b91b5571c [NON_LEADER]: Queue going to NON_LEADER mode. State: All replicated index: 0, Majority replicated index: 0, Committed index: 0, Last appended: 0.0, Last appended by leader: 0, Current term: 0, Majority size: -1, State: 0, Mode: NON_LEADER, active raft config: opid_index: -1 OBSOLETE_local: false peers { permanent_uuid: "0946af8ef57246caa1fec64829531343" member_type: VOTER last_known_addr { host: "127.5.15.65" port: 44333 } } peers { permanent_uuid: "9cfc481305624d61a1269d4ab143eba1" member_type: VOTER last_known_addr { host: "127.5.15.66" port: 43813 } } peers { permanent_uuid: "06540afaab8a4874b54a787b91b5571c" member_type: VOTER last_known_addr { host: "127.5.15.67" port: 44545 } }
I20260710 13:27:07.492605  6493 tablet_bootstrap.cc:492] T 0502faaa100c45f2b939ccd93ac5e418 P 9cfc481305624d61a1269d4ab143eba1: Bootstrap starting.
I20260710 13:27:07.492585  6497 leader_election.cc:290] T 4ae29b32a98a4733a4cdec778f5f3c98 P 0946af8ef57246caa1fec64829531343 [CANDIDATE]: Term 1 election: Requested vote from peers 9cfc481305624d61a1269d4ab143eba1 (127.5.15.66:43813), 06540afaab8a4874b54a787b91b5571c (127.5.15.67:44545)
I20260710 13:27:07.493769  6495 ts_tablet_manager.cc:1434] T 2e3d45c986d6412ebb6b441bc347b47a P 06540afaab8a4874b54a787b91b5571c: Time spent starting tablet: real 0.006s	user 0.005s	sys 0.000s
I20260710 13:27:07.494653  6495 tablet_bootstrap.cc:492] T 0ad6233dabf248d9853e1f8879168510 P 06540afaab8a4874b54a787b91b5571c: Bootstrap starting.
I20260710 13:27:07.493436  6378 tablet_service.cc:1917] Received RequestConsensusVote() RPC: tablet_id: "4ae29b32a98a4733a4cdec778f5f3c98" candidate_uuid: "0946af8ef57246caa1fec64829531343" candidate_term: 1 candidate_status { last_received { term: 0 index: 0 } } ignore_live_leader: false dest_uuid: "9cfc481305624d61a1269d4ab143eba1"
I20260710 13:27:07.495582  6378 raft_consensus.cc:3060] T 4ae29b32a98a4733a4cdec778f5f3c98 P 9cfc481305624d61a1269d4ab143eba1 [term 0 FOLLOWER]: Advancing to term 1
I20260710 13:27:07.499706  6493 tablet_bootstrap.cc:654] T 0502faaa100c45f2b939ccd93ac5e418 P 9cfc481305624d61a1269d4ab143eba1: Neither blocks nor log segments found. Creating new log.
I20260710 13:27:07.500725  6495 tablet_bootstrap.cc:654] T 0ad6233dabf248d9853e1f8879168510 P 06540afaab8a4874b54a787b91b5571c: Neither blocks nor log segments found. Creating new log.
I20260710 13:27:07.482318  6417 leader_election.cc:304] T 130a2425dc1a4ccbb2e2851bef507f33 P 06540afaab8a4874b54a787b91b5571c [CANDIDATE]: Term 1 pre-election: Election decided. Result: candidate won. Election summary: received 2 responses out of 3 voters: 2 yes votes; 0 no votes. yes voters: 06540afaab8a4874b54a787b91b5571c, 0946af8ef57246caa1fec64829531343; no voters: 
W20260710 13:27:07.513622  6418 leader_election.cc:343] T 130a2425dc1a4ccbb2e2851bef507f33 P 06540afaab8a4874b54a787b91b5571c [CANDIDATE]: Term 1 pre-election: Tablet error from VoteRequest() call to peer 9cfc481305624d61a1269d4ab143eba1 (127.5.15.66:43813): Illegal state: must be running to vote when last-logged opid is not known
I20260710 13:27:07.520004  6452 tablet_service.cc:1917] Received RequestConsensusVote() RPC: tablet_id: "4ae29b32a98a4733a4cdec778f5f3c98" candidate_uuid: "0946af8ef57246caa1fec64829531343" candidate_term: 1 candidate_status { last_received { term: 0 index: 0 } } ignore_live_leader: false dest_uuid: "06540afaab8a4874b54a787b91b5571c"
I20260710 13:27:07.520610  6452 raft_consensus.cc:3060] T 4ae29b32a98a4733a4cdec778f5f3c98 P 06540afaab8a4874b54a787b91b5571c [term 0 FOLLOWER]: Advancing to term 1
I20260710 13:27:07.530818  6518 raft_consensus.cc:2804] T 130a2425dc1a4ccbb2e2851bef507f33 P 06540afaab8a4874b54a787b91b5571c [term 0 FOLLOWER]: Leader pre-election won for term 1
I20260710 13:27:07.531229  6518 raft_consensus.cc:493] T 130a2425dc1a4ccbb2e2851bef507f33 P 06540afaab8a4874b54a787b91b5571c [term 0 FOLLOWER]: Starting leader election (no leader contacted us within the election timeout)
I20260710 13:27:07.531566  6518 raft_consensus.cc:3060] T 130a2425dc1a4ccbb2e2851bef507f33 P 06540afaab8a4874b54a787b91b5571c [term 0 FOLLOWER]: Advancing to term 1
I20260710 13:27:07.534144  6500 raft_consensus.cc:493] T 2e3d45c986d6412ebb6b441bc347b47a P 06540afaab8a4874b54a787b91b5571c [term 0 FOLLOWER]: Starting pre-election (no leader contacted us within the election timeout)
I20260710 13:27:07.534636  6500 raft_consensus.cc:515] T 2e3d45c986d6412ebb6b441bc347b47a P 06540afaab8a4874b54a787b91b5571c [term 0 FOLLOWER]: Starting pre-election with config: opid_index: -1 OBSOLETE_local: false peers { permanent_uuid: "0946af8ef57246caa1fec64829531343" member_type: VOTER last_known_addr { host: "127.5.15.65" port: 44333 } } peers { permanent_uuid: "9cfc481305624d61a1269d4ab143eba1" member_type: VOTER last_known_addr { host: "127.5.15.66" port: 43813 } } peers { permanent_uuid: "06540afaab8a4874b54a787b91b5571c" member_type: VOTER last_known_addr { host: "127.5.15.67" port: 44545 } }
I20260710 13:27:07.536762  6500 leader_election.cc:290] T 2e3d45c986d6412ebb6b441bc347b47a P 06540afaab8a4874b54a787b91b5571c [CANDIDATE]: Term 1 pre-election: Requested pre-vote from peers 0946af8ef57246caa1fec64829531343 (127.5.15.65:44333), 9cfc481305624d61a1269d4ab143eba1 (127.5.15.66:43813)
I20260710 13:27:07.538508  6302 tablet_service.cc:1917] Received RequestConsensusVote() RPC: tablet_id: "2e3d45c986d6412ebb6b441bc347b47a" candidate_uuid: "06540afaab8a4874b54a787b91b5571c" candidate_term: 1 candidate_status { last_received { term: 0 index: 0 } } ignore_live_leader: false dest_uuid: "0946af8ef57246caa1fec64829531343" is_pre_election: true
W20260710 13:27:07.539912  6417 leader_election.cc:343] T 2e3d45c986d6412ebb6b441bc347b47a P 06540afaab8a4874b54a787b91b5571c [CANDIDATE]: Term 1 pre-election: Tablet error from VoteRequest() call to peer 0946af8ef57246caa1fec64829531343 (127.5.15.65:44333): Illegal state: must be running to vote when last-logged opid is not known
I20260710 13:27:07.541457  6377 tablet_service.cc:1917] Received RequestConsensusVote() RPC: tablet_id: "2e3d45c986d6412ebb6b441bc347b47a" candidate_uuid: "06540afaab8a4874b54a787b91b5571c" candidate_term: 1 candidate_status { last_received { term: 0 index: 0 } } ignore_live_leader: false dest_uuid: "9cfc481305624d61a1269d4ab143eba1" is_pre_election: true
