I20260710 13:27:09.020882  1219 raft_consensus.cc:2468] T b3d38761a45d42148e717cfd6f7122b9 P b86cd48cb0cc40a4a3fa494deef5c6dd [term 0 FOLLOWER]: Leader pre-election vote request: Granting yes vote for candidate 2cdad90f9d0040c4b63b616d450c7db0 in term 0.
I20260710 13:27:09.022065  1368 tablet_service.cc:1917] Received RequestConsensusVote() RPC: tablet_id: "2544d49567d346c7836cd3296e17e183" candidate_uuid: "b86cd48cb0cc40a4a3fa494deef5c6dd" candidate_term: 1 candidate_status { last_received { term: 0 index: 0 } } ignore_live_leader: false dest_uuid: "f8fa143bd5064c479159c870c8c254fd"
I20260710 13:27:09.022642  1368 raft_consensus.cc:3060] T 2544d49567d346c7836cd3296e17e183 P f8fa143bd5064c479159c870c8c254fd [term 0 FOLLOWER]: Advancing to term 1
I20260710 13:27:09.022981  1437 raft_consensus.cc:493] T 3935c77f6d21487a803bd34bc1e5943f P b86cd48cb0cc40a4a3fa494deef5c6dd [term 0 FOLLOWER]: Starting pre-election (no leader contacted us within the election timeout)
I20260710 13:27:09.023448  1437 raft_consensus.cc:515] T 3935c77f6d21487a803bd34bc1e5943f P b86cd48cb0cc40a4a3fa494deef5c6dd [term 0 FOLLOWER]: Starting pre-election with config: opid_index: -1 OBSOLETE_local: false peers { permanent_uuid: "b86cd48cb0cc40a4a3fa494deef5c6dd" member_type: VOTER last_known_addr { host: "127.31.192.129" port: 43225 } } peers { permanent_uuid: "2cdad90f9d0040c4b63b616d450c7db0" member_type: VOTER last_known_addr { host: "127.31.192.130" port: 33843 } } peers { permanent_uuid: "f8fa143bd5064c479159c870c8c254fd" member_type: VOTER last_known_addr { host: "127.31.192.131" port: 39459 } }
I20260710 13:27:09.020855  1258 leader_election.cc:304] T b3d38761a45d42148e717cfd6f7122b9 P 2cdad90f9d0040c4b63b616d450c7db0 [CANDIDATE]: Term 1 pre-election: Election decided. Result: candidate won. Election summary: received 2 responses out of 3 voters: 2 yes votes; 0 no votes. yes voters: 2cdad90f9d0040c4b63b616d450c7db0, f8fa143bd5064c479159c870c8c254fd; no voters: 
I20260710 13:27:09.024734  1418 raft_consensus.cc:2804] T b3d38761a45d42148e717cfd6f7122b9 P 2cdad90f9d0040c4b63b616d450c7db0 [term 0 FOLLOWER]: Leader pre-election won for term 1
I20260710 13:27:09.025082  1418 raft_consensus.cc:493] T b3d38761a45d42148e717cfd6f7122b9 P 2cdad90f9d0040c4b63b616d450c7db0 [term 0 FOLLOWER]: Starting leader election (no leader contacted us within the election timeout)
I20260710 13:27:09.025380  1418 raft_consensus.cc:3060] T b3d38761a45d42148e717cfd6f7122b9 P 2cdad90f9d0040c4b63b616d450c7db0 [term 0 FOLLOWER]: Advancing to term 1
I20260710 13:27:09.026626  1366 tablet_service.cc:1917] Received RequestConsensusVote() RPC: tablet_id: "3935c77f6d21487a803bd34bc1e5943f" candidate_uuid: "b86cd48cb0cc40a4a3fa494deef5c6dd" candidate_term: 1 candidate_status { last_received { term: 0 index: 0 } } ignore_live_leader: false dest_uuid: "f8fa143bd5064c479159c870c8c254fd" is_pre_election: true
I20260710 13:27:09.026765  1437 leader_election.cc:290] T 3935c77f6d21487a803bd34bc1e5943f P b86cd48cb0cc40a4a3fa494deef5c6dd [CANDIDATE]: Term 1 pre-election: Requested pre-vote from peers 2cdad90f9d0040c4b63b616d450c7db0 (127.31.192.130:33843), f8fa143bd5064c479159c870c8c254fd (127.31.192.131:39459)
I20260710 13:27:09.026937  1293 tablet_service.cc:1917] Received RequestConsensusVote() RPC: tablet_id: "3935c77f6d21487a803bd34bc1e5943f" candidate_uuid: "b86cd48cb0cc40a4a3fa494deef5c6dd" candidate_term: 1 candidate_status { last_received { term: 0 index: 0 } } ignore_live_leader: false dest_uuid: "2cdad90f9d0040c4b63b616d450c7db0" is_pre_election: true
I20260710 13:27:09.027932  1475 leader_election.cc:290] T 2544d49567d346c7836cd3296e17e183 P b86cd48cb0cc40a4a3fa494deef5c6dd [CANDIDATE]: Term 1 election: Requested vote from peers f8fa143bd5064c479159c870c8c254fd (127.31.192.131:39459), 2cdad90f9d0040c4b63b616d450c7db0 (127.31.192.130:33843)
W20260710 13:27:09.028026  1183 leader_election.cc:343] T 3935c77f6d21487a803bd34bc1e5943f P b86cd48cb0cc40a4a3fa494deef5c6dd [CANDIDATE]: Term 1 pre-election: Tablet error from VoteRequest() call to peer f8fa143bd5064c479159c870c8c254fd (127.31.192.131:39459): Illegal state: must be running to vote when last-logged opid is not known
I20260710 13:27:09.029277  1294 tablet_service.cc:1917] Received RequestConsensusVote() RPC: tablet_id: "2544d49567d346c7836cd3296e17e183" candidate_uuid: "b86cd48cb0cc40a4a3fa494deef5c6dd" candidate_term: 1 candidate_status { last_received { term: 0 index: 0 } } ignore_live_leader: false dest_uuid: "2cdad90f9d0040c4b63b616d450c7db0"
I20260710 13:27:09.033253  1294 raft_consensus.cc:3060] T 2544d49567d346c7836cd3296e17e183 P 2cdad90f9d0040c4b63b616d450c7db0 [term 0 FOLLOWER]: Advancing to term 1
I20260710 13:27:09.033478  1409 tablet_bootstrap.cc:654] T 4eaad829a0c14de3a69c29e50351e062 P b86cd48cb0cc40a4a3fa494deef5c6dd: Neither blocks nor log segments found. Creating new log.
I20260710 13:27:09.032132  1418 raft_consensus.cc:515] T b3d38761a45d42148e717cfd6f7122b9 P 2cdad90f9d0040c4b63b616d450c7db0 [term 1 FOLLOWER]: Starting leader election with config: opid_index: -1 OBSOLETE_local: false peers { permanent_uuid: "b86cd48cb0cc40a4a3fa494deef5c6dd" member_type: VOTER last_known_addr { host: "127.31.192.129" port: 43225 } } peers { permanent_uuid: "2cdad90f9d0040c4b63b616d450c7db0" member_type: VOTER last_known_addr { host: "127.31.192.130" port: 33843 } } peers { permanent_uuid: "f8fa143bd5064c479159c870c8c254fd" member_type: VOTER last_known_addr { host: "127.31.192.131" port: 39459 } }
I20260710 13:27:09.031949  1408 tablet_bootstrap.cc:654] T 0ee9a315b8244dcd95e46a933165229d P f8fa143bd5064c479159c870c8c254fd: Neither blocks nor log segments found. Creating new log.
I20260710 13:27:09.032099  1368 raft_consensus.cc:2468] T 2544d49567d346c7836cd3296e17e183 P f8fa143bd5064c479159c870c8c254fd [term 1 FOLLOWER]: Leader election vote request: Granting yes vote for candidate b86cd48cb0cc40a4a3fa494deef5c6dd in term 1.
I20260710 13:27:09.039821  1418 leader_election.cc:290] T b3d38761a45d42148e717cfd6f7122b9 P 2cdad90f9d0040c4b63b616d450c7db0 [CANDIDATE]: Term 1 election: Requested vote from peers b86cd48cb0cc40a4a3fa494deef5c6dd (127.31.192.129:43225), f8fa143bd5064c479159c870c8c254fd (127.31.192.131:39459)
I20260710 13:27:09.036427  1219 tablet_service.cc:1917] Received RequestConsensusVote() RPC: tablet_id: "b3d38761a45d42148e717cfd6f7122b9" candidate_uuid: "2cdad90f9d0040c4b63b616d450c7db0" candidate_term: 1 candidate_status { last_received { term: 0 index: 0 } } ignore_live_leader: false dest_uuid: "b86cd48cb0cc40a4a3fa494deef5c6dd"
W20260710 13:27:09.037348  1185 leader_election.cc:343] T 3935c77f6d21487a803bd34bc1e5943f P b86cd48cb0cc40a4a3fa494deef5c6dd [CANDIDATE]: Term 1 pre-election: Tablet error from VoteRequest() call to peer 2cdad90f9d0040c4b63b616d450c7db0 (127.31.192.130:33843): Illegal state: must be running to vote when last-logged opid is not known
I20260710 13:27:09.046322  1366 tablet_service.cc:1917] Received RequestConsensusVote() RPC: tablet_id: "b3d38761a45d42148e717cfd6f7122b9" candidate_uuid: "2cdad90f9d0040c4b63b616d450c7db0" candidate_term: 1 candidate_status { last_received { term: 0 index: 0 } } ignore_live_leader: false dest_uuid: "f8fa143bd5064c479159c870c8c254fd"
I20260710 13:27:09.047087  1366 raft_consensus.cc:3060] T b3d38761a45d42148e717cfd6f7122b9 P f8fa143bd5064c479159c870c8c254fd [term 0 FOLLOWER]: Advancing to term 1
I20260710 13:27:09.047905  1219 raft_consensus.cc:3060] T b3d38761a45d42148e717cfd6f7122b9 P b86cd48cb0cc40a4a3fa494deef5c6dd [term 0 FOLLOWER]: Advancing to term 1
I20260710 13:27:09.056464  1450 consensus_queue.cc:1048] T 47b9d7c4292d43079d20a113d7502356 P f8fa143bd5064c479159c870c8c254fd [LEADER]: Connected to new peer: Peer: permanent_uuid: "b86cd48cb0cc40a4a3fa494deef5c6dd" member_type: VOTER last_known_addr { host: "127.31.192.129" port: 43225 }, Status: LMP_MISMATCH, Last received: 0.0, Next index: 1, Last known committed idx: 0, Time since last communication: 0.001s
I20260710 13:27:09.057734  1183 leader_election.cc:304] T 2544d49567d346c7836cd3296e17e183 P b86cd48cb0cc40a4a3fa494deef5c6dd [CANDIDATE]: Term 1 election: Election decided. Result: candidate won. Election summary: received 2 responses out of 3 voters: 2 yes votes; 0 no votes. yes voters: b86cd48cb0cc40a4a3fa494deef5c6dd, f8fa143bd5064c479159c870c8c254fd; no voters: 
I20260710 13:27:09.058807  1475 raft_consensus.cc:2804] T 2544d49567d346c7836cd3296e17e183 P b86cd48cb0cc40a4a3fa494deef5c6dd [term 1 FOLLOWER]: Leader election won for term 1
I20260710 13:27:09.059242  1475 raft_consensus.cc:697] T 2544d49567d346c7836cd3296e17e183 P b86cd48cb0cc40a4a3fa494deef5c6dd [term 1 LEADER]: Becoming Leader. State: Replica: b86cd48cb0cc40a4a3fa494deef5c6dd, State: Running, Role: LEADER
I20260710 13:27:09.060082  1475 consensus_queue.cc:237] T 2544d49567d346c7836cd3296e17e183 P b86cd48cb0cc40a4a3fa494deef5c6dd [LEADER]: Queue going to LEADER mode. State: All replicated index: 0, Majority replicated index: 0, Committed index: 0, Last appended: 0.0, Last appended by leader: 0, Current term: 1, Majority size: 2, State: 0, Mode: LEADER, active raft config: opid_index: -1 OBSOLETE_local: false peers { permanent_uuid: "b86cd48cb0cc40a4a3fa494deef5c6dd" member_type: VOTER last_known_addr { host: "127.31.192.129" port: 43225 } } peers { permanent_uuid: "f8fa143bd5064c479159c870c8c254fd" member_type: VOTER last_known_addr { host: "127.31.192.131" port: 39459 } } peers { permanent_uuid: "2cdad90f9d0040c4b63b616d450c7db0" member_type: VOTER last_known_addr { host: "127.31.192.130" port: 33843 } }
I20260710 13:27:09.062062  1185 leader_election.cc:304] T 3935c77f6d21487a803bd34bc1e5943f P b86cd48cb0cc40a4a3fa494deef5c6dd [CANDIDATE]: Term 1 pre-election: Election decided. Result: candidate lost. Election summary: received 3 responses out of 3 voters: 1 yes votes; 2 no votes. yes voters: b86cd48cb0cc40a4a3fa494deef5c6dd; no voters: 2cdad90f9d0040c4b63b616d450c7db0, f8fa143bd5064c479159c870c8c254fd
I20260710 13:27:09.064703  1437 raft_consensus.cc:2749] T 3935c77f6d21487a803bd34bc1e5943f P b86cd48cb0cc40a4a3fa494deef5c6dd [term 0 FOLLOWER]: Leader pre-election lost for term 1. Reason: could not achieve majority
I20260710 13:27:09.073431  1366 raft_consensus.cc:2468] T b3d38761a45d42148e717cfd6f7122b9 P f8fa143bd5064c479159c870c8c254fd [term 1 FOLLOWER]: Leader election vote request: Granting yes vote for candidate 2cdad90f9d0040c4b63b616d450c7db0 in term 1.
I20260710 13:27:09.081981  1437 raft_consensus.cc:493] T beec801189464295b8904858b93f3cc4 P b86cd48cb0cc40a4a3fa494deef5c6dd [term 0 FOLLOWER]: Starting pre-election (no leader contacted us within the election timeout)
I20260710 13:27:09.082764  1437 raft_consensus.cc:515] T beec801189464295b8904858b93f3cc4 P b86cd48cb0cc40a4a3fa494deef5c6dd [term 0 FOLLOWER]: Starting pre-election with config: opid_index: -1 OBSOLETE_local: false peers { permanent_uuid: "b86cd48cb0cc40a4a3fa494deef5c6dd" member_type: VOTER last_known_addr { host: "127.31.192.129" port: 43225 } } peers { permanent_uuid: "2cdad90f9d0040c4b63b616d450c7db0" member_type: VOTER last_known_addr { host: "127.31.192.130" port: 33843 } } peers { permanent_uuid: "f8fa143bd5064c479159c870c8c254fd" member_type: VOTER last_known_addr { host: "127.31.192.131" port: 39459 } }
I20260710 13:27:09.086897  1437 leader_election.cc:290] T beec801189464295b8904858b93f3cc4 P b86cd48cb0cc40a4a3fa494deef5c6dd [CANDIDATE]: Term 1 pre-election: Requested pre-vote from peers 2cdad90f9d0040c4b63b616d450c7db0 (127.31.192.130:33843), f8fa143bd5064c479159c870c8c254fd (127.31.192.131:39459)
I20260710 13:27:09.087185  1368 tablet_service.cc:1917] Received RequestConsensusVote() RPC: tablet_id: "beec801189464295b8904858b93f3cc4" candidate_uuid: "b86cd48cb0cc40a4a3fa494deef5c6dd" candidate_term: 1 candidate_status { last_received { term: 0 index: 0 } } ignore_live_leader: false dest_uuid: "f8fa143bd5064c479159c870c8c254fd" is_pre_election: true
I20260710 13:27:09.088155  1368 raft_consensus.cc:2468] T beec801189464295b8904858b93f3cc4 P f8fa143bd5064c479159c870c8c254fd [term 0 FOLLOWER]: Leader pre-election vote request: Granting yes vote for candidate b86cd48cb0cc40a4a3fa494deef5c6dd in term 0.
I20260710 13:27:09.089339  1293 tablet_service.cc:1917] Received RequestConsensusVote() RPC: tablet_id: "beec801189464295b8904858b93f3cc4" candidate_uuid: "b86cd48cb0cc40a4a3fa494deef5c6dd" candidate_term: 1 candidate_status { last_received { term: 0 index: 0 } } ignore_live_leader: false dest_uuid: "2cdad90f9d0040c4b63b616d450c7db0" is_pre_election: true
I20260710 13:27:09.089551  1450 raft_consensus.cc:493] T 444dc64a907541c790e6403a1d95405d P f8fa143bd5064c479159c870c8c254fd [term 0 FOLLOWER]: Starting pre-election (no leader contacted us within the election timeout)
I20260710 13:27:09.089704  1183 leader_election.cc:304] T beec801189464295b8904858b93f3cc4 P b86cd48cb0cc40a4a3fa494deef5c6dd [CANDIDATE]: Term 1 pre-election: Election decided. Result: candidate won. Election summary: received 2 responses out of 3 voters: 2 yes votes; 0 no votes. yes voters: b86cd48cb0cc40a4a3fa494deef5c6dd, f8fa143bd5064c479159c870c8c254fd; no voters: 
I20260710 13:27:09.090039  1293 raft_consensus.cc:2468] T beec801189464295b8904858b93f3cc4 P 2cdad90f9d0040c4b63b616d450c7db0 [term 0 FOLLOWER]: Leader pre-election vote request: Granting yes vote for candidate b86cd48cb0cc40a4a3fa494deef5c6dd in term 0.
I20260710 13:27:09.090756  1437 raft_consensus.cc:2804] T beec801189464295b8904858b93f3cc4 P b86cd48cb0cc40a4a3fa494deef5c6dd [term 0 FOLLOWER]: Leader pre-election won for term 1
I20260710 13:27:09.090504  1450 raft_consensus.cc:515] T 444dc64a907541c790e6403a1d95405d P f8fa143bd5064c479159c870c8c254fd [term 0 FOLLOWER]: Starting pre-election with config: opid_index: -1 OBSOLETE_local: false peers { permanent_uuid: "b86cd48cb0cc40a4a3fa494deef5c6dd" member_type: VOTER last_known_addr { host: "127.31.192.129" port: 43225 } } peers { permanent_uuid: "2cdad90f9d0040c4b63b616d450c7db0" member_type: VOTER last_known_addr { host: "127.31.192.130" port: 33843 } } peers { permanent_uuid: "f8fa143bd5064c479159c870c8c254fd" member_type: VOTER last_known_addr { host: "127.31.192.131" port: 39459 } }
I20260710 13:27:09.091745  1219 raft_consensus.cc:2468] T b3d38761a45d42148e717cfd6f7122b9 P b86cd48cb0cc40a4a3fa494deef5c6dd [term 1 FOLLOWER]: Leader election vote request: Granting yes vote for candidate 2cdad90f9d0040c4b63b616d450c7db0 in term 1.
I20260710 13:27:09.093420  1258 leader_election.cc:304] T b3d38761a45d42148e717cfd6f7122b9 P 2cdad90f9d0040c4b63b616d450c7db0 [CANDIDATE]: Term 1 election: Election decided. Result: candidate won. Election summary: received 2 responses out of 3 voters: 2 yes votes; 0 no votes. yes voters: 2cdad90f9d0040c4b63b616d450c7db0, b86cd48cb0cc40a4a3fa494deef5c6dd; no voters: 
I20260710 13:27:09.094561  1418 raft_consensus.cc:2804] T b3d38761a45d42148e717cfd6f7122b9 P 2cdad90f9d0040c4b63b616d450c7db0 [term 1 FOLLOWER]: Leader election won for term 1
I20260710 13:27:09.095126  1418 raft_consensus.cc:697] T b3d38761a45d42148e717cfd6f7122b9 P 2cdad90f9d0040c4b63b616d450c7db0 [term 1 LEADER]: Becoming Leader. State: Replica: 2cdad90f9d0040c4b63b616d450c7db0, State: Running, Role: LEADER
I20260710 13:27:09.096325  1418 consensus_queue.cc:237] T b3d38761a45d42148e717cfd6f7122b9 P 2cdad90f9d0040c4b63b616d450c7db0 [LEADER]: Queue going to LEADER mode. State: All replicated index: 0, Majority replicated index: 0, Committed index: 0, Last appended: 0.0, Last appended by leader: 0, Current term: 1, Majority size: 2, State: 0, Mode: LEADER, active raft config: opid_index: -1 OBSOLETE_local: false peers { permanent_uuid: "b86cd48cb0cc40a4a3fa494deef5c6dd" member_type: VOTER last_known_addr { host: "127.31.192.129" port: 43225 } } peers { permanent_uuid: "2cdad90f9d0040c4b63b616d450c7db0" member_type: VOTER last_known_addr { host: "127.31.192.130" port: 33843 } } peers { permanent_uuid: "f8fa143bd5064c479159c870c8c254fd" member_type: VOTER last_known_addr { host: "127.31.192.131" port: 39459 } }
I20260710 13:27:09.091202  1437 raft_consensus.cc:493] T beec801189464295b8904858b93f3cc4 P b86cd48cb0cc40a4a3fa494deef5c6dd [term 0 FOLLOWER]: Starting leader election (no leader contacted us within the election timeout)
I20260710 13:27:09.102072  1437 raft_consensus.cc:3060] T beec801189464295b8904858b93f3cc4 P b86cd48cb0cc40a4a3fa494deef5c6dd [term 0 FOLLOWER]: Advancing to term 1
I20260710 13:27:09.106500  1450 leader_election.cc:290] T 444dc64a907541c790e6403a1d95405d P f8fa143bd5064c479159c870c8c254fd [CANDIDATE]: Term 1 pre-election: Requested pre-vote from peers b86cd48cb0cc40a4a3fa494deef5c6dd (127.31.192.129:43225), 2cdad90f9d0040c4b63b616d450c7db0 (127.31.192.130:33843)
I20260710 13:27:09.107445  1460 raft_consensus.cc:493] T 51738ebe61cb4e0cb9ca663610fc5e9b P f8fa143bd5064c479159c870c8c254fd [term 0 FOLLOWER]: Starting pre-election (no leader contacted us within the election timeout)
I20260710 13:27:09.112533  1460 raft_consensus.cc:515] T 51738ebe61cb4e0cb9ca663610fc5e9b P f8fa143bd5064c479159c870c8c254fd [term 0 FOLLOWER]: Starting pre-election with config: opid_index: -1 OBSOLETE_local: false peers { permanent_uuid: "b86cd48cb0cc40a4a3fa494deef5c6dd" member_type: VOTER last_known_addr { host: "127.31.192.129" port: 43225 } } peers { permanent_uuid: "2cdad90f9d0040c4b63b616d450c7db0" member_type: VOTER last_known_addr { host: "127.31.192.130" port: 33843 } } peers { permanent_uuid: "f8fa143bd5064c479159c870c8c254fd" member_type: VOTER last_known_addr { host: "127.31.192.131" port: 39459 } }
I20260710 13:27:09.115696  1409 tablet_bootstrap.cc:492] T 4eaad829a0c14de3a69c29e50351e062 P b86cd48cb0cc40a4a3fa494deef5c6dd: No bootstrap required, opened a new log
I20260710 13:27:09.116205  1409 ts_tablet_manager.cc:1403] T 4eaad829a0c14de3a69c29e50351e062 P b86cd48cb0cc40a4a3fa494deef5c6dd: Time spent bootstrapping tablet: real 0.113s	user 0.027s	sys 0.058s
I20260710 13:27:09.118008  1292 tablet_service.cc:1917] Received RequestConsensusVote() RPC: tablet_id: "51738ebe61cb4e0cb9ca663610fc5e9b" candidate_uuid: "f8fa143bd5064c479159c870c8c254fd" candidate_term: 1 candidate_status { last_received { term: 0 index: 0 } } ignore_live_leader: false dest_uuid: "2cdad90f9d0040c4b63b616d450c7db0" is_pre_election: true
I20260710 13:27:09.118852  1409 raft_consensus.cc:359] T 4eaad829a0c14de3a69c29e50351e062 P b86cd48cb0cc40a4a3fa494deef5c6dd [term 0 FOLLOWER]: Replica starting. Triggering 0 pending ops. Active config: opid_index: -1 OBSOLETE_local: false peers { permanent_uuid: "b86cd48cb0cc40a4a3fa494deef5c6dd" member_type: VOTER last_known_addr { host: "127.31.192.129" port: 43225 } } peers { permanent_uuid: "2cdad90f9d0040c4b63b616d450c7db0" member_type: VOTER last_known_addr { host: "127.31.192.130" port: 33843 } } peers { permanent_uuid: "f8fa143bd5064c479159c870c8c254fd" member_type: VOTER last_known_addr { host: "127.31.192.131" port: 39459 } }
I20260710 13:27:09.119534  1409 raft_consensus.cc:385] T 4eaad829a0c14de3a69c29e50351e062 P b86cd48cb0cc40a4a3fa494deef5c6dd [term 0 FOLLOWER]: Consensus starting up: Expiring failure detector timer to make a prompt election more likely
I20260710 13:27:09.119779  1409 raft_consensus.cc:740] T 4eaad829a0c14de3a69c29e50351e062 P b86cd48cb0cc40a4a3fa494deef5c6dd [term 0 FOLLOWER]: Becoming Follower/Learner. State: Replica: b86cd48cb0cc40a4a3fa494deef5c6dd, State: Initialized, Role: FOLLOWER
W20260710 13:27:09.119962  1165 auto_rebalancer.cc:288] Could not retrieve cluster info: Service unavailable: Tablet not running
I20260710 13:27:09.107506  1219 tablet_service.cc:1917] Received RequestConsensusVote() RPC: tablet_id: "444dc64a907541c790e6403a1d95405d" candidate_uuid: "f8fa143bd5064c479159c870c8c254fd" candidate_term: 1 candidate_status { last_received { term: 0 index: 0 } } ignore_live_leader: false dest_uuid: "b86cd48cb0cc40a4a3fa494deef5c6dd" is_pre_election: true
I20260710 13:27:09.108950  1293 tablet_service.cc:1917] Received RequestConsensusVote() RPC: tablet_id: "444dc64a907541c790e6403a1d95405d" candidate_uuid: "f8fa143bd5064c479159c870c8c254fd" candidate_term: 1 candidate_status { last_received { term: 0 index: 0 } } ignore_live_leader: false dest_uuid: "2cdad90f9d0040c4b63b616d450c7db0" is_pre_election: true
I20260710 13:27:09.120476  1409 consensus_queue.cc:260] T 4eaad829a0c14de3a69c29e50351e062 P b86cd48cb0cc40a4a3fa494deef5c6dd [NON_LEADER]: Queue going to NON_LEADER mode. State: All replicated index: 0, Majority replicated index: 0, Committed index: 0, Last appended: 0.0, Last appended by leader: 0, Current term: 0, Majority size: -1, State: 0, Mode: NON_LEADER, active raft config: opid_index: -1 OBSOLETE_local: false peers { permanent_uuid: "b86cd48cb0cc40a4a3fa494deef5c6dd" member_type: VOTER last_known_addr { host: "127.31.192.129" port: 43225 } } peers { permanent_uuid: "2cdad90f9d0040c4b63b616d450c7db0" member_type: VOTER last_known_addr { host: "127.31.192.130" port: 33843 } } peers { permanent_uuid: "f8fa143bd5064c479159c870c8c254fd" member_type: VOTER last_known_addr { host: "127.31.192.131" port: 39459 } }
I20260710 13:27:09.121347  1462 raft_consensus.cc:493] T 19212d269b9e411ab811deb1004b4279 P 2cdad90f9d0040c4b63b616d450c7db0 [term 0 FOLLOWER]: Starting pre-election (no leader contacted us within the election timeout)
W20260710 13:27:09.121629  1334 leader_election.cc:343] T 51738ebe61cb4e0cb9ca663610fc5e9b P f8fa143bd5064c479159c870c8c254fd [CANDIDATE]: Term 1 pre-election: Tablet error from VoteRequest() call to peer 2cdad90f9d0040c4b63b616d450c7db0 (127.31.192.130:33843): Illegal state: must be running to vote when last-logged opid is not known
I20260710 13:27:09.121958  1462 raft_consensus.cc:515] T 19212d269b9e411ab811deb1004b4279 P 2cdad90f9d0040c4b63b616d450c7db0 [term 0 FOLLOWER]: Starting pre-election with config: opid_index: -1 OBSOLETE_local: false peers { permanent_uuid: "b86cd48cb0cc40a4a3fa494deef5c6dd" member_type: VOTER last_known_addr { host: "127.31.192.129" port: 43225 } } peers { permanent_uuid: "2cdad90f9d0040c4b63b616d450c7db0" member_type: VOTER last_known_addr { host: "127.31.192.130" port: 33843 } } peers { permanent_uuid: "f8fa143bd5064c479159c870c8c254fd" member_type: VOTER last_known_addr { host: "127.31.192.131" port: 39459 } }
I20260710 13:27:09.124107  1217 tablet_service.cc:1917] Received RequestConsensusVote() RPC: tablet_id: "51738ebe61cb4e0cb9ca663610fc5e9b" candidate_uuid: "f8fa143bd5064c479159c870c8c254fd" candidate_term: 1 candidate_status { last_received { term: 0 index: 0 } } ignore_live_leader: false dest_uuid: "b86cd48cb0cc40a4a3fa494deef5c6dd" is_pre_election: true
I20260710 13:27:09.124859  1217 raft_consensus.cc:2468] T 51738ebe61cb4e0cb9ca663610fc5e9b P b86cd48cb0cc40a4a3fa494deef5c6dd [term 0 FOLLOWER]: Leader pre-election vote request: Granting yes vote for candidate f8fa143bd5064c479159c870c8c254fd in term 0.
I20260710 13:27:09.126201  1462 leader_election.cc:290] T 19212d269b9e411ab811deb1004b4279 P 2cdad90f9d0040c4b63b616d450c7db0 [CANDIDATE]: Term 1 pre-election: Requested pre-vote from peers b86cd48cb0cc40a4a3fa494deef5c6dd (127.31.192.129:43225), f8fa143bd5064c479159c870c8c254fd (127.31.192.131:39459)
I20260710 13:27:09.126680  1217 tablet_service.cc:1917] Received RequestConsensusVote() RPC: tablet_id: "19212d269b9e411ab811deb1004b4279" candidate_uuid: "2cdad90f9d0040c4b63b616d450c7db0" candidate_term: 1 candidate_status { last_received { term: 0 index: 0 } } ignore_live_leader: false dest_uuid: "b86cd48cb0cc40a4a3fa494deef5c6dd" is_pre_election: true
I20260710 13:27:09.128333  1368 tablet_service.cc:1917] Received RequestConsensusVote() RPC: tablet_id: "19212d269b9e411ab811deb1004b4279" candidate_uuid: "2cdad90f9d0040c4b63b616d450c7db0" candidate_term: 1 candidate_status { last_received { term: 0 index: 0 } } ignore_live_leader: false dest_uuid: "f8fa143bd5064c479159c870c8c254fd" is_pre_election: true
I20260710 13:27:09.128614  1332 leader_election.cc:304] T 51738ebe61cb4e0cb9ca663610fc5e9b P f8fa143bd5064c479159c870c8c254fd [CANDIDATE]: Term 1 pre-election: Election decided. Result: candidate won. Election summary: received 3 responses out of 3 voters: 2 yes votes; 1 no votes. yes voters: b86cd48cb0cc40a4a3fa494deef5c6dd, f8fa143bd5064c479159c870c8c254fd; no voters: 2cdad90f9d0040c4b63b616d450c7db0
I20260710 13:27:09.128269  1460 leader_election.cc:290] T 51738ebe61cb4e0cb9ca663610fc5e9b P f8fa143bd5064c479159c870c8c254fd [CANDIDATE]: Term 1 pre-election: Requested pre-vote from peers b86cd48cb0cc40a4a3fa494deef5c6dd (127.31.192.129:43225), 2cdad90f9d0040c4b63b616d450c7db0 (127.31.192.130:33843)
W20260710 13:27:09.128293  1258 leader_election.cc:343] T 19212d269b9e411ab811deb1004b4279 P 2cdad90f9d0040c4b63b616d450c7db0 [CANDIDATE]: Term 1 pre-election: Tablet error from VoteRequest() call to peer b86cd48cb0cc40a4a3fa494deef5c6dd (127.31.192.129:43225): Illegal state: must be running to vote when last-logged opid is not known
I20260710 13:27:09.129634  1409 ts_tablet_manager.cc:1434] T 4eaad829a0c14de3a69c29e50351e062 P b86cd48cb0cc40a4a3fa494deef5c6dd: Time spent starting tablet: real 0.013s	user 0.007s	sys 0.005s
W20260710 13:27:09.111749  1486 log.cc:927] Time spent T b056ebaa35154b4a9d2f76c90c4fa911 P f8fa143bd5064c479159c870c8c254fd: Append to log took a long time: real 0.079s	user 0.000s	sys 0.000s
I20260710 13:27:09.107527  1414 raft_consensus.cc:493] T 99e68657fe06476c8542fb34546d0e32 P b86cd48cb0cc40a4a3fa494deef5c6dd [term 0 FOLLOWER]: Starting pre-election (no leader contacted us within the election timeout)
I20260710 13:27:09.130152  1460 raft_consensus.cc:2804] T 51738ebe61cb4e0cb9ca663610fc5e9b P f8fa143bd5064c479159c870c8c254fd [term 0 FOLLOWER]: Leader pre-election won for term 1
I20260710 13:27:09.120770  1293 raft_consensus.cc:2468] T 444dc64a907541c790e6403a1d95405d P 2cdad90f9d0040c4b63b616d450c7db0 [term 0 FOLLOWER]: Leader pre-election vote request: Granting yes vote for candidate f8fa143bd5064c479159c870c8c254fd in term 0.
I20260710 13:27:09.130697  1414 raft_consensus.cc:515] T 99e68657fe06476c8542fb34546d0e32 P b86cd48cb0cc40a4a3fa494deef5c6dd [term 0 FOLLOWER]: Starting pre-election with config: opid_index: -1 OBSOLETE_local: false peers { permanent_uuid: "b86cd48cb0cc40a4a3fa494deef5c6dd" member_type: VOTER last_known_addr { host: "127.31.192.129" port: 43225 } } peers { permanent_uuid: "2cdad90f9d0040c4b63b616d450c7db0" member_type: VOTER last_known_addr { host: "127.31.192.130" port: 33843 } } peers { permanent_uuid: "f8fa143bd5064c479159c870c8c254fd" member_type: VOTER last_known_addr { host: "127.31.192.131" port: 39459 } }
I20260710 13:27:09.110361  1294 raft_consensus.cc:2468] T 2544d49567d346c7836cd3296e17e183 P 2cdad90f9d0040c4b63b616d450c7db0 [term 1 FOLLOWER]: Leader election vote request: Granting yes vote for candidate b86cd48cb0cc40a4a3fa494deef5c6dd in term 1.
I20260710 13:27:09.130681  1460 raft_consensus.cc:493] T 51738ebe61cb4e0cb9ca663610fc5e9b P f8fa143bd5064c479159c870c8c254fd [term 0 FOLLOWER]: Starting leader election (no leader contacted us within the election timeout)
I20260710 13:27:09.174304  1409 tablet_bootstrap.cc:492] T 58ace24de8ce40a7a93a7cb5d2d17eb0 P b86cd48cb0cc40a4a3fa494deef5c6dd: Bootstrap starting.
I20260710 13:27:09.176155  1460 raft_consensus.cc:3060] T 51738ebe61cb4e0cb9ca663610fc5e9b P f8fa143bd5064c479159c870c8c254fd [term 0 FOLLOWER]: Advancing to term 1
I20260710 13:27:09.164141  1334 leader_election.cc:304] T 444dc64a907541c790e6403a1d95405d P f8fa143bd5064c479159c870c8c254fd [CANDIDATE]: Term 1 pre-election: Election decided. Result: candidate won. Election summary: received 2 responses out of 3 voters: 2 yes votes; 0 no votes. yes voters: 2cdad90f9d0040c4b63b616d450c7db0, f8fa143bd5064c479159c870c8c254fd; no voters: 
I20260710 13:27:09.181111  1294 tablet_service.cc:1917] Received RequestConsensusVote() RPC: tablet_id: "99e68657fe06476c8542fb34546d0e32" candidate_uuid: "b86cd48cb0cc40a4a3fa494deef5c6dd" candidate_term: 1 candidate_status { last_received { term: 0 index: 0 } } ignore_live_leader: false dest_uuid: "2cdad90f9d0040c4b63b616d450c7db0" is_pre_election: true
I20260710 13:27:09.182528  1365 tablet_service.cc:1917] Received RequestConsensusVote() RPC: tablet_id: "99e68657fe06476c8542fb34546d0e32" candidate_uuid: "b86cd48cb0cc40a4a3fa494deef5c6dd" candidate_term: 1 candidate_status { last_received { term: 0 index: 0 } } ignore_live_leader: false dest_uuid: "f8fa143bd5064c479159c870c8c254fd" is_pre_election: true
I20260710 13:27:09.175769  1414 leader_election.cc:290] T 99e68657fe06476c8542fb34546d0e32 P b86cd48cb0cc40a4a3fa494deef5c6dd [CANDIDATE]: Term 1 pre-election: Requested pre-vote from peers 2cdad90f9d0040c4b63b616d450c7db0 (127.31.192.130:33843), f8fa143bd5064c479159c870c8c254fd (127.31.192.131:39459)
I20260710 13:27:09.185608  1450 raft_consensus.cc:2804] T 444dc64a907541c790e6403a1d95405d P f8fa143bd5064c479159c870c8c254fd [term 0 FOLLOWER]: Leader pre-election won for term 1
I20260710 13:27:09.189702  1450 raft_consensus.cc:493] T 444dc64a907541c790e6403a1d95405d P f8fa143bd5064c479159c870c8c254fd [term 0 FOLLOWER]: Starting leader election (no leader contacted us within the election timeout)
I20260710 13:27:09.190145  1450 raft_consensus.cc:3060] T 444dc64a907541c790e6403a1d95405d P f8fa143bd5064c479159c870c8c254fd [term 0 FOLLOWER]: Advancing to term 1
W20260710 13:27:09.184024  1332 leader_election.cc:343] T 444dc64a907541c790e6403a1d95405d P f8fa143bd5064c479159c870c8c254fd [CANDIDATE]: Term 1 pre-election: Tablet error from VoteRequest() call to peer b86cd48cb0cc40a4a3fa494deef5c6dd (127.31.192.129:43225): Illegal state: must be running to vote when last-logged opid is not known
W20260710 13:27:09.195333  1183 leader_election.cc:343] T 99e68657fe06476c8542fb34546d0e32 P b86cd48cb0cc40a4a3fa494deef5c6dd [CANDIDATE]: Term 1 pre-election: Tablet error from VoteRequest() call to peer f8fa143bd5064c479159c870c8c254fd (127.31.192.131:39459): Illegal state: must be running to vote when last-logged opid is not known
I20260710 13:27:09.195657  1116 catalog_manager.cc:5697] T b3d38761a45d42148e717cfd6f7122b9 P 2cdad90f9d0040c4b63b616d450c7db0 reported cstate change: term changed from 0 to 1, leader changed from <none> to 2cdad90f9d0040c4b63b616d450c7db0 (127.31.192.130). New cstate: current_term: 1 leader_uuid: "2cdad90f9d0040c4b63b616d450c7db0" committed_config { opid_index: -1 OBSOLETE_local: false peers { permanent_uuid: "b86cd48cb0cc40a4a3fa494deef5c6dd" member_type: VOTER last_known_addr { host: "127.31.192.129" port: 43225 } health_report { overall_health: UNKNOWN } } peers { permanent_uuid: "2cdad90f9d0040c4b63b616d450c7db0" member_type: VOTER last_known_addr { host: "127.31.192.130" port: 33843 } health_report { overall_health: HEALTHY } } peers { permanent_uuid: "f8fa143bd5064c479159c870c8c254fd" member_type: VOTER last_known_addr { host: "127.31.192.131" port: 39459 } health_report { overall_health: UNKNOWN } } }
I20260710 13:27:09.201107  1410 tablet_bootstrap.cc:492] T 99e68657fe06476c8542fb34546d0e32 P 2cdad90f9d0040c4b63b616d450c7db0: No bootstrap required, opened a new log
I20260710 13:27:09.201443  1410 ts_tablet_manager.cc:1403] T 99e68657fe06476c8542fb34546d0e32 P 2cdad90f9d0040c4b63b616d450c7db0: Time spent bootstrapping tablet: real 0.203s	user 0.036s	sys 0.048s
W20260710 13:27:09.203715  1185 leader_election.cc:343] T 99e68657fe06476c8542fb34546d0e32 P b86cd48cb0cc40a4a3fa494deef5c6dd [CANDIDATE]: Term 1 pre-election: Tablet error from VoteRequest() call to peer 2cdad90f9d0040c4b63b616d450c7db0 (127.31.192.130:33843): Illegal state: must be running to vote when last-logged opid is not known
I20260710 13:27:09.204945  1185 leader_election.cc:304] T 99e68657fe06476c8542fb34546d0e32 P b86cd48cb0cc40a4a3fa494deef5c6dd [CANDIDATE]: Term 1 pre-election: Election decided. Result: candidate lost. Election summary: received 3 responses out of 3 voters: 1 yes votes; 2 no votes. yes voters: b86cd48cb0cc40a4a3fa494deef5c6dd; no voters: 2cdad90f9d0040c4b63b616d450c7db0, f8fa143bd5064c479159c870c8c254fd
I20260710 13:27:09.205662  1475 raft_consensus.cc:2749] T 99e68657fe06476c8542fb34546d0e32 P b86cd48cb0cc40a4a3fa494deef5c6dd [term 0 FOLLOWER]: Leader pre-election lost for term 1. Reason: could not achieve majority
I20260710 13:27:09.208328  1450 raft_consensus.cc:515] T 444dc64a907541c790e6403a1d95405d P f8fa143bd5064c479159c870c8c254fd [term 1 FOLLOWER]: Starting leader election with config: opid_index: -1 OBSOLETE_local: false peers { permanent_uuid: "b86cd48cb0cc40a4a3fa494deef5c6dd" member_type: VOTER last_known_addr { host: "127.31.192.129" port: 43225 } } peers { permanent_uuid: "2cdad90f9d0040c4b63b616d450c7db0" member_type: VOTER last_known_addr { host: "127.31.192.130" port: 33843 } } peers { permanent_uuid: "f8fa143bd5064c479159c870c8c254fd" member_type: VOTER last_known_addr { host: "127.31.192.131" port: 39459 } }
I20260710 13:27:09.208521  1460 raft_consensus.cc:515] T 51738ebe61cb4e0cb9ca663610fc5e9b P f8fa143bd5064c479159c870c8c254fd [term 1 FOLLOWER]: Starting leader election with config: opid_index: -1 OBSOLETE_local: false peers { permanent_uuid: "b86cd48cb0cc40a4a3fa494deef5c6dd" member_type: VOTER last_known_addr { host: "127.31.192.129" port: 43225 } } peers { permanent_uuid: "2cdad90f9d0040c4b63b616d450c7db0" member_type: VOTER last_known_addr { host: "127.31.192.130" port: 33843 } } peers { permanent_uuid: "f8fa143bd5064c479159c870c8c254fd" member_type: VOTER last_known_addr { host: "127.31.192.131" port: 39459 } }
W20260710 13:27:09.203013  1258 leader_election.cc:343] T 19212d269b9e411ab811deb1004b4279 P 2cdad90f9d0040c4b63b616d450c7db0 [CANDIDATE]: Term 1 pre-election: Tablet error from VoteRequest() call to peer f8fa143bd5064c479159c870c8c254fd (127.31.192.131:39459): Illegal state: must be running to vote when last-logged opid is not known
I20260710 13:27:09.210915  1258 leader_election.cc:304] T 19212d269b9e411ab811deb1004b4279 P 2cdad90f9d0040c4b63b616d450c7db0 [CANDIDATE]: Term 1 pre-election: Election decided. Result: candidate lost. Election summary: received 3 responses out of 3 voters: 1 yes votes; 2 no votes. yes voters: 2cdad90f9d0040c4b63b616d450c7db0; no voters: b86cd48cb0cc40a4a3fa494deef5c6dd, f8fa143bd5064c479159c870c8c254fd
I20260710 13:27:09.211586  1219 tablet_service.cc:1917] Received RequestConsensusVote() RPC: tablet_id: "444dc64a907541c790e6403a1d95405d" candidate_uuid: "f8fa143bd5064c479159c870c8c254fd" candidate_term: 1 candidate_status { last_received { term: 0 index: 0 } } ignore_live_leader: false dest_uuid: "b86cd48cb0cc40a4a3fa494deef5c6dd"
I20260710 13:27:09.212268  1450 leader_election.cc:290] T 444dc64a907541c790e6403a1d95405d P f8fa143bd5064c479159c870c8c254fd [CANDIDATE]: Term 1 election: Requested vote from peers b86cd48cb0cc40a4a3fa494deef5c6dd (127.31.192.129:43225), 2cdad90f9d0040c4b63b616d450c7db0 (127.31.192.130:33843)
I20260710 13:27:09.210536  1460 leader_election.cc:290] T 51738ebe61cb4e0cb9ca663610fc5e9b P f8fa143bd5064c479159c870c8c254fd [CANDIDATE]: Term 1 election: Requested vote from peers b86cd48cb0cc40a4a3fa494deef5c6dd (127.31.192.129:43225), 2cdad90f9d0040c4b63b616d450c7db0 (127.31.192.130:33843)
W20260710 13:27:09.212975  1332 leader_election.cc:343] T 444dc64a907541c790e6403a1d95405d P f8fa143bd5064c479159c870c8c254fd [CANDIDATE]: Term 1 election: Tablet error from VoteRequest() call to peer b86cd48cb0cc40a4a3fa494deef5c6dd (127.31.192.129:43225): Illegal state: must be running to vote when last-logged opid is not known
I20260710 13:27:09.212941  1294 tablet_service.cc:1917] Received RequestConsensusVote() RPC: tablet_id: "51738ebe61cb4e0cb9ca663610fc5e9b" candidate_uuid: "f8fa143bd5064c479159c870c8c254fd" candidate_term: 1 candidate_status { last_received { term: 0 index: 0 } } ignore_live_leader: false dest_uuid: "2cdad90f9d0040c4b63b616d450c7db0"
I20260710 13:27:09.214955  1217 tablet_service.cc:1917] Received RequestConsensusVote() RPC: tablet_id: "51738ebe61cb4e0cb9ca663610fc5e9b" candidate_uuid: "f8fa143bd5064c479159c870c8c254fd" candidate_term: 1 candidate_status { last_received { term: 0 index: 0 } } ignore_live_leader: false dest_uuid: "b86cd48cb0cc40a4a3fa494deef5c6dd"
I20260710 13:27:09.215502  1217 raft_consensus.cc:3060] T 51738ebe61cb4e0cb9ca663610fc5e9b P b86cd48cb0cc40a4a3fa494deef5c6dd [term 0 FOLLOWER]: Advancing to term 1
I20260710 13:27:09.215698  1409 tablet_bootstrap.cc:654] T 58ace24de8ce40a7a93a7cb5d2d17eb0 P b86cd48cb0cc40a4a3fa494deef5c6dd: Neither blocks nor log segments found. Creating new log.
I20260710 13:27:09.213995  1462 raft_consensus.cc:2749] T 19212d269b9e411ab811deb1004b4279 P 2cdad90f9d0040c4b63b616d450c7db0 [term 0 FOLLOWER]: Leader pre-election lost for term 1. Reason: could not achieve majority
I20260710 13:27:09.216090  1418 consensus_queue.cc:1048] T e845b60b764341a88aebf0d10e758b3b P 2cdad90f9d0040c4b63b616d450c7db0 [LEADER]: Connected to new peer: Peer: permanent_uuid: "b86cd48cb0cc40a4a3fa494deef5c6dd" member_type: VOTER last_known_addr { host: "127.31.192.129" port: 43225 }, Status: LMP_MISMATCH, Last received: 0.0, Next index: 1, Last known committed idx: 0, Time since last communication: 0.002s
W20260710 13:27:09.219739  1334 leader_election.cc:343] T 51738ebe61cb4e0cb9ca663610fc5e9b P f8fa143bd5064c479159c870c8c254fd [CANDIDATE]: Term 1 election: Tablet error from VoteRequest() call to peer 2cdad90f9d0040c4b63b616d450c7db0 (127.31.192.130:33843): Illegal state: must be running to vote when last-logged opid is not known
I20260710 13:27:09.223546  1217 raft_consensus.cc:2468] T 51738ebe61cb4e0cb9ca663610fc5e9b P b86cd48cb0cc40a4a3fa494deef5c6dd [term 1 FOLLOWER]: Leader election vote request: Granting yes vote for candidate f8fa143bd5064c479159c870c8c254fd in term 1.
I20260710 13:27:09.224536  1462 consensus_queue.cc:1048] T e845b60b764341a88aebf0d10e758b3b P 2cdad90f9d0040c4b63b616d450c7db0 [LEADER]: Connected to new peer: Peer: permanent_uuid: "f8fa143bd5064c479159c870c8c254fd" member_type: VOTER last_known_addr { host: "127.31.192.131" port: 39459 }, Status: LMP_MISMATCH, Last received: 0.0, Next index: 1, Last known committed idx: 0, Time since last communication: 0.001s
I20260710 13:27:09.224851  1294 tablet_service.cc:1917] Received RequestConsensusVote() RPC: tablet_id: "444dc64a907541c790e6403a1d95405d" candidate_uuid: "f8fa143bd5064c479159c870c8c254fd" candidate_term: 1 candidate_status { last_received { term: 0 index: 0 } } ignore_live_leader: false dest_uuid: "2cdad90f9d0040c4b63b616d450c7db0"
I20260710 13:27:09.239467  1408 tablet_bootstrap.cc:492] T 0ee9a315b8244dcd95e46a933165229d P f8fa143bd5064c479159c870c8c254fd: No bootstrap required, opened a new log
I20260710 13:27:09.239881  1408 ts_tablet_manager.cc:1403] T 0ee9a315b8244dcd95e46a933165229d P f8fa143bd5064c479159c870c8c254fd: Time spent bootstrapping tablet: real 0.228s	user 0.016s	sys 0.027s
I20260710 13:27:09.240413  1410 raft_consensus.cc:359] T 99e68657fe06476c8542fb34546d0e32 P 2cdad90f9d0040c4b63b616d450c7db0 [term 0 FOLLOWER]: Replica starting. Triggering 0 pending ops. Active config: opid_index: -1 OBSOLETE_local: false peers { permanent_uuid: "b86cd48cb0cc40a4a3fa494deef5c6dd" member_type: VOTER last_known_addr { host: "127.31.192.129" port: 43225 } } peers { permanent_uuid: "2cdad90f9d0040c4b63b616d450c7db0" member_type: VOTER last_known_addr { host: "127.31.192.130" port: 33843 } } peers { permanent_uuid: "f8fa143bd5064c479159c870c8c254fd" member_type: VOTER last_known_addr { host: "127.31.192.131" port: 39459 } }
I20260710 13:27:09.240685  1294 raft_consensus.cc:3060] T 444dc64a907541c790e6403a1d95405d P 2cdad90f9d0040c4b63b616d450c7db0 [term 0 FOLLOWER]: Advancing to term 1
I20260710 13:27:09.241067  1410 raft_consensus.cc:385] T 99e68657fe06476c8542fb34546d0e32 P 2cdad90f9d0040c4b63b616d450c7db0 [term 0 FOLLOWER]: Consensus starting up: Expiring failure detector timer to make a prompt election more likely
I20260710 13:27:09.241688  1410 raft_consensus.cc:740] T 99e68657fe06476c8542fb34546d0e32 P 2cdad90f9d0040c4b63b616d450c7db0 [term 0 FOLLOWER]: Becoming Follower/Learner. State: Replica: 2cdad90f9d0040c4b63b616d450c7db0, State: Initialized, Role: FOLLOWER
I20260710 13:27:09.240348  1332 leader_election.cc:304] T 51738ebe61cb4e0cb9ca663610fc5e9b P f8fa143bd5064c479159c870c8c254fd [CANDIDATE]: Term 1 election: Election decided. Result: candidate won. Election summary: received 3 responses out of 3 voters: 2 yes votes; 1 no votes. yes voters: b86cd48cb0cc40a4a3fa494deef5c6dd, f8fa143bd5064c479159c870c8c254fd; no voters: 2cdad90f9d0040c4b63b616d450c7db0
I20260710 13:27:09.242545  1410 consensus_queue.cc:260] T 99e68657fe06476c8542fb34546d0e32 P 2cdad90f9d0040c4b63b616d450c7db0 [NON_LEADER]: Queue going to NON_LEADER mode. State: All replicated index: 0, Majority replicated index: 0, Committed index: 0, Last appended: 0.0, Last appended by leader: 0, Current term: 0, Majority size: -1, State: 0, Mode: NON_LEADER, active raft config: opid_index: -1 OBSOLETE_local: false peers { permanent_uuid: "b86cd48cb0cc40a4a3fa494deef5c6dd" member_type: VOTER last_known_addr { host: "127.31.192.129" port: 43225 } } peers { permanent_uuid: "2cdad90f9d0040c4b63b616d450c7db0" member_type: VOTER last_known_addr { host: "127.31.192.130" port: 33843 } } peers { permanent_uuid: "f8fa143bd5064c479159c870c8c254fd" member_type: VOTER last_known_addr { host: "127.31.192.131" port: 39459 } }
I20260710 13:27:09.243831  1450 raft_consensus.cc:2804] T 51738ebe61cb4e0cb9ca663610fc5e9b P f8fa143bd5064c479159c870c8c254fd [term 1 FOLLOWER]: Leader election won for term 1
I20260710 13:27:09.244413  1450 raft_consensus.cc:697] T 51738ebe61cb4e0cb9ca663610fc5e9b P f8fa143bd5064c479159c870c8c254fd [term 1 LEADER]: Becoming Leader. State: Replica: f8fa143bd5064c479159c870c8c254fd, State: Running, Role: LEADER
I20260710 13:27:09.245223  1450 consensus_queue.cc:237] T 51738ebe61cb4e0cb9ca663610fc5e9b P f8fa143bd5064c479159c870c8c254fd [LEADER]: Queue going to LEADER mode. State: All replicated index: 0, Majority replicated index: 0, Committed index: 0, Last appended: 0.0, Last appended by leader: 0, Current term: 1, Majority size: 2, State: 0, Mode: LEADER, active raft config: opid_index: -1 OBSOLETE_local: false peers { permanent_uuid: "b86cd48cb0cc40a4a3fa494deef5c6dd" member_type: VOTER last_known_addr { host: "127.31.192.129" port: 43225 } } peers { permanent_uuid: "2cdad90f9d0040c4b63b616d450c7db0" member_type: VOTER last_known_addr { host: "127.31.192.130" port: 33843 } } peers { permanent_uuid: "f8fa143bd5064c479159c870c8c254fd" member_type: VOTER last_known_addr { host: "127.31.192.131" port: 39459 } }
I20260710 13:27:09.245592  1415 consensus_queue.cc:1048] T fa99d3d254e34196908b1e1c023989cf P f8fa143bd5064c479159c870c8c254fd [LEADER]: Connected to new peer: Peer: permanent_uuid: "b86cd48cb0cc40a4a3fa494deef5c6dd" member_type: VOTER last_known_addr { host: "127.31.192.129" port: 43225 }, Status: LMP_MISMATCH, Last received: 0.0, Next index: 1, Last known committed idx: 0, Time since last communication: 0.000s
I20260710 13:27:09.250411  1410 ts_tablet_manager.cc:1434] T 99e68657fe06476c8542fb34546d0e32 P 2cdad90f9d0040c4b63b616d450c7db0: Time spent starting tablet: real 0.049s	user 0.002s	sys 0.005s
I20260710 13:27:09.251375  1410 tablet_bootstrap.cc:492] T 3935c77f6d21487a803bd34bc1e5943f P 2cdad90f9d0040c4b63b616d450c7db0: Bootstrap starting.
I20260710 13:27:09.243973  1408 raft_consensus.cc:359] T 0ee9a315b8244dcd95e46a933165229d P f8fa143bd5064c479159c870c8c254fd [term 0 FOLLOWER]: Replica starting. Triggering 0 pending ops. Active config: opid_index: -1 OBSOLETE_local: false peers { permanent_uuid: "b86cd48cb0cc40a4a3fa494deef5c6dd" member_type: VOTER last_known_addr { host: "127.31.192.129" port: 43225 } } peers { permanent_uuid: "2cdad90f9d0040c4b63b616d450c7db0" member_type: VOTER last_known_addr { host: "127.31.192.130" port: 33843 } } peers { permanent_uuid: "f8fa143bd5064c479159c870c8c254fd" member_type: VOTER last_known_addr { host: "127.31.192.131" port: 39459 } }
I20260710 13:27:09.253975  1408 raft_consensus.cc:385] T 0ee9a315b8244dcd95e46a933165229d P f8fa143bd5064c479159c870c8c254fd [term 0 FOLLOWER]: Consensus starting up: Expiring failure detector timer to make a prompt election more likely
I20260710 13:27:09.254226  1408 raft_consensus.cc:740] T 0ee9a315b8244dcd95e46a933165229d P f8fa143bd5064c479159c870c8c254fd [term 0 FOLLOWER]: Becoming Follower/Learner. State: Replica: f8fa143bd5064c479159c870c8c254fd, State: Initialized, Role: FOLLOWER
I20260710 13:27:09.254769  1408 consensus_queue.cc:260] T 0ee9a315b8244dcd95e46a933165229d P f8fa143bd5064c479159c870c8c254fd [NON_LEADER]: Queue going to NON_LEADER mode. State: All replicated index: 0, Majority replicated index: 0, Committed index: 0, Last appended: 0.0, Last appended by leader: 0, Current term: 0, Majority size: -1, State: 0, Mode: NON_LEADER, active raft config: opid_index: -1 OBSOLETE_local: false peers { permanent_uuid: "b86cd48cb0cc40a4a3fa494deef5c6dd" member_type: VOTER last_known_addr { host: "127.31.192.129" port: 43225 } } peers { permanent_uuid: "2cdad90f9d0040c4b63b616d450c7db0" member_type: VOTER last_known_addr { host: "127.31.192.130" port: 33843 } } peers { permanent_uuid: "f8fa143bd5064c479159c870c8c254fd" member_type: VOTER last_known_addr { host: "127.31.192.131" port: 39459 } }
I20260710 13:27:09.236186  1437 raft_consensus.cc:515] T beec801189464295b8904858b93f3cc4 P b86cd48cb0cc40a4a3fa494deef5c6dd [term 1 FOLLOWER]: Starting leader election with config: opid_index: -1 OBSOLETE_local: false peers { permanent_uuid: "b86cd48cb0cc40a4a3fa494deef5c6dd" member_type: VOTER last_known_addr { host: "127.31.192.129" port: 43225 } } peers { permanent_uuid: "2cdad90f9d0040c4b63b616d450c7db0" member_type: VOTER last_known_addr { host: "127.31.192.130" port: 33843 } } peers { permanent_uuid: "f8fa143bd5064c479159c870c8c254fd" member_type: VOTER last_known_addr { host: "127.31.192.131" port: 39459 } }
I20260710 13:27:09.257495  1116 catalog_manager.cc:5697] T 2544d49567d346c7836cd3296e17e183 P b86cd48cb0cc40a4a3fa494deef5c6dd reported cstate change: term changed from 0 to 1, leader changed from <none> to b86cd48cb0cc40a4a3fa494deef5c6dd (127.31.192.129). New cstate: current_term: 1 leader_uuid: "b86cd48cb0cc40a4a3fa494deef5c6dd" committed_config { opid_index: -1 OBSOLETE_local: false peers { permanent_uuid: "b86cd48cb0cc40a4a3fa494deef5c6dd" member_type: VOTER last_known_addr { host: "127.31.192.129" port: 43225 } health_report { overall_health: HEALTHY } } peers { permanent_uuid: "f8fa143bd5064c479159c870c8c254fd" member_type: VOTER last_known_addr { host: "127.31.192.131" port: 39459 } health_report { overall_health: UNKNOWN } } peers { permanent_uuid: "2cdad90f9d0040c4b63b616d450c7db0" member_type: VOTER last_known_addr { host: "127.31.192.130" port: 33843 } health_report { overall_health: UNKNOWN } } }
I20260710 13:27:09.261204  1408 ts_tablet_manager.cc:1434] T 0ee9a315b8244dcd95e46a933165229d P f8fa143bd5064c479159c870c8c254fd: Time spent starting tablet: real 0.021s	user 0.007s	sys 0.000s
I20260710 13:27:09.263715  1437 leader_election.cc:290] T beec801189464295b8904858b93f3cc4 P b86cd48cb0cc40a4a3fa494deef5c6dd [CANDIDATE]: Term 1 election: Requested vote from peers 2cdad90f9d0040c4b63b616d450c7db0 (127.31.192.130:33843), f8fa143bd5064c479159c870c8c254fd (127.31.192.131:39459)
I20260710 13:27:09.265242  1292 tablet_service.cc:1917] Received RequestConsensusVote() RPC: tablet_id: "beec801189464295b8904858b93f3cc4" candidate_uuid: "b86cd48cb0cc40a4a3fa494deef5c6dd" candidate_term: 1 candidate_status { last_received { term: 0 index: 0 } } ignore_live_leader: false dest_uuid: "2cdad90f9d0040c4b63b616d450c7db0"
I20260710 13:27:09.265774  1292 raft_consensus.cc:3060] T beec801189464295b8904858b93f3cc4 P 2cdad90f9d0040c4b63b616d450c7db0 [term 0 FOLLOWER]: Advancing to term 1
I20260710 13:27:09.266901  1408 tablet_bootstrap.cc:492] T 53104e86088e4d0095fd4e9ff178ea21 P f8fa143bd5064c479159c870c8c254fd: Bootstrap starting.
I20260710 13:27:09.270870  1365 tablet_service.cc:1917] Received RequestConsensusVote() RPC: tablet_id: "beec801189464295b8904858b93f3cc4" candidate_uuid: "b86cd48cb0cc40a4a3fa494deef5c6dd" candidate_term: 1 candidate_status { last_received { term: 0 index: 0 } } ignore_live_leader: false dest_uuid: "f8fa143bd5064c479159c870c8c254fd"
I20260710 13:27:09.271449  1365 raft_consensus.cc:3060] T beec801189464295b8904858b93f3cc4 P f8fa143bd5064c479159c870c8c254fd [term 0 FOLLOWER]: Advancing to term 1
I20260710 13:27:09.275161  1117 catalog_manager.cc:5697] T 51738ebe61cb4e0cb9ca663610fc5e9b P f8fa143bd5064c479159c870c8c254fd reported cstate change: term changed from 0 to 1, leader changed from <none> to f8fa143bd5064c479159c870c8c254fd (127.31.192.131). New cstate: current_term: 1 leader_uuid: "f8fa143bd5064c479159c870c8c254fd" committed_config { opid_index: -1 OBSOLETE_local: false peers { permanent_uuid: "b86cd48cb0cc40a4a3fa494deef5c6dd" member_type: VOTER last_known_addr { host: "127.31.192.129" port: 43225 } health_report { overall_health: UNKNOWN } } peers { permanent_uuid: "2cdad90f9d0040c4b63b616d450c7db0" member_type: VOTER last_known_addr { host: "127.31.192.130" port: 33843 } health_report { overall_health: UNKNOWN } } peers { permanent_uuid: "f8fa143bd5064c479159c870c8c254fd" member_type: VOTER last_known_addr { host: "127.31.192.131" port: 39459 } health_report { overall_health: HEALTHY } } }
I20260710 13:27:09.281412  1450 consensus_queue.cc:1048] T 475412c5a00746f9880e581fa755b49d P f8fa143bd5064c479159c870c8c254fd [LEADER]: Connected to new peer: Peer: permanent_uuid: "2cdad90f9d0040c4b63b616d450c7db0" member_type: VOTER last_known_addr { host: "127.31.192.130" port: 33843 }, Status: LMP_MISMATCH, Last received: 0.0, Next index: 1, Last known committed idx: 0, Time since last communication: 0.001s
