I20260710 13:27:10.608381  1183 raft_consensus.cc:1275] T e1090176dd3b472288e9d6c9c7bf5799 P c4ff49a516c748bdafa60c5df0a047b1 [term 1 FOLLOWER]: Refusing update from remote peer ad44cdb222764b1e801b54853451b1a2: Log matching property violated. Preceding OpId in replica: term: 1 index: 1. Preceding OpId from leader: term: 1 index: 2. (index mismatch)
I20260710 13:27:10.609920  1031 raft_consensus.cc:1275] T e1090176dd3b472288e9d6c9c7bf5799 P 5e802a93e37148868a9d1c6df6501c00 [term 1 FOLLOWER]: Refusing update from remote peer ad44cdb222764b1e801b54853451b1a2: Log matching property violated. Preceding OpId in replica: term: 1 index: 1. Preceding OpId from leader: term: 1 index: 2. (index mismatch)
I20260710 13:27:10.609905  1377 consensus_queue.cc:1048] T e1090176dd3b472288e9d6c9c7bf5799 P ad44cdb222764b1e801b54853451b1a2 [LEADER]: Connected to new peer: Peer: permanent_uuid: "c4ff49a516c748bdafa60c5df0a047b1" member_type: VOTER last_known_addr { host: "127.31.153.3" port: 45615 } attrs { replace: true }, Status: LMP_MISMATCH, Last received: 0.0, Next index: 2, Last known committed idx: 1, Time since last communication: 0.000s
I20260710 13:27:10.611161  1299 consensus_queue.cc:1048] T e1090176dd3b472288e9d6c9c7bf5799 P ad44cdb222764b1e801b54853451b1a2 [LEADER]: Connected to new peer: Peer: permanent_uuid: "5e802a93e37148868a9d1c6df6501c00" member_type: VOTER last_known_addr { host: "127.31.153.1" port: 35165 }, Status: LMP_MISMATCH, Last received: 0.0, Next index: 2, Last known committed idx: 1, Time since last communication: 0.000s
I20260710 13:27:10.618409  1377 raft_consensus.cc:2955] T e1090176dd3b472288e9d6c9c7bf5799 P ad44cdb222764b1e801b54853451b1a2 [term 1 LEADER]: Committing config change with OpId 1.2: config changed from index -1 to 2, NON_VOTER 7b56b2e9e9e94e46b3ad4e4d2ce9872c (127.31.153.4) added. New config: { opid_index: 2 OBSOLETE_local: false peers { permanent_uuid: "5e802a93e37148868a9d1c6df6501c00" member_type: VOTER last_known_addr { host: "127.31.153.1" port: 35165 } } peers { permanent_uuid: "ad44cdb222764b1e801b54853451b1a2" member_type: VOTER last_known_addr { host: "127.31.153.2" port: 41225 } } peers { permanent_uuid: "c4ff49a516c748bdafa60c5df0a047b1" member_type: VOTER last_known_addr { host: "127.31.153.3" port: 45615 } attrs { replace: true } } peers { permanent_uuid: "7b56b2e9e9e94e46b3ad4e4d2ce9872c" member_type: NON_VOTER last_known_addr { host: "127.31.153.4" port: 36535 } attrs { promote: true } } }
I20260710 13:27:10.619850  1031 raft_consensus.cc:2955] T e1090176dd3b472288e9d6c9c7bf5799 P 5e802a93e37148868a9d1c6df6501c00 [term 1 FOLLOWER]: Committing config change with OpId 1.2: config changed from index -1 to 2, NON_VOTER 7b56b2e9e9e94e46b3ad4e4d2ce9872c (127.31.153.4) added. New config: { opid_index: 2 OBSOLETE_local: false peers { permanent_uuid: "5e802a93e37148868a9d1c6df6501c00" member_type: VOTER last_known_addr { host: "127.31.153.1" port: 35165 } } peers { permanent_uuid: "ad44cdb222764b1e801b54853451b1a2" member_type: VOTER last_known_addr { host: "127.31.153.2" port: 41225 } } peers { permanent_uuid: "c4ff49a516c748bdafa60c5df0a047b1" member_type: VOTER last_known_addr { host: "127.31.153.3" port: 45615 } attrs { replace: true } } peers { permanent_uuid: "7b56b2e9e9e94e46b3ad4e4d2ce9872c" member_type: NON_VOTER last_known_addr { host: "127.31.153.4" port: 36535 } attrs { promote: true } } }
I20260710 13:27:10.634037   932 catalog_manager.cc:5697] T e1090176dd3b472288e9d6c9c7bf5799 P 5e802a93e37148868a9d1c6df6501c00 reported cstate change: config changed from index -1 to 2, NON_VOTER 7b56b2e9e9e94e46b3ad4e4d2ce9872c (127.31.153.4) added. New cstate: current_term: 1 leader_uuid: "ad44cdb222764b1e801b54853451b1a2" committed_config { opid_index: 2 OBSOLETE_local: false peers { permanent_uuid: "5e802a93e37148868a9d1c6df6501c00" member_type: VOTER last_known_addr { host: "127.31.153.1" port: 35165 } } peers { permanent_uuid: "ad44cdb222764b1e801b54853451b1a2" member_type: VOTER last_known_addr { host: "127.31.153.2" port: 41225 } } peers { permanent_uuid: "c4ff49a516c748bdafa60c5df0a047b1" member_type: VOTER last_known_addr { host: "127.31.153.3" port: 45615 } attrs { replace: true } } peers { permanent_uuid: "7b56b2e9e9e94e46b3ad4e4d2ce9872c" member_type: NON_VOTER last_known_addr { host: "127.31.153.4" port: 36535 } attrs { promote: true } } }
I20260710 13:27:10.635140  1183 raft_consensus.cc:2955] T e1090176dd3b472288e9d6c9c7bf5799 P c4ff49a516c748bdafa60c5df0a047b1 [term 1 FOLLOWER]: Committing config change with OpId 1.2: config changed from index -1 to 2, NON_VOTER 7b56b2e9e9e94e46b3ad4e4d2ce9872c (127.31.153.4) added. New config: { opid_index: 2 OBSOLETE_local: false peers { permanent_uuid: "5e802a93e37148868a9d1c6df6501c00" member_type: VOTER last_known_addr { host: "127.31.153.1" port: 35165 } } peers { permanent_uuid: "ad44cdb222764b1e801b54853451b1a2" member_type: VOTER last_known_addr { host: "127.31.153.2" port: 41225 } } peers { permanent_uuid: "c4ff49a516c748bdafa60c5df0a047b1" member_type: VOTER last_known_addr { host: "127.31.153.3" port: 45615 } attrs { replace: true } } peers { permanent_uuid: "7b56b2e9e9e94e46b3ad4e4d2ce9872c" member_type: NON_VOTER last_known_addr { host: "127.31.153.4" port: 36535 } attrs { promote: true } } }
I20260710 13:27:10.956848  1500 ts_tablet_manager.cc:933] T f14803b122ca409da7e65b289da43a9f P 7b56b2e9e9e94e46b3ad4e4d2ce9872c: Initiating tablet copy from peer c4ff49a516c748bdafa60c5df0a047b1 (127.31.153.3:45615)
I20260710 13:27:10.958606  1500 tablet_copy_client.cc:323] T f14803b122ca409da7e65b289da43a9f P 7b56b2e9e9e94e46b3ad4e4d2ce9872c: tablet copy: Beginning tablet copy session from remote peer at address 127.31.153.3:45615
I20260710 13:27:10.969007  1503 ts_tablet_manager.cc:933] T 9d47dbed9432442f97391181823af2cf P 7b56b2e9e9e94e46b3ad4e4d2ce9872c: Initiating tablet copy from peer ad44cdb222764b1e801b54853451b1a2 (127.31.153.2:41225)
I20260710 13:27:10.972533  1503 tablet_copy_client.cc:323] T 9d47dbed9432442f97391181823af2cf P 7b56b2e9e9e94e46b3ad4e4d2ce9872c: tablet copy: Beginning tablet copy session from remote peer at address 127.31.153.2:41225
I20260710 13:27:10.973915  1193 tablet_copy_service.cc:140] P c4ff49a516c748bdafa60c5df0a047b1: Received BeginTabletCopySession request for tablet f14803b122ca409da7e65b289da43a9f from peer 7b56b2e9e9e94e46b3ad4e4d2ce9872c ({username='slave'} at 127.0.0.1:57116)
I20260710 13:27:10.974411  1193 tablet_copy_service.cc:161] P c4ff49a516c748bdafa60c5df0a047b1: Beginning new tablet copy session on tablet f14803b122ca409da7e65b289da43a9f from peer 7b56b2e9e9e94e46b3ad4e4d2ce9872c at {username='slave'} at 127.0.0.1:57116: session id = 7b56b2e9e9e94e46b3ad4e4d2ce9872c-f14803b122ca409da7e65b289da43a9f
I20260710 13:27:10.981990  1193 tablet_copy_source_session.cc:215] T f14803b122ca409da7e65b289da43a9f P c4ff49a516c748bdafa60c5df0a047b1: Tablet Copy: opened 0 blocks and 1 log segments
I20260710 13:27:10.983053  1119 tablet_copy_service.cc:140] P ad44cdb222764b1e801b54853451b1a2: Received BeginTabletCopySession request for tablet 9d47dbed9432442f97391181823af2cf from peer 7b56b2e9e9e94e46b3ad4e4d2ce9872c ({username='slave'} at 127.0.0.1:39802)
I20260710 13:27:10.983556  1119 tablet_copy_service.cc:161] P ad44cdb222764b1e801b54853451b1a2: Beginning new tablet copy session on tablet 9d47dbed9432442f97391181823af2cf from peer 7b56b2e9e9e94e46b3ad4e4d2ce9872c at {username='slave'} at 127.0.0.1:39802: session id = 7b56b2e9e9e94e46b3ad4e4d2ce9872c-9d47dbed9432442f97391181823af2cf
I20260710 13:27:10.985634  1500 data_dirs.cc:400] Could only allocate 1 dirs of requested 3 for tablet f14803b122ca409da7e65b289da43a9f. 1 dirs total, 0 dirs full, 0 dirs failed
I20260710 13:27:10.990597  1119 tablet_copy_source_session.cc:215] T 9d47dbed9432442f97391181823af2cf P ad44cdb222764b1e801b54853451b1a2: Tablet Copy: opened 0 blocks and 1 log segments
I20260710 13:27:10.993906  1503 data_dirs.cc:400] Could only allocate 1 dirs of requested 3 for tablet 9d47dbed9432442f97391181823af2cf. 1 dirs total, 0 dirs full, 0 dirs failed
I20260710 13:27:10.998935  1500 tablet_copy_client.cc:806] T f14803b122ca409da7e65b289da43a9f P 7b56b2e9e9e94e46b3ad4e4d2ce9872c: tablet copy: Starting download of 0 data blocks...
I20260710 13:27:10.999541  1500 tablet_copy_client.cc:670] T f14803b122ca409da7e65b289da43a9f P 7b56b2e9e9e94e46b3ad4e4d2ce9872c: tablet copy: Starting download of 1 WAL segments...
I20260710 13:27:11.003993  1500 tablet_copy_client.cc:538] T f14803b122ca409da7e65b289da43a9f P 7b56b2e9e9e94e46b3ad4e4d2ce9872c: tablet copy: Tablet Copy complete. Replacing tablet superblock.
I20260710 13:27:11.012486  1506 ts_tablet_manager.cc:933] T e1090176dd3b472288e9d6c9c7bf5799 P 7b56b2e9e9e94e46b3ad4e4d2ce9872c: Initiating tablet copy from peer ad44cdb222764b1e801b54853451b1a2 (127.31.153.2:41225)
I20260710 13:27:11.013595  1500 tablet_bootstrap.cc:492] T f14803b122ca409da7e65b289da43a9f P 7b56b2e9e9e94e46b3ad4e4d2ce9872c: Bootstrap starting.
I20260710 13:27:11.015272  1503 tablet_copy_client.cc:806] T 9d47dbed9432442f97391181823af2cf P 7b56b2e9e9e94e46b3ad4e4d2ce9872c: tablet copy: Starting download of 0 data blocks...
I20260710 13:27:11.015877  1503 tablet_copy_client.cc:670] T 9d47dbed9432442f97391181823af2cf P 7b56b2e9e9e94e46b3ad4e4d2ce9872c: tablet copy: Starting download of 1 WAL segments...
I20260710 13:27:11.018250  1506 tablet_copy_client.cc:323] T e1090176dd3b472288e9d6c9c7bf5799 P 7b56b2e9e9e94e46b3ad4e4d2ce9872c: tablet copy: Beginning tablet copy session from remote peer at address 127.31.153.2:41225
I20260710 13:27:11.020177  1119 tablet_copy_service.cc:140] P ad44cdb222764b1e801b54853451b1a2: Received BeginTabletCopySession request for tablet e1090176dd3b472288e9d6c9c7bf5799 from peer 7b56b2e9e9e94e46b3ad4e4d2ce9872c ({username='slave'} at 127.0.0.1:39802)
I20260710 13:27:11.020759  1119 tablet_copy_service.cc:161] P ad44cdb222764b1e801b54853451b1a2: Beginning new tablet copy session on tablet e1090176dd3b472288e9d6c9c7bf5799 from peer 7b56b2e9e9e94e46b3ad4e4d2ce9872c at {username='slave'} at 127.0.0.1:39802: session id = 7b56b2e9e9e94e46b3ad4e4d2ce9872c-e1090176dd3b472288e9d6c9c7bf5799
I20260710 13:27:11.021041  1503 tablet_copy_client.cc:538] T 9d47dbed9432442f97391181823af2cf P 7b56b2e9e9e94e46b3ad4e4d2ce9872c: tablet copy: Tablet Copy complete. Replacing tablet superblock.
I20260710 13:27:11.032560  1119 tablet_copy_source_session.cc:215] T e1090176dd3b472288e9d6c9c7bf5799 P ad44cdb222764b1e801b54853451b1a2: Tablet Copy: opened 0 blocks and 1 log segments
I20260710 13:27:11.033008  1503 tablet_bootstrap.cc:492] T 9d47dbed9432442f97391181823af2cf P 7b56b2e9e9e94e46b3ad4e4d2ce9872c: Bootstrap starting.
I20260710 13:27:11.036305  1506 data_dirs.cc:400] Could only allocate 1 dirs of requested 3 for tablet e1090176dd3b472288e9d6c9c7bf5799. 1 dirs total, 0 dirs full, 0 dirs failed
I20260710 13:27:11.044704  1500 tablet_bootstrap.cc:492] T f14803b122ca409da7e65b289da43a9f P 7b56b2e9e9e94e46b3ad4e4d2ce9872c: Bootstrap replayed 1/1 log segments. Stats: ops{read=2 overwritten=0 applied=2 ignored=0} inserts{seen=0 ignored=0} mutations{seen=0 ignored=0} orphaned_commits=0. Pending: 0 replicates
I20260710 13:27:11.045681  1500 tablet_bootstrap.cc:492] T f14803b122ca409da7e65b289da43a9f P 7b56b2e9e9e94e46b3ad4e4d2ce9872c: Bootstrap complete.
I20260710 13:27:11.046276  1500 ts_tablet_manager.cc:1403] T f14803b122ca409da7e65b289da43a9f P 7b56b2e9e9e94e46b3ad4e4d2ce9872c: Time spent bootstrapping tablet: real 0.033s	user 0.015s	sys 0.013s
I20260710 13:27:11.048672  1500 raft_consensus.cc:359] T f14803b122ca409da7e65b289da43a9f P 7b56b2e9e9e94e46b3ad4e4d2ce9872c [term 1 LEARNER]: Replica starting. Triggering 0 pending ops. Active config: opid_index: 2 OBSOLETE_local: false peers { permanent_uuid: "5e802a93e37148868a9d1c6df6501c00" member_type: VOTER last_known_addr { host: "127.31.153.1" port: 35165 } } peers { permanent_uuid: "ad44cdb222764b1e801b54853451b1a2" member_type: VOTER last_known_addr { host: "127.31.153.2" port: 41225 } attrs { replace: true } } peers { permanent_uuid: "c4ff49a516c748bdafa60c5df0a047b1" member_type: VOTER last_known_addr { host: "127.31.153.3" port: 45615 } } peers { permanent_uuid: "7b56b2e9e9e94e46b3ad4e4d2ce9872c" member_type: NON_VOTER last_known_addr { host: "127.31.153.4" port: 36535 } attrs { promote: true } }
I20260710 13:27:11.049286  1500 raft_consensus.cc:740] T f14803b122ca409da7e65b289da43a9f P 7b56b2e9e9e94e46b3ad4e4d2ce9872c [term 1 LEARNER]: Becoming Follower/Learner. State: Replica: 7b56b2e9e9e94e46b3ad4e4d2ce9872c, State: Initialized, Role: LEARNER
I20260710 13:27:11.049953  1500 consensus_queue.cc:260] T f14803b122ca409da7e65b289da43a9f P 7b56b2e9e9e94e46b3ad4e4d2ce9872c [NON_LEADER]: Queue going to NON_LEADER mode. State: All replicated index: 0, Majority replicated index: 0, Committed index: 2, Last appended: 1.2, Last appended by leader: 2, Current term: 0, Majority size: -1, State: 0, Mode: NON_LEADER, active raft config: opid_index: 2 OBSOLETE_local: false peers { permanent_uuid: "5e802a93e37148868a9d1c6df6501c00" member_type: VOTER last_known_addr { host: "127.31.153.1" port: 35165 } } peers { permanent_uuid: "ad44cdb222764b1e801b54853451b1a2" member_type: VOTER last_known_addr { host: "127.31.153.2" port: 41225 } attrs { replace: true } } peers { permanent_uuid: "c4ff49a516c748bdafa60c5df0a047b1" member_type: VOTER last_known_addr { host: "127.31.153.3" port: 45615 } } peers { permanent_uuid: "7b56b2e9e9e94e46b3ad4e4d2ce9872c" member_type: NON_VOTER last_known_addr { host: "127.31.153.4" port: 36535 } attrs { promote: true } }
I20260710 13:27:11.056591  1506 tablet_copy_client.cc:806] T e1090176dd3b472288e9d6c9c7bf5799 P 7b56b2e9e9e94e46b3ad4e4d2ce9872c: tablet copy: Starting download of 0 data blocks...
I20260710 13:27:11.057660  1506 tablet_copy_client.cc:670] T e1090176dd3b472288e9d6c9c7bf5799 P 7b56b2e9e9e94e46b3ad4e4d2ce9872c: tablet copy: Starting download of 1 WAL segments...
I20260710 13:27:11.061650  1506 tablet_copy_client.cc:538] T e1090176dd3b472288e9d6c9c7bf5799 P 7b56b2e9e9e94e46b3ad4e4d2ce9872c: tablet copy: Tablet Copy complete. Replacing tablet superblock.
I20260710 13:27:11.069813  1506 tablet_bootstrap.cc:492] T e1090176dd3b472288e9d6c9c7bf5799 P 7b56b2e9e9e94e46b3ad4e4d2ce9872c: Bootstrap starting.
I20260710 13:27:11.087867  1510 ts_tablet_manager.cc:933] T 712c2c1d801a4369a436522cbe547161 P 7b56b2e9e9e94e46b3ad4e4d2ce9872c: Initiating tablet copy from peer ad44cdb222764b1e801b54853451b1a2 (127.31.153.2:41225)
I20260710 13:27:11.091434  1500 ts_tablet_manager.cc:1434] T f14803b122ca409da7e65b289da43a9f P 7b56b2e9e9e94e46b3ad4e4d2ce9872c: Time spent starting tablet: real 0.045s	user 0.020s	sys 0.016s
I20260710 13:27:11.092415  1475 heartbeater.cc:499] Master 127.31.153.62:38893 was elected leader, sending a full tablet report...
I20260710 13:27:11.097067  1193 tablet_copy_service.cc:342] P c4ff49a516c748bdafa60c5df0a047b1: Request end of tablet copy session 7b56b2e9e9e94e46b3ad4e4d2ce9872c-f14803b122ca409da7e65b289da43a9f received from {username='slave'} at 127.0.0.1:57116
I20260710 13:27:11.097535  1193 tablet_copy_service.cc:434] P c4ff49a516c748bdafa60c5df0a047b1: ending tablet copy session 7b56b2e9e9e94e46b3ad4e4d2ce9872c-f14803b122ca409da7e65b289da43a9f on tablet f14803b122ca409da7e65b289da43a9f with peer 7b56b2e9e9e94e46b3ad4e4d2ce9872c
I20260710 13:27:11.097807  1503 tablet_bootstrap.cc:492] T 9d47dbed9432442f97391181823af2cf P 7b56b2e9e9e94e46b3ad4e4d2ce9872c: Bootstrap replayed 1/1 log segments. Stats: ops{read=2 overwritten=0 applied=2 ignored=0} inserts{seen=0 ignored=0} mutations{seen=0 ignored=0} orphaned_commits=0. Pending: 0 replicates
I20260710 13:27:11.098634  1503 tablet_bootstrap.cc:492] T 9d47dbed9432442f97391181823af2cf P 7b56b2e9e9e94e46b3ad4e4d2ce9872c: Bootstrap complete.
I20260710 13:27:11.099313  1503 ts_tablet_manager.cc:1403] T 9d47dbed9432442f97391181823af2cf P 7b56b2e9e9e94e46b3ad4e4d2ce9872c: Time spent bootstrapping tablet: real 0.066s	user 0.019s	sys 0.003s
I20260710 13:27:11.102135  1503 raft_consensus.cc:359] T 9d47dbed9432442f97391181823af2cf P 7b56b2e9e9e94e46b3ad4e4d2ce9872c [term 1 LEARNER]: Replica starting. Triggering 0 pending ops. Active config: opid_index: 2 OBSOLETE_local: false peers { permanent_uuid: "5e802a93e37148868a9d1c6df6501c00" member_type: VOTER last_known_addr { host: "127.31.153.1" port: 35165 } } peers { permanent_uuid: "ad44cdb222764b1e801b54853451b1a2" member_type: VOTER last_known_addr { host: "127.31.153.2" port: 41225 } } peers { permanent_uuid: "c4ff49a516c748bdafa60c5df0a047b1" member_type: VOTER last_known_addr { host: "127.31.153.3" port: 45615 } attrs { replace: true } } peers { permanent_uuid: "7b56b2e9e9e94e46b3ad4e4d2ce9872c" member_type: NON_VOTER last_known_addr { host: "127.31.153.4" port: 36535 } attrs { promote: true } }
I20260710 13:27:11.102926  1503 raft_consensus.cc:740] T 9d47dbed9432442f97391181823af2cf P 7b56b2e9e9e94e46b3ad4e4d2ce9872c [term 1 LEARNER]: Becoming Follower/Learner. State: Replica: 7b56b2e9e9e94e46b3ad4e4d2ce9872c, State: Initialized, Role: LEARNER
I20260710 13:27:11.103544  1503 consensus_queue.cc:260] T 9d47dbed9432442f97391181823af2cf P 7b56b2e9e9e94e46b3ad4e4d2ce9872c [NON_LEADER]: Queue going to NON_LEADER mode. State: All replicated index: 0, Majority replicated index: 0, Committed index: 2, Last appended: 1.2, Last appended by leader: 2, Current term: 0, Majority size: -1, State: 0, Mode: NON_LEADER, active raft config: opid_index: 2 OBSOLETE_local: false peers { permanent_uuid: "5e802a93e37148868a9d1c6df6501c00" member_type: VOTER last_known_addr { host: "127.31.153.1" port: 35165 } } peers { permanent_uuid: "ad44cdb222764b1e801b54853451b1a2" member_type: VOTER last_known_addr { host: "127.31.153.2" port: 41225 } } peers { permanent_uuid: "c4ff49a516c748bdafa60c5df0a047b1" member_type: VOTER last_known_addr { host: "127.31.153.3" port: 45615 } attrs { replace: true } } peers { permanent_uuid: "7b56b2e9e9e94e46b3ad4e4d2ce9872c" member_type: NON_VOTER last_known_addr { host: "127.31.153.4" port: 36535 } attrs { promote: true } }
I20260710 13:27:11.105607  1503 ts_tablet_manager.cc:1434] T 9d47dbed9432442f97391181823af2cf P 7b56b2e9e9e94e46b3ad4e4d2ce9872c: Time spent starting tablet: real 0.006s	user 0.005s	sys 0.000s
I20260710 13:27:11.107002  1510 tablet_copy_client.cc:323] T 712c2c1d801a4369a436522cbe547161 P 7b56b2e9e9e94e46b3ad4e4d2ce9872c: tablet copy: Beginning tablet copy session from remote peer at address 127.31.153.2:41225
I20260710 13:27:11.107204  1119 tablet_copy_service.cc:342] P ad44cdb222764b1e801b54853451b1a2: Request end of tablet copy session 7b56b2e9e9e94e46b3ad4e4d2ce9872c-9d47dbed9432442f97391181823af2cf received from {username='slave'} at 127.0.0.1:39802
I20260710 13:27:11.107630  1119 tablet_copy_service.cc:434] P ad44cdb222764b1e801b54853451b1a2: ending tablet copy session 7b56b2e9e9e94e46b3ad4e4d2ce9872c-9d47dbed9432442f97391181823af2cf on tablet 9d47dbed9432442f97391181823af2cf with peer 7b56b2e9e9e94e46b3ad4e4d2ce9872c
I20260710 13:27:11.109889  1119 tablet_copy_service.cc:140] P ad44cdb222764b1e801b54853451b1a2: Received BeginTabletCopySession request for tablet 712c2c1d801a4369a436522cbe547161 from peer 7b56b2e9e9e94e46b3ad4e4d2ce9872c ({username='slave'} at 127.0.0.1:39802)
I20260710 13:27:11.110363  1119 tablet_copy_service.cc:161] P ad44cdb222764b1e801b54853451b1a2: Beginning new tablet copy session on tablet 712c2c1d801a4369a436522cbe547161 from peer 7b56b2e9e9e94e46b3ad4e4d2ce9872c at {username='slave'} at 127.0.0.1:39802: session id = 7b56b2e9e9e94e46b3ad4e4d2ce9872c-712c2c1d801a4369a436522cbe547161
I20260710 13:27:11.116472  1506 tablet_bootstrap.cc:492] T e1090176dd3b472288e9d6c9c7bf5799 P 7b56b2e9e9e94e46b3ad4e4d2ce9872c: Bootstrap replayed 1/1 log segments. Stats: ops{read=2 overwritten=0 applied=2 ignored=0} inserts{seen=0 ignored=0} mutations{seen=0 ignored=0} orphaned_commits=0. Pending: 0 replicates
I20260710 13:27:11.117297  1506 tablet_bootstrap.cc:492] T e1090176dd3b472288e9d6c9c7bf5799 P 7b56b2e9e9e94e46b3ad4e4d2ce9872c: Bootstrap complete.
I20260710 13:27:11.117928  1506 ts_tablet_manager.cc:1403] T e1090176dd3b472288e9d6c9c7bf5799 P 7b56b2e9e9e94e46b3ad4e4d2ce9872c: Time spent bootstrapping tablet: real 0.048s	user 0.011s	sys 0.009s
I20260710 13:27:11.118448  1119 tablet_copy_source_session.cc:215] T 712c2c1d801a4369a436522cbe547161 P ad44cdb222764b1e801b54853451b1a2: Tablet Copy: opened 0 blocks and 1 log segments
I20260710 13:27:11.120774  1506 raft_consensus.cc:359] T e1090176dd3b472288e9d6c9c7bf5799 P 7b56b2e9e9e94e46b3ad4e4d2ce9872c [term 1 LEARNER]: Replica starting. Triggering 0 pending ops. Active config: opid_index: 2 OBSOLETE_local: false peers { permanent_uuid: "5e802a93e37148868a9d1c6df6501c00" member_type: VOTER last_known_addr { host: "127.31.153.1" port: 35165 } } peers { permanent_uuid: "ad44cdb222764b1e801b54853451b1a2" member_type: VOTER last_known_addr { host: "127.31.153.2" port: 41225 } } peers { permanent_uuid: "c4ff49a516c748bdafa60c5df0a047b1" member_type: VOTER last_known_addr { host: "127.31.153.3" port: 45615 } attrs { replace: true } } peers { permanent_uuid: "7b56b2e9e9e94e46b3ad4e4d2ce9872c" member_type: NON_VOTER last_known_addr { host: "127.31.153.4" port: 36535 } attrs { promote: true } }
I20260710 13:27:11.121433  1510 data_dirs.cc:400] Could only allocate 1 dirs of requested 3 for tablet 712c2c1d801a4369a436522cbe547161. 1 dirs total, 0 dirs full, 0 dirs failed
I20260710 13:27:11.121625  1506 raft_consensus.cc:740] T e1090176dd3b472288e9d6c9c7bf5799 P 7b56b2e9e9e94e46b3ad4e4d2ce9872c [term 1 LEARNER]: Becoming Follower/Learner. State: Replica: 7b56b2e9e9e94e46b3ad4e4d2ce9872c, State: Initialized, Role: LEARNER
I20260710 13:27:11.122313  1506 consensus_queue.cc:260] T e1090176dd3b472288e9d6c9c7bf5799 P 7b56b2e9e9e94e46b3ad4e4d2ce9872c [NON_LEADER]: Queue going to NON_LEADER mode. State: All replicated index: 0, Majority replicated index: 0, Committed index: 2, Last appended: 1.2, Last appended by leader: 2, Current term: 0, Majority size: -1, State: 0, Mode: NON_LEADER, active raft config: opid_index: 2 OBSOLETE_local: false peers { permanent_uuid: "5e802a93e37148868a9d1c6df6501c00" member_type: VOTER last_known_addr { host: "127.31.153.1" port: 35165 } } peers { permanent_uuid: "ad44cdb222764b1e801b54853451b1a2" member_type: VOTER last_known_addr { host: "127.31.153.2" port: 41225 } } peers { permanent_uuid: "c4ff49a516c748bdafa60c5df0a047b1" member_type: VOTER last_known_addr { host: "127.31.153.3" port: 45615 } attrs { replace: true } } peers { permanent_uuid: "7b56b2e9e9e94e46b3ad4e4d2ce9872c" member_type: NON_VOTER last_known_addr { host: "127.31.153.4" port: 36535 } attrs { promote: true } }
I20260710 13:27:11.124675  1506 ts_tablet_manager.cc:1434] T e1090176dd3b472288e9d6c9c7bf5799 P 7b56b2e9e9e94e46b3ad4e4d2ce9872c: Time spent starting tablet: real 0.006s	user 0.005s	sys 0.000s
I20260710 13:27:11.137161  1510 tablet_copy_client.cc:806] T 712c2c1d801a4369a436522cbe547161 P 7b56b2e9e9e94e46b3ad4e4d2ce9872c: tablet copy: Starting download of 0 data blocks...
I20260710 13:27:11.137635  1510 tablet_copy_client.cc:670] T 712c2c1d801a4369a436522cbe547161 P 7b56b2e9e9e94e46b3ad4e4d2ce9872c: tablet copy: Starting download of 1 WAL segments...
I20260710 13:27:11.138073  1119 tablet_copy_service.cc:342] P ad44cdb222764b1e801b54853451b1a2: Request end of tablet copy session 7b56b2e9e9e94e46b3ad4e4d2ce9872c-e1090176dd3b472288e9d6c9c7bf5799 received from {username='slave'} at 127.0.0.1:39802
I20260710 13:27:11.138489  1119 tablet_copy_service.cc:434] P ad44cdb222764b1e801b54853451b1a2: ending tablet copy session 7b56b2e9e9e94e46b3ad4e4d2ce9872c-e1090176dd3b472288e9d6c9c7bf5799 on tablet e1090176dd3b472288e9d6c9c7bf5799 with peer 7b56b2e9e9e94e46b3ad4e4d2ce9872c
I20260710 13:27:11.141654  1510 tablet_copy_client.cc:538] T 712c2c1d801a4369a436522cbe547161 P 7b56b2e9e9e94e46b3ad4e4d2ce9872c: tablet copy: Tablet Copy complete. Replacing tablet superblock.
I20260710 13:27:11.149132  1510 tablet_bootstrap.cc:492] T 712c2c1d801a4369a436522cbe547161 P 7b56b2e9e9e94e46b3ad4e4d2ce9872c: Bootstrap starting.
I20260710 13:27:11.168424  1510 tablet_bootstrap.cc:492] T 712c2c1d801a4369a436522cbe547161 P 7b56b2e9e9e94e46b3ad4e4d2ce9872c: Bootstrap replayed 1/1 log segments. Stats: ops{read=2 overwritten=0 applied=2 ignored=0} inserts{seen=0 ignored=0} mutations{seen=0 ignored=0} orphaned_commits=0. Pending: 0 replicates
I20260710 13:27:11.169209  1510 tablet_bootstrap.cc:492] T 712c2c1d801a4369a436522cbe547161 P 7b56b2e9e9e94e46b3ad4e4d2ce9872c: Bootstrap complete.
I20260710 13:27:11.169809  1510 ts_tablet_manager.cc:1403] T 712c2c1d801a4369a436522cbe547161 P 7b56b2e9e9e94e46b3ad4e4d2ce9872c: Time spent bootstrapping tablet: real 0.021s	user 0.017s	sys 0.002s
I20260710 13:27:11.172562  1510 raft_consensus.cc:359] T 712c2c1d801a4369a436522cbe547161 P 7b56b2e9e9e94e46b3ad4e4d2ce9872c [term 1 LEARNER]: Replica starting. Triggering 0 pending ops. Active config: opid_index: 2 OBSOLETE_local: false peers { permanent_uuid: "5e802a93e37148868a9d1c6df6501c00" member_type: VOTER last_known_addr { host: "127.31.153.1" port: 35165 } attrs { replace: true } } peers { permanent_uuid: "ad44cdb222764b1e801b54853451b1a2" member_type: VOTER last_known_addr { host: "127.31.153.2" port: 41225 } } peers { permanent_uuid: "c4ff49a516c748bdafa60c5df0a047b1" member_type: VOTER last_known_addr { host: "127.31.153.3" port: 45615 } } peers { permanent_uuid: "7b56b2e9e9e94e46b3ad4e4d2ce9872c" member_type: NON_VOTER last_known_addr { host: "127.31.153.4" port: 36535 } attrs { promote: true } }
I20260710 13:27:11.173359  1510 raft_consensus.cc:740] T 712c2c1d801a4369a436522cbe547161 P 7b56b2e9e9e94e46b3ad4e4d2ce9872c [term 1 LEARNER]: Becoming Follower/Learner. State: Replica: 7b56b2e9e9e94e46b3ad4e4d2ce9872c, State: Initialized, Role: LEARNER
I20260710 13:27:11.173962  1510 consensus_queue.cc:260] T 712c2c1d801a4369a436522cbe547161 P 7b56b2e9e9e94e46b3ad4e4d2ce9872c [NON_LEADER]: Queue going to NON_LEADER mode. State: All replicated index: 0, Majority replicated index: 0, Committed index: 2, Last appended: 1.2, Last appended by leader: 2, Current term: 0, Majority size: -1, State: 0, Mode: NON_LEADER, active raft config: opid_index: 2 OBSOLETE_local: false peers { permanent_uuid: "5e802a93e37148868a9d1c6df6501c00" member_type: VOTER last_known_addr { host: "127.31.153.1" port: 35165 } attrs { replace: true } } peers { permanent_uuid: "ad44cdb222764b1e801b54853451b1a2" member_type: VOTER last_known_addr { host: "127.31.153.2" port: 41225 } } peers { permanent_uuid: "c4ff49a516c748bdafa60c5df0a047b1" member_type: VOTER last_known_addr { host: "127.31.153.3" port: 45615 } } peers { permanent_uuid: "7b56b2e9e9e94e46b3ad4e4d2ce9872c" member_type: NON_VOTER last_known_addr { host: "127.31.153.4" port: 36535 } attrs { promote: true } }
I20260710 13:27:11.176153  1510 ts_tablet_manager.cc:1434] T 712c2c1d801a4369a436522cbe547161 P 7b56b2e9e9e94e46b3ad4e4d2ce9872c: Time spent starting tablet: real 0.006s	user 0.006s	sys 0.002s
I20260710 13:27:11.180630  1119 tablet_copy_service.cc:342] P ad44cdb222764b1e801b54853451b1a2: Request end of tablet copy session 7b56b2e9e9e94e46b3ad4e4d2ce9872c-712c2c1d801a4369a436522cbe547161 received from {username='slave'} at 127.0.0.1:39802
I20260710 13:27:11.181010  1119 tablet_copy_service.cc:434] P ad44cdb222764b1e801b54853451b1a2: ending tablet copy session 7b56b2e9e9e94e46b3ad4e4d2ce9872c-712c2c1d801a4369a436522cbe547161 on tablet 712c2c1d801a4369a436522cbe547161 with peer 7b56b2e9e9e94e46b3ad4e4d2ce9872c
I20260710 13:27:11.376578  1450 raft_consensus.cc:1217] T f14803b122ca409da7e65b289da43a9f P 7b56b2e9e9e94e46b3ad4e4d2ce9872c [term 1 LEARNER]: Deduplicated request from leader. Original: 1.1->[1.2-1.2]   Dedup: 1.2->[]
I20260710 13:27:11.392998  1450 raft_consensus.cc:1217] T 9d47dbed9432442f97391181823af2cf P 7b56b2e9e9e94e46b3ad4e4d2ce9872c [term 1 LEARNER]: Deduplicated request from leader. Original: 1.1->[1.2-1.2]   Dedup: 1.2->[]
I20260710 13:27:11.549856  1450 raft_consensus.cc:1217] T 712c2c1d801a4369a436522cbe547161 P 7b56b2e9e9e94e46b3ad4e4d2ce9872c [term 1 LEARNER]: Deduplicated request from leader. Original: 1.1->[1.2-1.2]   Dedup: 1.2->[]
I20260710 13:27:11.581506  1450 raft_consensus.cc:1217] T e1090176dd3b472288e9d6c9c7bf5799 P 7b56b2e9e9e94e46b3ad4e4d2ce9872c [term 1 LEARNER]: Deduplicated request from leader. Original: 1.1->[1.2-1.2]   Dedup: 1.2->[]
I20260710 13:27:11.761022  1516 raft_consensus.cc:1064] T f14803b122ca409da7e65b289da43a9f P c4ff49a516c748bdafa60c5df0a047b1: attempting to promote NON_VOTER 7b56b2e9e9e94e46b3ad4e4d2ce9872c to VOTER
I20260710 13:27:11.764249  1516 consensus_queue.cc:237] T f14803b122ca409da7e65b289da43a9f P c4ff49a516c748bdafa60c5df0a047b1 [LEADER]: Queue going to LEADER mode. State: All replicated index: 0, Majority replicated index: 2, Committed index: 2, Last appended: 1.2, Last appended by leader: 0, Current term: 1, Majority size: 3, State: 0, Mode: LEADER, active raft config: opid_index: 3 OBSOLETE_local: false peers { permanent_uuid: "5e802a93e37148868a9d1c6df6501c00" member_type: VOTER last_known_addr { host: "127.31.153.1" port: 35165 } } peers { permanent_uuid: "ad44cdb222764b1e801b54853451b1a2" member_type: VOTER last_known_addr { host: "127.31.153.2" port: 41225 } attrs { replace: true } } peers { permanent_uuid: "c4ff49a516c748bdafa60c5df0a047b1" member_type: VOTER last_known_addr { host: "127.31.153.3" port: 45615 } } peers { permanent_uuid: "7b56b2e9e9e94e46b3ad4e4d2ce9872c" member_type: VOTER last_known_addr { host: "127.31.153.4" port: 36535 } attrs { promote: false } }
I20260710 13:27:11.771330  1450 raft_consensus.cc:1275] T f14803b122ca409da7e65b289da43a9f P 7b56b2e9e9e94e46b3ad4e4d2ce9872c [term 1 LEARNER]: Refusing update from remote peer c4ff49a516c748bdafa60c5df0a047b1: Log matching property violated. Preceding OpId in replica: term: 1 index: 2. Preceding OpId from leader: term: 1 index: 3. (index mismatch)
I20260710 13:27:11.771435  1107 raft_consensus.cc:1275] T f14803b122ca409da7e65b289da43a9f P ad44cdb222764b1e801b54853451b1a2 [term 1 FOLLOWER]: Refusing update from remote peer c4ff49a516c748bdafa60c5df0a047b1: Log matching property violated. Preceding OpId in replica: term: 1 index: 2. Preceding OpId from leader: term: 1 index: 3. (index mismatch)
I20260710 13:27:11.772854  1031 raft_consensus.cc:1275] T f14803b122ca409da7e65b289da43a9f P 5e802a93e37148868a9d1c6df6501c00 [term 1 FOLLOWER]: Refusing update from remote peer c4ff49a516c748bdafa60c5df0a047b1: Log matching property violated. Preceding OpId in replica: term: 1 index: 2. Preceding OpId from leader: term: 1 index: 3. (index mismatch)
I20260710 13:27:11.772861  1400 consensus_queue.cc:1048] T f14803b122ca409da7e65b289da43a9f P c4ff49a516c748bdafa60c5df0a047b1 [LEADER]: Connected to new peer: Peer: permanent_uuid: "7b56b2e9e9e94e46b3ad4e4d2ce9872c" member_type: VOTER last_known_addr { host: "127.31.153.4" port: 36535 } attrs { promote: false }, Status: LMP_MISMATCH, Last received: 0.0, Next index: 3, Last known committed idx: 2, Time since last communication: 0.001s
I20260710 13:27:11.773985  1516 consensus_queue.cc:1048] T f14803b122ca409da7e65b289da43a9f P c4ff49a516c748bdafa60c5df0a047b1 [LEADER]: Connected to new peer: Peer: permanent_uuid: "ad44cdb222764b1e801b54853451b1a2" member_type: VOTER last_known_addr { host: "127.31.153.2" port: 41225 } attrs { replace: true }, Status: LMP_MISMATCH, Last received: 0.0, Next index: 3, Last known committed idx: 2, Time since last communication: 0.000s
I20260710 13:27:11.775221  1269 consensus_queue.cc:1048] T f14803b122ca409da7e65b289da43a9f P c4ff49a516c748bdafa60c5df0a047b1 [LEADER]: Connected to new peer: Peer: permanent_uuid: "5e802a93e37148868a9d1c6df6501c00" member_type: VOTER last_known_addr { host: "127.31.153.1" port: 35165 }, Status: LMP_MISMATCH, Last received: 0.0, Next index: 3, Last known committed idx: 2, Time since last communication: 0.000s
I20260710 13:27:11.783525  1377 raft_consensus.cc:1064] T 9d47dbed9432442f97391181823af2cf P ad44cdb222764b1e801b54853451b1a2: attempting to promote NON_VOTER 7b56b2e9e9e94e46b3ad4e4d2ce9872c to VOTER
I20260710 13:27:11.786621  1377 consensus_queue.cc:237] T 9d47dbed9432442f97391181823af2cf P ad44cdb222764b1e801b54853451b1a2 [LEADER]: Queue going to LEADER mode. State: All replicated index: 0, Majority replicated index: 2, Committed index: 2, Last appended: 1.2, Last appended by leader: 0, Current term: 1, Majority size: 3, State: 0, Mode: LEADER, active raft config: opid_index: 3 OBSOLETE_local: false peers { permanent_uuid: "5e802a93e37148868a9d1c6df6501c00" member_type: VOTER last_known_addr { host: "127.31.153.1" port: 35165 } } peers { permanent_uuid: "ad44cdb222764b1e801b54853451b1a2" member_type: VOTER last_known_addr { host: "127.31.153.2" port: 41225 } } peers { permanent_uuid: "c4ff49a516c748bdafa60c5df0a047b1" member_type: VOTER last_known_addr { host: "127.31.153.3" port: 45615 } attrs { replace: true } } peers { permanent_uuid: "7b56b2e9e9e94e46b3ad4e4d2ce9872c" member_type: VOTER last_known_addr { host: "127.31.153.4" port: 36535 } attrs { promote: false } }
I20260710 13:27:11.796162  1269 raft_consensus.cc:2955] T f14803b122ca409da7e65b289da43a9f P c4ff49a516c748bdafa60c5df0a047b1 [term 1 LEADER]: Committing config change with OpId 1.3: config changed from index 2 to 3, 7b56b2e9e9e94e46b3ad4e4d2ce9872c (127.31.153.4) changed from NON_VOTER to VOTER. New config: { opid_index: 3 OBSOLETE_local: false peers { permanent_uuid: "5e802a93e37148868a9d1c6df6501c00" member_type: VOTER last_known_addr { host: "127.31.153.1" port: 35165 } } peers { permanent_uuid: "ad44cdb222764b1e801b54853451b1a2" member_type: VOTER last_known_addr { host: "127.31.153.2" port: 41225 } attrs { replace: true } } peers { permanent_uuid: "c4ff49a516c748bdafa60c5df0a047b1" member_type: VOTER last_known_addr { host: "127.31.153.3" port: 45615 } } peers { permanent_uuid: "7b56b2e9e9e94e46b3ad4e4d2ce9872c" member_type: VOTER last_known_addr { host: "127.31.153.4" port: 36535 } attrs { promote: false } } }
I20260710 13:27:11.800169  1033 raft_consensus.cc:2955] T f14803b122ca409da7e65b289da43a9f P 5e802a93e37148868a9d1c6df6501c00 [term 1 FOLLOWER]: Committing config change with OpId 1.3: config changed from index 2 to 3, 7b56b2e9e9e94e46b3ad4e4d2ce9872c (127.31.153.4) changed from NON_VOTER to VOTER. New config: { opid_index: 3 OBSOLETE_local: false peers { permanent_uuid: "5e802a93e37148868a9d1c6df6501c00" member_type: VOTER last_known_addr { host: "127.31.153.1" port: 35165 } } peers { permanent_uuid: "ad44cdb222764b1e801b54853451b1a2" member_type: VOTER last_known_addr { host: "127.31.153.2" port: 41225 } attrs { replace: true } } peers { permanent_uuid: "c4ff49a516c748bdafa60c5df0a047b1" member_type: VOTER last_known_addr { host: "127.31.153.3" port: 45615 } } peers { permanent_uuid: "7b56b2e9e9e94e46b3ad4e4d2ce9872c" member_type: VOTER last_known_addr { host: "127.31.153.4" port: 36535 } attrs { promote: false } } }
I20260710 13:27:11.817679   928 catalog_manager.cc:5697] T f14803b122ca409da7e65b289da43a9f P 5e802a93e37148868a9d1c6df6501c00 reported cstate change: config changed from index 2 to 3, 7b56b2e9e9e94e46b3ad4e4d2ce9872c (127.31.153.4) changed from NON_VOTER to VOTER. New cstate: current_term: 1 leader_uuid: "c4ff49a516c748bdafa60c5df0a047b1" committed_config { opid_index: 3 OBSOLETE_local: false peers { permanent_uuid: "5e802a93e37148868a9d1c6df6501c00" member_type: VOTER last_known_addr { host: "127.31.153.1" port: 35165 } } peers { permanent_uuid: "ad44cdb222764b1e801b54853451b1a2" member_type: VOTER last_known_addr { host: "127.31.153.2" port: 41225 } attrs { replace: true } } peers { permanent_uuid: "c4ff49a516c748bdafa60c5df0a047b1" member_type: VOTER last_known_addr { host: "127.31.153.3" port: 45615 } } peers { permanent_uuid: "7b56b2e9e9e94e46b3ad4e4d2ce9872c" member_type: VOTER last_known_addr { host: "127.31.153.4" port: 36535 } attrs { promote: false } } }
I20260710 13:27:11.824633  1107 raft_consensus.cc:2955] T f14803b122ca409da7e65b289da43a9f P ad44cdb222764b1e801b54853451b1a2 [term 1 FOLLOWER]: Committing config change with OpId 1.3: config changed from index 2 to 3, 7b56b2e9e9e94e46b3ad4e4d2ce9872c (127.31.153.4) changed from NON_VOTER to VOTER. New config: { opid_index: 3 OBSOLETE_local: false peers { permanent_uuid: "5e802a93e37148868a9d1c6df6501c00" member_type: VOTER last_known_addr { host: "127.31.153.1" port: 35165 } } peers { permanent_uuid: "ad44cdb222764b1e801b54853451b1a2" member_type: VOTER last_known_addr { host: "127.31.153.2" port: 41225 } attrs { replace: true } } peers { permanent_uuid: "c4ff49a516c748bdafa60c5df0a047b1" member_type: VOTER last_known_addr { host: "127.31.153.3" port: 45615 } } peers { permanent_uuid: "7b56b2e9e9e94e46b3ad4e4d2ce9872c" member_type: VOTER last_known_addr { host: "127.31.153.4" port: 36535 } attrs { promote: false } } }
I20260710 13:27:11.829308  1450 raft_consensus.cc:1275] T 9d47dbed9432442f97391181823af2cf P 7b56b2e9e9e94e46b3ad4e4d2ce9872c [term 1 LEARNER]: Refusing update from remote peer ad44cdb222764b1e801b54853451b1a2: Log matching property violated. Preceding OpId in replica: term: 1 index: 2. Preceding OpId from leader: term: 1 index: 3. (index mismatch)
I20260710 13:27:11.833871  1183 raft_consensus.cc:1275] T 9d47dbed9432442f97391181823af2cf P c4ff49a516c748bdafa60c5df0a047b1 [term 1 FOLLOWER]: Refusing update from remote peer ad44cdb222764b1e801b54853451b1a2: Log matching property violated. Preceding OpId in replica: term: 1 index: 2. Preceding OpId from leader: term: 1 index: 3. (index mismatch)
I20260710 13:27:11.836145  1517 consensus_queue.cc:1048] T 9d47dbed9432442f97391181823af2cf P ad44cdb222764b1e801b54853451b1a2 [LEADER]: Connected to new peer: Peer: permanent_uuid: "7b56b2e9e9e94e46b3ad4e4d2ce9872c" member_type: VOTER last_known_addr { host: "127.31.153.4" port: 36535 } attrs { promote: false }, Status: LMP_MISMATCH, Last received: 0.0, Next index: 3, Last known committed idx: 2, Time since last communication: 0.000s
I20260710 13:27:11.840870  1263 consensus_queue.cc:1048] T 9d47dbed9432442f97391181823af2cf P ad44cdb222764b1e801b54853451b1a2 [LEADER]: Connected to new peer: Peer: permanent_uuid: "c4ff49a516c748bdafa60c5df0a047b1" member_type: VOTER last_known_addr { host: "127.31.153.3" port: 45615 } attrs { replace: true }, Status: LMP_MISMATCH, Last received: 0.0, Next index: 3, Last known committed idx: 2, Time since last communication: 0.000s
I20260710 13:27:11.849928  1031 raft_consensus.cc:1275] T 9d47dbed9432442f97391181823af2cf P 5e802a93e37148868a9d1c6df6501c00 [term 1 FOLLOWER]: Refusing update from remote peer ad44cdb222764b1e801b54853451b1a2: Log matching property violated. Preceding OpId in replica: term: 1 index: 2. Preceding OpId from leader: term: 1 index: 3. (index mismatch)
I20260710 13:27:11.851778  1263 consensus_queue.cc:1048] T 9d47dbed9432442f97391181823af2cf P ad44cdb222764b1e801b54853451b1a2 [LEADER]: Connected to new peer: Peer: permanent_uuid: "5e802a93e37148868a9d1c6df6501c00" member_type: VOTER last_known_addr { host: "127.31.153.1" port: 35165 }, Status: LMP_MISMATCH, Last received: 0.0, Next index: 3, Last known committed idx: 2, Time since last communication: 0.001s
I20260710 13:27:11.851835  1449 raft_consensus.cc:2955] T f14803b122ca409da7e65b289da43a9f P 7b56b2e9e9e94e46b3ad4e4d2ce9872c [term 1 FOLLOWER]: Committing config change with OpId 1.3: config changed from index 2 to 3, 7b56b2e9e9e94e46b3ad4e4d2ce9872c (127.31.153.4) changed from NON_VOTER to VOTER. New config: { opid_index: 3 OBSOLETE_local: false peers { permanent_uuid: "5e802a93e37148868a9d1c6df6501c00" member_type: VOTER last_known_addr { host: "127.31.153.1" port: 35165 } } peers { permanent_uuid: "ad44cdb222764b1e801b54853451b1a2" member_type: VOTER last_known_addr { host: "127.31.153.2" port: 41225 } attrs { replace: true } } peers { permanent_uuid: "c4ff49a516c748bdafa60c5df0a047b1" member_type: VOTER last_known_addr { host: "127.31.153.3" port: 45615 } } peers { permanent_uuid: "7b56b2e9e9e94e46b3ad4e4d2ce9872c" member_type: VOTER last_known_addr { host: "127.31.153.4" port: 36535 } attrs { promote: false } } }
I20260710 13:27:11.872546  1377 raft_consensus.cc:2955] T 9d47dbed9432442f97391181823af2cf P ad44cdb222764b1e801b54853451b1a2 [term 1 LEADER]: Committing config change with OpId 1.3: config changed from index 2 to 3, 7b56b2e9e9e94e46b3ad4e4d2ce9872c (127.31.153.4) changed from NON_VOTER to VOTER. New config: { opid_index: 3 OBSOLETE_local: false peers { permanent_uuid: "5e802a93e37148868a9d1c6df6501c00" member_type: VOTER last_known_addr { host: "127.31.153.1" port: 35165 } } peers { permanent_uuid: "ad44cdb222764b1e801b54853451b1a2" member_type: VOTER last_known_addr { host: "127.31.153.2" port: 41225 } } peers { permanent_uuid: "c4ff49a516c748bdafa60c5df0a047b1" member_type: VOTER last_known_addr { host: "127.31.153.3" port: 45615 } attrs { replace: true } } peers { permanent_uuid: "7b56b2e9e9e94e46b3ad4e4d2ce9872c" member_type: VOTER last_known_addr { host: "127.31.153.4" port: 36535 } attrs { promote: false } } }
I20260710 13:27:11.880973  1031 raft_consensus.cc:2955] T 9d47dbed9432442f97391181823af2cf P 5e802a93e37148868a9d1c6df6501c00 [term 1 FOLLOWER]: Committing config change with OpId 1.3: config changed from index 2 to 3, 7b56b2e9e9e94e46b3ad4e4d2ce9872c (127.31.153.4) changed from NON_VOTER to VOTER. New config: { opid_index: 3 OBSOLETE_local: false peers { permanent_uuid: "5e802a93e37148868a9d1c6df6501c00" member_type: VOTER last_known_addr { host: "127.31.153.1" port: 35165 } } peers { permanent_uuid: "ad44cdb222764b1e801b54853451b1a2" member_type: VOTER last_known_addr { host: "127.31.153.2" port: 41225 } } peers { permanent_uuid: "c4ff49a516c748bdafa60c5df0a047b1" member_type: VOTER last_known_addr { host: "127.31.153.3" port: 45615 } attrs { replace: true } } peers { permanent_uuid: "7b56b2e9e9e94e46b3ad4e4d2ce9872c" member_type: VOTER last_known_addr { host: "127.31.153.4" port: 36535 } attrs { promote: false } } }
I20260710 13:27:11.882072  1450 raft_consensus.cc:2955] T 9d47dbed9432442f97391181823af2cf P 7b56b2e9e9e94e46b3ad4e4d2ce9872c [term 1 FOLLOWER]: Committing config change with OpId 1.3: config changed from index 2 to 3, 7b56b2e9e9e94e46b3ad4e4d2ce9872c (127.31.153.4) changed from NON_VOTER to VOTER. New config: { opid_index: 3 OBSOLETE_local: false peers { permanent_uuid: "5e802a93e37148868a9d1c6df6501c00" member_type: VOTER last_known_addr { host: "127.31.153.1" port: 35165 } } peers { permanent_uuid: "ad44cdb222764b1e801b54853451b1a2" member_type: VOTER last_known_addr { host: "127.31.153.2" port: 41225 } } peers { permanent_uuid: "c4ff49a516c748bdafa60c5df0a047b1" member_type: VOTER last_known_addr { host: "127.31.153.3" port: 45615 } attrs { replace: true } } peers { permanent_uuid: "7b56b2e9e9e94e46b3ad4e4d2ce9872c" member_type: VOTER last_known_addr { host: "127.31.153.4" port: 36535 } attrs { promote: false } } }
I20260710 13:27:11.886847  1179 raft_consensus.cc:2955] T 9d47dbed9432442f97391181823af2cf P c4ff49a516c748bdafa60c5df0a047b1 [term 1 FOLLOWER]: Committing config change with OpId 1.3: config changed from index 2 to 3, 7b56b2e9e9e94e46b3ad4e4d2ce9872c (127.31.153.4) changed from NON_VOTER to VOTER. New config: { opid_index: 3 OBSOLETE_local: false peers { permanent_uuid: "5e802a93e37148868a9d1c6df6501c00" member_type: VOTER last_known_addr { host: "127.31.153.1" port: 35165 } } peers { permanent_uuid: "ad44cdb222764b1e801b54853451b1a2" member_type: VOTER last_known_addr { host: "127.31.153.2" port: 41225 } } peers { permanent_uuid: "c4ff49a516c748bdafa60c5df0a047b1" member_type: VOTER last_known_addr { host: "127.31.153.3" port: 45615 } attrs { replace: true } } peers { permanent_uuid: "7b56b2e9e9e94e46b3ad4e4d2ce9872c" member_type: VOTER last_known_addr { host: "127.31.153.4" port: 36535 } attrs { promote: false } } }
I20260710 13:27:11.902652   930 catalog_manager.cc:5697] T 9d47dbed9432442f97391181823af2cf P 7b56b2e9e9e94e46b3ad4e4d2ce9872c reported cstate change: config changed from index 2 to 3, 7b56b2e9e9e94e46b3ad4e4d2ce9872c (127.31.153.4) changed from NON_VOTER to VOTER. New cstate: current_term: 1 leader_uuid: "ad44cdb222764b1e801b54853451b1a2" committed_config { opid_index: 3 OBSOLETE_local: false peers { permanent_uuid: "5e802a93e37148868a9d1c6df6501c00" member_type: VOTER last_known_addr { host: "127.31.153.1" port: 35165 } } peers { permanent_uuid: "ad44cdb222764b1e801b54853451b1a2" member_type: VOTER last_known_addr { host: "127.31.153.2" port: 41225 } } peers { permanent_uuid: "c4ff49a516c748bdafa60c5df0a047b1" member_type: VOTER last_known_addr { host: "127.31.153.3" port: 45615 } attrs { replace: true } } peers { permanent_uuid: "7b56b2e9e9e94e46b3ad4e4d2ce9872c" member_type: VOTER last_known_addr { host: "127.31.153.4" port: 36535 } attrs { promote: false } } }
I20260710 13:27:11.929278  1107 consensus_queue.cc:237] T 9d47dbed9432442f97391181823af2cf P ad44cdb222764b1e801b54853451b1a2 [LEADER]: Queue going to LEADER mode. State: All replicated index: 0, Majority replicated index: 3, Committed index: 3, Last appended: 1.3, Last appended by leader: 0, Current term: 1, Majority size: 2, State: 0, Mode: LEADER, active raft config: opid_index: 4 OBSOLETE_local: false peers { permanent_uuid: "5e802a93e37148868a9d1c6df6501c00" member_type: VOTER last_known_addr { host: "127.31.153.1" port: 35165 } } peers { permanent_uuid: "ad44cdb222764b1e801b54853451b1a2" member_type: VOTER last_known_addr { host: "127.31.153.2" port: 41225 } } peers { permanent_uuid: "7b56b2e9e9e94e46b3ad4e4d2ce9872c" member_type: VOTER last_known_addr { host: "127.31.153.4" port: 36535 } attrs { promote: false } }
I20260710 13:27:11.933166  1179 consensus_queue.cc:237] T f14803b122ca409da7e65b289da43a9f P c4ff49a516c748bdafa60c5df0a047b1 [LEADER]: Queue going to LEADER mode. State: All replicated index: 0, Majority replicated index: 3, Committed index: 3, Last appended: 1.3, Last appended by leader: 0, Current term: 1, Majority size: 2, State: 0, Mode: LEADER, active raft config: opid_index: 4 OBSOLETE_local: false peers { permanent_uuid: "5e802a93e37148868a9d1c6df6501c00" member_type: VOTER last_known_addr { host: "127.31.153.1" port: 35165 } } peers { permanent_uuid: "c4ff49a516c748bdafa60c5df0a047b1" member_type: VOTER last_known_addr { host: "127.31.153.3" port: 45615 } } peers { permanent_uuid: "7b56b2e9e9e94e46b3ad4e4d2ce9872c" member_type: VOTER last_known_addr { host: "127.31.153.4" port: 36535 } attrs { promote: false } }
I20260710 13:27:11.936334  1450 raft_consensus.cc:1275] T 9d47dbed9432442f97391181823af2cf P 7b56b2e9e9e94e46b3ad4e4d2ce9872c [term 1 FOLLOWER]: Refusing update from remote peer ad44cdb222764b1e801b54853451b1a2: Log matching property violated. Preceding OpId in replica: term: 1 index: 3. Preceding OpId from leader: term: 1 index: 4. (index mismatch)
I20260710 13:27:11.937426  1031 raft_consensus.cc:1275] T 9d47dbed9432442f97391181823af2cf P 5e802a93e37148868a9d1c6df6501c00 [term 1 FOLLOWER]: Refusing update from remote peer ad44cdb222764b1e801b54853451b1a2: Log matching property violated. Preceding OpId in replica: term: 1 index: 3. Preceding OpId from leader: term: 1 index: 4. (index mismatch)
I20260710 13:27:11.938815  1377 consensus_queue.cc:1048] T 9d47dbed9432442f97391181823af2cf P ad44cdb222764b1e801b54853451b1a2 [LEADER]: Connected to new peer: Peer: permanent_uuid: "7b56b2e9e9e94e46b3ad4e4d2ce9872c" member_type: VOTER last_known_addr { host: "127.31.153.4" port: 36535 } attrs { promote: false }, Status: LMP_MISMATCH, Last received: 0.0, Next index: 4, Last known committed idx: 3, Time since last communication: 0.001s
I20260710 13:27:11.939597  1517 consensus_queue.cc:1048] T 9d47dbed9432442f97391181823af2cf P ad44cdb222764b1e801b54853451b1a2 [LEADER]: Connected to new peer: Peer: permanent_uuid: "5e802a93e37148868a9d1c6df6501c00" member_type: VOTER last_known_addr { host: "127.31.153.1" port: 35165 }, Status: LMP_MISMATCH, Last received: 0.0, Next index: 4, Last known committed idx: 3, Time since last communication: 0.000s
I20260710 13:27:11.939827  1450 raft_consensus.cc:1275] T f14803b122ca409da7e65b289da43a9f P 7b56b2e9e9e94e46b3ad4e4d2ce9872c [term 1 FOLLOWER]: Refusing update from remote peer c4ff49a516c748bdafa60c5df0a047b1: Log matching property violated. Preceding OpId in replica: term: 1 index: 3. Preceding OpId from leader: term: 1 index: 4. (index mismatch)
I20260710 13:27:11.939848  1031 raft_consensus.cc:1275] T f14803b122ca409da7e65b289da43a9f P 5e802a93e37148868a9d1c6df6501c00 [term 1 FOLLOWER]: Refusing update from remote peer c4ff49a516c748bdafa60c5df0a047b1: Log matching property violated. Preceding OpId in replica: term: 1 index: 3. Preceding OpId from leader: term: 1 index: 4. (index mismatch)
I20260710 13:27:11.941570  1269 consensus_queue.cc:1048] T f14803b122ca409da7e65b289da43a9f P c4ff49a516c748bdafa60c5df0a047b1 [LEADER]: Connected to new peer: Peer: permanent_uuid: "7b56b2e9e9e94e46b3ad4e4d2ce9872c" member_type: VOTER last_known_addr { host: "127.31.153.4" port: 36535 } attrs { promote: false }, Status: LMP_MISMATCH, Last received: 0.0, Next index: 4, Last known committed idx: 3, Time since last communication: 0.000s
I20260710 13:27:11.942319  1516 consensus_queue.cc:1048] T f14803b122ca409da7e65b289da43a9f P c4ff49a516c748bdafa60c5df0a047b1 [LEADER]: Connected to new peer: Peer: permanent_uuid: "5e802a93e37148868a9d1c6df6501c00" member_type: VOTER last_known_addr { host: "127.31.153.1" port: 35165 }, Status: LMP_MISMATCH, Last received: 0.0, Next index: 4, Last known committed idx: 3, Time since last communication: 0.000s
