I20260710 13:27:05.979576  6527 ts_tablet_manager.cc:1403] T 5e9e0f762ca2474ebd62aa65f5d89898 P 4f94c5fae82b42e8ad1ea263d69c131e: Time spent bootstrapping tablet: real 0.026s	user 0.011s	sys 0.003s
I20260710 13:27:05.977385  6523 raft_consensus.cc:740] T b5d94b819f7a427383f988fc2e7789f2 P edd565f074604d168575c7ec1786bd32 [term 0 FOLLOWER]: Becoming Follower/Learner. State: Replica: edd565f074604d168575c7ec1786bd32, State: Initialized, Role: FOLLOWER
I20260710 13:27:05.991842  6483 tablet_service.cc:1917] Received RequestConsensusVote() RPC: tablet_id: "5e9e0f762ca2474ebd62aa65f5d89898" candidate_uuid: "6d460d8786494c848079bd2deae22852" candidate_term: 1 candidate_status { last_received { term: 0 index: 0 } } ignore_live_leader: false dest_uuid: "edd565f074604d168575c7ec1786bd32"
I20260710 13:27:05.992566  6483 raft_consensus.cc:2393] T 5e9e0f762ca2474ebd62aa65f5d89898 P edd565f074604d168575c7ec1786bd32 [term 1 FOLLOWER]: Leader election vote request: Denying vote to candidate 6d460d8786494c848079bd2deae22852 in current term 1: Already voted for candidate edd565f074604d168575c7ec1786bd32 in this term.
I20260710 13:27:05.992509  6523 consensus_queue.cc:260] T b5d94b819f7a427383f988fc2e7789f2 P edd565f074604d168575c7ec1786bd32 [NON_LEADER]: Queue going to NON_LEADER mode. State: All replicated index: 0, Majority replicated index: 0, Committed index: 0, Last appended: 0.0, Last appended by leader: 0, Current term: 0, Majority size: -1, State: 0, Mode: NON_LEADER, active raft config: opid_index: -1 OBSOLETE_local: false peers { permanent_uuid: "6d460d8786494c848079bd2deae22852" member_type: VOTER last_known_addr { host: "127.5.29.1" port: 40203 } } peers { permanent_uuid: "4f94c5fae82b42e8ad1ea263d69c131e" member_type: VOTER last_known_addr { host: "127.5.29.2" port: 39941 } } peers { permanent_uuid: "edd565f074604d168575c7ec1786bd32" member_type: VOTER last_known_addr { host: "127.5.29.3" port: 32791 } }
I20260710 13:27:05.994879  6523 ts_tablet_manager.cc:1434] T b5d94b819f7a427383f988fc2e7789f2 P edd565f074604d168575c7ec1786bd32: Time spent starting tablet: real 0.022s	user 0.006s	sys 0.000s
I20260710 13:27:05.995723  6523 tablet_bootstrap.cc:492] T 61da7d85a41b4622a4b240935eaa65c6 P edd565f074604d168575c7ec1786bd32: Bootstrap starting.
I20260710 13:27:06.001776  6583 consensus_queue.cc:1048] T 0fe5f30660b84e59a7565e6150be1e12 P 4f94c5fae82b42e8ad1ea263d69c131e [LEADER]: Connected to new peer: Peer: permanent_uuid: "6d460d8786494c848079bd2deae22852" member_type: VOTER last_known_addr { host: "127.5.29.1" port: 40203 }, Status: LMP_MISMATCH, Last received: 0.0, Next index: 1, Last known committed idx: 0, Time since last communication: 0.000s
I20260710 13:27:06.002121  6523 tablet_bootstrap.cc:654] T 61da7d85a41b4622a4b240935eaa65c6 P edd565f074604d168575c7ec1786bd32: Neither blocks nor log segments found. Creating new log.
I20260710 13:27:06.005103  6228 catalog_manager.cc:5697] T b5d94b819f7a427383f988fc2e7789f2 P 4f94c5fae82b42e8ad1ea263d69c131e reported cstate change: term changed from 0 to 1, leader changed from <none> to 4f94c5fae82b42e8ad1ea263d69c131e (127.5.29.2). New cstate: current_term: 1 leader_uuid: "4f94c5fae82b42e8ad1ea263d69c131e" committed_config { opid_index: -1 OBSOLETE_local: false peers { permanent_uuid: "6d460d8786494c848079bd2deae22852" member_type: VOTER last_known_addr { host: "127.5.29.1" port: 40203 } health_report { overall_health: UNKNOWN } } peers { permanent_uuid: "4f94c5fae82b42e8ad1ea263d69c131e" member_type: VOTER last_known_addr { host: "127.5.29.2" port: 39941 } health_report { overall_health: HEALTHY } } peers { permanent_uuid: "edd565f074604d168575c7ec1786bd32" member_type: VOTER last_known_addr { host: "127.5.29.3" port: 32791 } health_report { overall_health: UNKNOWN } } }
I20260710 13:27:05.994237  6527 raft_consensus.cc:359] T 5e9e0f762ca2474ebd62aa65f5d89898 P 4f94c5fae82b42e8ad1ea263d69c131e [term 0 FOLLOWER]: Replica starting. Triggering 0 pending ops. Active config: opid_index: -1 OBSOLETE_local: false peers { permanent_uuid: "6d460d8786494c848079bd2deae22852" member_type: VOTER last_known_addr { host: "127.5.29.1" port: 40203 } } peers { permanent_uuid: "4f94c5fae82b42e8ad1ea263d69c131e" member_type: VOTER last_known_addr { host: "127.5.29.2" port: 39941 } } peers { permanent_uuid: "edd565f074604d168575c7ec1786bd32" member_type: VOTER last_known_addr { host: "127.5.29.3" port: 32791 } }
I20260710 13:27:06.011376  6527 raft_consensus.cc:385] T 5e9e0f762ca2474ebd62aa65f5d89898 P 4f94c5fae82b42e8ad1ea263d69c131e [term 0 FOLLOWER]: Consensus starting up: Expiring failure detector timer to make a prompt election more likely
I20260710 13:27:06.011664  6527 raft_consensus.cc:740] T 5e9e0f762ca2474ebd62aa65f5d89898 P 4f94c5fae82b42e8ad1ea263d69c131e [term 0 FOLLOWER]: Becoming Follower/Learner. State: Replica: 4f94c5fae82b42e8ad1ea263d69c131e, State: Initialized, Role: FOLLOWER
I20260710 13:27:06.012259  6527 consensus_queue.cc:260] T 5e9e0f762ca2474ebd62aa65f5d89898 P 4f94c5fae82b42e8ad1ea263d69c131e [NON_LEADER]: Queue going to NON_LEADER mode. State: All replicated index: 0, Majority replicated index: 0, Committed index: 0, Last appended: 0.0, Last appended by leader: 0, Current term: 0, Majority size: -1, State: 0, Mode: NON_LEADER, active raft config: opid_index: -1 OBSOLETE_local: false peers { permanent_uuid: "6d460d8786494c848079bd2deae22852" member_type: VOTER last_known_addr { host: "127.5.29.1" port: 40203 } } peers { permanent_uuid: "4f94c5fae82b42e8ad1ea263d69c131e" member_type: VOTER last_known_addr { host: "127.5.29.2" port: 39941 } } peers { permanent_uuid: "edd565f074604d168575c7ec1786bd32" member_type: VOTER last_known_addr { host: "127.5.29.3" port: 32791 } }
I20260710 13:27:06.012817  6524 tablet_bootstrap.cc:492] T 22afac77193449708706081e55cc06b9 P 6d460d8786494c848079bd2deae22852: No bootstrap required, opened a new log
I20260710 13:27:06.013404  6524 ts_tablet_manager.cc:1403] T 22afac77193449708706081e55cc06b9 P 6d460d8786494c848079bd2deae22852: Time spent bootstrapping tablet: real 0.033s	user 0.010s	sys 0.005s
I20260710 13:27:06.016368  6527 ts_tablet_manager.cc:1434] T 5e9e0f762ca2474ebd62aa65f5d89898 P 4f94c5fae82b42e8ad1ea263d69c131e: Time spent starting tablet: real 0.024s	user 0.004s	sys 0.000s
I20260710 13:27:06.016117  6524 raft_consensus.cc:359] T 22afac77193449708706081e55cc06b9 P 6d460d8786494c848079bd2deae22852 [term 0 FOLLOWER]: Replica starting. Triggering 0 pending ops. Active config: opid_index: -1 OBSOLETE_local: false peers { permanent_uuid: "6d460d8786494c848079bd2deae22852" member_type: VOTER last_known_addr { host: "127.5.29.1" port: 40203 } } peers { permanent_uuid: "4f94c5fae82b42e8ad1ea263d69c131e" member_type: VOTER last_known_addr { host: "127.5.29.2" port: 39941 } } peers { permanent_uuid: "edd565f074604d168575c7ec1786bd32" member_type: VOTER last_known_addr { host: "127.5.29.3" port: 32791 } }
I20260710 13:27:06.016938  6524 raft_consensus.cc:385] T 22afac77193449708706081e55cc06b9 P 6d460d8786494c848079bd2deae22852 [term 0 FOLLOWER]: Consensus starting up: Expiring failure detector timer to make a prompt election more likely
I20260710 13:27:06.017253  6524 raft_consensus.cc:740] T 22afac77193449708706081e55cc06b9 P 6d460d8786494c848079bd2deae22852 [term 0 FOLLOWER]: Becoming Follower/Learner. State: Replica: 6d460d8786494c848079bd2deae22852, State: Initialized, Role: FOLLOWER
I20260710 13:27:06.018023  6524 consensus_queue.cc:260] T 22afac77193449708706081e55cc06b9 P 6d460d8786494c848079bd2deae22852 [NON_LEADER]: Queue going to NON_LEADER mode. State: All replicated index: 0, Majority replicated index: 0, Committed index: 0, Last appended: 0.0, Last appended by leader: 0, Current term: 0, Majority size: -1, State: 0, Mode: NON_LEADER, active raft config: opid_index: -1 OBSOLETE_local: false peers { permanent_uuid: "6d460d8786494c848079bd2deae22852" member_type: VOTER last_known_addr { host: "127.5.29.1" port: 40203 } } peers { permanent_uuid: "4f94c5fae82b42e8ad1ea263d69c131e" member_type: VOTER last_known_addr { host: "127.5.29.2" port: 39941 } } peers { permanent_uuid: "edd565f074604d168575c7ec1786bd32" member_type: VOTER last_known_addr { host: "127.5.29.3" port: 32791 } }
I20260710 13:27:06.020502  6524 ts_tablet_manager.cc:1434] T 22afac77193449708706081e55cc06b9 P 6d460d8786494c848079bd2deae22852: Time spent starting tablet: real 0.007s	user 0.005s	sys 0.000s
I20260710 13:27:06.020744  6523 tablet_bootstrap.cc:492] T 61da7d85a41b4622a4b240935eaa65c6 P edd565f074604d168575c7ec1786bd32: No bootstrap required, opened a new log
I20260710 13:27:06.021207  6523 ts_tablet_manager.cc:1403] T 61da7d85a41b4622a4b240935eaa65c6 P edd565f074604d168575c7ec1786bd32: Time spent bootstrapping tablet: real 0.026s	user 0.013s	sys 0.000s
I20260710 13:27:06.021554  6524 tablet_bootstrap.cc:492] T 132a6605e7f74a76bb5c8c17867929c8 P 6d460d8786494c848079bd2deae22852: Bootstrap starting.
I20260710 13:27:06.017217  6527 tablet_bootstrap.cc:492] T 051dfc99453442ac9ae9aff4ada14272 P 4f94c5fae82b42e8ad1ea263d69c131e: Bootstrap starting.
I20260710 13:27:06.028401  6524 tablet_bootstrap.cc:654] T 132a6605e7f74a76bb5c8c17867929c8 P 6d460d8786494c848079bd2deae22852: Neither blocks nor log segments found. Creating new log.
I20260710 13:27:06.029260  6527 tablet_bootstrap.cc:654] T 051dfc99453442ac9ae9aff4ada14272 P 4f94c5fae82b42e8ad1ea263d69c131e: Neither blocks nor log segments found. Creating new log.
I20260710 13:27:06.023641  6523 raft_consensus.cc:359] T 61da7d85a41b4622a4b240935eaa65c6 P edd565f074604d168575c7ec1786bd32 [term 0 FOLLOWER]: Replica starting. Triggering 0 pending ops. Active config: opid_index: -1 OBSOLETE_local: false peers { permanent_uuid: "6d460d8786494c848079bd2deae22852" member_type: VOTER last_known_addr { host: "127.5.29.1" port: 40203 } } peers { permanent_uuid: "4f94c5fae82b42e8ad1ea263d69c131e" member_type: VOTER last_known_addr { host: "127.5.29.2" port: 39941 } } peers { permanent_uuid: "edd565f074604d168575c7ec1786bd32" member_type: VOTER last_known_addr { host: "127.5.29.3" port: 32791 } }
I20260710 13:27:06.023978  6589 raft_consensus.cc:493] T 5f4046592cdf46e0b7736f4cdd4dc931 P 6d460d8786494c848079bd2deae22852 [term 0 FOLLOWER]: Starting pre-election (no leader contacted us within the election timeout)
I20260710 13:27:06.029745  6589 raft_consensus.cc:515] T 5f4046592cdf46e0b7736f4cdd4dc931 P 6d460d8786494c848079bd2deae22852 [term 0 FOLLOWER]: Starting pre-election with config: opid_index: -1 OBSOLETE_local: false peers { permanent_uuid: "6d460d8786494c848079bd2deae22852" member_type: VOTER last_known_addr { host: "127.5.29.1" port: 40203 } } peers { permanent_uuid: "4f94c5fae82b42e8ad1ea263d69c131e" member_type: VOTER last_known_addr { host: "127.5.29.2" port: 39941 } } peers { permanent_uuid: "edd565f074604d168575c7ec1786bd32" member_type: VOTER last_known_addr { host: "127.5.29.3" port: 32791 } }
I20260710 13:27:06.031705  6589 leader_election.cc:290] T 5f4046592cdf46e0b7736f4cdd4dc931 P 6d460d8786494c848079bd2deae22852 [CANDIDATE]: Term 1 pre-election: Requested pre-vote from peers 4f94c5fae82b42e8ad1ea263d69c131e (127.5.29.2:39941), edd565f074604d168575c7ec1786bd32 (127.5.29.3:32791)
I20260710 13:27:06.032477  6523 raft_consensus.cc:385] T 61da7d85a41b4622a4b240935eaa65c6 P edd565f074604d168575c7ec1786bd32 [term 0 FOLLOWER]: Consensus starting up: Expiring failure detector timer to make a prompt election more likely
I20260710 13:27:06.032764  6523 raft_consensus.cc:740] T 61da7d85a41b4622a4b240935eaa65c6 P edd565f074604d168575c7ec1786bd32 [term 0 FOLLOWER]: Becoming Follower/Learner. State: Replica: edd565f074604d168575c7ec1786bd32, State: Initialized, Role: FOLLOWER
I20260710 13:27:06.033180  6408 tablet_service.cc:1917] Received RequestConsensusVote() RPC: tablet_id: "5f4046592cdf46e0b7736f4cdd4dc931" candidate_uuid: "6d460d8786494c848079bd2deae22852" candidate_term: 1 candidate_status { last_received { term: 0 index: 0 } } ignore_live_leader: false dest_uuid: "4f94c5fae82b42e8ad1ea263d69c131e" is_pre_election: true
I20260710 13:27:06.033368  6523 consensus_queue.cc:260] T 61da7d85a41b4622a4b240935eaa65c6 P edd565f074604d168575c7ec1786bd32 [NON_LEADER]: Queue going to NON_LEADER mode. State: All replicated index: 0, Majority replicated index: 0, Committed index: 0, Last appended: 0.0, Last appended by leader: 0, Current term: 0, Majority size: -1, State: 0, Mode: NON_LEADER, active raft config: opid_index: -1 OBSOLETE_local: false peers { permanent_uuid: "6d460d8786494c848079bd2deae22852" member_type: VOTER last_known_addr { host: "127.5.29.1" port: 40203 } } peers { permanent_uuid: "4f94c5fae82b42e8ad1ea263d69c131e" member_type: VOTER last_known_addr { host: "127.5.29.2" port: 39941 } } peers { permanent_uuid: "edd565f074604d168575c7ec1786bd32" member_type: VOTER last_known_addr { host: "127.5.29.3" port: 32791 } }
W20260710 13:27:06.034719  6299 leader_election.cc:343] T 5f4046592cdf46e0b7736f4cdd4dc931 P 6d460d8786494c848079bd2deae22852 [CANDIDATE]: Term 1 pre-election: Tablet error from VoteRequest() call to peer 4f94c5fae82b42e8ad1ea263d69c131e (127.5.29.2:39941): Illegal state: must be running to vote when last-logged opid is not known
I20260710 13:27:06.037384  6523 ts_tablet_manager.cc:1434] T 61da7d85a41b4622a4b240935eaa65c6 P edd565f074604d168575c7ec1786bd32: Time spent starting tablet: real 0.016s	user 0.005s	sys 0.000s
I20260710 13:27:06.038242  6523 tablet_bootstrap.cc:492] T 051dfc99453442ac9ae9aff4ada14272 P edd565f074604d168575c7ec1786bd32: Bootstrap starting.
I20260710 13:27:06.042716  6524 tablet_bootstrap.cc:492] T 132a6605e7f74a76bb5c8c17867929c8 P 6d460d8786494c848079bd2deae22852: No bootstrap required, opened a new log
I20260710 13:27:06.043223  6524 ts_tablet_manager.cc:1403] T 132a6605e7f74a76bb5c8c17867929c8 P 6d460d8786494c848079bd2deae22852: Time spent bootstrapping tablet: real 0.022s	user 0.013s	sys 0.006s
I20260710 13:27:06.047384  6298 leader_election.cc:304] T 5e9e0f762ca2474ebd62aa65f5d89898 P 6d460d8786494c848079bd2deae22852 [CANDIDATE]: Term 1 election: Election decided. Result: candidate lost. Election summary: received 3 responses out of 3 voters: 1 yes votes; 2 no votes. yes voters: 6d460d8786494c848079bd2deae22852; no voters: 4f94c5fae82b42e8ad1ea263d69c131e, edd565f074604d168575c7ec1786bd32
I20260710 13:27:06.047921  6523 tablet_bootstrap.cc:654] T 051dfc99453442ac9ae9aff4ada14272 P edd565f074604d168575c7ec1786bd32: Neither blocks nor log segments found. Creating new log.
I20260710 13:27:06.048422  6589 raft_consensus.cc:2749] T 5e9e0f762ca2474ebd62aa65f5d89898 P 6d460d8786494c848079bd2deae22852 [term 1 FOLLOWER]: Leader election lost for term 1. Reason: could not achieve majority
I20260710 13:27:06.050397  6408 raft_consensus.cc:3060] T 29f30d9f0ce94a52962a60e812ba8d32 P 4f94c5fae82b42e8ad1ea263d69c131e [term 0 FOLLOWER]: Advancing to term 1
I20260710 13:27:06.056354  6523 tablet_bootstrap.cc:492] T 051dfc99453442ac9ae9aff4ada14272 P edd565f074604d168575c7ec1786bd32: No bootstrap required, opened a new log
I20260710 13:27:06.056787  6523 ts_tablet_manager.cc:1403] T 051dfc99453442ac9ae9aff4ada14272 P edd565f074604d168575c7ec1786bd32: Time spent bootstrapping tablet: real 0.019s	user 0.007s	sys 0.003s
I20260710 13:27:06.060000  6583 raft_consensus.cc:493] T 29f30d9f0ce94a52962a60e812ba8d32 P 4f94c5fae82b42e8ad1ea263d69c131e [term 1 FOLLOWER]: Starting pre-election (no leader contacted us within the election timeout)
I20260710 13:27:06.058542  6584 raft_consensus.cc:493] T 5e9e0f762ca2474ebd62aa65f5d89898 P 4f94c5fae82b42e8ad1ea263d69c131e [term 0 FOLLOWER]: Starting pre-election (no leader contacted us within the election timeout)
I20260710 13:27:06.060456  6583 raft_consensus.cc:515] T 29f30d9f0ce94a52962a60e812ba8d32 P 4f94c5fae82b42e8ad1ea263d69c131e [term 1 FOLLOWER]: Starting pre-election with config: opid_index: -1 OBSOLETE_local: false peers { permanent_uuid: "edd565f074604d168575c7ec1786bd32" member_type: VOTER last_known_addr { host: "127.5.29.3" port: 32791 } } peers { permanent_uuid: "6d460d8786494c848079bd2deae22852" member_type: VOTER last_known_addr { host: "127.5.29.1" port: 40203 } } peers { permanent_uuid: "4f94c5fae82b42e8ad1ea263d69c131e" member_type: VOTER last_known_addr { host: "127.5.29.2" port: 39941 } }
I20260710 13:27:06.060556  6584 raft_consensus.cc:515] T 5e9e0f762ca2474ebd62aa65f5d89898 P 4f94c5fae82b42e8ad1ea263d69c131e [term 0 FOLLOWER]: Starting pre-election with config: opid_index: -1 OBSOLETE_local: false peers { permanent_uuid: "6d460d8786494c848079bd2deae22852" member_type: VOTER last_known_addr { host: "127.5.29.1" port: 40203 } } peers { permanent_uuid: "4f94c5fae82b42e8ad1ea263d69c131e" member_type: VOTER last_known_addr { host: "127.5.29.2" port: 39941 } } peers { permanent_uuid: "edd565f074604d168575c7ec1786bd32" member_type: VOTER last_known_addr { host: "127.5.29.3" port: 32791 } }
I20260710 13:27:06.061088  6523 raft_consensus.cc:359] T 051dfc99453442ac9ae9aff4ada14272 P edd565f074604d168575c7ec1786bd32 [term 0 FOLLOWER]: Replica starting. Triggering 0 pending ops. Active config: opid_index: -1 OBSOLETE_local: false peers { permanent_uuid: "6d460d8786494c848079bd2deae22852" member_type: VOTER last_known_addr { host: "127.5.29.1" port: 40203 } } peers { permanent_uuid: "4f94c5fae82b42e8ad1ea263d69c131e" member_type: VOTER last_known_addr { host: "127.5.29.2" port: 39941 } } peers { permanent_uuid: "edd565f074604d168575c7ec1786bd32" member_type: VOTER last_known_addr { host: "127.5.29.3" port: 32791 } }
I20260710 13:27:06.061750  6523 raft_consensus.cc:385] T 051dfc99453442ac9ae9aff4ada14272 P edd565f074604d168575c7ec1786bd32 [term 0 FOLLOWER]: Consensus starting up: Expiring failure detector timer to make a prompt election more likely
I20260710 13:27:06.061491  6524 raft_consensus.cc:359] T 132a6605e7f74a76bb5c8c17867929c8 P 6d460d8786494c848079bd2deae22852 [term 0 FOLLOWER]: Replica starting. Triggering 0 pending ops. Active config: opid_index: -1 OBSOLETE_local: false peers { permanent_uuid: "6d460d8786494c848079bd2deae22852" member_type: VOTER last_known_addr { host: "127.5.29.1" port: 40203 } } peers { permanent_uuid: "4f94c5fae82b42e8ad1ea263d69c131e" member_type: VOTER last_known_addr { host: "127.5.29.2" port: 39941 } } peers { permanent_uuid: "edd565f074604d168575c7ec1786bd32" member_type: VOTER last_known_addr { host: "127.5.29.3" port: 32791 } }
I20260710 13:27:06.062013  6523 raft_consensus.cc:740] T 051dfc99453442ac9ae9aff4ada14272 P edd565f074604d168575c7ec1786bd32 [term 0 FOLLOWER]: Becoming Follower/Learner. State: Replica: edd565f074604d168575c7ec1786bd32, State: Initialized, Role: FOLLOWER
I20260710 13:27:06.062355  6524 raft_consensus.cc:385] T 132a6605e7f74a76bb5c8c17867929c8 P 6d460d8786494c848079bd2deae22852 [term 0 FOLLOWER]: Consensus starting up: Expiring failure detector timer to make a prompt election more likely
I20260710 13:27:06.062800  6524 raft_consensus.cc:740] T 132a6605e7f74a76bb5c8c17867929c8 P 6d460d8786494c848079bd2deae22852 [term 0 FOLLOWER]: Becoming Follower/Learner. State: Replica: 6d460d8786494c848079bd2deae22852, State: Initialized, Role: FOLLOWER
I20260710 13:27:06.062674  6523 consensus_queue.cc:260] T 051dfc99453442ac9ae9aff4ada14272 P edd565f074604d168575c7ec1786bd32 [NON_LEADER]: Queue going to NON_LEADER mode. State: All replicated index: 0, Majority replicated index: 0, Committed index: 0, Last appended: 0.0, Last appended by leader: 0, Current term: 0, Majority size: -1, State: 0, Mode: NON_LEADER, active raft config: opid_index: -1 OBSOLETE_local: false peers { permanent_uuid: "6d460d8786494c848079bd2deae22852" member_type: VOTER last_known_addr { host: "127.5.29.1" port: 40203 } } peers { permanent_uuid: "4f94c5fae82b42e8ad1ea263d69c131e" member_type: VOTER last_known_addr { host: "127.5.29.2" port: 39941 } } peers { permanent_uuid: "edd565f074604d168575c7ec1786bd32" member_type: VOTER last_known_addr { host: "127.5.29.3" port: 32791 } }
I20260710 13:27:06.062832  6482 tablet_service.cc:1917] Received RequestConsensusVote() RPC: tablet_id: "3e7c318543c144febff188fdbd835840" candidate_uuid: "6d460d8786494c848079bd2deae22852" candidate_term: 1 candidate_status { last_received { term: 0 index: 0 } } ignore_live_leader: false dest_uuid: "edd565f074604d168575c7ec1786bd32"
I20260710 13:27:06.063525  6482 raft_consensus.cc:3060] T 3e7c318543c144febff188fdbd835840 P edd565f074604d168575c7ec1786bd32 [term 0 FOLLOWER]: Advancing to term 1
I20260710 13:27:06.064206  6524 consensus_queue.cc:260] T 132a6605e7f74a76bb5c8c17867929c8 P 6d460d8786494c848079bd2deae22852 [NON_LEADER]: Queue going to NON_LEADER mode. State: All replicated index: 0, Majority replicated index: 0, Committed index: 0, Last appended: 0.0, Last appended by leader: 0, Current term: 0, Majority size: -1, State: 0, Mode: NON_LEADER, active raft config: opid_index: -1 OBSOLETE_local: false peers { permanent_uuid: "6d460d8786494c848079bd2deae22852" member_type: VOTER last_known_addr { host: "127.5.29.1" port: 40203 } } peers { permanent_uuid: "4f94c5fae82b42e8ad1ea263d69c131e" member_type: VOTER last_known_addr { host: "127.5.29.2" port: 39941 } } peers { permanent_uuid: "edd565f074604d168575c7ec1786bd32" member_type: VOTER last_known_addr { host: "127.5.29.3" port: 32791 } }
I20260710 13:27:06.064674  6523 ts_tablet_manager.cc:1434] T 051dfc99453442ac9ae9aff4ada14272 P edd565f074604d168575c7ec1786bd32: Time spent starting tablet: real 0.008s	user 0.003s	sys 0.003s
I20260710 13:27:06.062417  6583 leader_election.cc:290] T 29f30d9f0ce94a52962a60e812ba8d32 P 4f94c5fae82b42e8ad1ea263d69c131e [CANDIDATE]: Term 2 pre-election: Requested pre-vote from peers edd565f074604d168575c7ec1786bd32 (127.5.29.3:32791), 6d460d8786494c848079bd2deae22852 (127.5.29.1:40203)
I20260710 13:27:06.064260  6333 tablet_service.cc:1917] Received RequestConsensusVote() RPC: tablet_id: "29f30d9f0ce94a52962a60e812ba8d32" candidate_uuid: "4f94c5fae82b42e8ad1ea263d69c131e" candidate_term: 2 candidate_status { last_received { term: 0 index: 0 } } ignore_live_leader: false dest_uuid: "6d460d8786494c848079bd2deae22852" is_pre_election: true
I20260710 13:27:06.066483  6524 ts_tablet_manager.cc:1434] T 132a6605e7f74a76bb5c8c17867929c8 P 6d460d8786494c848079bd2deae22852: Time spent starting tablet: real 0.023s	user 0.005s	sys 0.000s
I20260710 13:27:06.067839  6523 tablet_bootstrap.cc:492] T c6a65deca1974fa682fcb35262867c17 P edd565f074604d168575c7ec1786bd32: Bootstrap starting.
I20260710 13:27:06.067127  6483 tablet_service.cc:1917] Received RequestConsensusVote() RPC: tablet_id: "29f30d9f0ce94a52962a60e812ba8d32" candidate_uuid: "4f94c5fae82b42e8ad1ea263d69c131e" candidate_term: 2 candidate_status { last_received { term: 0 index: 0 } } ignore_live_leader: false dest_uuid: "edd565f074604d168575c7ec1786bd32" is_pre_election: true
I20260710 13:27:06.070299  6528 consensus_queue.cc:1048] T 9644834b24e1483da5f490e25188857e P edd565f074604d168575c7ec1786bd32 [LEADER]: Connected to new peer: Peer: permanent_uuid: "6d460d8786494c848079bd2deae22852" member_type: VOTER last_known_addr { host: "127.5.29.1" port: 40203 }, Status: LMP_MISMATCH, Last received: 0.0, Next index: 1, Last known committed idx: 0, Time since last communication: 0.000s
I20260710 13:27:06.070322  6481 tablet_service.cc:1917] Received RequestConsensusVote() RPC: tablet_id: "5f4046592cdf46e0b7736f4cdd4dc931" candidate_uuid: "6d460d8786494c848079bd2deae22852" candidate_term: 1 candidate_status { last_received { term: 0 index: 0 } } ignore_live_leader: false dest_uuid: "edd565f074604d168575c7ec1786bd32" is_pre_election: true
I20260710 13:27:06.071996  6481 raft_consensus.cc:2468] T 5f4046592cdf46e0b7736f4cdd4dc931 P edd565f074604d168575c7ec1786bd32 [term 0 FOLLOWER]: Leader pre-election vote request: Granting yes vote for candidate 6d460d8786494c848079bd2deae22852 in term 0.
I20260710 13:27:06.074234  6333 tablet_service.cc:1917] Received RequestConsensusVote() RPC: tablet_id: "5e9e0f762ca2474ebd62aa65f5d89898" candidate_uuid: "4f94c5fae82b42e8ad1ea263d69c131e" candidate_term: 1 candidate_status { last_received { term: 0 index: 0 } } ignore_live_leader: false dest_uuid: "6d460d8786494c848079bd2deae22852" is_pre_election: true
I20260710 13:27:06.074607  6523 tablet_bootstrap.cc:654] T c6a65deca1974fa682fcb35262867c17 P edd565f074604d168575c7ec1786bd32: Neither blocks nor log segments found. Creating new log.
I20260710 13:27:06.074937  6333 raft_consensus.cc:2393] T 5e9e0f762ca2474ebd62aa65f5d89898 P 6d460d8786494c848079bd2deae22852 [term 1 FOLLOWER]: Leader pre-election vote request: Denying vote to candidate 4f94c5fae82b42e8ad1ea263d69c131e in current term 1: Already voted for candidate 6d460d8786494c848079bd2deae22852 in this term.
I20260710 13:27:06.076879  6544 raft_consensus.cc:493] T 61da7d85a41b4622a4b240935eaa65c6 P edd565f074604d168575c7ec1786bd32 [term 0 FOLLOWER]: Starting pre-election (no leader contacted us within the election timeout)
I20260710 13:27:06.077322  6544 raft_consensus.cc:515] T 61da7d85a41b4622a4b240935eaa65c6 P edd565f074604d168575c7ec1786bd32 [term 0 FOLLOWER]: Starting pre-election with config: opid_index: -1 OBSOLETE_local: false peers { permanent_uuid: "6d460d8786494c848079bd2deae22852" member_type: VOTER last_known_addr { host: "127.5.29.1" port: 40203 } } peers { permanent_uuid: "4f94c5fae82b42e8ad1ea263d69c131e" member_type: VOTER last_known_addr { host: "127.5.29.2" port: 39941 } } peers { permanent_uuid: "edd565f074604d168575c7ec1786bd32" member_type: VOTER last_known_addr { host: "127.5.29.3" port: 32791 } }
I20260710 13:27:06.077893  6298 leader_election.cc:304] T 5f4046592cdf46e0b7736f4cdd4dc931 P 6d460d8786494c848079bd2deae22852 [CANDIDATE]: Term 1 pre-election: Election decided. Result: candidate won. Election summary: received 3 responses out of 3 voters: 2 yes votes; 1 no votes. yes voters: 6d460d8786494c848079bd2deae22852, edd565f074604d168575c7ec1786bd32; no voters: 4f94c5fae82b42e8ad1ea263d69c131e
I20260710 13:27:06.078629  6589 raft_consensus.cc:2804] T 5f4046592cdf46e0b7736f4cdd4dc931 P 6d460d8786494c848079bd2deae22852 [term 0 FOLLOWER]: Leader pre-election won for term 1
I20260710 13:27:06.078943  6524 tablet_bootstrap.cc:492] T 6ceb0675e15e44a9b4134bcd959a42a6 P 6d460d8786494c848079bd2deae22852: Bootstrap starting.
I20260710 13:27:06.079185  6544 leader_election.cc:290] T 61da7d85a41b4622a4b240935eaa65c6 P edd565f074604d168575c7ec1786bd32 [CANDIDATE]: Term 1 pre-election: Requested pre-vote from peers 6d460d8786494c848079bd2deae22852 (127.5.29.1:40203), 4f94c5fae82b42e8ad1ea263d69c131e (127.5.29.2:39941)
I20260710 13:27:06.099786  6528 consensus_queue.cc:1048] T 29f30d9f0ce94a52962a60e812ba8d32 P edd565f074604d168575c7ec1786bd32 [LEADER]: Connected to new peer: Peer: permanent_uuid: "4f94c5fae82b42e8ad1ea263d69c131e" member_type: VOTER last_known_addr { host: "127.5.29.2" port: 39941 }, Status: LMP_MISMATCH, Last received: 0.0, Next index: 1, Last known committed idx: 0, Time since last communication: 0.007s
I20260710 13:27:06.096395  6583 raft_consensus.cc:493] T 084e71c942ab47e4b7b0b04defaf9f83 P 4f94c5fae82b42e8ad1ea263d69c131e [term 0 FOLLOWER]: Starting pre-election (no leader contacted us within the election timeout)
I20260710 13:27:06.108318  6583 raft_consensus.cc:515] T 084e71c942ab47e4b7b0b04defaf9f83 P 4f94c5fae82b42e8ad1ea263d69c131e [term 0 FOLLOWER]: Starting pre-election with config: opid_index: -1 OBSOLETE_local: false peers { permanent_uuid: "6d460d8786494c848079bd2deae22852" member_type: VOTER last_known_addr { host: "127.5.29.1" port: 40203 } } peers { permanent_uuid: "4f94c5fae82b42e8ad1ea263d69c131e" member_type: VOTER last_known_addr { host: "127.5.29.2" port: 39941 } } peers { permanent_uuid: "edd565f074604d168575c7ec1786bd32" member_type: VOTER last_known_addr { host: "127.5.29.3" port: 32791 } }
I20260710 13:27:06.108613  6334 tablet_service.cc:1917] Received RequestConsensusVote() RPC: tablet_id: "61da7d85a41b4622a4b240935eaa65c6" candidate_uuid: "edd565f074604d168575c7ec1786bd32" candidate_term: 1 candidate_status { last_received { term: 0 index: 0 } } ignore_live_leader: false dest_uuid: "6d460d8786494c848079bd2deae22852" is_pre_election: true
I20260710 13:27:06.108901  6408 tablet_service.cc:1917] Received RequestConsensusVote() RPC: tablet_id: "61da7d85a41b4622a4b240935eaa65c6" candidate_uuid: "edd565f074604d168575c7ec1786bd32" candidate_term: 1 candidate_status { last_received { term: 0 index: 0 } } ignore_live_leader: false dest_uuid: "4f94c5fae82b42e8ad1ea263d69c131e" is_pre_election: true
I20260710 13:27:06.109364  6334 raft_consensus.cc:2393] T 61da7d85a41b4622a4b240935eaa65c6 P 6d460d8786494c848079bd2deae22852 [term 1 FOLLOWER]: Leader pre-election vote request: Denying vote to candidate edd565f074604d168575c7ec1786bd32 in current term 1: Already voted for candidate 4f94c5fae82b42e8ad1ea263d69c131e in this term.
I20260710 13:27:06.111871  6480 tablet_service.cc:1917] Received RequestConsensusVote() RPC: tablet_id: "084e71c942ab47e4b7b0b04defaf9f83" candidate_uuid: "4f94c5fae82b42e8ad1ea263d69c131e" candidate_term: 1 candidate_status { last_received { term: 0 index: 0 } } ignore_live_leader: false dest_uuid: "edd565f074604d168575c7ec1786bd32" is_pre_election: true
I20260710 13:27:06.078982  6589 raft_consensus.cc:493] T 5f4046592cdf46e0b7736f4cdd4dc931 P 6d460d8786494c848079bd2deae22852 [term 0 FOLLOWER]: Starting leader election (no leader contacted us within the election timeout)
I20260710 13:27:06.112460  6480 raft_consensus.cc:2468] T 084e71c942ab47e4b7b0b04defaf9f83 P edd565f074604d168575c7ec1786bd32 [term 0 FOLLOWER]: Leader pre-election vote request: Granting yes vote for candidate 4f94c5fae82b42e8ad1ea263d69c131e in term 0.
I20260710 13:27:06.112872  6589 raft_consensus.cc:3060] T 5f4046592cdf46e0b7736f4cdd4dc931 P 6d460d8786494c848079bd2deae22852 [term 0 FOLLOWER]: Advancing to term 1
I20260710 13:27:06.113709  6373 leader_election.cc:304] T 084e71c942ab47e4b7b0b04defaf9f83 P 4f94c5fae82b42e8ad1ea263d69c131e [CANDIDATE]: Term 1 pre-election: Election decided. Result: candidate won. Election summary: received 2 responses out of 3 voters: 2 yes votes; 0 no votes. yes voters: 4f94c5fae82b42e8ad1ea263d69c131e, edd565f074604d168575c7ec1786bd32; no voters: 
I20260710 13:27:06.114430  6583 leader_election.cc:290] T 084e71c942ab47e4b7b0b04defaf9f83 P 4f94c5fae82b42e8ad1ea263d69c131e [CANDIDATE]: Term 1 pre-election: Requested pre-vote from peers 6d460d8786494c848079bd2deae22852 (127.5.29.1:40203), edd565f074604d168575c7ec1786bd32 (127.5.29.3:32791)
I20260710 13:27:06.114590  6585 raft_consensus.cc:2804] T 084e71c942ab47e4b7b0b04defaf9f83 P 4f94c5fae82b42e8ad1ea263d69c131e [term 0 FOLLOWER]: Leader pre-election won for term 1
I20260710 13:27:06.115033  6585 raft_consensus.cc:493] T 084e71c942ab47e4b7b0b04defaf9f83 P 4f94c5fae82b42e8ad1ea263d69c131e [term 0 FOLLOWER]: Starting leader election (no leader contacted us within the election timeout)
I20260710 13:27:06.115340  6585 raft_consensus.cc:3060] T 084e71c942ab47e4b7b0b04defaf9f83 P 4f94c5fae82b42e8ad1ea263d69c131e [term 0 FOLLOWER]: Advancing to term 1
I20260710 13:27:06.115849  6529 raft_consensus.cc:493] T 084e71c942ab47e4b7b0b04defaf9f83 P 6d460d8786494c848079bd2deae22852 [term 0 FOLLOWER]: Starting pre-election (no leader contacted us within the election timeout)
I20260710 13:27:06.080410  6481 tablet_service.cc:1917] Received RequestConsensusVote() RPC: tablet_id: "5e9e0f762ca2474ebd62aa65f5d89898" candidate_uuid: "4f94c5fae82b42e8ad1ea263d69c131e" candidate_term: 1 candidate_status { last_received { term: 0 index: 0 } } ignore_live_leader: false dest_uuid: "edd565f074604d168575c7ec1786bd32" is_pre_election: true
I20260710 13:27:06.116273  6529 raft_consensus.cc:515] T 084e71c942ab47e4b7b0b04defaf9f83 P 6d460d8786494c848079bd2deae22852 [term 0 FOLLOWER]: Starting pre-election with config: opid_index: -1 OBSOLETE_local: false peers { permanent_uuid: "6d460d8786494c848079bd2deae22852" member_type: VOTER last_known_addr { host: "127.5.29.1" port: 40203 } } peers { permanent_uuid: "4f94c5fae82b42e8ad1ea263d69c131e" member_type: VOTER last_known_addr { host: "127.5.29.2" port: 39941 } } peers { permanent_uuid: "edd565f074604d168575c7ec1786bd32" member_type: VOTER last_known_addr { host: "127.5.29.3" port: 32791 } }
I20260710 13:27:06.116837  6481 raft_consensus.cc:2393] T 5e9e0f762ca2474ebd62aa65f5d89898 P edd565f074604d168575c7ec1786bd32 [term 1 FOLLOWER]: Leader pre-election vote request: Denying vote to candidate 4f94c5fae82b42e8ad1ea263d69c131e in current term 1: Already voted for candidate edd565f074604d168575c7ec1786bd32 in this term.
I20260710 13:27:06.117874  6373 leader_election.cc:304] T 5e9e0f762ca2474ebd62aa65f5d89898 P 4f94c5fae82b42e8ad1ea263d69c131e [CANDIDATE]: Term 1 pre-election: Election decided. Result: candidate lost. Election summary: received 3 responses out of 3 voters: 1 yes votes; 2 no votes. yes voters: 4f94c5fae82b42e8ad1ea263d69c131e; no voters: 6d460d8786494c848079bd2deae22852, edd565f074604d168575c7ec1786bd32
I20260710 13:27:06.118328  6529 leader_election.cc:290] T 084e71c942ab47e4b7b0b04defaf9f83 P 6d460d8786494c848079bd2deae22852 [CANDIDATE]: Term 1 pre-election: Requested pre-vote from peers 4f94c5fae82b42e8ad1ea263d69c131e (127.5.29.2:39941), edd565f074604d168575c7ec1786bd32 (127.5.29.3:32791)
I20260710 13:27:06.119081  6334 tablet_service.cc:1917] Received RequestConsensusVote() RPC: tablet_id: "084e71c942ab47e4b7b0b04defaf9f83" candidate_uuid: "4f94c5fae82b42e8ad1ea263d69c131e" candidate_term: 1 candidate_status { last_received { term: 0 index: 0 } } ignore_live_leader: false dest_uuid: "6d460d8786494c848079bd2deae22852" is_pre_election: true
I20260710 13:27:06.119652  6334 raft_consensus.cc:2468] T 084e71c942ab47e4b7b0b04defaf9f83 P 6d460d8786494c848079bd2deae22852 [term 0 FOLLOWER]: Leader pre-election vote request: Granting yes vote for candidate 4f94c5fae82b42e8ad1ea263d69c131e in term 0.
I20260710 13:27:06.120345  6548 raft_consensus.cc:3060] T 5e9e0f762ca2474ebd62aa65f5d89898 P 4f94c5fae82b42e8ad1ea263d69c131e [term 0 FOLLOWER]: Advancing to term 1
I20260710 13:27:06.112484  6528 consensus_queue.cc:1048] T 9644834b24e1483da5f490e25188857e P edd565f074604d168575c7ec1786bd32 [LEADER]: Connected to new peer: Peer: permanent_uuid: "4f94c5fae82b42e8ad1ea263d69c131e" member_type: VOTER last_known_addr { host: "127.5.29.2" port: 39941 }, Status: LMP_MISMATCH, Last received: 0.0, Next index: 1, Last known committed idx: 0, Time since last communication: 0.009s
I20260710 13:27:06.121419  6482 raft_consensus.cc:2468] T 3e7c318543c144febff188fdbd835840 P edd565f074604d168575c7ec1786bd32 [term 1 FOLLOWER]: Leader election vote request: Granting yes vote for candidate 6d460d8786494c848079bd2deae22852 in term 1.
I20260710 13:27:06.123167  6527 tablet_bootstrap.cc:492] T 051dfc99453442ac9ae9aff4ada14272 P 4f94c5fae82b42e8ad1ea263d69c131e: No bootstrap required, opened a new log
I20260710 13:27:06.123586  6527 ts_tablet_manager.cc:1403] T 051dfc99453442ac9ae9aff4ada14272 P 4f94c5fae82b42e8ad1ea263d69c131e: Time spent bootstrapping tablet: real 0.107s	user 0.015s	sys 0.000s
I20260710 13:27:06.124619  6585 raft_consensus.cc:515] T 084e71c942ab47e4b7b0b04defaf9f83 P 4f94c5fae82b42e8ad1ea263d69c131e [term 1 FOLLOWER]: Starting leader election with config: opid_index: -1 OBSOLETE_local: false peers { permanent_uuid: "6d460d8786494c848079bd2deae22852" member_type: VOTER last_known_addr { host: "127.5.29.1" port: 40203 } } peers { permanent_uuid: "4f94c5fae82b42e8ad1ea263d69c131e" member_type: VOTER last_known_addr { host: "127.5.29.2" port: 39941 } } peers { permanent_uuid: "edd565f074604d168575c7ec1786bd32" member_type: VOTER last_known_addr { host: "127.5.29.3" port: 32791 } }
I20260710 13:27:06.120381  6373 leader_election.cc:304] T 29f30d9f0ce94a52962a60e812ba8d32 P 4f94c5fae82b42e8ad1ea263d69c131e [CANDIDATE]: Term 2 pre-election: Election decided. Result: candidate lost. Election summary: received 3 responses out of 3 voters: 1 yes votes; 2 no votes. yes voters: 4f94c5fae82b42e8ad1ea263d69c131e; no voters: 6d460d8786494c848079bd2deae22852, edd565f074604d168575c7ec1786bd32
I20260710 13:27:06.071414  6584 leader_election.cc:290] T 5e9e0f762ca2474ebd62aa65f5d89898 P 4f94c5fae82b42e8ad1ea263d69c131e [CANDIDATE]: Term 1 pre-election: Requested pre-vote from peers 6d460d8786494c848079bd2deae22852 (127.5.29.1:40203), edd565f074604d168575c7ec1786bd32 (127.5.29.3:32791)
I20260710 13:27:06.127077  6585 leader_election.cc:290] T 084e71c942ab47e4b7b0b04defaf9f83 P 4f94c5fae82b42e8ad1ea263d69c131e [CANDIDATE]: Term 1 election: Requested vote from peers 6d460d8786494c848079bd2deae22852 (127.5.29.1:40203), edd565f074604d168575c7ec1786bd32 (127.5.29.3:32791)
I20260710 13:27:06.129081  6527 raft_consensus.cc:359] T 051dfc99453442ac9ae9aff4ada14272 P 4f94c5fae82b42e8ad1ea263d69c131e [term 0 FOLLOWER]: Replica starting. Triggering 0 pending ops. Active config: opid_index: -1 OBSOLETE_local: false peers { permanent_uuid: "6d460d8786494c848079bd2deae22852" member_type: VOTER last_known_addr { host: "127.5.29.1" port: 40203 } } peers { permanent_uuid: "4f94c5fae82b42e8ad1ea263d69c131e" member_type: VOTER last_known_addr { host: "127.5.29.2" port: 39941 } } peers { permanent_uuid: "edd565f074604d168575c7ec1786bd32" member_type: VOTER last_known_addr { host: "127.5.29.3" port: 32791 } }
I20260710 13:27:06.129765  6527 raft_consensus.cc:385] T 051dfc99453442ac9ae9aff4ada14272 P 4f94c5fae82b42e8ad1ea263d69c131e [term 0 FOLLOWER]: Consensus starting up: Expiring failure detector timer to make a prompt election more likely
I20260710 13:27:06.130020  6527 raft_consensus.cc:740] T 051dfc99453442ac9ae9aff4ada14272 P 4f94c5fae82b42e8ad1ea263d69c131e [term 0 FOLLOWER]: Becoming Follower/Learner. State: Replica: 4f94c5fae82b42e8ad1ea263d69c131e, State: Initialized, Role: FOLLOWER
I20260710 13:27:06.130319  6407 tablet_service.cc:1917] Received RequestConsensusVote() RPC: tablet_id: "084e71c942ab47e4b7b0b04defaf9f83" candidate_uuid: "6d460d8786494c848079bd2deae22852" candidate_term: 1 candidate_status { last_received { term: 0 index: 0 } } ignore_live_leader: false dest_uuid: "4f94c5fae82b42e8ad1ea263d69c131e" is_pre_election: true
I20260710 13:27:06.131075  6407 raft_consensus.cc:2393] T 084e71c942ab47e4b7b0b04defaf9f83 P 4f94c5fae82b42e8ad1ea263d69c131e [term 1 FOLLOWER]: Leader pre-election vote request: Denying vote to candidate 6d460d8786494c848079bd2deae22852 in current term 1: Already voted for candidate 4f94c5fae82b42e8ad1ea263d69c131e in this term.
I20260710 13:27:06.131659  6527 consensus_queue.cc:260] T 051dfc99453442ac9ae9aff4ada14272 P 4f94c5fae82b42e8ad1ea263d69c131e [NON_LEADER]: Queue going to NON_LEADER mode. State: All replicated index: 0, Majority replicated index: 0, Committed index: 0, Last appended: 0.0, Last appended by leader: 0, Current term: 0, Majority size: -1, State: 0, Mode: NON_LEADER, active raft config: opid_index: -1 OBSOLETE_local: false peers { permanent_uuid: "6d460d8786494c848079bd2deae22852" member_type: VOTER last_known_addr { host: "127.5.29.1" port: 40203 } } peers { permanent_uuid: "4f94c5fae82b42e8ad1ea263d69c131e" member_type: VOTER last_known_addr { host: "127.5.29.2" port: 39941 } } peers { permanent_uuid: "edd565f074604d168575c7ec1786bd32" member_type: VOTER last_known_addr { host: "127.5.29.3" port: 32791 } }
I20260710 13:27:06.130824  6482 tablet_service.cc:1917] Received RequestConsensusVote() RPC: tablet_id: "084e71c942ab47e4b7b0b04defaf9f83" candidate_uuid: "4f94c5fae82b42e8ad1ea263d69c131e" candidate_term: 1 candidate_status { last_received { term: 0 index: 0 } } ignore_live_leader: false dest_uuid: "edd565f074604d168575c7ec1786bd32"
I20260710 13:27:06.132272  6298 leader_election.cc:304] T 3e7c318543c144febff188fdbd835840 P 6d460d8786494c848079bd2deae22852 [CANDIDATE]: Term 1 election: Election decided. Result: candidate won. Election summary: received 3 responses out of 3 voters: 2 yes votes; 1 no votes. yes voters: 6d460d8786494c848079bd2deae22852, edd565f074604d168575c7ec1786bd32; no voters: 4f94c5fae82b42e8ad1ea263d69c131e
I20260710 13:27:06.133260  6529 raft_consensus.cc:2804] T 3e7c318543c144febff188fdbd835840 P 6d460d8786494c848079bd2deae22852 [term 1 FOLLOWER]: Leader election won for term 1
I20260710 13:27:06.133617  6482 raft_consensus.cc:3060] T 084e71c942ab47e4b7b0b04defaf9f83 P edd565f074604d168575c7ec1786bd32 [term 0 FOLLOWER]: Advancing to term 1
I20260710 13:27:06.134068  6524 tablet_bootstrap.cc:654] T 6ceb0675e15e44a9b4134bcd959a42a6 P 6d460d8786494c848079bd2deae22852: Neither blocks nor log segments found. Creating new log.
I20260710 13:27:06.134613  6529 raft_consensus.cc:697] T 3e7c318543c144febff188fdbd835840 P 6d460d8786494c848079bd2deae22852 [term 1 LEADER]: Becoming Leader. State: Replica: 6d460d8786494c848079bd2deae22852, State: Running, Role: LEADER
I20260710 13:27:06.135407  6529 consensus_queue.cc:237] T 3e7c318543c144febff188fdbd835840 P 6d460d8786494c848079bd2deae22852 [LEADER]: Queue going to LEADER mode. State: All replicated index: 0, Majority replicated index: 0, Committed index: 0, Last appended: 0.0, Last appended by leader: 0, Current term: 1, Majority size: 2, State: 0, Mode: LEADER, active raft config: opid_index: -1 OBSOLETE_local: false peers { permanent_uuid: "6d460d8786494c848079bd2deae22852" member_type: VOTER last_known_addr { host: "127.5.29.1" port: 40203 } } peers { permanent_uuid: "4f94c5fae82b42e8ad1ea263d69c131e" member_type: VOTER last_known_addr { host: "127.5.29.2" port: 39941 } } peers { permanent_uuid: "edd565f074604d168575c7ec1786bd32" member_type: VOTER last_known_addr { host: "127.5.29.3" port: 32791 } }
I20260710 13:27:06.136857  6589 raft_consensus.cc:515] T 5f4046592cdf46e0b7736f4cdd4dc931 P 6d460d8786494c848079bd2deae22852 [term 1 FOLLOWER]: Starting leader election with config: opid_index: -1 OBSOLETE_local: false peers { permanent_uuid: "6d460d8786494c848079bd2deae22852" member_type: VOTER last_known_addr { host: "127.5.29.1" port: 40203 } } peers { permanent_uuid: "4f94c5fae82b42e8ad1ea263d69c131e" member_type: VOTER last_known_addr { host: "127.5.29.2" port: 39941 } } peers { permanent_uuid: "edd565f074604d168575c7ec1786bd32" member_type: VOTER last_known_addr { host: "127.5.29.3" port: 32791 } }
I20260710 13:27:06.140151  6334 tablet_service.cc:1917] Received RequestConsensusVote() RPC: tablet_id: "084e71c942ab47e4b7b0b04defaf9f83" candidate_uuid: "4f94c5fae82b42e8ad1ea263d69c131e" candidate_term: 1 candidate_status { last_received { term: 0 index: 0 } } ignore_live_leader: false dest_uuid: "6d460d8786494c848079bd2deae22852"
I20260710 13:27:06.140738  6334 raft_consensus.cc:3060] T 084e71c942ab47e4b7b0b04defaf9f83 P 6d460d8786494c848079bd2deae22852 [term 0 FOLLOWER]: Advancing to term 1
I20260710 13:27:06.141018  6585 raft_consensus.cc:2749] T 29f30d9f0ce94a52962a60e812ba8d32 P 4f94c5fae82b42e8ad1ea263d69c131e [term 1 FOLLOWER]: Leader pre-election lost for term 2. Reason: could not achieve majority
I20260710 13:27:06.141688  6589 leader_election.cc:290] T 5f4046592cdf46e0b7736f4cdd4dc931 P 6d460d8786494c848079bd2deae22852 [CANDIDATE]: Term 1 election: Requested vote from peers 4f94c5fae82b42e8ad1ea263d69c131e (127.5.29.2:39941), edd565f074604d168575c7ec1786bd32 (127.5.29.3:32791)
I20260710 13:27:06.142540  6527 ts_tablet_manager.cc:1434] T 051dfc99453442ac9ae9aff4ada14272 P 4f94c5fae82b42e8ad1ea263d69c131e: Time spent starting tablet: real 0.019s	user 0.007s	sys 0.000s
I20260710 13:27:06.143188  6527 tablet_bootstrap.cc:492] T 3e7c318543c144febff188fdbd835840 P 4f94c5fae82b42e8ad1ea263d69c131e: Bootstrap starting.
I20260710 13:27:06.147135  6527 tablet_bootstrap.cc:654] T 3e7c318543c144febff188fdbd835840 P 4f94c5fae82b42e8ad1ea263d69c131e: Neither blocks nor log segments found. Creating new log.
I20260710 13:27:06.148216  6482 raft_consensus.cc:2468] T 084e71c942ab47e4b7b0b04defaf9f83 P edd565f074604d168575c7ec1786bd32 [term 1 FOLLOWER]: Leader election vote request: Granting yes vote for candidate 4f94c5fae82b42e8ad1ea263d69c131e in term 1.
I20260710 13:27:06.149360  6373 leader_election.cc:304] T 084e71c942ab47e4b7b0b04defaf9f83 P 4f94c5fae82b42e8ad1ea263d69c131e [CANDIDATE]: Term 1 election: Election decided. Result: candidate won. Election summary: received 2 responses out of 3 voters: 2 yes votes; 0 no votes. yes voters: 4f94c5fae82b42e8ad1ea263d69c131e, edd565f074604d168575c7ec1786bd32; no voters: 
I20260710 13:27:06.150775  6585 raft_consensus.cc:2804] T 084e71c942ab47e4b7b0b04defaf9f83 P 4f94c5fae82b42e8ad1ea263d69c131e [term 1 FOLLOWER]: Leader election won for term 1
I20260710 13:27:06.150893  6408 tablet_service.cc:1917] Received RequestConsensusVote() RPC: tablet_id: "5f4046592cdf46e0b7736f4cdd4dc931" candidate_uuid: "6d460d8786494c848079bd2deae22852" candidate_term: 1 candidate_status { last_received { term: 0 index: 0 } } ignore_live_leader: false dest_uuid: "4f94c5fae82b42e8ad1ea263d69c131e"
I20260710 13:27:06.151331  6585 raft_consensus.cc:697] T 084e71c942ab47e4b7b0b04defaf9f83 P 4f94c5fae82b42e8ad1ea263d69c131e [term 1 LEADER]: Becoming Leader. State: Replica: 4f94c5fae82b42e8ad1ea263d69c131e, State: Running, Role: LEADER
I20260710 13:27:06.150588  6548 raft_consensus.cc:2749] T 5e9e0f762ca2474ebd62aa65f5d89898 P 4f94c5fae82b42e8ad1ea263d69c131e [term 1 FOLLOWER]: Leader pre-election lost for term 1. Reason: could not achieve majority
I20260710 13:27:06.152092  6585 consensus_queue.cc:237] T 084e71c942ab47e4b7b0b04defaf9f83 P 4f94c5fae82b42e8ad1ea263d69c131e [LEADER]: Queue going to LEADER mode. State: All replicated index: 0, Majority replicated index: 0, Committed index: 0, Last appended: 0.0, Last appended by leader: 0, Current term: 1, Majority size: 2, State: 0, Mode: LEADER, active raft config: opid_index: -1 OBSOLETE_local: false peers { permanent_uuid: "6d460d8786494c848079bd2deae22852" member_type: VOTER last_known_addr { host: "127.5.29.1" port: 40203 } } peers { permanent_uuid: "4f94c5fae82b42e8ad1ea263d69c131e" member_type: VOTER last_known_addr { host: "127.5.29.2" port: 39941 } } peers { permanent_uuid: "edd565f074604d168575c7ec1786bd32" member_type: VOTER last_known_addr { host: "127.5.29.3" port: 32791 } }
W20260710 13:27:06.152910  6299 leader_election.cc:343] T 5f4046592cdf46e0b7736f4cdd4dc931 P 6d460d8786494c848079bd2deae22852 [CANDIDATE]: Term 1 election: Tablet error from VoteRequest() call to peer 4f94c5fae82b42e8ad1ea263d69c131e (127.5.29.2:39941): Illegal state: must be running to vote when last-logged opid is not known
I20260710 13:27:06.155176  6334 raft_consensus.cc:2468] T 084e71c942ab47e4b7b0b04defaf9f83 P 6d460d8786494c848079bd2deae22852 [term 1 FOLLOWER]: Leader election vote request: Granting yes vote for candidate 4f94c5fae82b42e8ad1ea263d69c131e in term 1.
I20260710 13:27:06.155740  6524 tablet_bootstrap.cc:492] T 6ceb0675e15e44a9b4134bcd959a42a6 P 6d460d8786494c848079bd2deae22852: No bootstrap required, opened a new log
I20260710 13:27:06.133240  6448 leader_election.cc:304] T 61da7d85a41b4622a4b240935eaa65c6 P edd565f074604d168575c7ec1786bd32 [CANDIDATE]: Term 1 pre-election: Election decided. Result: candidate lost. Election summary: received 3 responses out of 3 voters: 1 yes votes; 2 no votes. yes voters: edd565f074604d168575c7ec1786bd32; no voters: 4f94c5fae82b42e8ad1ea263d69c131e, 6d460d8786494c848079bd2deae22852
I20260710 13:27:06.158130  6524 ts_tablet_manager.cc:1403] T 6ceb0675e15e44a9b4134bcd959a42a6 P 6d460d8786494c848079bd2deae22852: Time spent bootstrapping tablet: real 0.079s	user 0.019s	sys 0.009s
I20260710 13:27:06.158668  6528 raft_consensus.cc:3060] T 61da7d85a41b4622a4b240935eaa65c6 P edd565f074604d168575c7ec1786bd32 [term 0 FOLLOWER]: Advancing to term 1
I20260710 13:27:06.160778  6524 raft_consensus.cc:359] T 6ceb0675e15e44a9b4134bcd959a42a6 P 6d460d8786494c848079bd2deae22852 [term 0 FOLLOWER]: Replica starting. Triggering 0 pending ops. Active config: opid_index: -1 OBSOLETE_local: false peers { permanent_uuid: "6d460d8786494c848079bd2deae22852" member_type: VOTER last_known_addr { host: "127.5.29.1" port: 40203 } } peers { permanent_uuid: "4f94c5fae82b42e8ad1ea263d69c131e" member_type: VOTER last_known_addr { host: "127.5.29.2" port: 39941 } } peers { permanent_uuid: "edd565f074604d168575c7ec1786bd32" member_type: VOTER last_known_addr { host: "127.5.29.3" port: 32791 } }
I20260710 13:27:06.157541  6523 tablet_bootstrap.cc:492] T c6a65deca1974fa682fcb35262867c17 P edd565f074604d168575c7ec1786bd32: No bootstrap required, opened a new log
I20260710 13:27:06.161408  6524 raft_consensus.cc:385] T 6ceb0675e15e44a9b4134bcd959a42a6 P 6d460d8786494c848079bd2deae22852 [term 0 FOLLOWER]: Consensus starting up: Expiring failure detector timer to make a prompt election more likely
I20260710 13:27:06.161715  6524 raft_consensus.cc:740] T 6ceb0675e15e44a9b4134bcd959a42a6 P 6d460d8786494c848079bd2deae22852 [term 0 FOLLOWER]: Becoming Follower/Learner. State: Replica: 6d460d8786494c848079bd2deae22852, State: Initialized, Role: FOLLOWER
I20260710 13:27:06.161800  6523 ts_tablet_manager.cc:1403] T c6a65deca1974fa682fcb35262867c17 P edd565f074604d168575c7ec1786bd32: Time spent bootstrapping tablet: real 0.094s	user 0.015s	sys 0.001s
