I20260710 13:26:53.442282  5954 raft_consensus.cc:3060] T f3d0b4d80a574fd7ab729209b7cefd0c P f33b9154756046ea873ad1ac478eab3b [term 0 FOLLOWER]: Advancing to term 1
I20260710 13:26:53.442353  6180 leader_election.cc:290] T f3d0b4d80a574fd7ab729209b7cefd0c P c5b61c3dbb264e21b168fc9e882a6f0a [CANDIDATE]: Term 1 election: Requested vote from peers f33b9154756046ea873ad1ac478eab3b (127.5.49.193:45827), 71ab767b1bee4e9cb0a8008fd060f2c0 (127.5.49.194:37155)
I20260710 13:26:53.448349  5954 raft_consensus.cc:2468] T f3d0b4d80a574fd7ab729209b7cefd0c P f33b9154756046ea873ad1ac478eab3b [term 1 FOLLOWER]: Leader election vote request: Granting yes vote for candidate c5b61c3dbb264e21b168fc9e882a6f0a in term 1.
I20260710 13:26:53.447852  5853 catalog_manager.cc:5697] T 8529388d252749fba2e9c3071f013cc3 P 71ab767b1bee4e9cb0a8008fd060f2c0 reported cstate change: term changed from 0 to 1, leader changed from <none> to 71ab767b1bee4e9cb0a8008fd060f2c0 (127.5.49.194). New cstate: current_term: 1 leader_uuid: "71ab767b1bee4e9cb0a8008fd060f2c0" committed_config { opid_index: -1 OBSOLETE_local: false peers { permanent_uuid: "f33b9154756046ea873ad1ac478eab3b" member_type: VOTER last_known_addr { host: "127.5.49.193" port: 45827 } health_report { overall_health: UNKNOWN } } peers { permanent_uuid: "71ab767b1bee4e9cb0a8008fd060f2c0" member_type: VOTER last_known_addr { host: "127.5.49.194" port: 37155 } health_report { overall_health: HEALTHY } } peers { permanent_uuid: "c5b61c3dbb264e21b168fc9e882a6f0a" member_type: VOTER last_known_addr { host: "127.5.49.195" port: 35053 } health_report { overall_health: UNKNOWN } } }
I20260710 13:26:53.449471  6067 leader_election.cc:304] T f3d0b4d80a574fd7ab729209b7cefd0c P c5b61c3dbb264e21b168fc9e882a6f0a [CANDIDATE]: Term 1 election: Election decided. Result: candidate won. Election summary: received 2 responses out of 3 voters: 2 yes votes; 0 no votes. yes voters: c5b61c3dbb264e21b168fc9e882a6f0a, f33b9154756046ea873ad1ac478eab3b; no voters: 
I20260710 13:26:53.451450  6180 raft_consensus.cc:2804] T f3d0b4d80a574fd7ab729209b7cefd0c P c5b61c3dbb264e21b168fc9e882a6f0a [term 1 FOLLOWER]: Leader election won for term 1
I20260710 13:26:53.452214  6180 raft_consensus.cc:697] T f3d0b4d80a574fd7ab729209b7cefd0c P c5b61c3dbb264e21b168fc9e882a6f0a [term 1 LEADER]: Becoming Leader. State: Replica: c5b61c3dbb264e21b168fc9e882a6f0a, State: Running, Role: LEADER
I20260710 13:26:53.453102  6180 consensus_queue.cc:237] T f3d0b4d80a574fd7ab729209b7cefd0c P c5b61c3dbb264e21b168fc9e882a6f0a [LEADER]: Queue going to LEADER mode. State: All replicated index: 0, Majority replicated index: 0, Committed index: 0, Last appended: 0.0, Last appended by leader: 0, Current term: 1, Majority size: 2, State: 0, Mode: LEADER, active raft config: opid_index: -1 OBSOLETE_local: false peers { permanent_uuid: "f33b9154756046ea873ad1ac478eab3b" member_type: VOTER last_known_addr { host: "127.5.49.193" port: 45827 } } peers { permanent_uuid: "71ab767b1bee4e9cb0a8008fd060f2c0" member_type: VOTER last_known_addr { host: "127.5.49.194" port: 37155 } } peers { permanent_uuid: "c5b61c3dbb264e21b168fc9e882a6f0a" member_type: VOTER last_known_addr { host: "127.5.49.195" port: 35053 } }
I20260710 13:26:53.464437  6030 tablet_service.cc:1917] Received RequestConsensusVote() RPC: tablet_id: "f3d0b4d80a574fd7ab729209b7cefd0c" candidate_uuid: "c5b61c3dbb264e21b168fc9e882a6f0a" candidate_term: 1 candidate_status { last_received { term: 0 index: 0 } } ignore_live_leader: false dest_uuid: "71ab767b1bee4e9cb0a8008fd060f2c0" is_pre_election: true
I20260710 13:26:53.465047  6030 raft_consensus.cc:2468] T f3d0b4d80a574fd7ab729209b7cefd0c P 71ab767b1bee4e9cb0a8008fd060f2c0 [term 0 FOLLOWER]: Leader pre-election vote request: Granting yes vote for candidate c5b61c3dbb264e21b168fc9e882a6f0a in term 0.
I20260710 13:26:53.465976  6028 tablet_service.cc:1917] Received RequestConsensusVote() RPC: tablet_id: "f3d0b4d80a574fd7ab729209b7cefd0c" candidate_uuid: "c5b61c3dbb264e21b168fc9e882a6f0a" candidate_term: 1 candidate_status { last_received { term: 0 index: 0 } } ignore_live_leader: false dest_uuid: "71ab767b1bee4e9cb0a8008fd060f2c0"
I20260710 13:26:53.466538  6028 raft_consensus.cc:3060] T f3d0b4d80a574fd7ab729209b7cefd0c P 71ab767b1bee4e9cb0a8008fd060f2c0 [term 0 FOLLOWER]: Advancing to term 1
I20260710 13:26:53.471570  6028 raft_consensus.cc:2468] T f3d0b4d80a574fd7ab729209b7cefd0c P 71ab767b1bee4e9cb0a8008fd060f2c0 [term 1 FOLLOWER]: Leader election vote request: Granting yes vote for candidate c5b61c3dbb264e21b168fc9e882a6f0a in term 1.
I20260710 13:26:53.474831  6028 raft_consensus.cc:3060] T 1e9c8fdc5d074dec9b8f77bfe7153bb1 P 71ab767b1bee4e9cb0a8008fd060f2c0 [term 0 FOLLOWER]: Advancing to term 1
I20260710 13:26:53.478142  5850 catalog_manager.cc:5697] T f3d0b4d80a574fd7ab729209b7cefd0c P c5b61c3dbb264e21b168fc9e882a6f0a reported cstate change: term changed from 0 to 1, leader changed from <none> to c5b61c3dbb264e21b168fc9e882a6f0a (127.5.49.195). New cstate: current_term: 1 leader_uuid: "c5b61c3dbb264e21b168fc9e882a6f0a" committed_config { opid_index: -1 OBSOLETE_local: false peers { permanent_uuid: "f33b9154756046ea873ad1ac478eab3b" member_type: VOTER last_known_addr { host: "127.5.49.193" port: 45827 } health_report { overall_health: UNKNOWN } } peers { permanent_uuid: "71ab767b1bee4e9cb0a8008fd060f2c0" member_type: VOTER last_known_addr { host: "127.5.49.194" port: 37155 } health_report { overall_health: UNKNOWN } } peers { permanent_uuid: "c5b61c3dbb264e21b168fc9e882a6f0a" member_type: VOTER last_known_addr { host: "127.5.49.195" port: 35053 } health_report { overall_health: HEALTHY } } }
I20260710 13:26:53.479393  6187 raft_consensus.cc:493] T 826b07e140fd439ba9abbfe9f1da858e P f33b9154756046ea873ad1ac478eab3b [term 0 FOLLOWER]: Starting pre-election (no leader contacted us within the election timeout)
I20260710 13:26:53.479863  6187 raft_consensus.cc:515] T 826b07e140fd439ba9abbfe9f1da858e P f33b9154756046ea873ad1ac478eab3b [term 0 FOLLOWER]: Starting pre-election with config: opid_index: -1 OBSOLETE_local: false peers { permanent_uuid: "f33b9154756046ea873ad1ac478eab3b" member_type: VOTER last_known_addr { host: "127.5.49.193" port: 45827 } } peers { permanent_uuid: "71ab767b1bee4e9cb0a8008fd060f2c0" member_type: VOTER last_known_addr { host: "127.5.49.194" port: 37155 } } peers { permanent_uuid: "c5b61c3dbb264e21b168fc9e882a6f0a" member_type: VOTER last_known_addr { host: "127.5.49.195" port: 35053 } }
I20260710 13:26:53.481871  6187 leader_election.cc:290] T 826b07e140fd439ba9abbfe9f1da858e P f33b9154756046ea873ad1ac478eab3b [CANDIDATE]: Term 1 pre-election: Requested pre-vote from peers 71ab767b1bee4e9cb0a8008fd060f2c0 (127.5.49.194:37155), c5b61c3dbb264e21b168fc9e882a6f0a (127.5.49.195:35053)
I20260710 13:26:53.481703  6153 consensus_queue.cc:1048] T 1e9c8fdc5d074dec9b8f77bfe7153bb1 P c5b61c3dbb264e21b168fc9e882a6f0a [LEADER]: Connected to new peer: Peer: permanent_uuid: "71ab767b1bee4e9cb0a8008fd060f2c0" member_type: VOTER last_known_addr { host: "127.5.49.194" port: 37155 }, Status: LMP_MISMATCH, Last received: 0.0, Next index: 1, Last known committed idx: 0, Time since last communication: 0.000s
I20260710 13:26:53.482985  6104 tablet_service.cc:1917] Received RequestConsensusVote() RPC: tablet_id: "826b07e140fd439ba9abbfe9f1da858e" candidate_uuid: "f33b9154756046ea873ad1ac478eab3b" candidate_term: 1 candidate_status { last_received { term: 0 index: 0 } } ignore_live_leader: false dest_uuid: "c5b61c3dbb264e21b168fc9e882a6f0a" is_pre_election: true
I20260710 13:26:53.483305  6028 tablet_service.cc:1917] Received RequestConsensusVote() RPC: tablet_id: "826b07e140fd439ba9abbfe9f1da858e" candidate_uuid: "f33b9154756046ea873ad1ac478eab3b" candidate_term: 1 candidate_status { last_received { term: 0 index: 0 } } ignore_live_leader: false dest_uuid: "71ab767b1bee4e9cb0a8008fd060f2c0" is_pre_election: true
I20260710 13:26:53.484042  6028 raft_consensus.cc:2393] T 826b07e140fd439ba9abbfe9f1da858e P 71ab767b1bee4e9cb0a8008fd060f2c0 [term 1 FOLLOWER]: Leader pre-election vote request: Denying vote to candidate f33b9154756046ea873ad1ac478eab3b in current term 1: Already voted for candidate c5b61c3dbb264e21b168fc9e882a6f0a in this term.
I20260710 13:26:53.484918  5921 leader_election.cc:304] T 826b07e140fd439ba9abbfe9f1da858e P f33b9154756046ea873ad1ac478eab3b [CANDIDATE]: Term 1 pre-election: Election decided. Result: candidate lost. Election summary: received 3 responses out of 3 voters: 1 yes votes; 2 no votes. yes voters: f33b9154756046ea873ad1ac478eab3b; no voters: 71ab767b1bee4e9cb0a8008fd060f2c0, c5b61c3dbb264e21b168fc9e882a6f0a
I20260710 13:26:53.485951  6187 raft_consensus.cc:3060] T 826b07e140fd439ba9abbfe9f1da858e P f33b9154756046ea873ad1ac478eab3b [term 0 FOLLOWER]: Advancing to term 1
I20260710 13:26:53.492487  6187 raft_consensus.cc:2749] T 826b07e140fd439ba9abbfe9f1da858e P f33b9154756046ea873ad1ac478eab3b [term 1 FOLLOWER]: Leader pre-election lost for term 1. Reason: could not achieve majority
I20260710 13:26:53.506309  6104 tablet_service.cc:2072] Received LeaderStepDown RPC: tablet_id: "13167c8378ee44bea31dd9ccd750f5f0"
dest_uuid: "c5b61c3dbb264e21b168fc9e882a6f0a"
mode: GRACEFUL
new_leader_uuid: "f33b9154756046ea873ad1ac478eab3b"
 from {username='slave'} at 127.0.0.1:54478
I20260710 13:26:53.506850  6104 raft_consensus.cc:606] T 13167c8378ee44bea31dd9ccd750f5f0 P c5b61c3dbb264e21b168fc9e882a6f0a [term 1 LEADER]: Received request to transfer leadership to TS f33b9154756046ea873ad1ac478eab3b
I20260710 13:26:53.511356  6104 tablet_service.cc:2072] Received LeaderStepDown RPC: tablet_id: "dfe4b67c91e74e65ad39dd55397aca17"
dest_uuid: "c5b61c3dbb264e21b168fc9e882a6f0a"
mode: GRACEFUL
new_leader_uuid: "f33b9154756046ea873ad1ac478eab3b"
 from {username='slave'} at 127.0.0.1:54478
I20260710 13:26:53.511824  6104 raft_consensus.cc:606] T dfe4b67c91e74e65ad39dd55397aca17 P c5b61c3dbb264e21b168fc9e882a6f0a [term 1 LEADER]: Received request to transfer leadership to TS f33b9154756046ea873ad1ac478eab3b
I20260710 13:26:53.520673  6153 consensus_queue.cc:1048] T dfe4b67c91e74e65ad39dd55397aca17 P c5b61c3dbb264e21b168fc9e882a6f0a [LEADER]: Connected to new peer: Peer: permanent_uuid: "71ab767b1bee4e9cb0a8008fd060f2c0" member_type: VOTER last_known_addr { host: "127.5.49.194" port: 37155 }, Status: LMP_MISMATCH, Last received: 0.0, Next index: 1, Last known committed idx: 0, Time since last communication: 0.000s
I20260710 13:26:53.523463  6028 tablet_service.cc:2072] Received LeaderStepDown RPC: tablet_id: "8529388d252749fba2e9c3071f013cc3"
dest_uuid: "71ab767b1bee4e9cb0a8008fd060f2c0"
mode: GRACEFUL
new_leader_uuid: "f33b9154756046ea873ad1ac478eab3b"
 from {username='slave'} at 127.0.0.1:51584
I20260710 13:26:53.524041  6028 raft_consensus.cc:606] T 8529388d252749fba2e9c3071f013cc3 P 71ab767b1bee4e9cb0a8008fd060f2c0 [term 1 LEADER]: Received request to transfer leadership to TS f33b9154756046ea873ad1ac478eab3b
I20260710 13:26:53.530447  6180 consensus_queue.cc:1048] T dfe4b67c91e74e65ad39dd55397aca17 P c5b61c3dbb264e21b168fc9e882a6f0a [LEADER]: Connected to new peer: Peer: permanent_uuid: "f33b9154756046ea873ad1ac478eab3b" member_type: VOTER last_known_addr { host: "127.5.49.193" port: 45827 }, Status: LMP_MISMATCH, Last received: 0.0, Next index: 1, Last known committed idx: 0, Time since last communication: 0.000s
I20260710 13:26:53.530735  6104 tablet_service.cc:2072] Received LeaderStepDown RPC: tablet_id: "1e9c8fdc5d074dec9b8f77bfe7153bb1"
dest_uuid: "c5b61c3dbb264e21b168fc9e882a6f0a"
mode: GRACEFUL
new_leader_uuid: "f33b9154756046ea873ad1ac478eab3b"
 from {username='slave'} at 127.0.0.1:54478
I20260710 13:26:53.531265  6104 raft_consensus.cc:606] T 1e9c8fdc5d074dec9b8f77bfe7153bb1 P c5b61c3dbb264e21b168fc9e882a6f0a [term 1 LEADER]: Received request to transfer leadership to TS f33b9154756046ea873ad1ac478eab3b
I20260710 13:26:53.538877  6151 raft_consensus.cc:993] T dfe4b67c91e74e65ad39dd55397aca17 P c5b61c3dbb264e21b168fc9e882a6f0a: : Instructing follower f33b9154756046ea873ad1ac478eab3b to start an election
I20260710 13:26:53.539197  6151 raft_consensus.cc:1081] T dfe4b67c91e74e65ad39dd55397aca17 P c5b61c3dbb264e21b168fc9e882a6f0a [term 1 LEADER]: Signalling peer f33b9154756046ea873ad1ac478eab3b to start an election
I20260710 13:26:53.540553  5955 tablet_service.cc:2044] Received Run Leader Election RPC: tablet_id: "dfe4b67c91e74e65ad39dd55397aca17"
dest_uuid: "f33b9154756046ea873ad1ac478eab3b"
 from {username='slave'} at 127.0.0.1:37454
I20260710 13:26:53.541069  5955 raft_consensus.cc:493] T dfe4b67c91e74e65ad39dd55397aca17 P f33b9154756046ea873ad1ac478eab3b [term 1 FOLLOWER]: Starting forced leader election (received explicit request)
I20260710 13:26:53.541424  5955 raft_consensus.cc:3060] T dfe4b67c91e74e65ad39dd55397aca17 P f33b9154756046ea873ad1ac478eab3b [term 1 FOLLOWER]: Advancing to term 2
I20260710 13:26:53.542007  6104 tablet_service.cc:2072] Received LeaderStepDown RPC: tablet_id: "f3d0b4d80a574fd7ab729209b7cefd0c"
dest_uuid: "c5b61c3dbb264e21b168fc9e882a6f0a"
mode: GRACEFUL
new_leader_uuid: "71ab767b1bee4e9cb0a8008fd060f2c0"
 from {username='slave'} at 127.0.0.1:54478
I20260710 13:26:53.542448  6104 raft_consensus.cc:606] T f3d0b4d80a574fd7ab729209b7cefd0c P c5b61c3dbb264e21b168fc9e882a6f0a [term 1 LEADER]: Received request to transfer leadership to TS 71ab767b1bee4e9cb0a8008fd060f2c0
I20260710 13:26:53.547225  6104 tablet_service.cc:2072] Received LeaderStepDown RPC: tablet_id: "826b07e140fd439ba9abbfe9f1da858e"
dest_uuid: "c5b61c3dbb264e21b168fc9e882a6f0a"
mode: GRACEFUL
new_leader_uuid: "71ab767b1bee4e9cb0a8008fd060f2c0"
 from {username='slave'} at 127.0.0.1:54478
I20260710 13:26:53.547248  5955 raft_consensus.cc:515] T dfe4b67c91e74e65ad39dd55397aca17 P f33b9154756046ea873ad1ac478eab3b [term 2 FOLLOWER]: Starting forced leader election with config: opid_index: -1 OBSOLETE_local: false peers { permanent_uuid: "f33b9154756046ea873ad1ac478eab3b" member_type: VOTER last_known_addr { host: "127.5.49.193" port: 45827 } } peers { permanent_uuid: "71ab767b1bee4e9cb0a8008fd060f2c0" member_type: VOTER last_known_addr { host: "127.5.49.194" port: 37155 } } peers { permanent_uuid: "c5b61c3dbb264e21b168fc9e882a6f0a" member_type: VOTER last_known_addr { host: "127.5.49.195" port: 35053 } }
I20260710 13:26:53.547742  6104 raft_consensus.cc:606] T 826b07e140fd439ba9abbfe9f1da858e P c5b61c3dbb264e21b168fc9e882a6f0a [term 1 LEADER]: Received request to transfer leadership to TS 71ab767b1bee4e9cb0a8008fd060f2c0
I20260710 13:26:53.549875  6030 tablet_service.cc:1917] Received RequestConsensusVote() RPC: tablet_id: "dfe4b67c91e74e65ad39dd55397aca17" candidate_uuid: "f33b9154756046ea873ad1ac478eab3b" candidate_term: 2 candidate_status { last_received { term: 1 index: 1 } } ignore_live_leader: true dest_uuid: "71ab767b1bee4e9cb0a8008fd060f2c0"
I20260710 13:26:53.550168  5955 leader_election.cc:290] T dfe4b67c91e74e65ad39dd55397aca17 P f33b9154756046ea873ad1ac478eab3b [CANDIDATE]: Term 2 election: Requested vote from peers 71ab767b1bee4e9cb0a8008fd060f2c0 (127.5.49.194:37155), c5b61c3dbb264e21b168fc9e882a6f0a (127.5.49.195:35053)
I20260710 13:26:53.550402  6030 raft_consensus.cc:3060] T dfe4b67c91e74e65ad39dd55397aca17 P 71ab767b1bee4e9cb0a8008fd060f2c0 [term 1 FOLLOWER]: Advancing to term 2
I20260710 13:26:53.551138  6104 tablet_service.cc:1917] Received RequestConsensusVote() RPC: tablet_id: "dfe4b67c91e74e65ad39dd55397aca17" candidate_uuid: "f33b9154756046ea873ad1ac478eab3b" candidate_term: 2 candidate_status { last_received { term: 1 index: 1 } } ignore_live_leader: true dest_uuid: "c5b61c3dbb264e21b168fc9e882a6f0a"
I20260710 13:26:53.551635  6104 raft_consensus.cc:3055] T dfe4b67c91e74e65ad39dd55397aca17 P c5b61c3dbb264e21b168fc9e882a6f0a [term 1 LEADER]: Stepping down as leader of term 1
I20260710 13:26:53.551957  6104 raft_consensus.cc:740] T dfe4b67c91e74e65ad39dd55397aca17 P c5b61c3dbb264e21b168fc9e882a6f0a [term 1 LEADER]: Becoming Follower/Learner. State: Replica: c5b61c3dbb264e21b168fc9e882a6f0a, State: Running, Role: LEADER
I20260710 13:26:53.552690  6104 consensus_queue.cc:260] T dfe4b67c91e74e65ad39dd55397aca17 P c5b61c3dbb264e21b168fc9e882a6f0a [NON_LEADER]: Queue going to NON_LEADER mode. State: All replicated index: 0, Majority replicated index: 1, Committed index: 1, Last appended: 1.1, Last appended by leader: 1, Current term: 1, Majority size: -1, State: 0, Mode: NON_LEADER, active raft config: opid_index: -1 OBSOLETE_local: false peers { permanent_uuid: "f33b9154756046ea873ad1ac478eab3b" member_type: VOTER last_known_addr { host: "127.5.49.193" port: 45827 } } peers { permanent_uuid: "71ab767b1bee4e9cb0a8008fd060f2c0" member_type: VOTER last_known_addr { host: "127.5.49.194" port: 37155 } } peers { permanent_uuid: "c5b61c3dbb264e21b168fc9e882a6f0a" member_type: VOTER last_known_addr { host: "127.5.49.195" port: 35053 } }
I20260710 13:26:53.553740  6104 raft_consensus.cc:3060] T dfe4b67c91e74e65ad39dd55397aca17 P c5b61c3dbb264e21b168fc9e882a6f0a [term 1 FOLLOWER]: Advancing to term 2
I20260710 13:26:53.556612  6030 raft_consensus.cc:2468] T dfe4b67c91e74e65ad39dd55397aca17 P 71ab767b1bee4e9cb0a8008fd060f2c0 [term 2 FOLLOWER]: Leader election vote request: Granting yes vote for candidate f33b9154756046ea873ad1ac478eab3b in term 2.
I20260710 13:26:53.557571  5921 leader_election.cc:304] T dfe4b67c91e74e65ad39dd55397aca17 P f33b9154756046ea873ad1ac478eab3b [CANDIDATE]: Term 2 election: Election decided. Result: candidate won. Election summary: received 2 responses out of 3 voters: 2 yes votes; 0 no votes. yes voters: 71ab767b1bee4e9cb0a8008fd060f2c0, f33b9154756046ea873ad1ac478eab3b; no voters: 
I20260710 13:26:53.558370  6187 raft_consensus.cc:2804] T dfe4b67c91e74e65ad39dd55397aca17 P f33b9154756046ea873ad1ac478eab3b [term 2 FOLLOWER]: Leader election won for term 2
I20260710 13:26:53.558790  6187 raft_consensus.cc:697] T dfe4b67c91e74e65ad39dd55397aca17 P f33b9154756046ea873ad1ac478eab3b [term 2 LEADER]: Becoming Leader. State: Replica: f33b9154756046ea873ad1ac478eab3b, State: Running, Role: LEADER
I20260710 13:26:53.559566  6187 consensus_queue.cc:237] T dfe4b67c91e74e65ad39dd55397aca17 P f33b9154756046ea873ad1ac478eab3b [LEADER]: Queue going to LEADER mode. State: All replicated index: 0, Majority replicated index: 1, Committed index: 1, Last appended: 1.1, Last appended by leader: 1, Current term: 2, Majority size: 2, State: 0, Mode: LEADER, active raft config: opid_index: -1 OBSOLETE_local: false peers { permanent_uuid: "f33b9154756046ea873ad1ac478eab3b" member_type: VOTER last_known_addr { host: "127.5.49.193" port: 45827 } } peers { permanent_uuid: "71ab767b1bee4e9cb0a8008fd060f2c0" member_type: VOTER last_known_addr { host: "127.5.49.194" port: 37155 } } peers { permanent_uuid: "c5b61c3dbb264e21b168fc9e882a6f0a" member_type: VOTER last_known_addr { host: "127.5.49.195" port: 35053 } }
I20260710 13:26:53.560464  6104 raft_consensus.cc:2468] T dfe4b67c91e74e65ad39dd55397aca17 P c5b61c3dbb264e21b168fc9e882a6f0a [term 2 FOLLOWER]: Leader election vote request: Granting yes vote for candidate f33b9154756046ea873ad1ac478eab3b in term 2.
I20260710 13:26:53.566339  5851 catalog_manager.cc:5697] T dfe4b67c91e74e65ad39dd55397aca17 P f33b9154756046ea873ad1ac478eab3b reported cstate change: term changed from 1 to 2, leader changed from c5b61c3dbb264e21b168fc9e882a6f0a (127.5.49.195) to f33b9154756046ea873ad1ac478eab3b (127.5.49.193). New cstate: current_term: 2 leader_uuid: "f33b9154756046ea873ad1ac478eab3b" committed_config { opid_index: -1 OBSOLETE_local: false peers { permanent_uuid: "f33b9154756046ea873ad1ac478eab3b" member_type: VOTER last_known_addr { host: "127.5.49.193" port: 45827 } health_report { overall_health: HEALTHY } } peers { permanent_uuid: "71ab767b1bee4e9cb0a8008fd060f2c0" member_type: VOTER last_known_addr { host: "127.5.49.194" port: 37155 } health_report { overall_health: UNKNOWN } } peers { permanent_uuid: "c5b61c3dbb264e21b168fc9e882a6f0a" member_type: VOTER last_known_addr { host: "127.5.49.195" port: 35053 } health_report { overall_health: UNKNOWN } } }
I20260710 13:26:53.567385  5955 tablet_service.cc:2072] Received LeaderStepDown RPC: tablet_id: "35857ac48ecb408583c43bcbc93798b4"
dest_uuid: "f33b9154756046ea873ad1ac478eab3b"
mode: GRACEFUL
new_leader_uuid: "71ab767b1bee4e9cb0a8008fd060f2c0"
 from {username='slave'} at 127.0.0.1:37462
I20260710 13:26:53.567869  5955 raft_consensus.cc:606] T 35857ac48ecb408583c43bcbc93798b4 P f33b9154756046ea873ad1ac478eab3b [term 1 LEADER]: Received request to transfer leadership to TS 71ab767b1bee4e9cb0a8008fd060f2c0
I20260710 13:26:53.572605  6104 tablet_service.cc:2072] Received LeaderStepDown RPC: tablet_id: "5866b87a4a6d48bd96a1ff017317564b"
dest_uuid: "c5b61c3dbb264e21b168fc9e882a6f0a"
mode: GRACEFUL
new_leader_uuid: "71ab767b1bee4e9cb0a8008fd060f2c0"
 from {username='slave'} at 127.0.0.1:54478
I20260710 13:26:53.573130  6104 raft_consensus.cc:606] T 5866b87a4a6d48bd96a1ff017317564b P c5b61c3dbb264e21b168fc9e882a6f0a [term 1 LEADER]: Received request to transfer leadership to TS 71ab767b1bee4e9cb0a8008fd060f2c0
I20260710 13:26:53.576346  6151 consensus_queue.cc:1048] T 826b07e140fd439ba9abbfe9f1da858e P c5b61c3dbb264e21b168fc9e882a6f0a [LEADER]: Connected to new peer: Peer: permanent_uuid: "f33b9154756046ea873ad1ac478eab3b" member_type: VOTER last_known_addr { host: "127.5.49.193" port: 45827 }, Status: LMP_MISMATCH, Last received: 0.0, Next index: 1, Last known committed idx: 0, Time since last communication: 0.000s
I20260710 13:26:53.585391  6153 consensus_queue.cc:1048] T 826b07e140fd439ba9abbfe9f1da858e P c5b61c3dbb264e21b168fc9e882a6f0a [LEADER]: Connected to new peer: Peer: permanent_uuid: "71ab767b1bee4e9cb0a8008fd060f2c0" member_type: VOTER last_known_addr { host: "127.5.49.194" port: 37155 }, Status: LMP_MISMATCH, Last received: 0.0, Next index: 1, Last known committed idx: 0, Time since last communication: 0.000s
I20260710 13:26:53.595099  6153 raft_consensus.cc:993] T 826b07e140fd439ba9abbfe9f1da858e P c5b61c3dbb264e21b168fc9e882a6f0a: : Instructing follower 71ab767b1bee4e9cb0a8008fd060f2c0 to start an election
I20260710 13:26:53.595510  6151 raft_consensus.cc:1081] T 826b07e140fd439ba9abbfe9f1da858e P c5b61c3dbb264e21b168fc9e882a6f0a [term 1 LEADER]: Signalling peer 71ab767b1bee4e9cb0a8008fd060f2c0 to start an election
I20260710 13:26:53.596994  6030 tablet_service.cc:2044] Received Run Leader Election RPC: tablet_id: "826b07e140fd439ba9abbfe9f1da858e"
dest_uuid: "71ab767b1bee4e9cb0a8008fd060f2c0"
 from {username='slave'} at 127.0.0.1:51574
I20260710 13:26:53.597489  6030 raft_consensus.cc:493] T 826b07e140fd439ba9abbfe9f1da858e P 71ab767b1bee4e9cb0a8008fd060f2c0 [term 1 FOLLOWER]: Starting forced leader election (received explicit request)
I20260710 13:26:53.597853  6030 raft_consensus.cc:3060] T 826b07e140fd439ba9abbfe9f1da858e P 71ab767b1bee4e9cb0a8008fd060f2c0 [term 1 FOLLOWER]: Advancing to term 2
I20260710 13:26:53.602882  6030 raft_consensus.cc:515] T 826b07e140fd439ba9abbfe9f1da858e P 71ab767b1bee4e9cb0a8008fd060f2c0 [term 2 FOLLOWER]: Starting forced leader election with config: opid_index: -1 OBSOLETE_local: false peers { permanent_uuid: "f33b9154756046ea873ad1ac478eab3b" member_type: VOTER last_known_addr { host: "127.5.49.193" port: 45827 } } peers { permanent_uuid: "71ab767b1bee4e9cb0a8008fd060f2c0" member_type: VOTER last_known_addr { host: "127.5.49.194" port: 37155 } } peers { permanent_uuid: "c5b61c3dbb264e21b168fc9e882a6f0a" member_type: VOTER last_known_addr { host: "127.5.49.195" port: 35053 } }
I20260710 13:26:53.604511  6030 leader_election.cc:290] T 826b07e140fd439ba9abbfe9f1da858e P 71ab767b1bee4e9cb0a8008fd060f2c0 [CANDIDATE]: Term 2 election: Requested vote from peers f33b9154756046ea873ad1ac478eab3b (127.5.49.193:45827), c5b61c3dbb264e21b168fc9e882a6f0a (127.5.49.195:35053)
I20260710 13:26:53.605134  5955 tablet_service.cc:1917] Received RequestConsensusVote() RPC: tablet_id: "826b07e140fd439ba9abbfe9f1da858e" candidate_uuid: "71ab767b1bee4e9cb0a8008fd060f2c0" candidate_term: 2 candidate_status { last_received { term: 1 index: 1 } } ignore_live_leader: true dest_uuid: "f33b9154756046ea873ad1ac478eab3b"
I20260710 13:26:53.605525  6104 tablet_service.cc:1917] Received RequestConsensusVote() RPC: tablet_id: "826b07e140fd439ba9abbfe9f1da858e" candidate_uuid: "71ab767b1bee4e9cb0a8008fd060f2c0" candidate_term: 2 candidate_status { last_received { term: 1 index: 1 } } ignore_live_leader: true dest_uuid: "c5b61c3dbb264e21b168fc9e882a6f0a"
I20260710 13:26:53.605620  5955 raft_consensus.cc:3060] T 826b07e140fd439ba9abbfe9f1da858e P f33b9154756046ea873ad1ac478eab3b [term 1 FOLLOWER]: Advancing to term 2
I20260710 13:26:53.605979  6104 raft_consensus.cc:3055] T 826b07e140fd439ba9abbfe9f1da858e P c5b61c3dbb264e21b168fc9e882a6f0a [term 1 LEADER]: Stepping down as leader of term 1
I20260710 13:26:53.606226  6104 raft_consensus.cc:740] T 826b07e140fd439ba9abbfe9f1da858e P c5b61c3dbb264e21b168fc9e882a6f0a [term 1 LEADER]: Becoming Follower/Learner. State: Replica: c5b61c3dbb264e21b168fc9e882a6f0a, State: Running, Role: LEADER
I20260710 13:26:53.606820  6104 consensus_queue.cc:260] T 826b07e140fd439ba9abbfe9f1da858e P c5b61c3dbb264e21b168fc9e882a6f0a [NON_LEADER]: Queue going to NON_LEADER mode. State: All replicated index: 0, Majority replicated index: 1, Committed index: 1, Last appended: 1.1, Last appended by leader: 1, Current term: 1, Majority size: -1, State: 0, Mode: NON_LEADER, active raft config: opid_index: -1 OBSOLETE_local: false peers { permanent_uuid: "f33b9154756046ea873ad1ac478eab3b" member_type: VOTER last_known_addr { host: "127.5.49.193" port: 45827 } } peers { permanent_uuid: "71ab767b1bee4e9cb0a8008fd060f2c0" member_type: VOTER last_known_addr { host: "127.5.49.194" port: 37155 } } peers { permanent_uuid: "c5b61c3dbb264e21b168fc9e882a6f0a" member_type: VOTER last_known_addr { host: "127.5.49.195" port: 35053 } }
I20260710 13:26:53.607662  6104 raft_consensus.cc:3060] T 826b07e140fd439ba9abbfe9f1da858e P c5b61c3dbb264e21b168fc9e882a6f0a [term 1 FOLLOWER]: Advancing to term 2
I20260710 13:26:53.610050  5955 raft_consensus.cc:2468] T 826b07e140fd439ba9abbfe9f1da858e P f33b9154756046ea873ad1ac478eab3b [term 2 FOLLOWER]: Leader election vote request: Granting yes vote for candidate 71ab767b1bee4e9cb0a8008fd060f2c0 in term 2.
I20260710 13:26:53.610921  5993 leader_election.cc:304] T 826b07e140fd439ba9abbfe9f1da858e P 71ab767b1bee4e9cb0a8008fd060f2c0 [CANDIDATE]: Term 2 election: Election decided. Result: candidate won. Election summary: received 2 responses out of 3 voters: 2 yes votes; 0 no votes. yes voters: 71ab767b1bee4e9cb0a8008fd060f2c0, f33b9154756046ea873ad1ac478eab3b; no voters: 
I20260710 13:26:53.611676  6199 raft_consensus.cc:2804] T 826b07e140fd439ba9abbfe9f1da858e P 71ab767b1bee4e9cb0a8008fd060f2c0 [term 2 FOLLOWER]: Leader election won for term 2
I20260710 13:26:53.612165  6199 raft_consensus.cc:697] T 826b07e140fd439ba9abbfe9f1da858e P 71ab767b1bee4e9cb0a8008fd060f2c0 [term 2 LEADER]: Becoming Leader. State: Replica: 71ab767b1bee4e9cb0a8008fd060f2c0, State: Running, Role: LEADER
I20260710 13:26:53.612174  6104 raft_consensus.cc:2468] T 826b07e140fd439ba9abbfe9f1da858e P c5b61c3dbb264e21b168fc9e882a6f0a [term 2 FOLLOWER]: Leader election vote request: Granting yes vote for candidate 71ab767b1bee4e9cb0a8008fd060f2c0 in term 2.
I20260710 13:26:53.613065  6199 consensus_queue.cc:237] T 826b07e140fd439ba9abbfe9f1da858e P 71ab767b1bee4e9cb0a8008fd060f2c0 [LEADER]: Queue going to LEADER mode. State: All replicated index: 0, Majority replicated index: 1, Committed index: 1, Last appended: 1.1, Last appended by leader: 1, Current term: 2, Majority size: 2, State: 0, Mode: LEADER, active raft config: opid_index: -1 OBSOLETE_local: false peers { permanent_uuid: "f33b9154756046ea873ad1ac478eab3b" member_type: VOTER last_known_addr { host: "127.5.49.193" port: 45827 } } peers { permanent_uuid: "71ab767b1bee4e9cb0a8008fd060f2c0" member_type: VOTER last_known_addr { host: "127.5.49.194" port: 37155 } } peers { permanent_uuid: "c5b61c3dbb264e21b168fc9e882a6f0a" member_type: VOTER last_known_addr { host: "127.5.49.195" port: 35053 } }
I20260710 13:26:53.619006  5850 catalog_manager.cc:5697] T 826b07e140fd439ba9abbfe9f1da858e P 71ab767b1bee4e9cb0a8008fd060f2c0 reported cstate change: term changed from 1 to 2, leader changed from c5b61c3dbb264e21b168fc9e882a6f0a (127.5.49.195) to 71ab767b1bee4e9cb0a8008fd060f2c0 (127.5.49.194). New cstate: current_term: 2 leader_uuid: "71ab767b1bee4e9cb0a8008fd060f2c0" committed_config { opid_index: -1 OBSOLETE_local: false peers { permanent_uuid: "f33b9154756046ea873ad1ac478eab3b" member_type: VOTER last_known_addr { host: "127.5.49.193" port: 45827 } health_report { overall_health: UNKNOWN } } peers { permanent_uuid: "71ab767b1bee4e9cb0a8008fd060f2c0" member_type: VOTER last_known_addr { host: "127.5.49.194" port: 37155 } health_report { overall_health: HEALTHY } } peers { permanent_uuid: "c5b61c3dbb264e21b168fc9e882a6f0a" member_type: VOTER last_known_addr { host: "127.5.49.195" port: 35053 } health_report { overall_health: UNKNOWN } } }
I20260710 13:26:53.682260  6185 consensus_queue.cc:1048] T ffd71f88245c470fa0819cf7d87b10de P f33b9154756046ea873ad1ac478eab3b [LEADER]: Connected to new peer: Peer: permanent_uuid: "71ab767b1bee4e9cb0a8008fd060f2c0" member_type: VOTER last_known_addr { host: "127.5.49.194" port: 37155 }, Status: LMP_MISMATCH, Last received: 0.0, Next index: 1, Last known committed idx: 0, Time since last communication: 0.000s
I20260710 13:26:53.692245  6158 consensus_queue.cc:1048] T ffd71f88245c470fa0819cf7d87b10de P f33b9154756046ea873ad1ac478eab3b [LEADER]: Connected to new peer: Peer: permanent_uuid: "c5b61c3dbb264e21b168fc9e882a6f0a" member_type: VOTER last_known_addr { host: "127.5.49.195" port: 35053 }, Status: LMP_MISMATCH, Last received: 0.0, Next index: 1, Last known committed idx: 0, Time since last communication: 0.000s
I20260710 13:26:53.842871  6199 consensus_queue.cc:1048] T 8529388d252749fba2e9c3071f013cc3 P 71ab767b1bee4e9cb0a8008fd060f2c0 [LEADER]: Connected to new peer: Peer: permanent_uuid: "c5b61c3dbb264e21b168fc9e882a6f0a" member_type: VOTER last_known_addr { host: "127.5.49.195" port: 35053 }, Status: LMP_MISMATCH, Last received: 0.0, Next index: 1, Last known committed idx: 0, Time since last communication: 0.000s
I20260710 13:26:53.852841  6214 consensus_queue.cc:1048] T 8529388d252749fba2e9c3071f013cc3 P 71ab767b1bee4e9cb0a8008fd060f2c0 [LEADER]: Connected to new peer: Peer: permanent_uuid: "f33b9154756046ea873ad1ac478eab3b" member_type: VOTER last_known_addr { host: "127.5.49.193" port: 45827 }, Status: LMP_MISMATCH, Last received: 0.0, Next index: 1, Last known committed idx: 0, Time since last communication: 0.000s
I20260710 13:26:53.859338  6149 raft_consensus.cc:993] T 8529388d252749fba2e9c3071f013cc3 P 71ab767b1bee4e9cb0a8008fd060f2c0: : Instructing follower f33b9154756046ea873ad1ac478eab3b to start an election
I20260710 13:26:53.859769  6214 raft_consensus.cc:1081] T 8529388d252749fba2e9c3071f013cc3 P 71ab767b1bee4e9cb0a8008fd060f2c0 [term 1 LEADER]: Signalling peer f33b9154756046ea873ad1ac478eab3b to start an election
I20260710 13:26:53.861095  5955 tablet_service.cc:2044] Received Run Leader Election RPC: tablet_id: "8529388d252749fba2e9c3071f013cc3"
dest_uuid: "f33b9154756046ea873ad1ac478eab3b"
 from {username='slave'} at 127.0.0.1:37448
I20260710 13:26:53.861608  5955 raft_consensus.cc:493] T 8529388d252749fba2e9c3071f013cc3 P f33b9154756046ea873ad1ac478eab3b [term 1 FOLLOWER]: Starting forced leader election (received explicit request)
I20260710 13:26:53.861979  5955 raft_consensus.cc:3060] T 8529388d252749fba2e9c3071f013cc3 P f33b9154756046ea873ad1ac478eab3b [term 1 FOLLOWER]: Advancing to term 2
I20260710 13:26:53.864437  6153 raft_consensus.cc:993] T 1e9c8fdc5d074dec9b8f77bfe7153bb1 P c5b61c3dbb264e21b168fc9e882a6f0a: : Instructing follower f33b9154756046ea873ad1ac478eab3b to start an election
I20260710 13:26:53.864830  6151 raft_consensus.cc:1081] T 1e9c8fdc5d074dec9b8f77bfe7153bb1 P c5b61c3dbb264e21b168fc9e882a6f0a [term 1 LEADER]: Signalling peer f33b9154756046ea873ad1ac478eab3b to start an election
I20260710 13:26:53.866165  5954 tablet_service.cc:2044] Received Run Leader Election RPC: tablet_id: "1e9c8fdc5d074dec9b8f77bfe7153bb1"
dest_uuid: "f33b9154756046ea873ad1ac478eab3b"
 from {username='slave'} at 127.0.0.1:37454
I20260710 13:26:53.866680  5954 raft_consensus.cc:493] T 1e9c8fdc5d074dec9b8f77bfe7153bb1 P f33b9154756046ea873ad1ac478eab3b [term 1 FOLLOWER]: Starting forced leader election (received explicit request)
I20260710 13:26:53.867045  5954 raft_consensus.cc:3060] T 1e9c8fdc5d074dec9b8f77bfe7153bb1 P f33b9154756046ea873ad1ac478eab3b [term 1 FOLLOWER]: Advancing to term 2
I20260710 13:26:53.868062  5955 raft_consensus.cc:515] T 8529388d252749fba2e9c3071f013cc3 P f33b9154756046ea873ad1ac478eab3b [term 2 FOLLOWER]: Starting forced leader election with config: opid_index: -1 OBSOLETE_local: false peers { permanent_uuid: "f33b9154756046ea873ad1ac478eab3b" member_type: VOTER last_known_addr { host: "127.5.49.193" port: 45827 } } peers { permanent_uuid: "71ab767b1bee4e9cb0a8008fd060f2c0" member_type: VOTER last_known_addr { host: "127.5.49.194" port: 37155 } } peers { permanent_uuid: "c5b61c3dbb264e21b168fc9e882a6f0a" member_type: VOTER last_known_addr { host: "127.5.49.195" port: 35053 } }
I20260710 13:26:53.870678  6030 tablet_service.cc:1917] Received RequestConsensusVote() RPC: tablet_id: "8529388d252749fba2e9c3071f013cc3" candidate_uuid: "f33b9154756046ea873ad1ac478eab3b" candidate_term: 2 candidate_status { last_received { term: 1 index: 1 } } ignore_live_leader: true dest_uuid: "71ab767b1bee4e9cb0a8008fd060f2c0"
I20260710 13:26:53.870962  6104 tablet_service.cc:1917] Received RequestConsensusVote() RPC: tablet_id: "8529388d252749fba2e9c3071f013cc3" candidate_uuid: "f33b9154756046ea873ad1ac478eab3b" candidate_term: 2 candidate_status { last_received { term: 1 index: 1 } } ignore_live_leader: true dest_uuid: "c5b61c3dbb264e21b168fc9e882a6f0a"
I20260710 13:26:53.871212  6030 raft_consensus.cc:3055] T 8529388d252749fba2e9c3071f013cc3 P 71ab767b1bee4e9cb0a8008fd060f2c0 [term 1 LEADER]: Stepping down as leader of term 1
I20260710 13:26:53.871472  6104 raft_consensus.cc:3060] T 8529388d252749fba2e9c3071f013cc3 P c5b61c3dbb264e21b168fc9e882a6f0a [term 1 FOLLOWER]: Advancing to term 2
I20260710 13:26:53.871549  6030 raft_consensus.cc:740] T 8529388d252749fba2e9c3071f013cc3 P 71ab767b1bee4e9cb0a8008fd060f2c0 [term 1 LEADER]: Becoming Follower/Learner. State: Replica: 71ab767b1bee4e9cb0a8008fd060f2c0, State: Running, Role: LEADER
I20260710 13:26:53.872367  6030 consensus_queue.cc:260] T 8529388d252749fba2e9c3071f013cc3 P 71ab767b1bee4e9cb0a8008fd060f2c0 [NON_LEADER]: Queue going to NON_LEADER mode. State: All replicated index: 0, Majority replicated index: 1, Committed index: 1, Last appended: 1.1, Last appended by leader: 1, Current term: 1, Majority size: -1, State: 0, Mode: NON_LEADER, active raft config: opid_index: -1 OBSOLETE_local: false peers { permanent_uuid: "f33b9154756046ea873ad1ac478eab3b" member_type: VOTER last_known_addr { host: "127.5.49.193" port: 45827 } } peers { permanent_uuid: "71ab767b1bee4e9cb0a8008fd060f2c0" member_type: VOTER last_known_addr { host: "127.5.49.194" port: 37155 } } peers { permanent_uuid: "c5b61c3dbb264e21b168fc9e882a6f0a" member_type: VOTER last_known_addr { host: "127.5.49.195" port: 35053 } }
I20260710 13:26:53.873412  6030 raft_consensus.cc:3060] T 8529388d252749fba2e9c3071f013cc3 P 71ab767b1bee4e9cb0a8008fd060f2c0 [term 1 FOLLOWER]: Advancing to term 2
I20260710 13:26:53.877838  6104 raft_consensus.cc:2468] T 8529388d252749fba2e9c3071f013cc3 P c5b61c3dbb264e21b168fc9e882a6f0a [term 2 FOLLOWER]: Leader election vote request: Granting yes vote for candidate f33b9154756046ea873ad1ac478eab3b in term 2.
I20260710 13:26:53.877879  5954 raft_consensus.cc:515] T 1e9c8fdc5d074dec9b8f77bfe7153bb1 P f33b9154756046ea873ad1ac478eab3b [term 2 FOLLOWER]: Starting forced leader election with config: opid_index: -1 OBSOLETE_local: false peers { permanent_uuid: "f33b9154756046ea873ad1ac478eab3b" member_type: VOTER last_known_addr { host: "127.5.49.193" port: 45827 } } peers { permanent_uuid: "71ab767b1bee4e9cb0a8008fd060f2c0" member_type: VOTER last_known_addr { host: "127.5.49.194" port: 37155 } } peers { permanent_uuid: "c5b61c3dbb264e21b168fc9e882a6f0a" member_type: VOTER last_known_addr { host: "127.5.49.195" port: 35053 } }
I20260710 13:26:53.878492  5955 leader_election.cc:290] T 8529388d252749fba2e9c3071f013cc3 P f33b9154756046ea873ad1ac478eab3b [CANDIDATE]: Term 2 election: Requested vote from peers 71ab767b1bee4e9cb0a8008fd060f2c0 (127.5.49.194:37155), c5b61c3dbb264e21b168fc9e882a6f0a (127.5.49.195:35053)
I20260710 13:26:53.879532  6030 raft_consensus.cc:2468] T 8529388d252749fba2e9c3071f013cc3 P 71ab767b1bee4e9cb0a8008fd060f2c0 [term 2 FOLLOWER]: Leader election vote request: Granting yes vote for candidate f33b9154756046ea873ad1ac478eab3b in term 2.
I20260710 13:26:53.880802  5954 leader_election.cc:290] T 1e9c8fdc5d074dec9b8f77bfe7153bb1 P f33b9154756046ea873ad1ac478eab3b [CANDIDATE]: Term 2 election: Requested vote from peers 71ab767b1bee4e9cb0a8008fd060f2c0 (127.5.49.194:37155), c5b61c3dbb264e21b168fc9e882a6f0a (127.5.49.195:35053)
I20260710 13:26:53.880827  6030 tablet_service.cc:1917] Received RequestConsensusVote() RPC: tablet_id: "1e9c8fdc5d074dec9b8f77bfe7153bb1" candidate_uuid: "f33b9154756046ea873ad1ac478eab3b" candidate_term: 2 candidate_status { last_received { term: 1 index: 1 } } ignore_live_leader: true dest_uuid: "71ab767b1bee4e9cb0a8008fd060f2c0"
I20260710 13:26:53.881036  5921 leader_election.cc:304] T 8529388d252749fba2e9c3071f013cc3 P f33b9154756046ea873ad1ac478eab3b [CANDIDATE]: Term 2 election: Election decided. Result: candidate won. Election summary: received 2 responses out of 3 voters: 2 yes votes; 0 no votes. yes voters: 71ab767b1bee4e9cb0a8008fd060f2c0, f33b9154756046ea873ad1ac478eab3b; no voters: 
I20260710 13:26:53.881651  6030 raft_consensus.cc:3060] T 1e9c8fdc5d074dec9b8f77bfe7153bb1 P 71ab767b1bee4e9cb0a8008fd060f2c0 [term 1 FOLLOWER]: Advancing to term 2
I20260710 13:26:53.881938  6158 raft_consensus.cc:2804] T 8529388d252749fba2e9c3071f013cc3 P f33b9154756046ea873ad1ac478eab3b [term 2 FOLLOWER]: Leader election won for term 2
I20260710 13:26:53.882356  6158 raft_consensus.cc:697] T 8529388d252749fba2e9c3071f013cc3 P f33b9154756046ea873ad1ac478eab3b [term 2 LEADER]: Becoming Leader. State: Replica: f33b9154756046ea873ad1ac478eab3b, State: Running, Role: LEADER
I20260710 13:26:53.882763  6104 tablet_service.cc:1917] Received RequestConsensusVote() RPC: tablet_id: "1e9c8fdc5d074dec9b8f77bfe7153bb1" candidate_uuid: "f33b9154756046ea873ad1ac478eab3b" candidate_term: 2 candidate_status { last_received { term: 1 index: 1 } } ignore_live_leader: true dest_uuid: "c5b61c3dbb264e21b168fc9e882a6f0a"
I20260710 13:26:53.881081  6151 consensus_queue.cc:1048] T 13167c8378ee44bea31dd9ccd750f5f0 P c5b61c3dbb264e21b168fc9e882a6f0a [LEADER]: Connected to new peer: Peer: permanent_uuid: "f33b9154756046ea873ad1ac478eab3b" member_type: VOTER last_known_addr { host: "127.5.49.193" port: 45827 }, Status: LMP_MISMATCH, Last received: 0.0, Next index: 1, Last known committed idx: 0, Time since last communication: 0.002s
I20260710 13:26:53.883314  6104 raft_consensus.cc:3055] T 1e9c8fdc5d074dec9b8f77bfe7153bb1 P c5b61c3dbb264e21b168fc9e882a6f0a [term 1 LEADER]: Stepping down as leader of term 1
I20260710 13:26:53.883131  6158 consensus_queue.cc:237] T 8529388d252749fba2e9c3071f013cc3 P f33b9154756046ea873ad1ac478eab3b [LEADER]: Queue going to LEADER mode. State: All replicated index: 0, Majority replicated index: 1, Committed index: 1, Last appended: 1.1, Last appended by leader: 1, Current term: 2, Majority size: 2, State: 0, Mode: LEADER, active raft config: opid_index: -1 OBSOLETE_local: false peers { permanent_uuid: "f33b9154756046ea873ad1ac478eab3b" member_type: VOTER last_known_addr { host: "127.5.49.193" port: 45827 } } peers { permanent_uuid: "71ab767b1bee4e9cb0a8008fd060f2c0" member_type: VOTER last_known_addr { host: "127.5.49.194" port: 37155 } } peers { permanent_uuid: "c5b61c3dbb264e21b168fc9e882a6f0a" member_type: VOTER last_known_addr { host: "127.5.49.195" port: 35053 } }
I20260710 13:26:53.883721  6104 raft_consensus.cc:740] T 1e9c8fdc5d074dec9b8f77bfe7153bb1 P c5b61c3dbb264e21b168fc9e882a6f0a [term 1 LEADER]: Becoming Follower/Learner. State: Replica: c5b61c3dbb264e21b168fc9e882a6f0a, State: Running, Role: LEADER
I20260710 13:26:53.884671  6104 consensus_queue.cc:260] T 1e9c8fdc5d074dec9b8f77bfe7153bb1 P c5b61c3dbb264e21b168fc9e882a6f0a [NON_LEADER]: Queue going to NON_LEADER mode. State: All replicated index: 0, Majority replicated index: 1, Committed index: 1, Last appended: 1.1, Last appended by leader: 1, Current term: 1, Majority size: -1, State: 0, Mode: NON_LEADER, active raft config: opid_index: -1 OBSOLETE_local: false peers { permanent_uuid: "f33b9154756046ea873ad1ac478eab3b" member_type: VOTER last_known_addr { host: "127.5.49.193" port: 45827 } } peers { permanent_uuid: "71ab767b1bee4e9cb0a8008fd060f2c0" member_type: VOTER last_known_addr { host: "127.5.49.194" port: 37155 } } peers { permanent_uuid: "c5b61c3dbb264e21b168fc9e882a6f0a" member_type: VOTER last_known_addr { host: "127.5.49.195" port: 35053 } }
I20260710 13:26:53.885857  6104 raft_consensus.cc:3060] T 1e9c8fdc5d074dec9b8f77bfe7153bb1 P c5b61c3dbb264e21b168fc9e882a6f0a [term 1 FOLLOWER]: Advancing to term 2
I20260710 13:26:53.887625  6030 raft_consensus.cc:2468] T 1e9c8fdc5d074dec9b8f77bfe7153bb1 P 71ab767b1bee4e9cb0a8008fd060f2c0 [term 2 FOLLOWER]: Leader election vote request: Granting yes vote for candidate f33b9154756046ea873ad1ac478eab3b in term 2.
I20260710 13:26:53.888689  5921 leader_election.cc:304] T 1e9c8fdc5d074dec9b8f77bfe7153bb1 P f33b9154756046ea873ad1ac478eab3b [CANDIDATE]: Term 2 election: Election decided. Result: candidate won. Election summary: received 2 responses out of 3 voters: 2 yes votes; 0 no votes. yes voters: 71ab767b1bee4e9cb0a8008fd060f2c0, f33b9154756046ea873ad1ac478eab3b; no voters: 
I20260710 13:26:53.890589  6158 raft_consensus.cc:2804] T 1e9c8fdc5d074dec9b8f77bfe7153bb1 P f33b9154756046ea873ad1ac478eab3b [term 2 FOLLOWER]: Leader election won for term 2
I20260710 13:26:53.891048  6158 raft_consensus.cc:697] T 1e9c8fdc5d074dec9b8f77bfe7153bb1 P f33b9154756046ea873ad1ac478eab3b [term 2 LEADER]: Becoming Leader. State: Replica: f33b9154756046ea873ad1ac478eab3b, State: Running, Role: LEADER
I20260710 13:26:53.891116  6151 consensus_queue.cc:1048] T 5866b87a4a6d48bd96a1ff017317564b P c5b61c3dbb264e21b168fc9e882a6f0a [LEADER]: Connected to new peer: Peer: permanent_uuid: "71ab767b1bee4e9cb0a8008fd060f2c0" member_type: VOTER last_known_addr { host: "127.5.49.194" port: 37155 }, Status: LMP_MISMATCH, Last received: 0.0, Next index: 1, Last known committed idx: 0, Time since last communication: 0.001s
I20260710 13:26:53.892168  6104 raft_consensus.cc:2468] T 1e9c8fdc5d074dec9b8f77bfe7153bb1 P c5b61c3dbb264e21b168fc9e882a6f0a [term 2 FOLLOWER]: Leader election vote request: Granting yes vote for candidate f33b9154756046ea873ad1ac478eab3b in term 2.
I20260710 13:26:53.891918  6158 consensus_queue.cc:237] T 1e9c8fdc5d074dec9b8f77bfe7153bb1 P f33b9154756046ea873ad1ac478eab3b [LEADER]: Queue going to LEADER mode. State: All replicated index: 0, Majority replicated index: 1, Committed index: 1, Last appended: 1.1, Last appended by leader: 1, Current term: 2, Majority size: 2, State: 0, Mode: LEADER, active raft config: opid_index: -1 OBSOLETE_local: false peers { permanent_uuid: "f33b9154756046ea873ad1ac478eab3b" member_type: VOTER last_known_addr { host: "127.5.49.193" port: 45827 } } peers { permanent_uuid: "71ab767b1bee4e9cb0a8008fd060f2c0" member_type: VOTER last_known_addr { host: "127.5.49.194" port: 37155 } } peers { permanent_uuid: "c5b61c3dbb264e21b168fc9e882a6f0a" member_type: VOTER last_known_addr { host: "127.5.49.195" port: 35053 } }
I20260710 13:26:53.894140  5850 catalog_manager.cc:5697] T 8529388d252749fba2e9c3071f013cc3 P f33b9154756046ea873ad1ac478eab3b reported cstate change: term changed from 1 to 2, leader changed from 71ab767b1bee4e9cb0a8008fd060f2c0 (127.5.49.194) to f33b9154756046ea873ad1ac478eab3b (127.5.49.193). New cstate: current_term: 2 leader_uuid: "f33b9154756046ea873ad1ac478eab3b" committed_config { opid_index: -1 OBSOLETE_local: false peers { permanent_uuid: "f33b9154756046ea873ad1ac478eab3b" member_type: VOTER last_known_addr { host: "127.5.49.193" port: 45827 } health_report { overall_health: HEALTHY } } peers { permanent_uuid: "71ab767b1bee4e9cb0a8008fd060f2c0" member_type: VOTER last_known_addr { host: "127.5.49.194" port: 37155 } health_report { overall_health: UNKNOWN } } peers { permanent_uuid: "c5b61c3dbb264e21b168fc9e882a6f0a" member_type: VOTER last_known_addr { host: "127.5.49.195" port: 35053 } health_report { overall_health: UNKNOWN } } }
I20260710 13:26:53.901228  6153 raft_consensus.cc:993] T 5866b87a4a6d48bd96a1ff017317564b P c5b61c3dbb264e21b168fc9e882a6f0a: : Instructing follower 71ab767b1bee4e9cb0a8008fd060f2c0 to start an election
I20260710 13:26:53.901646  6153 raft_consensus.cc:1081] T 5866b87a4a6d48bd96a1ff017317564b P c5b61c3dbb264e21b168fc9e882a6f0a [term 1 LEADER]: Signalling peer 71ab767b1bee4e9cb0a8008fd060f2c0 to start an election
I20260710 13:26:53.904700  6030 tablet_service.cc:2044] Received Run Leader Election RPC: tablet_id: "5866b87a4a6d48bd96a1ff017317564b"
dest_uuid: "71ab767b1bee4e9cb0a8008fd060f2c0"
 from {username='slave'} at 127.0.0.1:51574
I20260710 13:26:53.905205  6030 raft_consensus.cc:493] T 5866b87a4a6d48bd96a1ff017317564b P 71ab767b1bee4e9cb0a8008fd060f2c0 [term 1 FOLLOWER]: Starting forced leader election (received explicit request)
I20260710 13:26:53.905565  6030 raft_consensus.cc:3060] T 5866b87a4a6d48bd96a1ff017317564b P 71ab767b1bee4e9cb0a8008fd060f2c0 [term 1 FOLLOWER]: Advancing to term 2
I20260710 13:26:53.909021  6219 consensus_queue.cc:1048] T 5866b87a4a6d48bd96a1ff017317564b P c5b61c3dbb264e21b168fc9e882a6f0a [LEADER]: Connected to new peer: Peer: permanent_uuid: "f33b9154756046ea873ad1ac478eab3b" member_type: VOTER last_known_addr { host: "127.5.49.193" port: 45827 }, Status: LMP_MISMATCH, Last received: 0.0, Next index: 1, Last known committed idx: 0, Time since last communication: 0.000s
I20260710 13:26:53.912171  6158 consensus_queue.cc:1048] T 35857ac48ecb408583c43bcbc93798b4 P f33b9154756046ea873ad1ac478eab3b [LEADER]: Connected to new peer: Peer: permanent_uuid: "71ab767b1bee4e9cb0a8008fd060f2c0" member_type: VOTER last_known_addr { host: "127.5.49.194" port: 37155 }, Status: LMP_MISMATCH, Last received: 0.0, Next index: 1, Last known committed idx: 0, Time since last communication: 0.001s
I20260710 13:26:53.913203  6030 raft_consensus.cc:515] T 5866b87a4a6d48bd96a1ff017317564b P 71ab767b1bee4e9cb0a8008fd060f2c0 [term 2 FOLLOWER]: Starting forced leader election with config: opid_index: -1 OBSOLETE_local: false peers { permanent_uuid: "f33b9154756046ea873ad1ac478eab3b" member_type: VOTER last_known_addr { host: "127.5.49.193" port: 45827 } } peers { permanent_uuid: "71ab767b1bee4e9cb0a8008fd060f2c0" member_type: VOTER last_known_addr { host: "127.5.49.194" port: 37155 } } peers { permanent_uuid: "c5b61c3dbb264e21b168fc9e882a6f0a" member_type: VOTER last_known_addr { host: "127.5.49.195" port: 35053 } }
I20260710 13:26:53.914055  5850 catalog_manager.cc:5697] T 1e9c8fdc5d074dec9b8f77bfe7153bb1 P f33b9154756046ea873ad1ac478eab3b reported cstate change: term changed from 1 to 2, leader changed from c5b61c3dbb264e21b168fc9e882a6f0a (127.5.49.195) to f33b9154756046ea873ad1ac478eab3b (127.5.49.193). New cstate: current_term: 2 leader_uuid: "f33b9154756046ea873ad1ac478eab3b" committed_config { opid_index: -1 OBSOLETE_local: false peers { permanent_uuid: "f33b9154756046ea873ad1ac478eab3b" member_type: VOTER last_known_addr { host: "127.5.49.193" port: 45827 } health_report { overall_health: HEALTHY } } peers { permanent_uuid: "71ab767b1bee4e9cb0a8008fd060f2c0" member_type: VOTER last_known_addr { host: "127.5.49.194" port: 37155 } health_report { overall_health: UNKNOWN } } peers { permanent_uuid: "c5b61c3dbb264e21b168fc9e882a6f0a" member_type: VOTER last_known_addr { host: "127.5.49.195" port: 35053 } health_report { overall_health: UNKNOWN } } }
I20260710 13:26:53.925494  5953 tablet_service.cc:1917] Received RequestConsensusVote() RPC: tablet_id: "5866b87a4a6d48bd96a1ff017317564b" candidate_uuid: "71ab767b1bee4e9cb0a8008fd060f2c0" candidate_term: 2 candidate_status { last_received { term: 1 index: 1 } } ignore_live_leader: true dest_uuid: "f33b9154756046ea873ad1ac478eab3b"
I20260710 13:26:53.927933  6104 tablet_service.cc:1917] Received RequestConsensusVote() RPC: tablet_id: "5866b87a4a6d48bd96a1ff017317564b" candidate_uuid: "71ab767b1bee4e9cb0a8008fd060f2c0" candidate_term: 2 candidate_status { last_received { term: 1 index: 1 } } ignore_live_leader: true dest_uuid: "c5b61c3dbb264e21b168fc9e882a6f0a"
I20260710 13:26:53.925405  6030 leader_election.cc:290] T 5866b87a4a6d48bd96a1ff017317564b P 71ab767b1bee4e9cb0a8008fd060f2c0 [CANDIDATE]: Term 2 election: Requested vote from peers f33b9154756046ea873ad1ac478eab3b (127.5.49.193:45827), c5b61c3dbb264e21b168fc9e882a6f0a (127.5.49.195:35053)
I20260710 13:26:53.928511  6104 raft_consensus.cc:3055] T 5866b87a4a6d48bd96a1ff017317564b P c5b61c3dbb264e21b168fc9e882a6f0a [term 1 LEADER]: Stepping down as leader of term 1
