I20260710 13:26:41.138108   347 tablet_service.cc:1917] Received RequestConsensusVote() RPC: tablet_id: "de6a4d3915714b01a14a5716e5dc1a73" candidate_uuid: "577cc9386cdc4de687240e17932d9c72" candidate_term: 1 candidate_status { last_received { term: 0 index: 0 } } ignore_live_leader: false dest_uuid: "a41dc8fb005b4acbac3fb11c63b5f707"
I20260710 13:26:41.138700   350 raft_consensus.cc:2468] T 4f7cfb070b124349af8611fd719168ea P a41dc8fb005b4acbac3fb11c63b5f707 [term 0 FOLLOWER]: Leader pre-election vote request: Granting yes vote for candidate 577cc9386cdc4de687240e17932d9c72 in term 0.
I20260710 13:26:41.137676   348 raft_consensus.cc:2468] T de6a4d3915714b01a14a5716e5dc1a73 P a41dc8fb005b4acbac3fb11c63b5f707 [term 0 FOLLOWER]: Leader pre-election vote request: Granting yes vote for candidate 577cc9386cdc4de687240e17932d9c72 in term 0.
I20260710 13:26:41.141395   542 tablet_bootstrap.cc:492] T fcfca0e95f3b45919c59b45668f9e8ab P a41dc8fb005b4acbac3fb11c63b5f707: No bootstrap required, opened a new log
I20260710 13:26:41.141894   542 ts_tablet_manager.cc:1403] T fcfca0e95f3b45919c59b45668f9e8ab P a41dc8fb005b4acbac3fb11c63b5f707: Time spent bootstrapping tablet: real 0.142s	user 0.018s	sys 0.024s
I20260710 13:26:41.145521   542 raft_consensus.cc:359] T fcfca0e95f3b45919c59b45668f9e8ab P a41dc8fb005b4acbac3fb11c63b5f707 [term 0 FOLLOWER]: Replica starting. Triggering 0 pending ops. Active config: opid_index: -1 OBSOLETE_local: false peers { permanent_uuid: "a41dc8fb005b4acbac3fb11c63b5f707" member_type: VOTER last_known_addr { host: "127.31.234.193" port: 46425 } } peers { permanent_uuid: "8eb3cf965f7148beac8e500930f49ada" member_type: VOTER last_known_addr { host: "127.31.234.194" port: 35371 } } peers { permanent_uuid: "577cc9386cdc4de687240e17932d9c72" member_type: VOTER last_known_addr { host: "127.31.234.195" port: 40925 } }
I20260710 13:26:41.146245   542 raft_consensus.cc:385] T fcfca0e95f3b45919c59b45668f9e8ab P a41dc8fb005b4acbac3fb11c63b5f707 [term 0 FOLLOWER]: Consensus starting up: Expiring failure detector timer to make a prompt election more likely
I20260710 13:26:41.146546   542 raft_consensus.cc:740] T fcfca0e95f3b45919c59b45668f9e8ab P a41dc8fb005b4acbac3fb11c63b5f707 [term 0 FOLLOWER]: Becoming Follower/Learner. State: Replica: a41dc8fb005b4acbac3fb11c63b5f707, State: Initialized, Role: FOLLOWER
I20260710 13:26:41.147259   542 consensus_queue.cc:260] T fcfca0e95f3b45919c59b45668f9e8ab P a41dc8fb005b4acbac3fb11c63b5f707 [NON_LEADER]: Queue going to NON_LEADER mode. State: All replicated index: 0, Majority replicated index: 0, Committed index: 0, Last appended: 0.0, Last appended by leader: 0, Current term: 0, Majority size: -1, State: 0, Mode: NON_LEADER, active raft config: opid_index: -1 OBSOLETE_local: false peers { permanent_uuid: "a41dc8fb005b4acbac3fb11c63b5f707" member_type: VOTER last_known_addr { host: "127.31.234.193" port: 46425 } } peers { permanent_uuid: "8eb3cf965f7148beac8e500930f49ada" member_type: VOTER last_known_addr { host: "127.31.234.194" port: 35371 } } peers { permanent_uuid: "577cc9386cdc4de687240e17932d9c72" member_type: VOTER last_known_addr { host: "127.31.234.195" port: 40925 } }
I20260710 13:26:41.137197   587 raft_consensus.cc:515] T 4c15a9080d864b65b62f347d9686a308 P 577cc9386cdc4de687240e17932d9c72 [term 0 FOLLOWER]: Starting pre-election with config: opid_index: -1 OBSOLETE_local: false peers { permanent_uuid: "a41dc8fb005b4acbac3fb11c63b5f707" member_type: VOTER last_known_addr { host: "127.31.234.193" port: 46425 } } peers { permanent_uuid: "8eb3cf965f7148beac8e500930f49ada" member_type: VOTER last_known_addr { host: "127.31.234.194" port: 35371 } } peers { permanent_uuid: "577cc9386cdc4de687240e17932d9c72" member_type: VOTER last_known_addr { host: "127.31.234.195" port: 40925 } }
I20260710 13:26:41.150633   587 leader_election.cc:290] T 4c15a9080d864b65b62f347d9686a308 P 577cc9386cdc4de687240e17932d9c72 [CANDIDATE]: Term 1 pre-election: Requested pre-vote from peers a41dc8fb005b4acbac3fb11c63b5f707 (127.31.234.193:46425), 8eb3cf965f7148beac8e500930f49ada (127.31.234.194:35371)
W20260710 13:26:41.138456   463 leader_election.cc:343] T 988342e28d7c48ceb6309d8458b27b88 P 577cc9386cdc4de687240e17932d9c72 [CANDIDATE]: Term 1 pre-election: Tablet error from VoteRequest() call to peer a41dc8fb005b4acbac3fb11c63b5f707 (127.31.234.193:46425): Illegal state: must be running to vote when last-logged opid is not known
I20260710 13:26:41.149761   425 raft_consensus.cc:2468] T de6a4d3915714b01a14a5716e5dc1a73 P 8eb3cf965f7148beac8e500930f49ada [term 1 FOLLOWER]: Leader election vote request: Granting yes vote for candidate 577cc9386cdc4de687240e17932d9c72 in term 1.
I20260710 13:26:41.155560   463 leader_election.cc:304] T 988342e28d7c48ceb6309d8458b27b88 P 577cc9386cdc4de687240e17932d9c72 [CANDIDATE]: Term 1 pre-election: Election decided. Result: candidate lost. Election summary: received 3 responses out of 3 voters: 1 yes votes; 2 no votes. yes voters: 577cc9386cdc4de687240e17932d9c72; no voters: 8eb3cf965f7148beac8e500930f49ada, a41dc8fb005b4acbac3fb11c63b5f707
I20260710 13:26:41.157630   582 leader_election.cc:290] T e694affbc5de45c3bbf86f6972b35e6e P 577cc9386cdc4de687240e17932d9c72 [CANDIDATE]: Term 1 pre-election: Requested pre-vote from peers a41dc8fb005b4acbac3fb11c63b5f707 (127.31.234.193:46425), 8eb3cf965f7148beac8e500930f49ada (127.31.234.194:35371)
I20260710 13:26:41.158280   549 raft_consensus.cc:515] T 4f7cfb070b124349af8611fd719168ea P 577cc9386cdc4de687240e17932d9c72 [term 1 FOLLOWER]: Starting leader election with config: opid_index: -1 OBSOLETE_local: false peers { permanent_uuid: "a41dc8fb005b4acbac3fb11c63b5f707" member_type: VOTER last_known_addr { host: "127.31.234.193" port: 46425 } } peers { permanent_uuid: "8eb3cf965f7148beac8e500930f49ada" member_type: VOTER last_known_addr { host: "127.31.234.194" port: 35371 } } peers { permanent_uuid: "577cc9386cdc4de687240e17932d9c72" member_type: VOTER last_known_addr { host: "127.31.234.195" port: 40925 } }
I20260710 13:26:41.159423   573 raft_consensus.cc:493] T fcfca0e95f3b45919c59b45668f9e8ab P a41dc8fb005b4acbac3fb11c63b5f707 [term 0 FOLLOWER]: Starting pre-election (no leader contacted us within the election timeout)
I20260710 13:26:41.159900   543 raft_consensus.cc:359] T fcfca0e95f3b45919c59b45668f9e8ab P 577cc9386cdc4de687240e17932d9c72 [term 0 FOLLOWER]: Replica starting. Triggering 0 pending ops. Active config: opid_index: -1 OBSOLETE_local: false peers { permanent_uuid: "a41dc8fb005b4acbac3fb11c63b5f707" member_type: VOTER last_known_addr { host: "127.31.234.193" port: 46425 } } peers { permanent_uuid: "8eb3cf965f7148beac8e500930f49ada" member_type: VOTER last_known_addr { host: "127.31.234.194" port: 35371 } } peers { permanent_uuid: "577cc9386cdc4de687240e17932d9c72" member_type: VOTER last_known_addr { host: "127.31.234.195" port: 40925 } }
I20260710 13:26:41.160567   543 raft_consensus.cc:385] T fcfca0e95f3b45919c59b45668f9e8ab P 577cc9386cdc4de687240e17932d9c72 [term 0 FOLLOWER]: Consensus starting up: Expiring failure detector timer to make a prompt election more likely
I20260710 13:26:41.160808   543 raft_consensus.cc:740] T fcfca0e95f3b45919c59b45668f9e8ab P 577cc9386cdc4de687240e17932d9c72 [term 0 FOLLOWER]: Becoming Follower/Learner. State: Replica: 577cc9386cdc4de687240e17932d9c72, State: Initialized, Role: FOLLOWER
I20260710 13:26:41.159842   573 raft_consensus.cc:515] T fcfca0e95f3b45919c59b45668f9e8ab P a41dc8fb005b4acbac3fb11c63b5f707 [term 0 FOLLOWER]: Starting pre-election with config: opid_index: -1 OBSOLETE_local: false peers { permanent_uuid: "a41dc8fb005b4acbac3fb11c63b5f707" member_type: VOTER last_known_addr { host: "127.31.234.193" port: 46425 } } peers { permanent_uuid: "8eb3cf965f7148beac8e500930f49ada" member_type: VOTER last_known_addr { host: "127.31.234.194" port: 35371 } } peers { permanent_uuid: "577cc9386cdc4de687240e17932d9c72" member_type: VOTER last_known_addr { host: "127.31.234.195" port: 40925 } }
I20260710 13:26:41.161440   543 consensus_queue.cc:260] T fcfca0e95f3b45919c59b45668f9e8ab P 577cc9386cdc4de687240e17932d9c72 [NON_LEADER]: Queue going to NON_LEADER mode. State: All replicated index: 0, Majority replicated index: 0, Committed index: 0, Last appended: 0.0, Last appended by leader: 0, Current term: 0, Majority size: -1, State: 0, Mode: NON_LEADER, active raft config: opid_index: -1 OBSOLETE_local: false peers { permanent_uuid: "a41dc8fb005b4acbac3fb11c63b5f707" member_type: VOTER last_known_addr { host: "127.31.234.193" port: 46425 } } peers { permanent_uuid: "8eb3cf965f7148beac8e500930f49ada" member_type: VOTER last_known_addr { host: "127.31.234.194" port: 35371 } } peers { permanent_uuid: "577cc9386cdc4de687240e17932d9c72" member_type: VOTER last_known_addr { host: "127.31.234.195" port: 40925 } }
I20260710 13:26:41.156692   587 raft_consensus.cc:2749] T 988342e28d7c48ceb6309d8458b27b88 P 577cc9386cdc4de687240e17932d9c72 [term 1 FOLLOWER]: Leader pre-election lost for term 1. Reason: could not achieve majority
I20260710 13:26:41.163125   573 leader_election.cc:290] T fcfca0e95f3b45919c59b45668f9e8ab P a41dc8fb005b4acbac3fb11c63b5f707 [CANDIDATE]: Term 1 pre-election: Requested pre-vote from peers 8eb3cf965f7148beac8e500930f49ada (127.31.234.194:35371), 577cc9386cdc4de687240e17932d9c72 (127.31.234.195:40925)
I20260710 13:26:41.163507   544 tablet_bootstrap.cc:492] T 71799c5473df465fb42cba0e35cc879e P 8eb3cf965f7148beac8e500930f49ada: No bootstrap required, opened a new log
I20260710 13:26:41.163909   544 ts_tablet_manager.cc:1403] T 71799c5473df465fb42cba0e35cc879e P 8eb3cf965f7148beac8e500930f49ada: Time spent bootstrapping tablet: real 0.115s	user 0.025s	sys 0.026s
I20260710 13:26:41.164517   499 tablet_service.cc:1917] Received RequestConsensusVote() RPC: tablet_id: "fcfca0e95f3b45919c59b45668f9e8ab" candidate_uuid: "a41dc8fb005b4acbac3fb11c63b5f707" candidate_term: 1 candidate_status { last_received { term: 0 index: 0 } } ignore_live_leader: false dest_uuid: "577cc9386cdc4de687240e17932d9c72" is_pre_election: true
I20260710 13:26:41.165192   499 raft_consensus.cc:2468] T fcfca0e95f3b45919c59b45668f9e8ab P 577cc9386cdc4de687240e17932d9c72 [term 0 FOLLOWER]: Leader pre-election vote request: Granting yes vote for candidate a41dc8fb005b4acbac3fb11c63b5f707 in term 0.
I20260710 13:26:41.167074   348 tablet_service.cc:1917] Received RequestConsensusVote() RPC: tablet_id: "4c15a9080d864b65b62f347d9686a308" candidate_uuid: "577cc9386cdc4de687240e17932d9c72" candidate_term: 1 candidate_status { last_received { term: 0 index: 0 } } ignore_live_leader: false dest_uuid: "a41dc8fb005b4acbac3fb11c63b5f707" is_pre_election: true
I20260710 13:26:41.167551   424 tablet_service.cc:1917] Received RequestConsensusVote() RPC: tablet_id: "4c15a9080d864b65b62f347d9686a308" candidate_uuid: "577cc9386cdc4de687240e17932d9c72" candidate_term: 1 candidate_status { last_received { term: 0 index: 0 } } ignore_live_leader: false dest_uuid: "8eb3cf965f7148beac8e500930f49ada" is_pre_election: true
I20260710 13:26:41.167639   348 raft_consensus.cc:2468] T 4c15a9080d864b65b62f347d9686a308 P a41dc8fb005b4acbac3fb11c63b5f707 [term 0 FOLLOWER]: Leader pre-election vote request: Granting yes vote for candidate 577cc9386cdc4de687240e17932d9c72 in term 0.
I20260710 13:26:41.168344   425 tablet_service.cc:1917] Received RequestConsensusVote() RPC: tablet_id: "fcfca0e95f3b45919c59b45668f9e8ab" candidate_uuid: "a41dc8fb005b4acbac3fb11c63b5f707" candidate_term: 1 candidate_status { last_received { term: 0 index: 0 } } ignore_live_leader: false dest_uuid: "8eb3cf965f7148beac8e500930f49ada" is_pre_election: true
I20260710 13:26:41.168905   313 leader_election.cc:304] T fcfca0e95f3b45919c59b45668f9e8ab P a41dc8fb005b4acbac3fb11c63b5f707 [CANDIDATE]: Term 1 pre-election: Election decided. Result: candidate won. Election summary: received 2 responses out of 3 voters: 2 yes votes; 0 no votes. yes voters: 577cc9386cdc4de687240e17932d9c72, a41dc8fb005b4acbac3fb11c63b5f707; no voters: 
I20260710 13:26:41.169606   573 raft_consensus.cc:2804] T fcfca0e95f3b45919c59b45668f9e8ab P a41dc8fb005b4acbac3fb11c63b5f707 [term 0 FOLLOWER]: Leader pre-election won for term 1
I20260710 13:26:41.169772   542 ts_tablet_manager.cc:1434] T fcfca0e95f3b45919c59b45668f9e8ab P a41dc8fb005b4acbac3fb11c63b5f707: Time spent starting tablet: real 0.028s	user 0.007s	sys 0.000s
I20260710 13:26:41.169967   573 raft_consensus.cc:493] T fcfca0e95f3b45919c59b45668f9e8ab P a41dc8fb005b4acbac3fb11c63b5f707 [term 0 FOLLOWER]: Starting leader election (no leader contacted us within the election timeout)
I20260710 13:26:41.170295   573 raft_consensus.cc:3060] T fcfca0e95f3b45919c59b45668f9e8ab P a41dc8fb005b4acbac3fb11c63b5f707 [term 0 FOLLOWER]: Advancing to term 1
I20260710 13:26:41.170724   542 tablet_bootstrap.cc:492] T e694affbc5de45c3bbf86f6972b35e6e P a41dc8fb005b4acbac3fb11c63b5f707: Bootstrap starting.
I20260710 13:26:41.171445   424 tablet_service.cc:1917] Received RequestConsensusVote() RPC: tablet_id: "e694affbc5de45c3bbf86f6972b35e6e" candidate_uuid: "577cc9386cdc4de687240e17932d9c72" candidate_term: 1 candidate_status { last_received { term: 0 index: 0 } } ignore_live_leader: false dest_uuid: "8eb3cf965f7148beac8e500930f49ada" is_pre_election: true
I20260710 13:26:41.172020   424 raft_consensus.cc:2468] T e694affbc5de45c3bbf86f6972b35e6e P 8eb3cf965f7148beac8e500930f49ada [term 0 FOLLOWER]: Leader pre-election vote request: Granting yes vote for candidate 577cc9386cdc4de687240e17932d9c72 in term 0.
I20260710 13:26:41.174055   543 ts_tablet_manager.cc:1434] T fcfca0e95f3b45919c59b45668f9e8ab P 577cc9386cdc4de687240e17932d9c72: Time spent starting tablet: real 0.050s	user 0.006s	sys 0.000s
I20260710 13:26:41.169193   549 leader_election.cc:290] T 4f7cfb070b124349af8611fd719168ea P 577cc9386cdc4de687240e17932d9c72 [CANDIDATE]: Term 1 election: Requested vote from peers a41dc8fb005b4acbac3fb11c63b5f707 (127.31.234.193:46425), 8eb3cf965f7148beac8e500930f49ada (127.31.234.194:35371)
I20260710 13:26:41.175814   543 tablet_bootstrap.cc:492] T 819ef77e20d14c04abbb6b70040762e7 P 577cc9386cdc4de687240e17932d9c72: Bootstrap starting.
I20260710 13:26:41.172772   348 tablet_service.cc:1917] Received RequestConsensusVote() RPC: tablet_id: "e694affbc5de45c3bbf86f6972b35e6e" candidate_uuid: "577cc9386cdc4de687240e17932d9c72" candidate_term: 1 candidate_status { last_received { term: 0 index: 0 } } ignore_live_leader: false dest_uuid: "a41dc8fb005b4acbac3fb11c63b5f707" is_pre_election: true
I20260710 13:26:41.177672   544 raft_consensus.cc:359] T 71799c5473df465fb42cba0e35cc879e P 8eb3cf965f7148beac8e500930f49ada [term 0 FOLLOWER]: Replica starting. Triggering 0 pending ops. Active config: opid_index: -1 OBSOLETE_local: false peers { permanent_uuid: "a41dc8fb005b4acbac3fb11c63b5f707" member_type: VOTER last_known_addr { host: "127.31.234.193" port: 46425 } } peers { permanent_uuid: "8eb3cf965f7148beac8e500930f49ada" member_type: VOTER last_known_addr { host: "127.31.234.194" port: 35371 } } peers { permanent_uuid: "577cc9386cdc4de687240e17932d9c72" member_type: VOTER last_known_addr { host: "127.31.234.195" port: 40925 } }
I20260710 13:26:41.178284   544 raft_consensus.cc:385] T 71799c5473df465fb42cba0e35cc879e P 8eb3cf965f7148beac8e500930f49ada [term 0 FOLLOWER]: Consensus starting up: Expiring failure detector timer to make a prompt election more likely
I20260710 13:26:41.178546   544 raft_consensus.cc:740] T 71799c5473df465fb42cba0e35cc879e P 8eb3cf965f7148beac8e500930f49ada [term 0 FOLLOWER]: Becoming Follower/Learner. State: Replica: 8eb3cf965f7148beac8e500930f49ada, State: Initialized, Role: FOLLOWER
I20260710 13:26:41.168905   425 raft_consensus.cc:2468] T fcfca0e95f3b45919c59b45668f9e8ab P 8eb3cf965f7148beac8e500930f49ada [term 0 FOLLOWER]: Leader pre-election vote request: Granting yes vote for candidate a41dc8fb005b4acbac3fb11c63b5f707 in term 0.
I20260710 13:26:41.179154   544 consensus_queue.cc:260] T 71799c5473df465fb42cba0e35cc879e P 8eb3cf965f7148beac8e500930f49ada [NON_LEADER]: Queue going to NON_LEADER mode. State: All replicated index: 0, Majority replicated index: 0, Committed index: 0, Last appended: 0.0, Last appended by leader: 0, Current term: 0, Majority size: -1, State: 0, Mode: NON_LEADER, active raft config: opid_index: -1 OBSOLETE_local: false peers { permanent_uuid: "a41dc8fb005b4acbac3fb11c63b5f707" member_type: VOTER last_known_addr { host: "127.31.234.193" port: 46425 } } peers { permanent_uuid: "8eb3cf965f7148beac8e500930f49ada" member_type: VOTER last_known_addr { host: "127.31.234.194" port: 35371 } } peers { permanent_uuid: "577cc9386cdc4de687240e17932d9c72" member_type: VOTER last_known_addr { host: "127.31.234.195" port: 40925 } }
I20260710 13:26:41.180830   573 raft_consensus.cc:515] T fcfca0e95f3b45919c59b45668f9e8ab P a41dc8fb005b4acbac3fb11c63b5f707 [term 1 FOLLOWER]: Starting leader election with config: opid_index: -1 OBSOLETE_local: false peers { permanent_uuid: "a41dc8fb005b4acbac3fb11c63b5f707" member_type: VOTER last_known_addr { host: "127.31.234.193" port: 46425 } } peers { permanent_uuid: "8eb3cf965f7148beac8e500930f49ada" member_type: VOTER last_known_addr { host: "127.31.234.194" port: 35371 } } peers { permanent_uuid: "577cc9386cdc4de687240e17932d9c72" member_type: VOTER last_known_addr { host: "127.31.234.195" port: 40925 } }
I20260710 13:26:41.181293   544 ts_tablet_manager.cc:1434] T 71799c5473df465fb42cba0e35cc879e P 8eb3cf965f7148beac8e500930f49ada: Time spent starting tablet: real 0.017s	user 0.005s	sys 0.000s
I20260710 13:26:41.182101   544 tablet_bootstrap.cc:492] T 4c15a9080d864b65b62f347d9686a308 P 8eb3cf965f7148beac8e500930f49ada: Bootstrap starting.
I20260710 13:26:41.182660   573 leader_election.cc:290] T fcfca0e95f3b45919c59b45668f9e8ab P a41dc8fb005b4acbac3fb11c63b5f707 [CANDIDATE]: Term 1 election: Requested vote from peers 8eb3cf965f7148beac8e500930f49ada (127.31.234.194:35371), 577cc9386cdc4de687240e17932d9c72 (127.31.234.195:40925)
I20260710 13:26:41.183624   499 tablet_service.cc:1917] Received RequestConsensusVote() RPC: tablet_id: "fcfca0e95f3b45919c59b45668f9e8ab" candidate_uuid: "a41dc8fb005b4acbac3fb11c63b5f707" candidate_term: 1 candidate_status { last_received { term: 0 index: 0 } } ignore_live_leader: false dest_uuid: "577cc9386cdc4de687240e17932d9c72"
I20260710 13:26:41.184806   499 raft_consensus.cc:3060] T fcfca0e95f3b45919c59b45668f9e8ab P 577cc9386cdc4de687240e17932d9c72 [term 0 FOLLOWER]: Advancing to term 1
I20260710 13:26:41.184994   463 leader_election.cc:304] T de6a4d3915714b01a14a5716e5dc1a73 P 577cc9386cdc4de687240e17932d9c72 [CANDIDATE]: Term 1 election: Election decided. Result: candidate won. Election summary: received 2 responses out of 3 voters: 2 yes votes; 0 no votes. yes voters: 577cc9386cdc4de687240e17932d9c72, 8eb3cf965f7148beac8e500930f49ada; no voters: 
I20260710 13:26:41.187179   348 tablet_service.cc:1917] Received RequestConsensusVote() RPC: tablet_id: "4f7cfb070b124349af8611fd719168ea" candidate_uuid: "577cc9386cdc4de687240e17932d9c72" candidate_term: 1 candidate_status { last_received { term: 0 index: 0 } } ignore_live_leader: false dest_uuid: "a41dc8fb005b4acbac3fb11c63b5f707"
W20260710 13:26:41.187575   463 leader_election.cc:343] T 4c15a9080d864b65b62f347d9686a308 P 577cc9386cdc4de687240e17932d9c72 [CANDIDATE]: Term 1 pre-election: Tablet error from VoteRequest() call to peer 8eb3cf965f7148beac8e500930f49ada (127.31.234.194:35371): Illegal state: must be running to vote when last-logged opid is not known
I20260710 13:26:41.187704   348 raft_consensus.cc:3060] T 4f7cfb070b124349af8611fd719168ea P a41dc8fb005b4acbac3fb11c63b5f707 [term 0 FOLLOWER]: Advancing to term 1
I20260710 13:26:41.188251   463 leader_election.cc:304] T e694affbc5de45c3bbf86f6972b35e6e P 577cc9386cdc4de687240e17932d9c72 [CANDIDATE]: Term 1 pre-election: Election decided. Result: candidate won. Election summary: received 2 responses out of 3 voters: 2 yes votes; 0 no votes. yes voters: 577cc9386cdc4de687240e17932d9c72, 8eb3cf965f7148beac8e500930f49ada; no voters: 
I20260710 13:26:41.188472   549 raft_consensus.cc:2804] T de6a4d3915714b01a14a5716e5dc1a73 P 577cc9386cdc4de687240e17932d9c72 [term 1 FOLLOWER]: Leader election won for term 1
I20260710 13:26:41.192963   549 raft_consensus.cc:697] T de6a4d3915714b01a14a5716e5dc1a73 P 577cc9386cdc4de687240e17932d9c72 [term 1 LEADER]: Becoming Leader. State: Replica: 577cc9386cdc4de687240e17932d9c72, State: Running, Role: LEADER
I20260710 13:26:41.193931   549 consensus_queue.cc:237] T de6a4d3915714b01a14a5716e5dc1a73 P 577cc9386cdc4de687240e17932d9c72 [LEADER]: Queue going to LEADER mode. State: All replicated index: 0, Majority replicated index: 0, Committed index: 0, Last appended: 0.0, Last appended by leader: 0, Current term: 1, Majority size: 2, State: 0, Mode: LEADER, active raft config: opid_index: -1 OBSOLETE_local: false peers { permanent_uuid: "a41dc8fb005b4acbac3fb11c63b5f707" member_type: VOTER last_known_addr { host: "127.31.234.193" port: 46425 } } peers { permanent_uuid: "8eb3cf965f7148beac8e500930f49ada" member_type: VOTER last_known_addr { host: "127.31.234.194" port: 35371 } } peers { permanent_uuid: "577cc9386cdc4de687240e17932d9c72" member_type: VOTER last_known_addr { host: "127.31.234.195" port: 40925 } }
I20260710 13:26:41.194976   582 raft_consensus.cc:2804] T e694affbc5de45c3bbf86f6972b35e6e P 577cc9386cdc4de687240e17932d9c72 [term 0 FOLLOWER]: Leader pre-election won for term 1
I20260710 13:26:41.196698   582 raft_consensus.cc:493] T e694affbc5de45c3bbf86f6972b35e6e P 577cc9386cdc4de687240e17932d9c72 [term 0 FOLLOWER]: Starting leader election (no leader contacted us within the election timeout)
I20260710 13:26:41.184930   425 tablet_service.cc:1917] Received RequestConsensusVote() RPC: tablet_id: "fcfca0e95f3b45919c59b45668f9e8ab" candidate_uuid: "a41dc8fb005b4acbac3fb11c63b5f707" candidate_term: 1 candidate_status { last_received { term: 0 index: 0 } } ignore_live_leader: false dest_uuid: "8eb3cf965f7148beac8e500930f49ada"
I20260710 13:26:41.197063   582 raft_consensus.cc:3060] T e694affbc5de45c3bbf86f6972b35e6e P 577cc9386cdc4de687240e17932d9c72 [term 0 FOLLOWER]: Advancing to term 1
I20260710 13:26:41.198954   348 raft_consensus.cc:2468] T 4f7cfb070b124349af8611fd719168ea P a41dc8fb005b4acbac3fb11c63b5f707 [term 1 FOLLOWER]: Leader election vote request: Granting yes vote for candidate 577cc9386cdc4de687240e17932d9c72 in term 1.
I20260710 13:26:41.199585   499 raft_consensus.cc:2468] T fcfca0e95f3b45919c59b45668f9e8ab P 577cc9386cdc4de687240e17932d9c72 [term 1 FOLLOWER]: Leader election vote request: Granting yes vote for candidate a41dc8fb005b4acbac3fb11c63b5f707 in term 1.
I20260710 13:26:41.202565   313 leader_election.cc:304] T fcfca0e95f3b45919c59b45668f9e8ab P a41dc8fb005b4acbac3fb11c63b5f707 [CANDIDATE]: Term 1 election: Election decided. Result: candidate won. Election summary: received 2 responses out of 3 voters: 2 yes votes; 0 no votes. yes voters: 577cc9386cdc4de687240e17932d9c72, a41dc8fb005b4acbac3fb11c63b5f707; no voters: 
I20260710 13:26:41.203403   573 raft_consensus.cc:2804] T fcfca0e95f3b45919c59b45668f9e8ab P a41dc8fb005b4acbac3fb11c63b5f707 [term 1 FOLLOWER]: Leader election won for term 1
I20260710 13:26:41.203873   573 raft_consensus.cc:697] T fcfca0e95f3b45919c59b45668f9e8ab P a41dc8fb005b4acbac3fb11c63b5f707 [term 1 LEADER]: Becoming Leader. State: Replica: a41dc8fb005b4acbac3fb11c63b5f707, State: Running, Role: LEADER
I20260710 13:26:41.194314   463 leader_election.cc:304] T 4c15a9080d864b65b62f347d9686a308 P 577cc9386cdc4de687240e17932d9c72 [CANDIDATE]: Term 1 pre-election: Election decided. Result: candidate won. Election summary: received 3 responses out of 3 voters: 2 yes votes; 1 no votes. yes voters: 577cc9386cdc4de687240e17932d9c72, a41dc8fb005b4acbac3fb11c63b5f707; no voters: 8eb3cf965f7148beac8e500930f49ada
I20260710 13:26:41.206804   544 tablet_bootstrap.cc:654] T 4c15a9080d864b65b62f347d9686a308 P 8eb3cf965f7148beac8e500930f49ada: Neither blocks nor log segments found. Creating new log.
I20260710 13:26:41.201025   425 raft_consensus.cc:3060] T fcfca0e95f3b45919c59b45668f9e8ab P 8eb3cf965f7148beac8e500930f49ada [term 0 FOLLOWER]: Advancing to term 1
I20260710 13:26:41.208458   573 consensus_queue.cc:237] T fcfca0e95f3b45919c59b45668f9e8ab P a41dc8fb005b4acbac3fb11c63b5f707 [LEADER]: Queue going to LEADER mode. State: All replicated index: 0, Majority replicated index: 0, Committed index: 0, Last appended: 0.0, Last appended by leader: 0, Current term: 1, Majority size: 2, State: 0, Mode: LEADER, active raft config: opid_index: -1 OBSOLETE_local: false peers { permanent_uuid: "a41dc8fb005b4acbac3fb11c63b5f707" member_type: VOTER last_known_addr { host: "127.31.234.193" port: 46425 } } peers { permanent_uuid: "8eb3cf965f7148beac8e500930f49ada" member_type: VOTER last_known_addr { host: "127.31.234.194" port: 35371 } } peers { permanent_uuid: "577cc9386cdc4de687240e17932d9c72" member_type: VOTER last_known_addr { host: "127.31.234.195" port: 40925 } }
I20260710 13:26:41.219455   587 raft_consensus.cc:2804] T 4c15a9080d864b65b62f347d9686a308 P 577cc9386cdc4de687240e17932d9c72 [term 0 FOLLOWER]: Leader pre-election won for term 1
I20260710 13:26:41.220294   587 raft_consensus.cc:493] T 4c15a9080d864b65b62f347d9686a308 P 577cc9386cdc4de687240e17932d9c72 [term 0 FOLLOWER]: Starting leader election (no leader contacted us within the election timeout)
W20260710 13:26:41.220669   463 leader_election.cc:343] T e694affbc5de45c3bbf86f6972b35e6e P 577cc9386cdc4de687240e17932d9c72 [CANDIDATE]: Term 1 pre-election: Tablet error from VoteRequest() call to peer a41dc8fb005b4acbac3fb11c63b5f707 (127.31.234.193:46425): Illegal state: must be running to vote when last-logged opid is not known
I20260710 13:26:41.221690   463 leader_election.cc:304] T 4f7cfb070b124349af8611fd719168ea P 577cc9386cdc4de687240e17932d9c72 [CANDIDATE]: Term 1 election: Election decided. Result: candidate won. Election summary: received 2 responses out of 3 voters: 2 yes votes; 0 no votes. yes voters: 577cc9386cdc4de687240e17932d9c72, a41dc8fb005b4acbac3fb11c63b5f707; no voters: 
I20260710 13:26:41.220629   587 raft_consensus.cc:3060] T 4c15a9080d864b65b62f347d9686a308 P 577cc9386cdc4de687240e17932d9c72 [term 0 FOLLOWER]: Advancing to term 1
I20260710 13:26:41.208025   582 raft_consensus.cc:515] T e694affbc5de45c3bbf86f6972b35e6e P 577cc9386cdc4de687240e17932d9c72 [term 1 FOLLOWER]: Starting leader election with config: opid_index: -1 OBSOLETE_local: false peers { permanent_uuid: "a41dc8fb005b4acbac3fb11c63b5f707" member_type: VOTER last_known_addr { host: "127.31.234.193" port: 46425 } } peers { permanent_uuid: "8eb3cf965f7148beac8e500930f49ada" member_type: VOTER last_known_addr { host: "127.31.234.194" port: 35371 } } peers { permanent_uuid: "577cc9386cdc4de687240e17932d9c72" member_type: VOTER last_known_addr { host: "127.31.234.195" port: 40925 } }
I20260710 13:26:41.232887   582 leader_election.cc:290] T e694affbc5de45c3bbf86f6972b35e6e P 577cc9386cdc4de687240e17932d9c72 [CANDIDATE]: Term 1 election: Requested vote from peers a41dc8fb005b4acbac3fb11c63b5f707 (127.31.234.193:46425), 8eb3cf965f7148beac8e500930f49ada (127.31.234.194:35371)
I20260710 13:26:41.236652   587 raft_consensus.cc:515] T 4c15a9080d864b65b62f347d9686a308 P 577cc9386cdc4de687240e17932d9c72 [term 1 FOLLOWER]: Starting leader election with config: opid_index: -1 OBSOLETE_local: false peers { permanent_uuid: "a41dc8fb005b4acbac3fb11c63b5f707" member_type: VOTER last_known_addr { host: "127.31.234.193" port: 46425 } } peers { permanent_uuid: "8eb3cf965f7148beac8e500930f49ada" member_type: VOTER last_known_addr { host: "127.31.234.194" port: 35371 } } peers { permanent_uuid: "577cc9386cdc4de687240e17932d9c72" member_type: VOTER last_known_addr { host: "127.31.234.195" port: 40925 } }
I20260710 13:26:41.236462 32713 catalog_manager.cc:5697] T 819ef77e20d14c04abbb6b70040762e7 P a41dc8fb005b4acbac3fb11c63b5f707 reported cstate change: term changed from 0 to 1, leader changed from <none> to a41dc8fb005b4acbac3fb11c63b5f707 (127.31.234.193). New cstate: current_term: 1 leader_uuid: "a41dc8fb005b4acbac3fb11c63b5f707" committed_config { opid_index: -1 OBSOLETE_local: false peers { permanent_uuid: "a41dc8fb005b4acbac3fb11c63b5f707" member_type: VOTER last_known_addr { host: "127.31.234.193" port: 46425 } health_report { overall_health: HEALTHY } } peers { permanent_uuid: "8eb3cf965f7148beac8e500930f49ada" member_type: VOTER last_known_addr { host: "127.31.234.194" port: 35371 } health_report { overall_health: UNKNOWN } } peers { permanent_uuid: "577cc9386cdc4de687240e17932d9c72" member_type: VOTER last_known_addr { host: "127.31.234.195" port: 40925 } health_report { overall_health: UNKNOWN } } }
I20260710 13:26:41.238499   587 leader_election.cc:290] T 4c15a9080d864b65b62f347d9686a308 P 577cc9386cdc4de687240e17932d9c72 [CANDIDATE]: Term 1 election: Requested vote from peers a41dc8fb005b4acbac3fb11c63b5f707 (127.31.234.193:46425), 8eb3cf965f7148beac8e500930f49ada (127.31.234.194:35371)
I20260710 13:26:41.238233 32713 catalog_manager.cc:5697] T 71799c5473df465fb42cba0e35cc879e P a41dc8fb005b4acbac3fb11c63b5f707 reported cstate change: term changed from 0 to 1, leader changed from <none> to a41dc8fb005b4acbac3fb11c63b5f707 (127.31.234.193). New cstate: current_term: 1 leader_uuid: "a41dc8fb005b4acbac3fb11c63b5f707" committed_config { opid_index: -1 OBSOLETE_local: false peers { permanent_uuid: "a41dc8fb005b4acbac3fb11c63b5f707" member_type: VOTER last_known_addr { host: "127.31.234.193" port: 46425 } health_report { overall_health: HEALTHY } } peers { permanent_uuid: "8eb3cf965f7148beac8e500930f49ada" member_type: VOTER last_known_addr { host: "127.31.234.194" port: 35371 } health_report { overall_health: UNKNOWN } } peers { permanent_uuid: "577cc9386cdc4de687240e17932d9c72" member_type: VOTER last_known_addr { host: "127.31.234.195" port: 40925 } health_report { overall_health: UNKNOWN } } }
I20260710 13:26:41.239049   587 raft_consensus.cc:2804] T 4f7cfb070b124349af8611fd719168ea P 577cc9386cdc4de687240e17932d9c72 [term 1 FOLLOWER]: Leader election won for term 1
I20260710 13:26:41.241609   587 raft_consensus.cc:697] T 4f7cfb070b124349af8611fd719168ea P 577cc9386cdc4de687240e17932d9c72 [term 1 LEADER]: Becoming Leader. State: Replica: 577cc9386cdc4de687240e17932d9c72, State: Running, Role: LEADER
I20260710 13:26:41.242933 32713 catalog_manager.cc:5697] T fcfca0e95f3b45919c59b45668f9e8ab P a41dc8fb005b4acbac3fb11c63b5f707 reported cstate change: term changed from 0 to 1, leader changed from <none> to a41dc8fb005b4acbac3fb11c63b5f707 (127.31.234.193). New cstate: current_term: 1 leader_uuid: "a41dc8fb005b4acbac3fb11c63b5f707" committed_config { opid_index: -1 OBSOLETE_local: false peers { permanent_uuid: "a41dc8fb005b4acbac3fb11c63b5f707" member_type: VOTER last_known_addr { host: "127.31.234.193" port: 46425 } health_report { overall_health: HEALTHY } } peers { permanent_uuid: "8eb3cf965f7148beac8e500930f49ada" member_type: VOTER last_known_addr { host: "127.31.234.194" port: 35371 } health_report { overall_health: UNKNOWN } } peers { permanent_uuid: "577cc9386cdc4de687240e17932d9c72" member_type: VOTER last_known_addr { host: "127.31.234.195" port: 40925 } health_report { overall_health: UNKNOWN } } }
I20260710 13:26:41.243220   587 consensus_queue.cc:237] T 4f7cfb070b124349af8611fd719168ea P 577cc9386cdc4de687240e17932d9c72 [LEADER]: Queue going to LEADER mode. State: All replicated index: 0, Majority replicated index: 0, Committed index: 0, Last appended: 0.0, Last appended by leader: 0, Current term: 1, Majority size: 2, State: 0, Mode: LEADER, active raft config: opid_index: -1 OBSOLETE_local: false peers { permanent_uuid: "a41dc8fb005b4acbac3fb11c63b5f707" member_type: VOTER last_known_addr { host: "127.31.234.193" port: 46425 } } peers { permanent_uuid: "8eb3cf965f7148beac8e500930f49ada" member_type: VOTER last_known_addr { host: "127.31.234.194" port: 35371 } } peers { permanent_uuid: "577cc9386cdc4de687240e17932d9c72" member_type: VOTER last_known_addr { host: "127.31.234.195" port: 40925 } }
I20260710 13:26:41.248878   424 tablet_service.cc:1917] Received RequestConsensusVote() RPC: tablet_id: "4f7cfb070b124349af8611fd719168ea" candidate_uuid: "577cc9386cdc4de687240e17932d9c72" candidate_term: 1 candidate_status { last_received { term: 0 index: 0 } } ignore_live_leader: false dest_uuid: "8eb3cf965f7148beac8e500930f49ada"
I20260710 13:26:41.249415   424 raft_consensus.cc:3060] T 4f7cfb070b124349af8611fd719168ea P 8eb3cf965f7148beac8e500930f49ada [term 0 FOLLOWER]: Advancing to term 1
I20260710 13:26:41.251909   348 tablet_service.cc:1917] Received RequestConsensusVote() RPC: tablet_id: "e694affbc5de45c3bbf86f6972b35e6e" candidate_uuid: "577cc9386cdc4de687240e17932d9c72" candidate_term: 1 candidate_status { last_received { term: 0 index: 0 } } ignore_live_leader: false dest_uuid: "a41dc8fb005b4acbac3fb11c63b5f707"
I20260710 13:26:41.254089   423 tablet_service.cc:1917] Received RequestConsensusVote() RPC: tablet_id: "e694affbc5de45c3bbf86f6972b35e6e" candidate_uuid: "577cc9386cdc4de687240e17932d9c72" candidate_term: 1 candidate_status { last_received { term: 0 index: 0 } } ignore_live_leader: false dest_uuid: "8eb3cf965f7148beac8e500930f49ada"
I20260710 13:26:41.256438   425 raft_consensus.cc:2468] T fcfca0e95f3b45919c59b45668f9e8ab P 8eb3cf965f7148beac8e500930f49ada [term 1 FOLLOWER]: Leader election vote request: Granting yes vote for candidate a41dc8fb005b4acbac3fb11c63b5f707 in term 1.
I20260710 13:26:41.254683   423 raft_consensus.cc:3060] T e694affbc5de45c3bbf86f6972b35e6e P 8eb3cf965f7148beac8e500930f49ada [term 0 FOLLOWER]: Advancing to term 1
I20260710 13:26:41.251248 32714 catalog_manager.cc:5697] T de6a4d3915714b01a14a5716e5dc1a73 P 577cc9386cdc4de687240e17932d9c72 reported cstate change: term changed from 0 to 1, leader changed from <none> to 577cc9386cdc4de687240e17932d9c72 (127.31.234.195). New cstate: current_term: 1 leader_uuid: "577cc9386cdc4de687240e17932d9c72" committed_config { opid_index: -1 OBSOLETE_local: false peers { permanent_uuid: "a41dc8fb005b4acbac3fb11c63b5f707" member_type: VOTER last_known_addr { host: "127.31.234.193" port: 46425 } health_report { overall_health: UNKNOWN } } peers { permanent_uuid: "8eb3cf965f7148beac8e500930f49ada" member_type: VOTER last_known_addr { host: "127.31.234.194" port: 35371 } health_report { overall_health: UNKNOWN } } peers { permanent_uuid: "577cc9386cdc4de687240e17932d9c72" member_type: VOTER last_known_addr { host: "127.31.234.195" port: 40925 } health_report { overall_health: HEALTHY } } }
I20260710 13:26:41.266134   348 tablet_service.cc:1917] Received RequestConsensusVote() RPC: tablet_id: "4c15a9080d864b65b62f347d9686a308" candidate_uuid: "577cc9386cdc4de687240e17932d9c72" candidate_term: 1 candidate_status { last_received { term: 0 index: 0 } } ignore_live_leader: false dest_uuid: "a41dc8fb005b4acbac3fb11c63b5f707"
I20260710 13:26:41.266680   348 raft_consensus.cc:3060] T 4c15a9080d864b65b62f347d9686a308 P a41dc8fb005b4acbac3fb11c63b5f707 [term 0 FOLLOWER]: Advancing to term 1
I20260710 13:26:41.267688   543 tablet_bootstrap.cc:654] T 819ef77e20d14c04abbb6b70040762e7 P 577cc9386cdc4de687240e17932d9c72: Neither blocks nor log segments found. Creating new log.
I20260710 13:26:41.270416   544 tablet_bootstrap.cc:492] T 4c15a9080d864b65b62f347d9686a308 P 8eb3cf965f7148beac8e500930f49ada: No bootstrap required, opened a new log
I20260710 13:26:41.270766   544 ts_tablet_manager.cc:1403] T 4c15a9080d864b65b62f347d9686a308 P 8eb3cf965f7148beac8e500930f49ada: Time spent bootstrapping tablet: real 0.089s	user 0.008s	sys 0.006s
W20260710 13:26:41.272019   463 leader_election.cc:343] T e694affbc5de45c3bbf86f6972b35e6e P 577cc9386cdc4de687240e17932d9c72 [CANDIDATE]: Term 1 election: Tablet error from VoteRequest() call to peer a41dc8fb005b4acbac3fb11c63b5f707 (127.31.234.193:46425): Illegal state: must be running to vote when last-logged opid is not known
I20260710 13:26:41.288774   425 tablet_service.cc:1917] Received RequestConsensusVote() RPC: tablet_id: "4c15a9080d864b65b62f347d9686a308" candidate_uuid: "577cc9386cdc4de687240e17932d9c72" candidate_term: 1 candidate_status { last_received { term: 0 index: 0 } } ignore_live_leader: false dest_uuid: "8eb3cf965f7148beac8e500930f49ada"
W20260710 13:26:41.290206   463 leader_election.cc:343] T 4c15a9080d864b65b62f347d9686a308 P 577cc9386cdc4de687240e17932d9c72 [CANDIDATE]: Term 1 election: Tablet error from VoteRequest() call to peer 8eb3cf965f7148beac8e500930f49ada (127.31.234.194:35371): Illegal state: must be running to vote when last-logged opid is not known
I20260710 13:26:41.290563   542 tablet_bootstrap.cc:654] T e694affbc5de45c3bbf86f6972b35e6e P a41dc8fb005b4acbac3fb11c63b5f707: Neither blocks nor log segments found. Creating new log.
I20260710 13:26:41.291222   544 raft_consensus.cc:359] T 4c15a9080d864b65b62f347d9686a308 P 8eb3cf965f7148beac8e500930f49ada [term 0 FOLLOWER]: Replica starting. Triggering 0 pending ops. Active config: opid_index: -1 OBSOLETE_local: false peers { permanent_uuid: "a41dc8fb005b4acbac3fb11c63b5f707" member_type: VOTER last_known_addr { host: "127.31.234.193" port: 46425 } } peers { permanent_uuid: "8eb3cf965f7148beac8e500930f49ada" member_type: VOTER last_known_addr { host: "127.31.234.194" port: 35371 } } peers { permanent_uuid: "577cc9386cdc4de687240e17932d9c72" member_type: VOTER last_known_addr { host: "127.31.234.195" port: 40925 } }
I20260710 13:26:41.292819   544 raft_consensus.cc:385] T 4c15a9080d864b65b62f347d9686a308 P 8eb3cf965f7148beac8e500930f49ada [term 0 FOLLOWER]: Consensus starting up: Expiring failure detector timer to make a prompt election more likely
I20260710 13:26:41.293030   544 raft_consensus.cc:740] T 4c15a9080d864b65b62f347d9686a308 P 8eb3cf965f7148beac8e500930f49ada [term 0 FOLLOWER]: Becoming Follower/Learner. State: Replica: 8eb3cf965f7148beac8e500930f49ada, State: Initialized, Role: FOLLOWER
I20260710 13:26:41.293764   544 consensus_queue.cc:260] T 4c15a9080d864b65b62f347d9686a308 P 8eb3cf965f7148beac8e500930f49ada [NON_LEADER]: Queue going to NON_LEADER mode. State: All replicated index: 0, Majority replicated index: 0, Committed index: 0, Last appended: 0.0, Last appended by leader: 0, Current term: 0, Majority size: -1, State: 0, Mode: NON_LEADER, active raft config: opid_index: -1 OBSOLETE_local: false peers { permanent_uuid: "a41dc8fb005b4acbac3fb11c63b5f707" member_type: VOTER last_known_addr { host: "127.31.234.193" port: 46425 } } peers { permanent_uuid: "8eb3cf965f7148beac8e500930f49ada" member_type: VOTER last_known_addr { host: "127.31.234.194" port: 35371 } } peers { permanent_uuid: "577cc9386cdc4de687240e17932d9c72" member_type: VOTER last_known_addr { host: "127.31.234.195" port: 40925 } }
I20260710 13:26:41.295991   544 ts_tablet_manager.cc:1434] T 4c15a9080d864b65b62f347d9686a308 P 8eb3cf965f7148beac8e500930f49ada: Time spent starting tablet: real 0.025s	user 0.004s	sys 0.007s
I20260710 13:26:41.290407   348 raft_consensus.cc:2468] T 4c15a9080d864b65b62f347d9686a308 P a41dc8fb005b4acbac3fb11c63b5f707 [term 1 FOLLOWER]: Leader election vote request: Granting yes vote for candidate 577cc9386cdc4de687240e17932d9c72 in term 1.
I20260710 13:26:41.300828   463 leader_election.cc:304] T 4c15a9080d864b65b62f347d9686a308 P 577cc9386cdc4de687240e17932d9c72 [CANDIDATE]: Term 1 election: Election decided. Result: candidate won. Election summary: received 3 responses out of 3 voters: 2 yes votes; 1 no votes. yes voters: 577cc9386cdc4de687240e17932d9c72, a41dc8fb005b4acbac3fb11c63b5f707; no voters: 8eb3cf965f7148beac8e500930f49ada
I20260710 13:26:41.301641   424 raft_consensus.cc:2468] T 4f7cfb070b124349af8611fd719168ea P 8eb3cf965f7148beac8e500930f49ada [term 1 FOLLOWER]: Leader election vote request: Granting yes vote for candidate 577cc9386cdc4de687240e17932d9c72 in term 1.
I20260710 13:26:41.301844   587 raft_consensus.cc:2804] T 4c15a9080d864b65b62f347d9686a308 P 577cc9386cdc4de687240e17932d9c72 [term 1 FOLLOWER]: Leader election won for term 1
I20260710 13:26:41.299226   423 raft_consensus.cc:2468] T e694affbc5de45c3bbf86f6972b35e6e P 8eb3cf965f7148beac8e500930f49ada [term 1 FOLLOWER]: Leader election vote request: Granting yes vote for candidate 577cc9386cdc4de687240e17932d9c72 in term 1.
I20260710 13:26:41.302305   587 raft_consensus.cc:697] T 4c15a9080d864b65b62f347d9686a308 P 577cc9386cdc4de687240e17932d9c72 [term 1 LEADER]: Becoming Leader. State: Replica: 577cc9386cdc4de687240e17932d9c72, State: Running, Role: LEADER
I20260710 13:26:41.303081   587 consensus_queue.cc:237] T 4c15a9080d864b65b62f347d9686a308 P 577cc9386cdc4de687240e17932d9c72 [LEADER]: Queue going to LEADER mode. State: All replicated index: 0, Majority replicated index: 0, Committed index: 0, Last appended: 0.0, Last appended by leader: 0, Current term: 1, Majority size: 2, State: 0, Mode: LEADER, active raft config: opid_index: -1 OBSOLETE_local: false peers { permanent_uuid: "a41dc8fb005b4acbac3fb11c63b5f707" member_type: VOTER last_known_addr { host: "127.31.234.193" port: 46425 } } peers { permanent_uuid: "8eb3cf965f7148beac8e500930f49ada" member_type: VOTER last_known_addr { host: "127.31.234.194" port: 35371 } } peers { permanent_uuid: "577cc9386cdc4de687240e17932d9c72" member_type: VOTER last_known_addr { host: "127.31.234.195" port: 40925 } }
I20260710 13:26:41.303572   463 leader_election.cc:304] T e694affbc5de45c3bbf86f6972b35e6e P 577cc9386cdc4de687240e17932d9c72 [CANDIDATE]: Term 1 election: Election decided. Result: candidate won. Election summary: received 3 responses out of 3 voters: 2 yes votes; 1 no votes. yes voters: 577cc9386cdc4de687240e17932d9c72, 8eb3cf965f7148beac8e500930f49ada; no voters: a41dc8fb005b4acbac3fb11c63b5f707
I20260710 13:26:41.306475   543 tablet_bootstrap.cc:492] T 819ef77e20d14c04abbb6b70040762e7 P 577cc9386cdc4de687240e17932d9c72: No bootstrap required, opened a new log
I20260710 13:26:41.306839   543 ts_tablet_manager.cc:1403] T 819ef77e20d14c04abbb6b70040762e7 P 577cc9386cdc4de687240e17932d9c72: Time spent bootstrapping tablet: real 0.132s	user 0.012s	sys 0.004s
I20260710 13:26:41.308707   593 raft_consensus.cc:2804] T e694affbc5de45c3bbf86f6972b35e6e P 577cc9386cdc4de687240e17932d9c72 [term 1 FOLLOWER]: Leader election won for term 1
I20260710 13:26:41.309183   593 raft_consensus.cc:697] T e694affbc5de45c3bbf86f6972b35e6e P 577cc9386cdc4de687240e17932d9c72 [term 1 LEADER]: Becoming Leader. State: Replica: 577cc9386cdc4de687240e17932d9c72, State: Running, Role: LEADER
I20260710 13:26:41.309960   593 consensus_queue.cc:237] T e694affbc5de45c3bbf86f6972b35e6e P 577cc9386cdc4de687240e17932d9c72 [LEADER]: Queue going to LEADER mode. State: All replicated index: 0, Majority replicated index: 0, Committed index: 0, Last appended: 0.0, Last appended by leader: 0, Current term: 1, Majority size: 2, State: 0, Mode: LEADER, active raft config: opid_index: -1 OBSOLETE_local: false peers { permanent_uuid: "a41dc8fb005b4acbac3fb11c63b5f707" member_type: VOTER last_known_addr { host: "127.31.234.193" port: 46425 } } peers { permanent_uuid: "8eb3cf965f7148beac8e500930f49ada" member_type: VOTER last_known_addr { host: "127.31.234.194" port: 35371 } } peers { permanent_uuid: "577cc9386cdc4de687240e17932d9c72" member_type: VOTER last_known_addr { host: "127.31.234.195" port: 40925 } }
I20260710 13:26:41.313522   542 tablet_bootstrap.cc:492] T e694affbc5de45c3bbf86f6972b35e6e P a41dc8fb005b4acbac3fb11c63b5f707: No bootstrap required, opened a new log
I20260710 13:26:41.313963   542 ts_tablet_manager.cc:1403] T e694affbc5de45c3bbf86f6972b35e6e P a41dc8fb005b4acbac3fb11c63b5f707: Time spent bootstrapping tablet: real 0.143s	user 0.013s	sys 0.000s
I20260710 13:26:41.316881   542 raft_consensus.cc:359] T e694affbc5de45c3bbf86f6972b35e6e P a41dc8fb005b4acbac3fb11c63b5f707 [term 0 FOLLOWER]: Replica starting. Triggering 0 pending ops. Active config: opid_index: -1 OBSOLETE_local: false peers { permanent_uuid: "a41dc8fb005b4acbac3fb11c63b5f707" member_type: VOTER last_known_addr { host: "127.31.234.193" port: 46425 } } peers { permanent_uuid: "8eb3cf965f7148beac8e500930f49ada" member_type: VOTER last_known_addr { host: "127.31.234.194" port: 35371 } } peers { permanent_uuid: "577cc9386cdc4de687240e17932d9c72" member_type: VOTER last_known_addr { host: "127.31.234.195" port: 40925 } }
I20260710 13:26:41.317049   543 raft_consensus.cc:359] T 819ef77e20d14c04abbb6b70040762e7 P 577cc9386cdc4de687240e17932d9c72 [term 0 FOLLOWER]: Replica starting. Triggering 0 pending ops. Active config: opid_index: -1 OBSOLETE_local: false peers { permanent_uuid: "a41dc8fb005b4acbac3fb11c63b5f707" member_type: VOTER last_known_addr { host: "127.31.234.193" port: 46425 } } peers { permanent_uuid: "8eb3cf965f7148beac8e500930f49ada" member_type: VOTER last_known_addr { host: "127.31.234.194" port: 35371 } } peers { permanent_uuid: "577cc9386cdc4de687240e17932d9c72" member_type: VOTER last_known_addr { host: "127.31.234.195" port: 40925 } }
I20260710 13:26:41.317618   542 raft_consensus.cc:385] T e694affbc5de45c3bbf86f6972b35e6e P a41dc8fb005b4acbac3fb11c63b5f707 [term 0 FOLLOWER]: Consensus starting up: Expiring failure detector timer to make a prompt election more likely
I20260710 13:26:41.317643   543 raft_consensus.cc:385] T 819ef77e20d14c04abbb6b70040762e7 P 577cc9386cdc4de687240e17932d9c72 [term 0 FOLLOWER]: Consensus starting up: Expiring failure detector timer to make a prompt election more likely
I20260710 13:26:41.318092   542 raft_consensus.cc:740] T e694affbc5de45c3bbf86f6972b35e6e P a41dc8fb005b4acbac3fb11c63b5f707 [term 0 FOLLOWER]: Becoming Follower/Learner. State: Replica: a41dc8fb005b4acbac3fb11c63b5f707, State: Initialized, Role: FOLLOWER
I20260710 13:26:41.318697   543 raft_consensus.cc:740] T 819ef77e20d14c04abbb6b70040762e7 P 577cc9386cdc4de687240e17932d9c72 [term 0 FOLLOWER]: Becoming Follower/Learner. State: Replica: 577cc9386cdc4de687240e17932d9c72, State: Initialized, Role: FOLLOWER
I20260710 13:26:41.319344   543 consensus_queue.cc:260] T 819ef77e20d14c04abbb6b70040762e7 P 577cc9386cdc4de687240e17932d9c72 [NON_LEADER]: Queue going to NON_LEADER mode. State: All replicated index: 0, Majority replicated index: 0, Committed index: 0, Last appended: 0.0, Last appended by leader: 0, Current term: 0, Majority size: -1, State: 0, Mode: NON_LEADER, active raft config: opid_index: -1 OBSOLETE_local: false peers { permanent_uuid: "a41dc8fb005b4acbac3fb11c63b5f707" member_type: VOTER last_known_addr { host: "127.31.234.193" port: 46425 } } peers { permanent_uuid: "8eb3cf965f7148beac8e500930f49ada" member_type: VOTER last_known_addr { host: "127.31.234.194" port: 35371 } } peers { permanent_uuid: "577cc9386cdc4de687240e17932d9c72" member_type: VOTER last_known_addr { host: "127.31.234.195" port: 40925 } }
I20260710 13:26:41.319428   542 consensus_queue.cc:260] T e694affbc5de45c3bbf86f6972b35e6e P a41dc8fb005b4acbac3fb11c63b5f707 [NON_LEADER]: Queue going to NON_LEADER mode. State: All replicated index: 0, Majority replicated index: 0, Committed index: 0, Last appended: 0.0, Last appended by leader: 0, Current term: 0, Majority size: -1, State: 0, Mode: NON_LEADER, active raft config: opid_index: -1 OBSOLETE_local: false peers { permanent_uuid: "a41dc8fb005b4acbac3fb11c63b5f707" member_type: VOTER last_known_addr { host: "127.31.234.193" port: 46425 } } peers { permanent_uuid: "8eb3cf965f7148beac8e500930f49ada" member_type: VOTER last_known_addr { host: "127.31.234.194" port: 35371 } } peers { permanent_uuid: "577cc9386cdc4de687240e17932d9c72" member_type: VOTER last_known_addr { host: "127.31.234.195" port: 40925 } }
I20260710 13:26:41.322243   542 ts_tablet_manager.cc:1434] T e694affbc5de45c3bbf86f6972b35e6e P a41dc8fb005b4acbac3fb11c63b5f707: Time spent starting tablet: real 0.008s	user 0.006s	sys 0.001s
I20260710 13:26:41.323103   542 tablet_bootstrap.cc:492] T 988342e28d7c48ceb6309d8458b27b88 P a41dc8fb005b4acbac3fb11c63b5f707: Bootstrap starting.
I20260710 13:26:41.339183   542 tablet_bootstrap.cc:654] T 988342e28d7c48ceb6309d8458b27b88 P a41dc8fb005b4acbac3fb11c63b5f707: Neither blocks nor log segments found. Creating new log.
I20260710 13:26:41.335273   543 ts_tablet_manager.cc:1434] T 819ef77e20d14c04abbb6b70040762e7 P 577cc9386cdc4de687240e17932d9c72: Time spent starting tablet: real 0.028s	user 0.006s	sys 0.001s
I20260710 13:26:41.343194   542 tablet_bootstrap.cc:492] T 988342e28d7c48ceb6309d8458b27b88 P a41dc8fb005b4acbac3fb11c63b5f707: No bootstrap required, opened a new log
I20260710 13:26:41.343539   542 ts_tablet_manager.cc:1403] T 988342e28d7c48ceb6309d8458b27b88 P a41dc8fb005b4acbac3fb11c63b5f707: Time spent bootstrapping tablet: real 0.021s	user 0.004s	sys 0.004s
I20260710 13:26:41.344372 32714 catalog_manager.cc:5697] T 4f7cfb070b124349af8611fd719168ea P 577cc9386cdc4de687240e17932d9c72 reported cstate change: term changed from 0 to 1, leader changed from <none> to 577cc9386cdc4de687240e17932d9c72 (127.31.234.195). New cstate: current_term: 1 leader_uuid: "577cc9386cdc4de687240e17932d9c72" committed_config { opid_index: -1 OBSOLETE_local: false peers { permanent_uuid: "a41dc8fb005b4acbac3fb11c63b5f707" member_type: VOTER last_known_addr { host: "127.31.234.193" port: 46425 } health_report { overall_health: UNKNOWN } } peers { permanent_uuid: "8eb3cf965f7148beac8e500930f49ada" member_type: VOTER last_known_addr { host: "127.31.234.194" port: 35371 } health_report { overall_health: UNKNOWN } } peers { permanent_uuid: "577cc9386cdc4de687240e17932d9c72" member_type: VOTER last_known_addr { host: "127.31.234.195" port: 40925 } health_report { overall_health: HEALTHY } } }
