I20260710 13:26:50.811411  5853 raft_consensus.cc:385] T 9b38a3ee24ff41d69bbbbdf504f0a7ef P bed77c7432684c0794bed5782b538281 [term 0 FOLLOWER]: Consensus starting up: Expiring failure detector timer to make a prompt election more likely
I20260710 13:26:50.811662  5853 raft_consensus.cc:740] T 9b38a3ee24ff41d69bbbbdf504f0a7ef P bed77c7432684c0794bed5782b538281 [term 0 FOLLOWER]: Becoming Follower/Learner. State: Replica: bed77c7432684c0794bed5782b538281, State: Initialized, Role: FOLLOWER
I20260710 13:26:50.812059  5859 leader_election.cc:290] T 1050b8c06a2740678e768911069efbe6 P bed77c7432684c0794bed5782b538281 [CANDIDATE]: Term 1 pre-election: Requested pre-vote from peers dc06b28e6b294d9fb014e828908b339f (127.4.236.129:39881), aa04ab112e774013b2a4975b526cf6fe (127.4.236.130:38323)
I20260710 13:26:50.812258  5853 consensus_queue.cc:260] T 9b38a3ee24ff41d69bbbbdf504f0a7ef P bed77c7432684c0794bed5782b538281 [NON_LEADER]: Queue going to NON_LEADER mode. State: All replicated index: 0, Majority replicated index: 0, Committed index: 0, Last appended: 0.0, Last appended by leader: 0, Current term: 0, Majority size: -1, State: 0, Mode: NON_LEADER, active raft config: opid_index: -1 OBSOLETE_local: false peers { permanent_uuid: "dc06b28e6b294d9fb014e828908b339f" member_type: VOTER last_known_addr { host: "127.4.236.129" port: 39881 } } peers { permanent_uuid: "aa04ab112e774013b2a4975b526cf6fe" member_type: VOTER last_known_addr { host: "127.4.236.130" port: 38323 } } peers { permanent_uuid: "bed77c7432684c0794bed5782b538281" member_type: VOTER last_known_addr { host: "127.4.236.131" port: 41053 } }
I20260710 13:26:50.812484  5852 consensus_queue.cc:260] T de7fee75e1f2449e97327426c729321b P aa04ab112e774013b2a4975b526cf6fe [NON_LEADER]: Queue going to NON_LEADER mode. State: All replicated index: 0, Majority replicated index: 0, Committed index: 0, Last appended: 0.0, Last appended by leader: 0, Current term: 0, Majority size: -1, State: 0, Mode: NON_LEADER, active raft config: opid_index: -1 OBSOLETE_local: false peers { permanent_uuid: "dc06b28e6b294d9fb014e828908b339f" member_type: VOTER last_known_addr { host: "127.4.236.129" port: 39881 } } peers { permanent_uuid: "aa04ab112e774013b2a4975b526cf6fe" member_type: VOTER last_known_addr { host: "127.4.236.130" port: 38323 } } peers { permanent_uuid: "bed77c7432684c0794bed5782b538281" member_type: VOTER last_known_addr { host: "127.4.236.131" port: 41053 } }
I20260710 13:26:50.814106  5853 ts_tablet_manager.cc:1434] T 9b38a3ee24ff41d69bbbbdf504f0a7ef P bed77c7432684c0794bed5782b538281: Time spent starting tablet: real 0.006s	user 0.006s	sys 0.001s
I20260710 13:26:50.814893  5853 tablet_bootstrap.cc:492] T 0d1add039587476a952d09f6be8f722e P bed77c7432684c0794bed5782b538281: Bootstrap starting.
I20260710 13:26:50.815550  5738 tablet_service.cc:1917] Received RequestConsensusVote() RPC: tablet_id: "1050b8c06a2740678e768911069efbe6" candidate_uuid: "bed77c7432684c0794bed5782b538281" candidate_term: 1 candidate_status { last_received { term: 0 index: 0 } } ignore_live_leader: false dest_uuid: "aa04ab112e774013b2a4975b526cf6fe" is_pre_election: true
I20260710 13:26:50.815981  5858 tablet_bootstrap.cc:492] T efd96794d0854ddca69ce43c37106d5e P dc06b28e6b294d9fb014e828908b339f: No bootstrap required, opened a new log
I20260710 13:26:50.816094  5852 ts_tablet_manager.cc:1434] T de7fee75e1f2449e97327426c729321b P aa04ab112e774013b2a4975b526cf6fe: Time spent starting tablet: real 0.018s	user 0.008s	sys 0.000s
I20260710 13:26:50.816463  5858 ts_tablet_manager.cc:1403] T efd96794d0854ddca69ce43c37106d5e P dc06b28e6b294d9fb014e828908b339f: Time spent bootstrapping tablet: real 0.037s	user 0.027s	sys 0.007s
I20260710 13:26:50.813937  5662 tablet_service.cc:1917] Received RequestConsensusVote() RPC: tablet_id: "1050b8c06a2740678e768911069efbe6" candidate_uuid: "bed77c7432684c0794bed5782b538281" candidate_term: 1 candidate_status { last_received { term: 0 index: 0 } } ignore_live_leader: false dest_uuid: "dc06b28e6b294d9fb014e828908b339f" is_pre_election: true
I20260710 13:26:50.817073  5662 raft_consensus.cc:2468] T 1050b8c06a2740678e768911069efbe6 P dc06b28e6b294d9fb014e828908b339f [term 0 FOLLOWER]: Leader pre-election vote request: Granting yes vote for candidate bed77c7432684c0794bed5782b538281 in term 0.
W20260710 13:26:50.817411  5777 leader_election.cc:343] T 1050b8c06a2740678e768911069efbe6 P bed77c7432684c0794bed5782b538281 [CANDIDATE]: Term 1 pre-election: Tablet error from VoteRequest() call to peer aa04ab112e774013b2a4975b526cf6fe (127.4.236.130:38323): Illegal state: must be running to vote when last-logged opid is not known
I20260710 13:26:50.818360  5778 leader_election.cc:304] T 1050b8c06a2740678e768911069efbe6 P bed77c7432684c0794bed5782b538281 [CANDIDATE]: Term 1 pre-election: Election decided. Result: candidate won. Election summary: received 3 responses out of 3 voters: 2 yes votes; 1 no votes. yes voters: bed77c7432684c0794bed5782b538281, dc06b28e6b294d9fb014e828908b339f; no voters: aa04ab112e774013b2a4975b526cf6fe
I20260710 13:26:50.819315  5858 raft_consensus.cc:359] T efd96794d0854ddca69ce43c37106d5e P dc06b28e6b294d9fb014e828908b339f [term 0 FOLLOWER]: Replica starting. Triggering 0 pending ops. Active config: opid_index: -1 OBSOLETE_local: false peers { permanent_uuid: "bed77c7432684c0794bed5782b538281" member_type: VOTER last_known_addr { host: "127.4.236.131" port: 41053 } } peers { permanent_uuid: "aa04ab112e774013b2a4975b526cf6fe" member_type: VOTER last_known_addr { host: "127.4.236.130" port: 38323 } } peers { permanent_uuid: "dc06b28e6b294d9fb014e828908b339f" member_type: VOTER last_known_addr { host: "127.4.236.129" port: 39881 } }
I20260710 13:26:50.819990  5858 raft_consensus.cc:385] T efd96794d0854ddca69ce43c37106d5e P dc06b28e6b294d9fb014e828908b339f [term 0 FOLLOWER]: Consensus starting up: Expiring failure detector timer to make a prompt election more likely
I20260710 13:26:50.820283  5858 raft_consensus.cc:740] T efd96794d0854ddca69ce43c37106d5e P dc06b28e6b294d9fb014e828908b339f [term 0 FOLLOWER]: Becoming Follower/Learner. State: Replica: dc06b28e6b294d9fb014e828908b339f, State: Initialized, Role: FOLLOWER
I20260710 13:26:50.820581  5855 raft_consensus.cc:515] T c4d70363ac8340199e20cb2500fda5e5 P bed77c7432684c0794bed5782b538281 [term 1 FOLLOWER]: Starting leader election with config: opid_index: -1 OBSOLETE_local: false peers { permanent_uuid: "dc06b28e6b294d9fb014e828908b339f" member_type: VOTER last_known_addr { host: "127.4.236.129" port: 39881 } } peers { permanent_uuid: "aa04ab112e774013b2a4975b526cf6fe" member_type: VOTER last_known_addr { host: "127.4.236.130" port: 38323 } } peers { permanent_uuid: "bed77c7432684c0794bed5782b538281" member_type: VOTER last_known_addr { host: "127.4.236.131" port: 41053 } }
I20260710 13:26:50.821098  5859 raft_consensus.cc:2804] T 1050b8c06a2740678e768911069efbe6 P bed77c7432684c0794bed5782b538281 [term 0 FOLLOWER]: Leader pre-election won for term 1
I20260710 13:26:50.821005  5858 consensus_queue.cc:260] T efd96794d0854ddca69ce43c37106d5e P dc06b28e6b294d9fb014e828908b339f [NON_LEADER]: Queue going to NON_LEADER mode. State: All replicated index: 0, Majority replicated index: 0, Committed index: 0, Last appended: 0.0, Last appended by leader: 0, Current term: 0, Majority size: -1, State: 0, Mode: NON_LEADER, active raft config: opid_index: -1 OBSOLETE_local: false peers { permanent_uuid: "bed77c7432684c0794bed5782b538281" member_type: VOTER last_known_addr { host: "127.4.236.131" port: 41053 } } peers { permanent_uuid: "aa04ab112e774013b2a4975b526cf6fe" member_type: VOTER last_known_addr { host: "127.4.236.130" port: 38323 } } peers { permanent_uuid: "dc06b28e6b294d9fb014e828908b339f" member_type: VOTER last_known_addr { host: "127.4.236.129" port: 39881 } }
I20260710 13:26:50.821485  5859 raft_consensus.cc:493] T 1050b8c06a2740678e768911069efbe6 P bed77c7432684c0794bed5782b538281 [term 0 FOLLOWER]: Starting leader election (no leader contacted us within the election timeout)
I20260710 13:26:50.821864  5859 raft_consensus.cc:3060] T 1050b8c06a2740678e768911069efbe6 P bed77c7432684c0794bed5782b538281 [term 0 FOLLOWER]: Advancing to term 1
I20260710 13:26:50.823309  5662 tablet_service.cc:1917] Received RequestConsensusVote() RPC: tablet_id: "c4d70363ac8340199e20cb2500fda5e5" candidate_uuid: "bed77c7432684c0794bed5782b538281" candidate_term: 1 candidate_status { last_received { term: 0 index: 0 } } ignore_live_leader: false dest_uuid: "dc06b28e6b294d9fb014e828908b339f"
I20260710 13:26:50.823554  5858 ts_tablet_manager.cc:1434] T efd96794d0854ddca69ce43c37106d5e P dc06b28e6b294d9fb014e828908b339f: Time spent starting tablet: real 0.007s	user 0.008s	sys 0.000s
I20260710 13:26:50.820008  5853 tablet_bootstrap.cc:654] T 0d1add039587476a952d09f6be8f722e P bed77c7432684c0794bed5782b538281: Neither blocks nor log segments found. Creating new log.
I20260710 13:26:50.824565  5858 tablet_bootstrap.cc:492] T 095d1f8c8ba64a6fa1ed72579b2d2129 P dc06b28e6b294d9fb014e828908b339f: Bootstrap starting.
W20260710 13:26:50.824608  5778 leader_election.cc:343] T c4d70363ac8340199e20cb2500fda5e5 P bed77c7432684c0794bed5782b538281 [CANDIDATE]: Term 1 election: Tablet error from VoteRequest() call to peer dc06b28e6b294d9fb014e828908b339f (127.4.236.129:39881): Illegal state: must be running to vote when last-logged opid is not known
I20260710 13:26:50.817071  5852 tablet_bootstrap.cc:492] T efd96794d0854ddca69ce43c37106d5e P aa04ab112e774013b2a4975b526cf6fe: Bootstrap starting.
I20260710 13:26:50.827868  5855 leader_election.cc:290] T c4d70363ac8340199e20cb2500fda5e5 P bed77c7432684c0794bed5782b538281 [CANDIDATE]: Term 1 election: Requested vote from peers dc06b28e6b294d9fb014e828908b339f (127.4.236.129:39881), aa04ab112e774013b2a4975b526cf6fe (127.4.236.130:38323)
I20260710 13:26:50.828862  5738 tablet_service.cc:1917] Received RequestConsensusVote() RPC: tablet_id: "c4d70363ac8340199e20cb2500fda5e5" candidate_uuid: "bed77c7432684c0794bed5782b538281" candidate_term: 1 candidate_status { last_received { term: 0 index: 0 } } ignore_live_leader: false dest_uuid: "aa04ab112e774013b2a4975b526cf6fe"
I20260710 13:26:50.829427  5738 raft_consensus.cc:3060] T c4d70363ac8340199e20cb2500fda5e5 P aa04ab112e774013b2a4975b526cf6fe [term 0 FOLLOWER]: Advancing to term 1
I20260710 13:26:50.831396  5858 tablet_bootstrap.cc:654] T 095d1f8c8ba64a6fa1ed72579b2d2129 P dc06b28e6b294d9fb014e828908b339f: Neither blocks nor log segments found. Creating new log.
I20260710 13:26:50.833451  5852 tablet_bootstrap.cc:654] T efd96794d0854ddca69ce43c37106d5e P aa04ab112e774013b2a4975b526cf6fe: Neither blocks nor log segments found. Creating new log.
I20260710 13:26:50.839556  5738 raft_consensus.cc:2468] T c4d70363ac8340199e20cb2500fda5e5 P aa04ab112e774013b2a4975b526cf6fe [term 1 FOLLOWER]: Leader election vote request: Granting yes vote for candidate bed77c7432684c0794bed5782b538281 in term 1.
I20260710 13:26:50.840824  5777 leader_election.cc:304] T c4d70363ac8340199e20cb2500fda5e5 P bed77c7432684c0794bed5782b538281 [CANDIDATE]: Term 1 election: Election decided. Result: candidate won. Election summary: received 3 responses out of 3 voters: 2 yes votes; 1 no votes. yes voters: aa04ab112e774013b2a4975b526cf6fe, bed77c7432684c0794bed5782b538281; no voters: dc06b28e6b294d9fb014e828908b339f
I20260710 13:26:50.841665  5855 raft_consensus.cc:2804] T c4d70363ac8340199e20cb2500fda5e5 P bed77c7432684c0794bed5782b538281 [term 1 FOLLOWER]: Leader election won for term 1
I20260710 13:26:50.843739  5860 raft_consensus.cc:493] T 749e2b05a956469082d25723f109ebac P aa04ab112e774013b2a4975b526cf6fe [term 0 FOLLOWER]: Starting pre-election (no leader contacted us within the election timeout)
I20260710 13:26:50.844281  5860 raft_consensus.cc:515] T 749e2b05a956469082d25723f109ebac P aa04ab112e774013b2a4975b526cf6fe [term 0 FOLLOWER]: Starting pre-election with config: opid_index: -1 OBSOLETE_local: false peers { permanent_uuid: "dc06b28e6b294d9fb014e828908b339f" member_type: VOTER last_known_addr { host: "127.4.236.129" port: 39881 } } peers { permanent_uuid: "aa04ab112e774013b2a4975b526cf6fe" member_type: VOTER last_known_addr { host: "127.4.236.130" port: 38323 } } peers { permanent_uuid: "bed77c7432684c0794bed5782b538281" member_type: VOTER last_known_addr { host: "127.4.236.131" port: 41053 } }
I20260710 13:26:50.856410  5860 leader_election.cc:290] T 749e2b05a956469082d25723f109ebac P aa04ab112e774013b2a4975b526cf6fe [CANDIDATE]: Term 1 pre-election: Requested pre-vote from peers dc06b28e6b294d9fb014e828908b339f (127.4.236.129:39881), bed77c7432684c0794bed5782b538281 (127.4.236.131:41053)
I20260710 13:26:50.868203  5859 raft_consensus.cc:515] T 1050b8c06a2740678e768911069efbe6 P bed77c7432684c0794bed5782b538281 [term 1 FOLLOWER]: Starting leader election with config: opid_index: -1 OBSOLETE_local: false peers { permanent_uuid: "dc06b28e6b294d9fb014e828908b339f" member_type: VOTER last_known_addr { host: "127.4.236.129" port: 39881 } } peers { permanent_uuid: "aa04ab112e774013b2a4975b526cf6fe" member_type: VOTER last_known_addr { host: "127.4.236.130" port: 38323 } } peers { permanent_uuid: "bed77c7432684c0794bed5782b538281" member_type: VOTER last_known_addr { host: "127.4.236.131" port: 41053 } }
I20260710 13:26:50.881162  5662 tablet_service.cc:1917] Received RequestConsensusVote() RPC: tablet_id: "1050b8c06a2740678e768911069efbe6" candidate_uuid: "bed77c7432684c0794bed5782b538281" candidate_term: 1 candidate_status { last_received { term: 0 index: 0 } } ignore_live_leader: false dest_uuid: "dc06b28e6b294d9fb014e828908b339f"
I20260710 13:26:50.881826  5662 raft_consensus.cc:3060] T 1050b8c06a2740678e768911069efbe6 P dc06b28e6b294d9fb014e828908b339f [term 0 FOLLOWER]: Advancing to term 1
I20260710 13:26:50.892251  5860 raft_consensus.cc:493] T 9b38a3ee24ff41d69bbbbdf504f0a7ef P aa04ab112e774013b2a4975b526cf6fe [term 0 FOLLOWER]: Starting pre-election (no leader contacted us within the election timeout)
I20260710 13:26:50.892772  5860 raft_consensus.cc:515] T 9b38a3ee24ff41d69bbbbdf504f0a7ef P aa04ab112e774013b2a4975b526cf6fe [term 0 FOLLOWER]: Starting pre-election with config: opid_index: -1 OBSOLETE_local: false peers { permanent_uuid: "dc06b28e6b294d9fb014e828908b339f" member_type: VOTER last_known_addr { host: "127.4.236.129" port: 39881 } } peers { permanent_uuid: "aa04ab112e774013b2a4975b526cf6fe" member_type: VOTER last_known_addr { host: "127.4.236.130" port: 38323 } } peers { permanent_uuid: "bed77c7432684c0794bed5782b538281" member_type: VOTER last_known_addr { host: "127.4.236.131" port: 41053 } }
I20260710 13:26:50.894764  5860 leader_election.cc:290] T 9b38a3ee24ff41d69bbbbdf504f0a7ef P aa04ab112e774013b2a4975b526cf6fe [CANDIDATE]: Term 1 pre-election: Requested pre-vote from peers dc06b28e6b294d9fb014e828908b339f (127.4.236.129:39881), bed77c7432684c0794bed5782b538281 (127.4.236.131:41053)
I20260710 13:26:50.892277  5661 tablet_service.cc:1917] Received RequestConsensusVote() RPC: tablet_id: "749e2b05a956469082d25723f109ebac" candidate_uuid: "aa04ab112e774013b2a4975b526cf6fe" candidate_term: 1 candidate_status { last_received { term: 0 index: 0 } } ignore_live_leader: false dest_uuid: "dc06b28e6b294d9fb014e828908b339f" is_pre_election: true
I20260710 13:26:50.896402  5660 tablet_service.cc:1917] Received RequestConsensusVote() RPC: tablet_id: "9b38a3ee24ff41d69bbbbdf504f0a7ef" candidate_uuid: "aa04ab112e774013b2a4975b526cf6fe" candidate_term: 1 candidate_status { last_received { term: 0 index: 0 } } ignore_live_leader: false dest_uuid: "dc06b28e6b294d9fb014e828908b339f" is_pre_election: true
I20260710 13:26:50.896654  5661 raft_consensus.cc:2468] T 749e2b05a956469082d25723f109ebac P dc06b28e6b294d9fb014e828908b339f [term 0 FOLLOWER]: Leader pre-election vote request: Granting yes vote for candidate aa04ab112e774013b2a4975b526cf6fe in term 0.
I20260710 13:26:50.897109  5660 raft_consensus.cc:2468] T 9b38a3ee24ff41d69bbbbdf504f0a7ef P dc06b28e6b294d9fb014e828908b339f [term 0 FOLLOWER]: Leader pre-election vote request: Granting yes vote for candidate aa04ab112e774013b2a4975b526cf6fe in term 0.
I20260710 13:26:50.897748  5662 raft_consensus.cc:2468] T 1050b8c06a2740678e768911069efbe6 P dc06b28e6b294d9fb014e828908b339f [term 1 FOLLOWER]: Leader election vote request: Granting yes vote for candidate bed77c7432684c0794bed5782b538281 in term 1.
I20260710 13:26:50.898061  5703 leader_election.cc:304] T 749e2b05a956469082d25723f109ebac P aa04ab112e774013b2a4975b526cf6fe [CANDIDATE]: Term 1 pre-election: Election decided. Result: candidate won. Election summary: received 2 responses out of 3 voters: 2 yes votes; 0 no votes. yes voters: aa04ab112e774013b2a4975b526cf6fe, dc06b28e6b294d9fb014e828908b339f; no voters: 
I20260710 13:26:50.899072  5703 leader_election.cc:304] T 9b38a3ee24ff41d69bbbbdf504f0a7ef P aa04ab112e774013b2a4975b526cf6fe [CANDIDATE]: Term 1 pre-election: Election decided. Result: candidate won. Election summary: received 2 responses out of 3 voters: 2 yes votes; 0 no votes. yes voters: aa04ab112e774013b2a4975b526cf6fe, dc06b28e6b294d9fb014e828908b339f; no voters: 
I20260710 13:26:50.900061  5860 raft_consensus.cc:2804] T 749e2b05a956469082d25723f109ebac P aa04ab112e774013b2a4975b526cf6fe [term 0 FOLLOWER]: Leader pre-election won for term 1
I20260710 13:26:50.900460  5860 raft_consensus.cc:493] T 749e2b05a956469082d25723f109ebac P aa04ab112e774013b2a4975b526cf6fe [term 0 FOLLOWER]: Starting leader election (no leader contacted us within the election timeout)
I20260710 13:26:50.900849  5860 raft_consensus.cc:3060] T 749e2b05a956469082d25723f109ebac P aa04ab112e774013b2a4975b526cf6fe [term 0 FOLLOWER]: Advancing to term 1
I20260710 13:26:50.903272  5738 tablet_service.cc:1917] Received RequestConsensusVote() RPC: tablet_id: "1050b8c06a2740678e768911069efbe6" candidate_uuid: "bed77c7432684c0794bed5782b538281" candidate_term: 1 candidate_status { last_received { term: 0 index: 0 } } ignore_live_leader: false dest_uuid: "aa04ab112e774013b2a4975b526cf6fe"
W20260710 13:26:50.904542  5777 leader_election.cc:343] T 1050b8c06a2740678e768911069efbe6 P bed77c7432684c0794bed5782b538281 [CANDIDATE]: Term 1 election: Tablet error from VoteRequest() call to peer aa04ab112e774013b2a4975b526cf6fe (127.4.236.130:38323): Illegal state: must be running to vote when last-logged opid is not known
I20260710 13:26:50.905246  5859 leader_election.cc:290] T 1050b8c06a2740678e768911069efbe6 P bed77c7432684c0794bed5782b538281 [CANDIDATE]: Term 1 election: Requested vote from peers dc06b28e6b294d9fb014e828908b339f (127.4.236.129:39881), aa04ab112e774013b2a4975b526cf6fe (127.4.236.130:38323)
I20260710 13:26:50.906105  5855 raft_consensus.cc:697] T c4d70363ac8340199e20cb2500fda5e5 P bed77c7432684c0794bed5782b538281 [term 1 LEADER]: Becoming Leader. State: Replica: bed77c7432684c0794bed5782b538281, State: Running, Role: LEADER
I20260710 13:26:50.906949  5859 raft_consensus.cc:493] T 2ce4ddaf2b8c404d9baea24707c056cc P bed77c7432684c0794bed5782b538281 [term 0 FOLLOWER]: Starting pre-election (no leader contacted us within the election timeout)
I20260710 13:26:50.907124  5855 consensus_queue.cc:237] T c4d70363ac8340199e20cb2500fda5e5 P bed77c7432684c0794bed5782b538281 [LEADER]: Queue going to LEADER mode. State: All replicated index: 0, Majority replicated index: 0, Committed index: 0, Last appended: 0.0, Last appended by leader: 0, Current term: 1, Majority size: 2, State: 0, Mode: LEADER, active raft config: opid_index: -1 OBSOLETE_local: false peers { permanent_uuid: "dc06b28e6b294d9fb014e828908b339f" member_type: VOTER last_known_addr { host: "127.4.236.129" port: 39881 } } peers { permanent_uuid: "aa04ab112e774013b2a4975b526cf6fe" member_type: VOTER last_known_addr { host: "127.4.236.130" port: 38323 } } peers { permanent_uuid: "bed77c7432684c0794bed5782b538281" member_type: VOTER last_known_addr { host: "127.4.236.131" port: 41053 } }
I20260710 13:26:50.907437  5859 raft_consensus.cc:515] T 2ce4ddaf2b8c404d9baea24707c056cc P bed77c7432684c0794bed5782b538281 [term 0 FOLLOWER]: Starting pre-election with config: opid_index: -1 OBSOLETE_local: false peers { permanent_uuid: "dc06b28e6b294d9fb014e828908b339f" member_type: VOTER last_known_addr { host: "127.4.236.129" port: 39881 } } peers { permanent_uuid: "aa04ab112e774013b2a4975b526cf6fe" member_type: VOTER last_known_addr { host: "127.4.236.130" port: 38323 } } peers { permanent_uuid: "bed77c7432684c0794bed5782b538281" member_type: VOTER last_known_addr { host: "127.4.236.131" port: 41053 } }
I20260710 13:26:50.910422  5738 tablet_service.cc:1917] Received RequestConsensusVote() RPC: tablet_id: "2ce4ddaf2b8c404d9baea24707c056cc" candidate_uuid: "bed77c7432684c0794bed5782b538281" candidate_term: 1 candidate_status { last_received { term: 0 index: 0 } } ignore_live_leader: false dest_uuid: "aa04ab112e774013b2a4975b526cf6fe" is_pre_election: true
W20260710 13:26:50.911664  5777 leader_election.cc:343] T 2ce4ddaf2b8c404d9baea24707c056cc P bed77c7432684c0794bed5782b538281 [CANDIDATE]: Term 1 pre-election: Tablet error from VoteRequest() call to peer aa04ab112e774013b2a4975b526cf6fe (127.4.236.130:38323): Illegal state: must be running to vote when last-logged opid is not known
I20260710 13:26:50.910307  5860 raft_consensus.cc:515] T 749e2b05a956469082d25723f109ebac P aa04ab112e774013b2a4975b526cf6fe [term 1 FOLLOWER]: Starting leader election with config: opid_index: -1 OBSOLETE_local: false peers { permanent_uuid: "dc06b28e6b294d9fb014e828908b339f" member_type: VOTER last_known_addr { host: "127.4.236.129" port: 39881 } } peers { permanent_uuid: "aa04ab112e774013b2a4975b526cf6fe" member_type: VOTER last_known_addr { host: "127.4.236.130" port: 38323 } } peers { permanent_uuid: "bed77c7432684c0794bed5782b538281" member_type: VOTER last_known_addr { host: "127.4.236.131" port: 41053 } }
I20260710 13:26:50.915903  5778 leader_election.cc:304] T 1050b8c06a2740678e768911069efbe6 P bed77c7432684c0794bed5782b538281 [CANDIDATE]: Term 1 election: Election decided. Result: candidate won. Election summary: received 3 responses out of 3 voters: 2 yes votes; 1 no votes. yes voters: bed77c7432684c0794bed5782b538281, dc06b28e6b294d9fb014e828908b339f; no voters: aa04ab112e774013b2a4975b526cf6fe
I20260710 13:26:50.917199  5662 tablet_service.cc:1917] Received RequestConsensusVote() RPC: tablet_id: "2ce4ddaf2b8c404d9baea24707c056cc" candidate_uuid: "bed77c7432684c0794bed5782b538281" candidate_term: 1 candidate_status { last_received { term: 0 index: 0 } } ignore_live_leader: false dest_uuid: "dc06b28e6b294d9fb014e828908b339f" is_pre_election: true
W20260710 13:26:50.918498  5778 leader_election.cc:343] T 2ce4ddaf2b8c404d9baea24707c056cc P bed77c7432684c0794bed5782b538281 [CANDIDATE]: Term 1 pre-election: Tablet error from VoteRequest() call to peer dc06b28e6b294d9fb014e828908b339f (127.4.236.129:39881): Illegal state: must be running to vote when last-logged opid is not known
I20260710 13:26:50.918895  5778 leader_election.cc:304] T 2ce4ddaf2b8c404d9baea24707c056cc P bed77c7432684c0794bed5782b538281 [CANDIDATE]: Term 1 pre-election: Election decided. Result: candidate lost. Election summary: received 3 responses out of 3 voters: 1 yes votes; 2 no votes. yes voters: bed77c7432684c0794bed5782b538281; no voters: aa04ab112e774013b2a4975b526cf6fe, dc06b28e6b294d9fb014e828908b339f
I20260710 13:26:50.919785  5882 raft_consensus.cc:2804] T 1050b8c06a2740678e768911069efbe6 P bed77c7432684c0794bed5782b538281 [term 1 FOLLOWER]: Leader election won for term 1
I20260710 13:26:50.918675  5860 leader_election.cc:290] T 749e2b05a956469082d25723f109ebac P aa04ab112e774013b2a4975b526cf6fe [CANDIDATE]: Term 1 election: Requested vote from peers dc06b28e6b294d9fb014e828908b339f (127.4.236.129:39881), bed77c7432684c0794bed5782b538281 (127.4.236.131:41053)
I20260710 13:26:50.920970  5885 raft_consensus.cc:2749] T 2ce4ddaf2b8c404d9baea24707c056cc P bed77c7432684c0794bed5782b538281 [term 0 FOLLOWER]: Leader pre-election lost for term 1. Reason: could not achieve majority
I20260710 13:26:50.922163  5886 raft_consensus.cc:2804] T 9b38a3ee24ff41d69bbbbdf504f0a7ef P aa04ab112e774013b2a4975b526cf6fe [term 0 FOLLOWER]: Leader pre-election won for term 1
I20260710 13:26:50.923544  5886 raft_consensus.cc:493] T 9b38a3ee24ff41d69bbbbdf504f0a7ef P aa04ab112e774013b2a4975b526cf6fe [term 0 FOLLOWER]: Starting leader election (no leader contacted us within the election timeout)
I20260710 13:26:50.923913  5886 raft_consensus.cc:3060] T 9b38a3ee24ff41d69bbbbdf504f0a7ef P aa04ab112e774013b2a4975b526cf6fe [term 0 FOLLOWER]: Advancing to term 1
I20260710 13:26:50.924223  5559 catalog_manager.cc:5697] T c4d70363ac8340199e20cb2500fda5e5 P bed77c7432684c0794bed5782b538281 reported cstate change: term changed from 0 to 1, leader changed from <none> to bed77c7432684c0794bed5782b538281 (127.4.236.131). New cstate: current_term: 1 leader_uuid: "bed77c7432684c0794bed5782b538281" committed_config { opid_index: -1 OBSOLETE_local: false peers { permanent_uuid: "dc06b28e6b294d9fb014e828908b339f" member_type: VOTER last_known_addr { host: "127.4.236.129" port: 39881 } health_report { overall_health: UNKNOWN } } peers { permanent_uuid: "aa04ab112e774013b2a4975b526cf6fe" member_type: VOTER last_known_addr { host: "127.4.236.130" port: 38323 } health_report { overall_health: UNKNOWN } } peers { permanent_uuid: "bed77c7432684c0794bed5782b538281" member_type: VOTER last_known_addr { host: "127.4.236.131" port: 41053 } health_report { overall_health: HEALTHY } } }
I20260710 13:26:50.925472  5662 tablet_service.cc:1917] Received RequestConsensusVote() RPC: tablet_id: "749e2b05a956469082d25723f109ebac" candidate_uuid: "aa04ab112e774013b2a4975b526cf6fe" candidate_term: 1 candidate_status { last_received { term: 0 index: 0 } } ignore_live_leader: false dest_uuid: "dc06b28e6b294d9fb014e828908b339f"
I20260710 13:26:50.926151  5662 raft_consensus.cc:3060] T 749e2b05a956469082d25723f109ebac P dc06b28e6b294d9fb014e828908b339f [term 0 FOLLOWER]: Advancing to term 1
I20260710 13:26:50.931344  5812 tablet_service.cc:1917] Received RequestConsensusVote() RPC: tablet_id: "749e2b05a956469082d25723f109ebac" candidate_uuid: "aa04ab112e774013b2a4975b526cf6fe" candidate_term: 1 candidate_status { last_received { term: 0 index: 0 } } ignore_live_leader: false dest_uuid: "bed77c7432684c0794bed5782b538281" is_pre_election: true
I20260710 13:26:50.931634  5811 tablet_service.cc:1917] Received RequestConsensusVote() RPC: tablet_id: "9b38a3ee24ff41d69bbbbdf504f0a7ef" candidate_uuid: "aa04ab112e774013b2a4975b526cf6fe" candidate_term: 1 candidate_status { last_received { term: 0 index: 0 } } ignore_live_leader: false dest_uuid: "bed77c7432684c0794bed5782b538281" is_pre_election: true
I20260710 13:26:50.932057  5812 raft_consensus.cc:2468] T 749e2b05a956469082d25723f109ebac P bed77c7432684c0794bed5782b538281 [term 0 FOLLOWER]: Leader pre-election vote request: Granting yes vote for candidate aa04ab112e774013b2a4975b526cf6fe in term 0.
I20260710 13:26:50.932343  5811 raft_consensus.cc:2468] T 9b38a3ee24ff41d69bbbbdf504f0a7ef P bed77c7432684c0794bed5782b538281 [term 0 FOLLOWER]: Leader pre-election vote request: Granting yes vote for candidate aa04ab112e774013b2a4975b526cf6fe in term 0.
I20260710 13:26:50.933295  5810 tablet_service.cc:1917] Received RequestConsensusVote() RPC: tablet_id: "749e2b05a956469082d25723f109ebac" candidate_uuid: "aa04ab112e774013b2a4975b526cf6fe" candidate_term: 1 candidate_status { last_received { term: 0 index: 0 } } ignore_live_leader: false dest_uuid: "bed77c7432684c0794bed5782b538281"
I20260710 13:26:50.933938  5810 raft_consensus.cc:3060] T 749e2b05a956469082d25723f109ebac P bed77c7432684c0794bed5782b538281 [term 0 FOLLOWER]: Advancing to term 1
I20260710 13:26:50.931572  5886 raft_consensus.cc:515] T 9b38a3ee24ff41d69bbbbdf504f0a7ef P aa04ab112e774013b2a4975b526cf6fe [term 1 FOLLOWER]: Starting leader election with config: opid_index: -1 OBSOLETE_local: false peers { permanent_uuid: "dc06b28e6b294d9fb014e828908b339f" member_type: VOTER last_known_addr { host: "127.4.236.129" port: 39881 } } peers { permanent_uuid: "aa04ab112e774013b2a4975b526cf6fe" member_type: VOTER last_known_addr { host: "127.4.236.130" port: 38323 } } peers { permanent_uuid: "bed77c7432684c0794bed5782b538281" member_type: VOTER last_known_addr { host: "127.4.236.131" port: 41053 } }
I20260710 13:26:50.938549  5853 tablet_bootstrap.cc:492] T 0d1add039587476a952d09f6be8f722e P bed77c7432684c0794bed5782b538281: No bootstrap required, opened a new log
I20260710 13:26:50.939356  5853 ts_tablet_manager.cc:1403] T 0d1add039587476a952d09f6be8f722e P bed77c7432684c0794bed5782b538281: Time spent bootstrapping tablet: real 0.125s	user 0.036s	sys 0.062s
I20260710 13:26:50.939395  5662 raft_consensus.cc:2468] T 749e2b05a956469082d25723f109ebac P dc06b28e6b294d9fb014e828908b339f [term 1 FOLLOWER]: Leader election vote request: Granting yes vote for candidate aa04ab112e774013b2a4975b526cf6fe in term 1.
I20260710 13:26:50.940531  5703 leader_election.cc:304] T 749e2b05a956469082d25723f109ebac P aa04ab112e774013b2a4975b526cf6fe [CANDIDATE]: Term 1 election: Election decided. Result: candidate won. Election summary: received 2 responses out of 3 voters: 2 yes votes; 0 no votes. yes voters: aa04ab112e774013b2a4975b526cf6fe, dc06b28e6b294d9fb014e828908b339f; no voters: 
I20260710 13:26:50.941299  5860 raft_consensus.cc:2804] T 749e2b05a956469082d25723f109ebac P aa04ab112e774013b2a4975b526cf6fe [term 1 FOLLOWER]: Leader election won for term 1
I20260710 13:26:50.941792  5810 raft_consensus.cc:2468] T 749e2b05a956469082d25723f109ebac P bed77c7432684c0794bed5782b538281 [term 1 FOLLOWER]: Leader election vote request: Granting yes vote for candidate aa04ab112e774013b2a4975b526cf6fe in term 1.
I20260710 13:26:50.942001  5853 raft_consensus.cc:359] T 0d1add039587476a952d09f6be8f722e P bed77c7432684c0794bed5782b538281 [term 0 FOLLOWER]: Replica starting. Triggering 0 pending ops. Active config: opid_index: -1 OBSOLETE_local: false peers { permanent_uuid: "dc06b28e6b294d9fb014e828908b339f" member_type: VOTER last_known_addr { host: "127.4.236.129" port: 39881 } } peers { permanent_uuid: "aa04ab112e774013b2a4975b526cf6fe" member_type: VOTER last_known_addr { host: "127.4.236.130" port: 38323 } } peers { permanent_uuid: "bed77c7432684c0794bed5782b538281" member_type: VOTER last_known_addr { host: "127.4.236.131" port: 41053 } }
I20260710 13:26:50.935074  5882 raft_consensus.cc:697] T 1050b8c06a2740678e768911069efbe6 P bed77c7432684c0794bed5782b538281 [term 1 LEADER]: Becoming Leader. State: Replica: bed77c7432684c0794bed5782b538281, State: Running, Role: LEADER
I20260710 13:26:50.942770  5853 raft_consensus.cc:385] T 0d1add039587476a952d09f6be8f722e P bed77c7432684c0794bed5782b538281 [term 0 FOLLOWER]: Consensus starting up: Expiring failure detector timer to make a prompt election more likely
I20260710 13:26:50.934864  5888 raft_consensus.cc:493] T 095d1f8c8ba64a6fa1ed72579b2d2129 P bed77c7432684c0794bed5782b538281 [term 0 FOLLOWER]: Starting pre-election (no leader contacted us within the election timeout)
I20260710 13:26:50.943071  5853 raft_consensus.cc:740] T 0d1add039587476a952d09f6be8f722e P bed77c7432684c0794bed5782b538281 [term 0 FOLLOWER]: Becoming Follower/Learner. State: Replica: bed77c7432684c0794bed5782b538281, State: Initialized, Role: FOLLOWER
I20260710 13:26:50.943378  5882 consensus_queue.cc:237] T 1050b8c06a2740678e768911069efbe6 P bed77c7432684c0794bed5782b538281 [LEADER]: Queue going to LEADER mode. State: All replicated index: 0, Majority replicated index: 0, Committed index: 0, Last appended: 0.0, Last appended by leader: 0, Current term: 1, Majority size: 2, State: 0, Mode: LEADER, active raft config: opid_index: -1 OBSOLETE_local: false peers { permanent_uuid: "dc06b28e6b294d9fb014e828908b339f" member_type: VOTER last_known_addr { host: "127.4.236.129" port: 39881 } } peers { permanent_uuid: "aa04ab112e774013b2a4975b526cf6fe" member_type: VOTER last_known_addr { host: "127.4.236.130" port: 38323 } } peers { permanent_uuid: "bed77c7432684c0794bed5782b538281" member_type: VOTER last_known_addr { host: "127.4.236.131" port: 41053 } }
I20260710 13:26:50.943653  5888 raft_consensus.cc:515] T 095d1f8c8ba64a6fa1ed72579b2d2129 P bed77c7432684c0794bed5782b538281 [term 0 FOLLOWER]: Starting pre-election with config: opid_index: -1 OBSOLETE_local: false peers { permanent_uuid: "dc06b28e6b294d9fb014e828908b339f" member_type: VOTER last_known_addr { host: "127.4.236.129" port: 39881 } } peers { permanent_uuid: "aa04ab112e774013b2a4975b526cf6fe" member_type: VOTER last_known_addr { host: "127.4.236.130" port: 38323 } } peers { permanent_uuid: "bed77c7432684c0794bed5782b538281" member_type: VOTER last_known_addr { host: "127.4.236.131" port: 41053 } }
I20260710 13:26:50.944113  5853 consensus_queue.cc:260] T 0d1add039587476a952d09f6be8f722e P bed77c7432684c0794bed5782b538281 [NON_LEADER]: Queue going to NON_LEADER mode. State: All replicated index: 0, Majority replicated index: 0, Committed index: 0, Last appended: 0.0, Last appended by leader: 0, Current term: 0, Majority size: -1, State: 0, Mode: NON_LEADER, active raft config: opid_index: -1 OBSOLETE_local: false peers { permanent_uuid: "dc06b28e6b294d9fb014e828908b339f" member_type: VOTER last_known_addr { host: "127.4.236.129" port: 39881 } } peers { permanent_uuid: "aa04ab112e774013b2a4975b526cf6fe" member_type: VOTER last_known_addr { host: "127.4.236.130" port: 38323 } } peers { permanent_uuid: "bed77c7432684c0794bed5782b538281" member_type: VOTER last_known_addr { host: "127.4.236.131" port: 41053 } }
I20260710 13:26:50.946302  5662 tablet_service.cc:1917] Received RequestConsensusVote() RPC: tablet_id: "095d1f8c8ba64a6fa1ed72579b2d2129" candidate_uuid: "bed77c7432684c0794bed5782b538281" candidate_term: 1 candidate_status { last_received { term: 0 index: 0 } } ignore_live_leader: false dest_uuid: "dc06b28e6b294d9fb014e828908b339f" is_pre_election: true
I20260710 13:26:50.946484  5853 ts_tablet_manager.cc:1434] T 0d1add039587476a952d09f6be8f722e P bed77c7432684c0794bed5782b538281: Time spent starting tablet: real 0.007s	user 0.002s	sys 0.004s
W20260710 13:26:50.947458  5778 leader_election.cc:343] T 095d1f8c8ba64a6fa1ed72579b2d2129 P bed77c7432684c0794bed5782b538281 [CANDIDATE]: Term 1 pre-election: Tablet error from VoteRequest() call to peer dc06b28e6b294d9fb014e828908b339f (127.4.236.129:39881): Illegal state: must be running to vote when last-logged opid is not known
I20260710 13:26:50.947798  5852 tablet_bootstrap.cc:492] T efd96794d0854ddca69ce43c37106d5e P aa04ab112e774013b2a4975b526cf6fe: No bootstrap required, opened a new log
I20260710 13:26:50.935922  5858 tablet_bootstrap.cc:492] T 095d1f8c8ba64a6fa1ed72579b2d2129 P dc06b28e6b294d9fb014e828908b339f: No bootstrap required, opened a new log
I20260710 13:26:50.942369  5860 raft_consensus.cc:697] T 749e2b05a956469082d25723f109ebac P aa04ab112e774013b2a4975b526cf6fe [term 1 LEADER]: Becoming Leader. State: Replica: aa04ab112e774013b2a4975b526cf6fe, State: Running, Role: LEADER
I20260710 13:26:50.948499  5858 ts_tablet_manager.cc:1403] T 095d1f8c8ba64a6fa1ed72579b2d2129 P dc06b28e6b294d9fb014e828908b339f: Time spent bootstrapping tablet: real 0.124s	user 0.028s	sys 0.046s
I20260710 13:26:50.948817  5860 consensus_queue.cc:237] T 749e2b05a956469082d25723f109ebac P aa04ab112e774013b2a4975b526cf6fe [LEADER]: Queue going to LEADER mode. State: All replicated index: 0, Majority replicated index: 0, Committed index: 0, Last appended: 0.0, Last appended by leader: 0, Current term: 1, Majority size: 2, State: 0, Mode: LEADER, active raft config: opid_index: -1 OBSOLETE_local: false peers { permanent_uuid: "dc06b28e6b294d9fb014e828908b339f" member_type: VOTER last_known_addr { host: "127.4.236.129" port: 39881 } } peers { permanent_uuid: "aa04ab112e774013b2a4975b526cf6fe" member_type: VOTER last_known_addr { host: "127.4.236.130" port: 38323 } } peers { permanent_uuid: "bed77c7432684c0794bed5782b538281" member_type: VOTER last_known_addr { host: "127.4.236.131" port: 41053 } }
I20260710 13:26:50.949208  5855 raft_consensus.cc:493] T 0d1add039587476a952d09f6be8f722e P bed77c7432684c0794bed5782b538281 [term 0 FOLLOWER]: Starting pre-election (no leader contacted us within the election timeout)
I20260710 13:26:50.949750  5855 raft_consensus.cc:515] T 0d1add039587476a952d09f6be8f722e P bed77c7432684c0794bed5782b538281 [term 0 FOLLOWER]: Starting pre-election with config: opid_index: -1 OBSOLETE_local: false peers { permanent_uuid: "dc06b28e6b294d9fb014e828908b339f" member_type: VOTER last_known_addr { host: "127.4.236.129" port: 39881 } } peers { permanent_uuid: "aa04ab112e774013b2a4975b526cf6fe" member_type: VOTER last_known_addr { host: "127.4.236.130" port: 38323 } } peers { permanent_uuid: "bed77c7432684c0794bed5782b538281" member_type: VOTER last_known_addr { host: "127.4.236.131" port: 41053 } }
I20260710 13:26:50.948150  5852 ts_tablet_manager.cc:1403] T efd96794d0854ddca69ce43c37106d5e P aa04ab112e774013b2a4975b526cf6fe: Time spent bootstrapping tablet: real 0.131s	user 0.013s	sys 0.022s
I20260710 13:26:50.951646  5855 leader_election.cc:290] T 0d1add039587476a952d09f6be8f722e P bed77c7432684c0794bed5782b538281 [CANDIDATE]: Term 1 pre-election: Requested pre-vote from peers dc06b28e6b294d9fb014e828908b339f (127.4.236.129:39881), aa04ab112e774013b2a4975b526cf6fe (127.4.236.130:38323)
I20260710 13:26:50.951725  5858 raft_consensus.cc:359] T 095d1f8c8ba64a6fa1ed72579b2d2129 P dc06b28e6b294d9fb014e828908b339f [term 0 FOLLOWER]: Replica starting. Triggering 0 pending ops. Active config: opid_index: -1 OBSOLETE_local: false peers { permanent_uuid: "dc06b28e6b294d9fb014e828908b339f" member_type: VOTER last_known_addr { host: "127.4.236.129" port: 39881 } } peers { permanent_uuid: "aa04ab112e774013b2a4975b526cf6fe" member_type: VOTER last_known_addr { host: "127.4.236.130" port: 38323 } } peers { permanent_uuid: "bed77c7432684c0794bed5782b538281" member_type: VOTER last_known_addr { host: "127.4.236.131" port: 41053 } }
I20260710 13:26:50.952517  5858 raft_consensus.cc:385] T 095d1f8c8ba64a6fa1ed72579b2d2129 P dc06b28e6b294d9fb014e828908b339f [term 0 FOLLOWER]: Consensus starting up: Expiring failure detector timer to make a prompt election more likely
I20260710 13:26:50.952796  5738 tablet_service.cc:1917] Received RequestConsensusVote() RPC: tablet_id: "0d1add039587476a952d09f6be8f722e" candidate_uuid: "bed77c7432684c0794bed5782b538281" candidate_term: 1 candidate_status { last_received { term: 0 index: 0 } } ignore_live_leader: false dest_uuid: "aa04ab112e774013b2a4975b526cf6fe" is_pre_election: true
I20260710 13:26:50.953302  5888 leader_election.cc:290] T 095d1f8c8ba64a6fa1ed72579b2d2129 P bed77c7432684c0794bed5782b538281 [CANDIDATE]: Term 1 pre-election: Requested pre-vote from peers dc06b28e6b294d9fb014e828908b339f (127.4.236.129:39881), aa04ab112e774013b2a4975b526cf6fe (127.4.236.130:38323)
I20260710 13:26:50.953563  5852 raft_consensus.cc:359] T efd96794d0854ddca69ce43c37106d5e P aa04ab112e774013b2a4975b526cf6fe [term 0 FOLLOWER]: Replica starting. Triggering 0 pending ops. Active config: opid_index: -1 OBSOLETE_local: false peers { permanent_uuid: "bed77c7432684c0794bed5782b538281" member_type: VOTER last_known_addr { host: "127.4.236.131" port: 41053 } } peers { permanent_uuid: "aa04ab112e774013b2a4975b526cf6fe" member_type: VOTER last_known_addr { host: "127.4.236.130" port: 38323 } } peers { permanent_uuid: "dc06b28e6b294d9fb014e828908b339f" member_type: VOTER last_known_addr { host: "127.4.236.129" port: 39881 } }
I20260710 13:26:50.931830  5859 leader_election.cc:290] T 2ce4ddaf2b8c404d9baea24707c056cc P bed77c7432684c0794bed5782b538281 [CANDIDATE]: Term 1 pre-election: Requested pre-vote from peers dc06b28e6b294d9fb014e828908b339f (127.4.236.129:39881), aa04ab112e774013b2a4975b526cf6fe (127.4.236.130:38323)
I20260710 13:26:50.954335  5886 leader_election.cc:290] T 9b38a3ee24ff41d69bbbbdf504f0a7ef P aa04ab112e774013b2a4975b526cf6fe [CANDIDATE]: Term 1 election: Requested vote from peers dc06b28e6b294d9fb014e828908b339f (127.4.236.129:39881), bed77c7432684c0794bed5782b538281 (127.4.236.131:41053)
I20260710 13:26:50.956179  5738 tablet_service.cc:1917] Received RequestConsensusVote() RPC: tablet_id: "095d1f8c8ba64a6fa1ed72579b2d2129" candidate_uuid: "bed77c7432684c0794bed5782b538281" candidate_term: 1 candidate_status { last_received { term: 0 index: 0 } } ignore_live_leader: false dest_uuid: "aa04ab112e774013b2a4975b526cf6fe" is_pre_election: true
I20260710 13:26:50.956468  5886 raft_consensus.cc:493] T 48046e9f662f4aa5a47dd633d77e5d63 P aa04ab112e774013b2a4975b526cf6fe [term 0 FOLLOWER]: Starting pre-election (no leader contacted us within the election timeout)
I20260710 13:26:50.956811  5738 raft_consensus.cc:2468] T 095d1f8c8ba64a6fa1ed72579b2d2129 P aa04ab112e774013b2a4975b526cf6fe [term 0 FOLLOWER]: Leader pre-election vote request: Granting yes vote for candidate bed77c7432684c0794bed5782b538281 in term 0.
I20260710 13:26:50.956899  5886 raft_consensus.cc:515] T 48046e9f662f4aa5a47dd633d77e5d63 P aa04ab112e774013b2a4975b526cf6fe [term 0 FOLLOWER]: Starting pre-election with config: opid_index: -1 OBSOLETE_local: false peers { permanent_uuid: "dc06b28e6b294d9fb014e828908b339f" member_type: VOTER last_known_addr { host: "127.4.236.129" port: 39881 } } peers { permanent_uuid: "aa04ab112e774013b2a4975b526cf6fe" member_type: VOTER last_known_addr { host: "127.4.236.130" port: 38323 } } peers { permanent_uuid: "bed77c7432684c0794bed5782b538281" member_type: VOTER last_known_addr { host: "127.4.236.131" port: 41053 } }
I20260710 13:26:50.955786  5810 tablet_service.cc:1917] Received RequestConsensusVote() RPC: tablet_id: "9b38a3ee24ff41d69bbbbdf504f0a7ef" candidate_uuid: "aa04ab112e774013b2a4975b526cf6fe" candidate_term: 1 candidate_status { last_received { term: 0 index: 0 } } ignore_live_leader: false dest_uuid: "bed77c7432684c0794bed5782b538281"
I20260710 13:26:50.958567  5810 raft_consensus.cc:3060] T 9b38a3ee24ff41d69bbbbdf504f0a7ef P bed77c7432684c0794bed5782b538281 [term 0 FOLLOWER]: Advancing to term 1
W20260710 13:26:50.955440  5777 leader_election.cc:343] T 0d1add039587476a952d09f6be8f722e P bed77c7432684c0794bed5782b538281 [CANDIDATE]: Term 1 pre-election: Tablet error from VoteRequest() call to peer aa04ab112e774013b2a4975b526cf6fe (127.4.236.130:38323): Illegal state: must be running to vote when last-logged opid is not known
I20260710 13:26:50.952801  5858 raft_consensus.cc:740] T 095d1f8c8ba64a6fa1ed72579b2d2129 P dc06b28e6b294d9fb014e828908b339f [term 0 FOLLOWER]: Becoming Follower/Learner. State: Replica: dc06b28e6b294d9fb014e828908b339f, State: Initialized, Role: FOLLOWER
I20260710 13:26:50.960625  5811 tablet_service.cc:1917] Received RequestConsensusVote() RPC: tablet_id: "48046e9f662f4aa5a47dd633d77e5d63" candidate_uuid: "aa04ab112e774013b2a4975b526cf6fe" candidate_term: 1 candidate_status { last_received { term: 0 index: 0 } } ignore_live_leader: false dest_uuid: "bed77c7432684c0794bed5782b538281" is_pre_election: true
I20260710 13:26:50.961213  5811 raft_consensus.cc:2468] T 48046e9f662f4aa5a47dd633d77e5d63 P bed77c7432684c0794bed5782b538281 [term 0 FOLLOWER]: Leader pre-election vote request: Granting yes vote for candidate aa04ab112e774013b2a4975b526cf6fe in term 0.
I20260710 13:26:50.961087  5858 consensus_queue.cc:260] T 095d1f8c8ba64a6fa1ed72579b2d2129 P dc06b28e6b294d9fb014e828908b339f [NON_LEADER]: Queue going to NON_LEADER mode. State: All replicated index: 0, Majority replicated index: 0, Committed index: 0, Last appended: 0.0, Last appended by leader: 0, Current term: 0, Majority size: -1, State: 0, Mode: NON_LEADER, active raft config: opid_index: -1 OBSOLETE_local: false peers { permanent_uuid: "dc06b28e6b294d9fb014e828908b339f" member_type: VOTER last_known_addr { host: "127.4.236.129" port: 39881 } } peers { permanent_uuid: "aa04ab112e774013b2a4975b526cf6fe" member_type: VOTER last_known_addr { host: "127.4.236.130" port: 38323 } } peers { permanent_uuid: "bed77c7432684c0794bed5782b538281" member_type: VOTER last_known_addr { host: "127.4.236.131" port: 41053 } }
I20260710 13:26:50.960286  5777 leader_election.cc:304] T 095d1f8c8ba64a6fa1ed72579b2d2129 P bed77c7432684c0794bed5782b538281 [CANDIDATE]: Term 1 pre-election: Election decided. Result: candidate won. Election summary: received 3 responses out of 3 voters: 2 yes votes; 1 no votes. yes voters: aa04ab112e774013b2a4975b526cf6fe, bed77c7432684c0794bed5782b538281; no voters: dc06b28e6b294d9fb014e828908b339f
I20260710 13:26:50.963544  5858 ts_tablet_manager.cc:1434] T 095d1f8c8ba64a6fa1ed72579b2d2129 P dc06b28e6b294d9fb014e828908b339f: Time spent starting tablet: real 0.015s	user 0.006s	sys 0.000s
I20260710 13:26:50.963841  5886 leader_election.cc:290] T 48046e9f662f4aa5a47dd633d77e5d63 P aa04ab112e774013b2a4975b526cf6fe [CANDIDATE]: Term 1 pre-election: Requested pre-vote from peers dc06b28e6b294d9fb014e828908b339f (127.4.236.129:39881), bed77c7432684c0794bed5782b538281 (127.4.236.131:41053)
I20260710 13:26:50.963585  5700 leader_election.cc:304] T 48046e9f662f4aa5a47dd633d77e5d63 P aa04ab112e774013b2a4975b526cf6fe [CANDIDATE]: Term 1 pre-election: Election decided. Result: candidate won. Election summary: received 2 responses out of 3 voters: 2 yes votes; 0 no votes. yes voters: aa04ab112e774013b2a4975b526cf6fe, bed77c7432684c0794bed5782b538281; no voters: 
I20260710 13:26:50.964627  5858 tablet_bootstrap.cc:492] T 2ce4ddaf2b8c404d9baea24707c056cc P dc06b28e6b294d9fb014e828908b339f: Bootstrap starting.
W20260710 13:26:50.964735  5608 auto_rebalancer.cc:288] Could not retrieve cluster info: Service unavailable: Tablet not running
I20260710 13:26:50.966094  5865 raft_consensus.cc:493] T de7fee75e1f2449e97327426c729321b P dc06b28e6b294d9fb014e828908b339f [term 0 FOLLOWER]: Starting pre-election (no leader contacted us within the election timeout)
I20260710 13:26:50.966235  5886 raft_consensus.cc:2804] T 48046e9f662f4aa5a47dd633d77e5d63 P aa04ab112e774013b2a4975b526cf6fe [term 0 FOLLOWER]: Leader pre-election won for term 1
I20260710 13:26:50.966617  5886 raft_consensus.cc:493] T 48046e9f662f4aa5a47dd633d77e5d63 P aa04ab112e774013b2a4975b526cf6fe [term 0 FOLLOWER]: Starting leader election (no leader contacted us within the election timeout)
I20260710 13:26:50.966569  5865 raft_consensus.cc:515] T de7fee75e1f2449e97327426c729321b P dc06b28e6b294d9fb014e828908b339f [term 0 FOLLOWER]: Starting pre-election with config: opid_index: -1 OBSOLETE_local: false peers { permanent_uuid: "dc06b28e6b294d9fb014e828908b339f" member_type: VOTER last_known_addr { host: "127.4.236.129" port: 39881 } } peers { permanent_uuid: "aa04ab112e774013b2a4975b526cf6fe" member_type: VOTER last_known_addr { host: "127.4.236.130" port: 38323 } } peers { permanent_uuid: "bed77c7432684c0794bed5782b538281" member_type: VOTER last_known_addr { host: "127.4.236.131" port: 41053 } }
I20260710 13:26:50.967072  5886 raft_consensus.cc:3060] T 48046e9f662f4aa5a47dd633d77e5d63 P aa04ab112e774013b2a4975b526cf6fe [term 0 FOLLOWER]: Advancing to term 1
I20260710 13:26:50.971202  5858 tablet_bootstrap.cc:654] T 2ce4ddaf2b8c404d9baea24707c056cc P dc06b28e6b294d9fb014e828908b339f: Neither blocks nor log segments found. Creating new log.
I20260710 13:26:50.971589  5859 raft_consensus.cc:2804] T 095d1f8c8ba64a6fa1ed72579b2d2129 P bed77c7432684c0794bed5782b538281 [term 0 FOLLOWER]: Leader pre-election won for term 1
I20260710 13:26:50.954269  5852 raft_consensus.cc:385] T efd96794d0854ddca69ce43c37106d5e P aa04ab112e774013b2a4975b526cf6fe [term 0 FOLLOWER]: Consensus starting up: Expiring failure detector timer to make a prompt election more likely
I20260710 13:26:50.973754  5859 raft_consensus.cc:493] T 095d1f8c8ba64a6fa1ed72579b2d2129 P bed77c7432684c0794bed5782b538281 [term 0 FOLLOWER]: Starting leader election (no leader contacted us within the election timeout)
I20260710 13:26:50.973922  5852 raft_consensus.cc:740] T efd96794d0854ddca69ce43c37106d5e P aa04ab112e774013b2a4975b526cf6fe [term 0 FOLLOWER]: Becoming Follower/Learner. State: Replica: aa04ab112e774013b2a4975b526cf6fe, State: Initialized, Role: FOLLOWER
I20260710 13:26:50.974320  5859 raft_consensus.cc:3060] T 095d1f8c8ba64a6fa1ed72579b2d2129 P bed77c7432684c0794bed5782b538281 [term 0 FOLLOWER]: Advancing to term 1
I20260710 13:26:50.974781  5852 consensus_queue.cc:260] T efd96794d0854ddca69ce43c37106d5e P aa04ab112e774013b2a4975b526cf6fe [NON_LEADER]: Queue going to NON_LEADER mode. State: All replicated index: 0, Majority replicated index: 0, Committed index: 0, Last appended: 0.0, Last appended by leader: 0, Current term: 0, Majority size: -1, State: 0, Mode: NON_LEADER, active raft config: opid_index: -1 OBSOLETE_local: false peers { permanent_uuid: "bed77c7432684c0794bed5782b538281" member_type: VOTER last_known_addr { host: "127.4.236.131" port: 41053 } } peers { permanent_uuid: "aa04ab112e774013b2a4975b526cf6fe" member_type: VOTER last_known_addr { host: "127.4.236.130" port: 38323 } } peers { permanent_uuid: "dc06b28e6b294d9fb014e828908b339f" member_type: VOTER last_known_addr { host: "127.4.236.129" port: 39881 } }
I20260710 13:26:50.976909  5852 ts_tablet_manager.cc:1434] T efd96794d0854ddca69ce43c37106d5e P aa04ab112e774013b2a4975b526cf6fe: Time spent starting tablet: real 0.026s	user 0.000s	sys 0.004s
I20260710 13:26:50.977627  5662 tablet_service.cc:1917] Received RequestConsensusVote() RPC: tablet_id: "0d1add039587476a952d09f6be8f722e" candidate_uuid: "bed77c7432684c0794bed5782b538281" candidate_term: 1 candidate_status { last_received { term: 0 index: 0 } } ignore_live_leader: false dest_uuid: "dc06b28e6b294d9fb014e828908b339f" is_pre_election: true
