I20260710 13:26:42.992837   498 consensus_queue.cc:1048] T fd1489857e534911a6e699bb1062bfd8 P b74069c4addf4bf6a5c6ba335886ff1f [LEADER]: Connected to new peer: Peer: permanent_uuid: "0ecbb2b7a4ea4fe1917e35fcf42d6b36" member_type: VOTER last_known_addr { host: "127.31.190.195" port: 38131 }, Status: LMP_MISMATCH, Last received: 0.0, Next index: 4, Last known committed idx: 3, Time since last communication: 0.000s
I20260710 13:26:43.072575   323 raft_consensus.cc:1275] T 58a0237f62a54f1cb9dd435b917a2ba1 P 0ecbb2b7a4ea4fe1917e35fcf42d6b36 [term 3 FOLLOWER]: Refusing update from remote peer b74069c4addf4bf6a5c6ba335886ff1f: Log matching property violated. Preceding OpId in replica: term: 2 index: 2. Preceding OpId from leader: term: 3 index: 3. (index mismatch)
I20260710 13:26:43.073858   498 consensus_queue.cc:1048] T 58a0237f62a54f1cb9dd435b917a2ba1 P b74069c4addf4bf6a5c6ba335886ff1f [LEADER]: Connected to new peer: Peer: permanent_uuid: "0ecbb2b7a4ea4fe1917e35fcf42d6b36" member_type: VOTER last_known_addr { host: "127.31.190.195" port: 38131 }, Status: LMP_MISMATCH, Last received: 0.0, Next index: 3, Last known committed idx: 2, Time since last communication: 0.000s
I20260710 13:26:43.086768 32642 raft_consensus.cc:1275] T 58a0237f62a54f1cb9dd435b917a2ba1 P 164ec703f8734b36850af5c092187894 [term 3 FOLLOWER]: Refusing update from remote peer b74069c4addf4bf6a5c6ba335886ff1f: Log matching property violated. Preceding OpId in replica: term: 2 index: 2. Preceding OpId from leader: term: 3 index: 3. (index mismatch)
I20260710 13:26:43.088533   497 consensus_queue.cc:1048] T 58a0237f62a54f1cb9dd435b917a2ba1 P b74069c4addf4bf6a5c6ba335886ff1f [LEADER]: Connected to new peer: Peer: permanent_uuid: "164ec703f8734b36850af5c092187894" member_type: VOTER last_known_addr { host: "127.31.190.193" port: 44131 }, Status: LMP_MISMATCH, Last received: 0.0, Next index: 3, Last known committed idx: 2, Time since last communication: 0.000s
I20260710 13:26:43.322257   323 raft_consensus.cc:1275] T d77f871d718b4575b2831fe8d0076b3a P 0ecbb2b7a4ea4fe1917e35fcf42d6b36 [term 2 FOLLOWER]: Refusing update from remote peer b74069c4addf4bf6a5c6ba335886ff1f: Log matching property violated. Preceding OpId in replica: term: 1 index: 1. Preceding OpId from leader: term: 2 index: 2. (index mismatch)
I20260710 13:26:43.323773   497 consensus_queue.cc:1048] T d77f871d718b4575b2831fe8d0076b3a P b74069c4addf4bf6a5c6ba335886ff1f [LEADER]: Connected to new peer: Peer: permanent_uuid: "0ecbb2b7a4ea4fe1917e35fcf42d6b36" member_type: VOTER last_known_addr { host: "127.31.190.195" port: 38131 }, Status: LMP_MISMATCH, Last received: 0.0, Next index: 2, Last known committed idx: 1, Time since last communication: 0.000s
I20260710 13:26:43.334594 32642 raft_consensus.cc:1275] T d77f871d718b4575b2831fe8d0076b3a P 164ec703f8734b36850af5c092187894 [term 2 FOLLOWER]: Refusing update from remote peer b74069c4addf4bf6a5c6ba335886ff1f: Log matching property violated. Preceding OpId in replica: term: 1 index: 1. Preceding OpId from leader: term: 2 index: 2. (index mismatch)
I20260710 13:26:43.337280   489 consensus_queue.cc:1048] T d77f871d718b4575b2831fe8d0076b3a P b74069c4addf4bf6a5c6ba335886ff1f [LEADER]: Connected to new peer: Peer: permanent_uuid: "164ec703f8734b36850af5c092187894" member_type: VOTER last_known_addr { host: "127.31.190.193" port: 44131 }, Status: LMP_MISMATCH, Last received: 0.0, Next index: 2, Last known committed idx: 1, Time since last communication: 0.001s
I20260710 13:26:45.176318 32507 auto_leader_rebalancer.cc:141] leader rebalance for table test-workload
I20260710 13:26:45.183568 32716 tablet_service.cc:2072] Received LeaderStepDown RPC: tablet_id: "0ce94b9e592a437abcb6e8e8c5d826a0"
dest_uuid: "b74069c4addf4bf6a5c6ba335886ff1f"
mode: GRACEFUL
new_leader_uuid: "0ecbb2b7a4ea4fe1917e35fcf42d6b36"
 from {username='slave'} at 127.0.0.1:41936
I20260710 13:26:45.184333 32716 raft_consensus.cc:606] T 0ce94b9e592a437abcb6e8e8c5d826a0 P b74069c4addf4bf6a5c6ba335886ff1f [term 2 LEADER]: Received request to transfer leadership to TS 0ecbb2b7a4ea4fe1917e35fcf42d6b36
I20260710 13:26:45.187013 32716 tablet_service.cc:2072] Received LeaderStepDown RPC: tablet_id: "181be662045a4294a1b3e055eadcbaa9"
dest_uuid: "b74069c4addf4bf6a5c6ba335886ff1f"
mode: GRACEFUL
new_leader_uuid: "164ec703f8734b36850af5c092187894"
 from {username='slave'} at 127.0.0.1:41936
I20260710 13:26:45.187449 32716 raft_consensus.cc:606] T 181be662045a4294a1b3e055eadcbaa9 P b74069c4addf4bf6a5c6ba335886ff1f [term 4 LEADER]: Received request to transfer leadership to TS 164ec703f8734b36850af5c092187894
I20260710 13:26:45.189934 32716 tablet_service.cc:2072] Received LeaderStepDown RPC: tablet_id: "58a0237f62a54f1cb9dd435b917a2ba1"
dest_uuid: "b74069c4addf4bf6a5c6ba335886ff1f"
mode: GRACEFUL
new_leader_uuid: "164ec703f8734b36850af5c092187894"
 from {username='slave'} at 127.0.0.1:41936
I20260710 13:26:45.190449 32716 raft_consensus.cc:606] T 58a0237f62a54f1cb9dd435b917a2ba1 P b74069c4addf4bf6a5c6ba335886ff1f [term 3 LEADER]: Received request to transfer leadership to TS 164ec703f8734b36850af5c092187894
I20260710 13:26:45.192854 32716 tablet_service.cc:2072] Received LeaderStepDown RPC: tablet_id: "d77f871d718b4575b2831fe8d0076b3a"
dest_uuid: "b74069c4addf4bf6a5c6ba335886ff1f"
mode: GRACEFUL
new_leader_uuid: "0ecbb2b7a4ea4fe1917e35fcf42d6b36"
 from {username='slave'} at 127.0.0.1:41936
I20260710 13:26:45.193348 32716 raft_consensus.cc:606] T d77f871d718b4575b2831fe8d0076b3a P b74069c4addf4bf6a5c6ba335886ff1f [term 2 LEADER]: Received request to transfer leadership to TS 0ecbb2b7a4ea4fe1917e35fcf42d6b36
I20260710 13:26:45.195912 32716 tablet_service.cc:2072] Received LeaderStepDown RPC: tablet_id: "fd1489857e534911a6e699bb1062bfd8"
dest_uuid: "b74069c4addf4bf6a5c6ba335886ff1f"
mode: GRACEFUL
new_leader_uuid: "164ec703f8734b36850af5c092187894"
 from {username='slave'} at 127.0.0.1:41936
I20260710 13:26:45.196405 32716 raft_consensus.cc:606] T fd1489857e534911a6e699bb1062bfd8 P b74069c4addf4bf6a5c6ba335886ff1f [term 4 LEADER]: Received request to transfer leadership to TS 164ec703f8734b36850af5c092187894
I20260710 13:26:45.197333 32507 auto_leader_rebalancer.cc:479] table: test-workload, leader rebalance finish, leader transfer count: 5
I20260710 13:26:45.197706 32507 auto_leader_rebalancer.cc:554] All tables' leader rebalancing finished this round
I20260710 13:26:45.278954   498 raft_consensus.cc:993] T 181be662045a4294a1b3e055eadcbaa9 P b74069c4addf4bf6a5c6ba335886ff1f: : Instructing follower 164ec703f8734b36850af5c092187894 to start an election
I20260710 13:26:45.279488   512 raft_consensus.cc:1081] T 181be662045a4294a1b3e055eadcbaa9 P b74069c4addf4bf6a5c6ba335886ff1f [term 4 LEADER]: Signalling peer 164ec703f8734b36850af5c092187894 to start an election
I20260710 13:26:45.281113 32641 tablet_service.cc:2044] Received Run Leader Election RPC: tablet_id: "181be662045a4294a1b3e055eadcbaa9"
dest_uuid: "164ec703f8734b36850af5c092187894"
 from {username='slave'} at 127.0.0.1:55356
I20260710 13:26:45.281617 32641 raft_consensus.cc:493] T 181be662045a4294a1b3e055eadcbaa9 P 164ec703f8734b36850af5c092187894 [term 4 FOLLOWER]: Starting forced leader election (received explicit request)
I20260710 13:26:45.281962 32641 raft_consensus.cc:3060] T 181be662045a4294a1b3e055eadcbaa9 P 164ec703f8734b36850af5c092187894 [term 4 FOLLOWER]: Advancing to term 5
I20260710 13:26:45.287194 32641 raft_consensus.cc:515] T 181be662045a4294a1b3e055eadcbaa9 P 164ec703f8734b36850af5c092187894 [term 5 FOLLOWER]: Starting forced leader election with config: opid_index: -1 OBSOLETE_local: false peers { permanent_uuid: "164ec703f8734b36850af5c092187894" member_type: VOTER last_known_addr { host: "127.31.190.193" port: 44131 } } peers { permanent_uuid: "b74069c4addf4bf6a5c6ba335886ff1f" member_type: VOTER last_known_addr { host: "127.31.190.194" port: 45123 } } peers { permanent_uuid: "0ecbb2b7a4ea4fe1917e35fcf42d6b36" member_type: VOTER last_known_addr { host: "127.31.190.195" port: 38131 } }
I20260710 13:26:45.289204 32641 leader_election.cc:290] T 181be662045a4294a1b3e055eadcbaa9 P 164ec703f8734b36850af5c092187894 [CANDIDATE]: Term 5 election: Requested vote from peers b74069c4addf4bf6a5c6ba335886ff1f (127.31.190.194:45123), 0ecbb2b7a4ea4fe1917e35fcf42d6b36 (127.31.190.195:38131)
I20260710 13:26:45.289984 32716 tablet_service.cc:1917] Received RequestConsensusVote() RPC: tablet_id: "181be662045a4294a1b3e055eadcbaa9" candidate_uuid: "164ec703f8734b36850af5c092187894" candidate_term: 5 candidate_status { last_received { term: 4 index: 4 } } ignore_live_leader: true dest_uuid: "b74069c4addf4bf6a5c6ba335886ff1f"
I20260710 13:26:45.290697 32716 raft_consensus.cc:3055] T 181be662045a4294a1b3e055eadcbaa9 P b74069c4addf4bf6a5c6ba335886ff1f [term 4 LEADER]: Stepping down as leader of term 4
I20260710 13:26:45.290594   322 tablet_service.cc:1917] Received RequestConsensusVote() RPC: tablet_id: "181be662045a4294a1b3e055eadcbaa9" candidate_uuid: "164ec703f8734b36850af5c092187894" candidate_term: 5 candidate_status { last_received { term: 4 index: 4 } } ignore_live_leader: true dest_uuid: "0ecbb2b7a4ea4fe1917e35fcf42d6b36"
I20260710 13:26:45.290969 32716 raft_consensus.cc:740] T 181be662045a4294a1b3e055eadcbaa9 P b74069c4addf4bf6a5c6ba335886ff1f [term 4 LEADER]: Becoming Follower/Learner. State: Replica: b74069c4addf4bf6a5c6ba335886ff1f, State: Running, Role: LEADER
I20260710 13:26:45.291227   322 raft_consensus.cc:3060] T 181be662045a4294a1b3e055eadcbaa9 P 0ecbb2b7a4ea4fe1917e35fcf42d6b36 [term 4 FOLLOWER]: Advancing to term 5
I20260710 13:26:45.291745 32716 consensus_queue.cc:260] T 181be662045a4294a1b3e055eadcbaa9 P b74069c4addf4bf6a5c6ba335886ff1f [NON_LEADER]: Queue going to NON_LEADER mode. State: All replicated index: 0, Majority replicated index: 4, Committed index: 4, Last appended: 4.4, Last appended by leader: 4, Current term: 4, Majority size: -1, State: 0, Mode: NON_LEADER, active raft config: opid_index: -1 OBSOLETE_local: false peers { permanent_uuid: "164ec703f8734b36850af5c092187894" member_type: VOTER last_known_addr { host: "127.31.190.193" port: 44131 } } peers { permanent_uuid: "b74069c4addf4bf6a5c6ba335886ff1f" member_type: VOTER last_known_addr { host: "127.31.190.194" port: 45123 } } peers { permanent_uuid: "0ecbb2b7a4ea4fe1917e35fcf42d6b36" member_type: VOTER last_known_addr { host: "127.31.190.195" port: 38131 } }
I20260710 13:26:45.292723 32716 raft_consensus.cc:3060] T 181be662045a4294a1b3e055eadcbaa9 P b74069c4addf4bf6a5c6ba335886ff1f [term 4 FOLLOWER]: Advancing to term 5
I20260710 13:26:45.296732   322 raft_consensus.cc:2468] T 181be662045a4294a1b3e055eadcbaa9 P 0ecbb2b7a4ea4fe1917e35fcf42d6b36 [term 5 FOLLOWER]: Leader election vote request: Granting yes vote for candidate 164ec703f8734b36850af5c092187894 in term 5.
I20260710 13:26:45.298087 32716 raft_consensus.cc:2468] T 181be662045a4294a1b3e055eadcbaa9 P b74069c4addf4bf6a5c6ba335886ff1f [term 5 FOLLOWER]: Leader election vote request: Granting yes vote for candidate 164ec703f8734b36850af5c092187894 in term 5.
I20260710 13:26:45.298338 32608 leader_election.cc:304] T 181be662045a4294a1b3e055eadcbaa9 P 164ec703f8734b36850af5c092187894 [CANDIDATE]: Term 5 election: Election decided. Result: candidate won. Election summary: received 2 responses out of 3 voters: 2 yes votes; 0 no votes. yes voters: 0ecbb2b7a4ea4fe1917e35fcf42d6b36, 164ec703f8734b36850af5c092187894; no voters: 
I20260710 13:26:45.300051   498 raft_consensus.cc:993] T 58a0237f62a54f1cb9dd435b917a2ba1 P b74069c4addf4bf6a5c6ba335886ff1f: : Instructing follower 164ec703f8734b36850af5c092187894 to start an election
I20260710 13:26:45.300522   512 raft_consensus.cc:1081] T 58a0237f62a54f1cb9dd435b917a2ba1 P b74069c4addf4bf6a5c6ba335886ff1f [term 3 LEADER]: Signalling peer 164ec703f8734b36850af5c092187894 to start an election
I20260710 13:26:45.300414   513 raft_consensus.cc:2804] T 181be662045a4294a1b3e055eadcbaa9 P 164ec703f8734b36850af5c092187894 [term 5 FOLLOWER]: Leader election won for term 5
I20260710 13:26:45.301785   513 raft_consensus.cc:697] T 181be662045a4294a1b3e055eadcbaa9 P 164ec703f8734b36850af5c092187894 [term 5 LEADER]: Becoming Leader. State: Replica: 164ec703f8734b36850af5c092187894, State: Running, Role: LEADER
I20260710 13:26:45.302371 32641 tablet_service.cc:2044] Received Run Leader Election RPC: tablet_id: "58a0237f62a54f1cb9dd435b917a2ba1"
dest_uuid: "164ec703f8734b36850af5c092187894"
 from {username='slave'} at 127.0.0.1:55356
I20260710 13:26:45.302911 32641 raft_consensus.cc:493] T 58a0237f62a54f1cb9dd435b917a2ba1 P 164ec703f8734b36850af5c092187894 [term 3 FOLLOWER]: Starting forced leader election (received explicit request)
I20260710 13:26:45.302743   513 consensus_queue.cc:237] T 181be662045a4294a1b3e055eadcbaa9 P 164ec703f8734b36850af5c092187894 [LEADER]: Queue going to LEADER mode. State: All replicated index: 0, Majority replicated index: 4, Committed index: 4, Last appended: 4.4, Last appended by leader: 4, Current term: 5, Majority size: 2, State: 0, Mode: LEADER, active raft config: opid_index: -1 OBSOLETE_local: false peers { permanent_uuid: "164ec703f8734b36850af5c092187894" member_type: VOTER last_known_addr { host: "127.31.190.193" port: 44131 } } peers { permanent_uuid: "b74069c4addf4bf6a5c6ba335886ff1f" member_type: VOTER last_known_addr { host: "127.31.190.194" port: 45123 } } peers { permanent_uuid: "0ecbb2b7a4ea4fe1917e35fcf42d6b36" member_type: VOTER last_known_addr { host: "127.31.190.195" port: 38131 } }
I20260710 13:26:45.303237 32641 raft_consensus.cc:3060] T 58a0237f62a54f1cb9dd435b917a2ba1 P 164ec703f8734b36850af5c092187894 [term 3 FOLLOWER]: Advancing to term 4
I20260710 13:26:45.308584 32641 raft_consensus.cc:515] T 58a0237f62a54f1cb9dd435b917a2ba1 P 164ec703f8734b36850af5c092187894 [term 4 FOLLOWER]: Starting forced leader election with config: opid_index: -1 OBSOLETE_local: false peers { permanent_uuid: "164ec703f8734b36850af5c092187894" member_type: VOTER last_known_addr { host: "127.31.190.193" port: 44131 } } peers { permanent_uuid: "b74069c4addf4bf6a5c6ba335886ff1f" member_type: VOTER last_known_addr { host: "127.31.190.194" port: 45123 } } peers { permanent_uuid: "0ecbb2b7a4ea4fe1917e35fcf42d6b36" member_type: VOTER last_known_addr { host: "127.31.190.195" port: 38131 } }
I20260710 13:26:45.310024 32641 leader_election.cc:290] T 58a0237f62a54f1cb9dd435b917a2ba1 P 164ec703f8734b36850af5c092187894 [CANDIDATE]: Term 4 election: Requested vote from peers b74069c4addf4bf6a5c6ba335886ff1f (127.31.190.194:45123), 0ecbb2b7a4ea4fe1917e35fcf42d6b36 (127.31.190.195:38131)
I20260710 13:26:45.311087   322 tablet_service.cc:1917] Received RequestConsensusVote() RPC: tablet_id: "58a0237f62a54f1cb9dd435b917a2ba1" candidate_uuid: "164ec703f8734b36850af5c092187894" candidate_term: 4 candidate_status { last_received { term: 3 index: 3 } } ignore_live_leader: true dest_uuid: "0ecbb2b7a4ea4fe1917e35fcf42d6b36"
I20260710 13:26:45.311684   322 raft_consensus.cc:3060] T 58a0237f62a54f1cb9dd435b917a2ba1 P 0ecbb2b7a4ea4fe1917e35fcf42d6b36 [term 3 FOLLOWER]: Advancing to term 4
I20260710 13:26:45.311786 32716 tablet_service.cc:1917] Received RequestConsensusVote() RPC: tablet_id: "58a0237f62a54f1cb9dd435b917a2ba1" candidate_uuid: "164ec703f8734b36850af5c092187894" candidate_term: 4 candidate_status { last_received { term: 3 index: 3 } } ignore_live_leader: true dest_uuid: "b74069c4addf4bf6a5c6ba335886ff1f"
I20260710 13:26:45.311244 32536 catalog_manager.cc:5697] T 181be662045a4294a1b3e055eadcbaa9 P 164ec703f8734b36850af5c092187894 reported cstate change: term changed from 4 to 5, leader changed from b74069c4addf4bf6a5c6ba335886ff1f (127.31.190.194) to 164ec703f8734b36850af5c092187894 (127.31.190.193). New cstate: current_term: 5 leader_uuid: "164ec703f8734b36850af5c092187894" committed_config { opid_index: -1 OBSOLETE_local: false peers { permanent_uuid: "164ec703f8734b36850af5c092187894" member_type: VOTER last_known_addr { host: "127.31.190.193" port: 44131 } health_report { overall_health: HEALTHY } } peers { permanent_uuid: "b74069c4addf4bf6a5c6ba335886ff1f" member_type: VOTER last_known_addr { host: "127.31.190.194" port: 45123 } health_report { overall_health: UNKNOWN } } peers { permanent_uuid: "0ecbb2b7a4ea4fe1917e35fcf42d6b36" member_type: VOTER last_known_addr { host: "127.31.190.195" port: 38131 } health_report { overall_health: UNKNOWN } } }
I20260710 13:26:45.312275 32716 raft_consensus.cc:3055] T 58a0237f62a54f1cb9dd435b917a2ba1 P b74069c4addf4bf6a5c6ba335886ff1f [term 3 LEADER]: Stepping down as leader of term 3
I20260710 13:26:45.312649 32716 raft_consensus.cc:740] T 58a0237f62a54f1cb9dd435b917a2ba1 P b74069c4addf4bf6a5c6ba335886ff1f [term 3 LEADER]: Becoming Follower/Learner. State: Replica: b74069c4addf4bf6a5c6ba335886ff1f, State: Running, Role: LEADER
I20260710 13:26:45.313318 32716 consensus_queue.cc:260] T 58a0237f62a54f1cb9dd435b917a2ba1 P b74069c4addf4bf6a5c6ba335886ff1f [NON_LEADER]: Queue going to NON_LEADER mode. State: All replicated index: 0, Majority replicated index: 3, Committed index: 3, Last appended: 3.3, Last appended by leader: 3, Current term: 3, Majority size: -1, State: 0, Mode: NON_LEADER, active raft config: opid_index: -1 OBSOLETE_local: false peers { permanent_uuid: "164ec703f8734b36850af5c092187894" member_type: VOTER last_known_addr { host: "127.31.190.193" port: 44131 } } peers { permanent_uuid: "b74069c4addf4bf6a5c6ba335886ff1f" member_type: VOTER last_known_addr { host: "127.31.190.194" port: 45123 } } peers { permanent_uuid: "0ecbb2b7a4ea4fe1917e35fcf42d6b36" member_type: VOTER last_known_addr { host: "127.31.190.195" port: 38131 } }
I20260710 13:26:45.314123 32716 raft_consensus.cc:3060] T 58a0237f62a54f1cb9dd435b917a2ba1 P b74069c4addf4bf6a5c6ba335886ff1f [term 3 FOLLOWER]: Advancing to term 4
I20260710 13:26:45.317816   322 raft_consensus.cc:2468] T 58a0237f62a54f1cb9dd435b917a2ba1 P 0ecbb2b7a4ea4fe1917e35fcf42d6b36 [term 4 FOLLOWER]: Leader election vote request: Granting yes vote for candidate 164ec703f8734b36850af5c092187894 in term 4.
I20260710 13:26:45.318907 32608 leader_election.cc:304] T 58a0237f62a54f1cb9dd435b917a2ba1 P 164ec703f8734b36850af5c092187894 [CANDIDATE]: Term 4 election: Election decided. Result: candidate won. Election summary: received 2 responses out of 3 voters: 2 yes votes; 0 no votes. yes voters: 0ecbb2b7a4ea4fe1917e35fcf42d6b36, 164ec703f8734b36850af5c092187894; no voters: 
I20260710 13:26:45.320351 32716 raft_consensus.cc:2468] T 58a0237f62a54f1cb9dd435b917a2ba1 P b74069c4addf4bf6a5c6ba335886ff1f [term 4 FOLLOWER]: Leader election vote request: Granting yes vote for candidate 164ec703f8734b36850af5c092187894 in term 4.
I20260710 13:26:45.321188   513 raft_consensus.cc:2804] T 58a0237f62a54f1cb9dd435b917a2ba1 P 164ec703f8734b36850af5c092187894 [term 4 FOLLOWER]: Leader election won for term 4
I20260710 13:26:45.321724   513 raft_consensus.cc:697] T 58a0237f62a54f1cb9dd435b917a2ba1 P 164ec703f8734b36850af5c092187894 [term 4 LEADER]: Becoming Leader. State: Replica: 164ec703f8734b36850af5c092187894, State: Running, Role: LEADER
I20260710 13:26:45.322451   513 consensus_queue.cc:237] T 58a0237f62a54f1cb9dd435b917a2ba1 P 164ec703f8734b36850af5c092187894 [LEADER]: Queue going to LEADER mode. State: All replicated index: 0, Majority replicated index: 3, Committed index: 3, Last appended: 3.3, Last appended by leader: 3, Current term: 4, Majority size: 2, State: 0, Mode: LEADER, active raft config: opid_index: -1 OBSOLETE_local: false peers { permanent_uuid: "164ec703f8734b36850af5c092187894" member_type: VOTER last_known_addr { host: "127.31.190.193" port: 44131 } } peers { permanent_uuid: "b74069c4addf4bf6a5c6ba335886ff1f" member_type: VOTER last_known_addr { host: "127.31.190.194" port: 45123 } } peers { permanent_uuid: "0ecbb2b7a4ea4fe1917e35fcf42d6b36" member_type: VOTER last_known_addr { host: "127.31.190.195" port: 38131 } }
I20260710 13:26:45.332034 32536 catalog_manager.cc:5697] T 58a0237f62a54f1cb9dd435b917a2ba1 P 164ec703f8734b36850af5c092187894 reported cstate change: term changed from 3 to 4, leader changed from b74069c4addf4bf6a5c6ba335886ff1f (127.31.190.194) to 164ec703f8734b36850af5c092187894 (127.31.190.193). New cstate: current_term: 4 leader_uuid: "164ec703f8734b36850af5c092187894" committed_config { opid_index: -1 OBSOLETE_local: false peers { permanent_uuid: "164ec703f8734b36850af5c092187894" member_type: VOTER last_known_addr { host: "127.31.190.193" port: 44131 } health_report { overall_health: HEALTHY } } peers { permanent_uuid: "b74069c4addf4bf6a5c6ba335886ff1f" member_type: VOTER last_known_addr { host: "127.31.190.194" port: 45123 } health_report { overall_health: UNKNOWN } } peers { permanent_uuid: "0ecbb2b7a4ea4fe1917e35fcf42d6b36" member_type: VOTER last_known_addr { host: "127.31.190.195" port: 38131 } health_report { overall_health: UNKNOWN } } }
I20260710 13:26:45.565925   498 raft_consensus.cc:993] T 0ce94b9e592a437abcb6e8e8c5d826a0 P b74069c4addf4bf6a5c6ba335886ff1f: : Instructing follower 0ecbb2b7a4ea4fe1917e35fcf42d6b36 to start an election
I20260710 13:26:45.566587   521 raft_consensus.cc:1081] T 0ce94b9e592a437abcb6e8e8c5d826a0 P b74069c4addf4bf6a5c6ba335886ff1f [term 2 LEADER]: Signalling peer 0ecbb2b7a4ea4fe1917e35fcf42d6b36 to start an election
I20260710 13:26:45.568324   512 raft_consensus.cc:993] T d77f871d718b4575b2831fe8d0076b3a P b74069c4addf4bf6a5c6ba335886ff1f: : Instructing follower 0ecbb2b7a4ea4fe1917e35fcf42d6b36 to start an election
I20260710 13:26:45.568753   322 tablet_service.cc:2044] Received Run Leader Election RPC: tablet_id: "0ce94b9e592a437abcb6e8e8c5d826a0"
dest_uuid: "0ecbb2b7a4ea4fe1917e35fcf42d6b36"
 from {username='slave'} at 127.0.0.1:60626
I20260710 13:26:45.568799   521 raft_consensus.cc:1081] T d77f871d718b4575b2831fe8d0076b3a P b74069c4addf4bf6a5c6ba335886ff1f [term 2 LEADER]: Signalling peer 0ecbb2b7a4ea4fe1917e35fcf42d6b36 to start an election
I20260710 13:26:45.569271   322 raft_consensus.cc:493] T 0ce94b9e592a437abcb6e8e8c5d826a0 P 0ecbb2b7a4ea4fe1917e35fcf42d6b36 [term 2 FOLLOWER]: Starting forced leader election (received explicit request)
I20260710 13:26:45.569591   322 raft_consensus.cc:3060] T 0ce94b9e592a437abcb6e8e8c5d826a0 P 0ecbb2b7a4ea4fe1917e35fcf42d6b36 [term 2 FOLLOWER]: Advancing to term 3
I20260710 13:26:45.570557   323 tablet_service.cc:2044] Received Run Leader Election RPC: tablet_id: "d77f871d718b4575b2831fe8d0076b3a"
dest_uuid: "0ecbb2b7a4ea4fe1917e35fcf42d6b36"
 from {username='slave'} at 127.0.0.1:60626
I20260710 13:26:45.571017   323 raft_consensus.cc:493] T d77f871d718b4575b2831fe8d0076b3a P 0ecbb2b7a4ea4fe1917e35fcf42d6b36 [term 2 FOLLOWER]: Starting forced leader election (received explicit request)
I20260710 13:26:45.571276   323 raft_consensus.cc:3060] T d77f871d718b4575b2831fe8d0076b3a P 0ecbb2b7a4ea4fe1917e35fcf42d6b36 [term 2 FOLLOWER]: Advancing to term 3
I20260710 13:26:45.574070   322 raft_consensus.cc:515] T 0ce94b9e592a437abcb6e8e8c5d826a0 P 0ecbb2b7a4ea4fe1917e35fcf42d6b36 [term 3 FOLLOWER]: Starting forced leader election with config: opid_index: -1 OBSOLETE_local: false peers { permanent_uuid: "164ec703f8734b36850af5c092187894" member_type: VOTER last_known_addr { host: "127.31.190.193" port: 44131 } } peers { permanent_uuid: "b74069c4addf4bf6a5c6ba335886ff1f" member_type: VOTER last_known_addr { host: "127.31.190.194" port: 45123 } } peers { permanent_uuid: "0ecbb2b7a4ea4fe1917e35fcf42d6b36" member_type: VOTER last_known_addr { host: "127.31.190.195" port: 38131 } }
I20260710 13:26:45.575490   323 raft_consensus.cc:515] T d77f871d718b4575b2831fe8d0076b3a P 0ecbb2b7a4ea4fe1917e35fcf42d6b36 [term 3 FOLLOWER]: Starting forced leader election with config: opid_index: -1 OBSOLETE_local: false peers { permanent_uuid: "0ecbb2b7a4ea4fe1917e35fcf42d6b36" member_type: VOTER last_known_addr { host: "127.31.190.195" port: 38131 } } peers { permanent_uuid: "164ec703f8734b36850af5c092187894" member_type: VOTER last_known_addr { host: "127.31.190.193" port: 44131 } } peers { permanent_uuid: "b74069c4addf4bf6a5c6ba335886ff1f" member_type: VOTER last_known_addr { host: "127.31.190.194" port: 45123 } }
I20260710 13:26:45.576052   322 leader_election.cc:290] T 0ce94b9e592a437abcb6e8e8c5d826a0 P 0ecbb2b7a4ea4fe1917e35fcf42d6b36 [CANDIDATE]: Term 3 election: Requested vote from peers 164ec703f8734b36850af5c092187894 (127.31.190.193:44131), b74069c4addf4bf6a5c6ba335886ff1f (127.31.190.194:45123)
I20260710 13:26:45.576622 32716 tablet_service.cc:1917] Received RequestConsensusVote() RPC: tablet_id: "0ce94b9e592a437abcb6e8e8c5d826a0" candidate_uuid: "0ecbb2b7a4ea4fe1917e35fcf42d6b36" candidate_term: 3 candidate_status { last_received { term: 2 index: 2 } } ignore_live_leader: true dest_uuid: "b74069c4addf4bf6a5c6ba335886ff1f"
I20260710 13:26:45.576576 32642 tablet_service.cc:1917] Received RequestConsensusVote() RPC: tablet_id: "0ce94b9e592a437abcb6e8e8c5d826a0" candidate_uuid: "0ecbb2b7a4ea4fe1917e35fcf42d6b36" candidate_term: 3 candidate_status { last_received { term: 2 index: 2 } } ignore_live_leader: true dest_uuid: "164ec703f8734b36850af5c092187894"
I20260710 13:26:45.577868 32642 raft_consensus.cc:3060] T 0ce94b9e592a437abcb6e8e8c5d826a0 P 164ec703f8734b36850af5c092187894 [term 2 FOLLOWER]: Advancing to term 3
I20260710 13:26:45.578035   323 leader_election.cc:290] T d77f871d718b4575b2831fe8d0076b3a P 0ecbb2b7a4ea4fe1917e35fcf42d6b36 [CANDIDATE]: Term 3 election: Requested vote from peers 164ec703f8734b36850af5c092187894 (127.31.190.193:44131), b74069c4addf4bf6a5c6ba335886ff1f (127.31.190.194:45123)
I20260710 13:26:45.578197 32641 tablet_service.cc:1917] Received RequestConsensusVote() RPC: tablet_id: "d77f871d718b4575b2831fe8d0076b3a" candidate_uuid: "0ecbb2b7a4ea4fe1917e35fcf42d6b36" candidate_term: 3 candidate_status { last_received { term: 2 index: 2 } } ignore_live_leader: true dest_uuid: "164ec703f8734b36850af5c092187894"
I20260710 13:26:45.578732 32641 raft_consensus.cc:3060] T d77f871d718b4575b2831fe8d0076b3a P 164ec703f8734b36850af5c092187894 [term 2 FOLLOWER]: Advancing to term 3
I20260710 13:26:45.578763 32717 tablet_service.cc:1917] Received RequestConsensusVote() RPC: tablet_id: "d77f871d718b4575b2831fe8d0076b3a" candidate_uuid: "0ecbb2b7a4ea4fe1917e35fcf42d6b36" candidate_term: 3 candidate_status { last_received { term: 2 index: 2 } } ignore_live_leader: true dest_uuid: "b74069c4addf4bf6a5c6ba335886ff1f"
I20260710 13:26:45.579453 32717 raft_consensus.cc:3055] T d77f871d718b4575b2831fe8d0076b3a P b74069c4addf4bf6a5c6ba335886ff1f [term 2 LEADER]: Stepping down as leader of term 2
I20260710 13:26:45.579756 32717 raft_consensus.cc:740] T d77f871d718b4575b2831fe8d0076b3a P b74069c4addf4bf6a5c6ba335886ff1f [term 2 LEADER]: Becoming Follower/Learner. State: Replica: b74069c4addf4bf6a5c6ba335886ff1f, State: Running, Role: LEADER
I20260710 13:26:45.580610 32717 consensus_queue.cc:260] T d77f871d718b4575b2831fe8d0076b3a P b74069c4addf4bf6a5c6ba335886ff1f [NON_LEADER]: Queue going to NON_LEADER mode. State: All replicated index: 0, Majority replicated index: 2, Committed index: 2, Last appended: 2.2, Last appended by leader: 2, Current term: 2, Majority size: -1, State: 0, Mode: NON_LEADER, active raft config: opid_index: -1 OBSOLETE_local: false peers { permanent_uuid: "0ecbb2b7a4ea4fe1917e35fcf42d6b36" member_type: VOTER last_known_addr { host: "127.31.190.195" port: 38131 } } peers { permanent_uuid: "164ec703f8734b36850af5c092187894" member_type: VOTER last_known_addr { host: "127.31.190.193" port: 44131 } } peers { permanent_uuid: "b74069c4addf4bf6a5c6ba335886ff1f" member_type: VOTER last_known_addr { host: "127.31.190.194" port: 45123 } }
I20260710 13:26:45.581940 32717 raft_consensus.cc:3060] T d77f871d718b4575b2831fe8d0076b3a P b74069c4addf4bf6a5c6ba335886ff1f [term 2 FOLLOWER]: Advancing to term 3
I20260710 13:26:45.577445 32716 raft_consensus.cc:3055] T 0ce94b9e592a437abcb6e8e8c5d826a0 P b74069c4addf4bf6a5c6ba335886ff1f [term 2 LEADER]: Stepping down as leader of term 2
I20260710 13:26:45.584899 32716 raft_consensus.cc:740] T 0ce94b9e592a437abcb6e8e8c5d826a0 P b74069c4addf4bf6a5c6ba335886ff1f [term 2 LEADER]: Becoming Follower/Learner. State: Replica: b74069c4addf4bf6a5c6ba335886ff1f, State: Running, Role: LEADER
I20260710 13:26:45.585521 32716 consensus_queue.cc:260] T 0ce94b9e592a437abcb6e8e8c5d826a0 P b74069c4addf4bf6a5c6ba335886ff1f [NON_LEADER]: Queue going to NON_LEADER mode. State: All replicated index: 0, Majority replicated index: 2, Committed index: 2, Last appended: 2.2, Last appended by leader: 2, Current term: 2, Majority size: -1, State: 0, Mode: NON_LEADER, active raft config: opid_index: -1 OBSOLETE_local: false peers { permanent_uuid: "164ec703f8734b36850af5c092187894" member_type: VOTER last_known_addr { host: "127.31.190.193" port: 44131 } } peers { permanent_uuid: "b74069c4addf4bf6a5c6ba335886ff1f" member_type: VOTER last_known_addr { host: "127.31.190.194" port: 45123 } } peers { permanent_uuid: "0ecbb2b7a4ea4fe1917e35fcf42d6b36" member_type: VOTER last_known_addr { host: "127.31.190.195" port: 38131 } }
I20260710 13:26:45.586352 32716 raft_consensus.cc:3060] T 0ce94b9e592a437abcb6e8e8c5d826a0 P b74069c4addf4bf6a5c6ba335886ff1f [term 2 FOLLOWER]: Advancing to term 3
I20260710 13:26:45.588312 32641 raft_consensus.cc:2468] T d77f871d718b4575b2831fe8d0076b3a P 164ec703f8734b36850af5c092187894 [term 3 FOLLOWER]: Leader election vote request: Granting yes vote for candidate 0ecbb2b7a4ea4fe1917e35fcf42d6b36 in term 3.
I20260710 13:26:45.589607 32642 raft_consensus.cc:2468] T 0ce94b9e592a437abcb6e8e8c5d826a0 P 164ec703f8734b36850af5c092187894 [term 3 FOLLOWER]: Leader election vote request: Granting yes vote for candidate 0ecbb2b7a4ea4fe1917e35fcf42d6b36 in term 3.
I20260710 13:26:45.590245 32756 leader_election.cc:304] T d77f871d718b4575b2831fe8d0076b3a P 0ecbb2b7a4ea4fe1917e35fcf42d6b36 [CANDIDATE]: Term 3 election: Election decided. Result: candidate won. Election summary: received 2 responses out of 3 voters: 2 yes votes; 0 no votes. yes voters: 0ecbb2b7a4ea4fe1917e35fcf42d6b36, 164ec703f8734b36850af5c092187894; no voters: 
I20260710 13:26:45.590512 32717 raft_consensus.cc:2468] T d77f871d718b4575b2831fe8d0076b3a P b74069c4addf4bf6a5c6ba335886ff1f [term 3 FOLLOWER]: Leader election vote request: Granting yes vote for candidate 0ecbb2b7a4ea4fe1917e35fcf42d6b36 in term 3.
I20260710 13:26:45.591337 32756 leader_election.cc:304] T 0ce94b9e592a437abcb6e8e8c5d826a0 P 0ecbb2b7a4ea4fe1917e35fcf42d6b36 [CANDIDATE]: Term 3 election: Election decided. Result: candidate won. Election summary: received 2 responses out of 3 voters: 2 yes votes; 0 no votes. yes voters: 0ecbb2b7a4ea4fe1917e35fcf42d6b36, 164ec703f8734b36850af5c092187894; no voters: 
I20260710 13:26:45.591846   471 raft_consensus.cc:2804] T d77f871d718b4575b2831fe8d0076b3a P 0ecbb2b7a4ea4fe1917e35fcf42d6b36 [term 3 FOLLOWER]: Leader election won for term 3
I20260710 13:26:45.592557 32716 raft_consensus.cc:2468] T 0ce94b9e592a437abcb6e8e8c5d826a0 P b74069c4addf4bf6a5c6ba335886ff1f [term 3 FOLLOWER]: Leader election vote request: Granting yes vote for candidate 0ecbb2b7a4ea4fe1917e35fcf42d6b36 in term 3.
I20260710 13:26:45.593791   471 raft_consensus.cc:697] T d77f871d718b4575b2831fe8d0076b3a P 0ecbb2b7a4ea4fe1917e35fcf42d6b36 [term 3 LEADER]: Becoming Leader. State: Replica: 0ecbb2b7a4ea4fe1917e35fcf42d6b36, State: Running, Role: LEADER
I20260710 13:26:45.594259   522 raft_consensus.cc:2804] T 0ce94b9e592a437abcb6e8e8c5d826a0 P 0ecbb2b7a4ea4fe1917e35fcf42d6b36 [term 3 FOLLOWER]: Leader election won for term 3
I20260710 13:26:45.594777   522 raft_consensus.cc:697] T 0ce94b9e592a437abcb6e8e8c5d826a0 P 0ecbb2b7a4ea4fe1917e35fcf42d6b36 [term 3 LEADER]: Becoming Leader. State: Replica: 0ecbb2b7a4ea4fe1917e35fcf42d6b36, State: Running, Role: LEADER
I20260710 13:26:45.594925   471 consensus_queue.cc:237] T d77f871d718b4575b2831fe8d0076b3a P 0ecbb2b7a4ea4fe1917e35fcf42d6b36 [LEADER]: Queue going to LEADER mode. State: All replicated index: 0, Majority replicated index: 2, Committed index: 2, Last appended: 2.2, Last appended by leader: 2, Current term: 3, Majority size: 2, State: 0, Mode: LEADER, active raft config: opid_index: -1 OBSOLETE_local: false peers { permanent_uuid: "0ecbb2b7a4ea4fe1917e35fcf42d6b36" member_type: VOTER last_known_addr { host: "127.31.190.195" port: 38131 } } peers { permanent_uuid: "164ec703f8734b36850af5c092187894" member_type: VOTER last_known_addr { host: "127.31.190.193" port: 44131 } } peers { permanent_uuid: "b74069c4addf4bf6a5c6ba335886ff1f" member_type: VOTER last_known_addr { host: "127.31.190.194" port: 45123 } }
I20260710 13:26:45.595679   522 consensus_queue.cc:237] T 0ce94b9e592a437abcb6e8e8c5d826a0 P 0ecbb2b7a4ea4fe1917e35fcf42d6b36 [LEADER]: Queue going to LEADER mode. State: All replicated index: 0, Majority replicated index: 2, Committed index: 2, Last appended: 2.2, Last appended by leader: 2, Current term: 3, Majority size: 2, State: 0, Mode: LEADER, active raft config: opid_index: -1 OBSOLETE_local: false peers { permanent_uuid: "164ec703f8734b36850af5c092187894" member_type: VOTER last_known_addr { host: "127.31.190.193" port: 44131 } } peers { permanent_uuid: "b74069c4addf4bf6a5c6ba335886ff1f" member_type: VOTER last_known_addr { host: "127.31.190.194" port: 45123 } } peers { permanent_uuid: "0ecbb2b7a4ea4fe1917e35fcf42d6b36" member_type: VOTER last_known_addr { host: "127.31.190.195" port: 38131 } }
I20260710 13:26:45.603382 32536 catalog_manager.cc:5697] T d77f871d718b4575b2831fe8d0076b3a P 0ecbb2b7a4ea4fe1917e35fcf42d6b36 reported cstate change: term changed from 2 to 3, leader changed from b74069c4addf4bf6a5c6ba335886ff1f (127.31.190.194) to 0ecbb2b7a4ea4fe1917e35fcf42d6b36 (127.31.190.195). New cstate: current_term: 3 leader_uuid: "0ecbb2b7a4ea4fe1917e35fcf42d6b36" committed_config { opid_index: -1 OBSOLETE_local: false peers { permanent_uuid: "0ecbb2b7a4ea4fe1917e35fcf42d6b36" member_type: VOTER last_known_addr { host: "127.31.190.195" port: 38131 } health_report { overall_health: HEALTHY } } peers { permanent_uuid: "164ec703f8734b36850af5c092187894" member_type: VOTER last_known_addr { host: "127.31.190.193" port: 44131 } health_report { overall_health: UNKNOWN } } peers { permanent_uuid: "b74069c4addf4bf6a5c6ba335886ff1f" member_type: VOTER last_known_addr { host: "127.31.190.194" port: 45123 } health_report { overall_health: UNKNOWN } } }
I20260710 13:26:45.614732 32536 catalog_manager.cc:5697] T 0ce94b9e592a437abcb6e8e8c5d826a0 P 0ecbb2b7a4ea4fe1917e35fcf42d6b36 reported cstate change: term changed from 2 to 3, leader changed from b74069c4addf4bf6a5c6ba335886ff1f (127.31.190.194) to 0ecbb2b7a4ea4fe1917e35fcf42d6b36 (127.31.190.195). New cstate: current_term: 3 leader_uuid: "0ecbb2b7a4ea4fe1917e35fcf42d6b36" committed_config { opid_index: -1 OBSOLETE_local: false peers { permanent_uuid: "164ec703f8734b36850af5c092187894" member_type: VOTER last_known_addr { host: "127.31.190.193" port: 44131 } health_report { overall_health: UNKNOWN } } peers { permanent_uuid: "b74069c4addf4bf6a5c6ba335886ff1f" member_type: VOTER last_known_addr { host: "127.31.190.194" port: 45123 } health_report { overall_health: UNKNOWN } } peers { permanent_uuid: "0ecbb2b7a4ea4fe1917e35fcf42d6b36" member_type: VOTER last_known_addr { host: "127.31.190.195" port: 38131 } health_report { overall_health: HEALTHY } } }
I20260710 13:26:45.691339   512 raft_consensus.cc:993] T fd1489857e534911a6e699bb1062bfd8 P b74069c4addf4bf6a5c6ba335886ff1f: : Instructing follower 164ec703f8734b36850af5c092187894 to start an election
I20260710 13:26:45.691861   521 raft_consensus.cc:1081] T fd1489857e534911a6e699bb1062bfd8 P b74069c4addf4bf6a5c6ba335886ff1f [term 4 LEADER]: Signalling peer 164ec703f8734b36850af5c092187894 to start an election
I20260710 13:26:45.693419 32642 tablet_service.cc:2044] Received Run Leader Election RPC: tablet_id: "fd1489857e534911a6e699bb1062bfd8"
dest_uuid: "164ec703f8734b36850af5c092187894"
 from {username='slave'} at 127.0.0.1:55356
I20260710 13:26:45.694047 32642 raft_consensus.cc:493] T fd1489857e534911a6e699bb1062bfd8 P 164ec703f8734b36850af5c092187894 [term 4 FOLLOWER]: Starting forced leader election (received explicit request)
I20260710 13:26:45.694410 32642 raft_consensus.cc:3060] T fd1489857e534911a6e699bb1062bfd8 P 164ec703f8734b36850af5c092187894 [term 4 FOLLOWER]: Advancing to term 5
I20260710 13:26:45.699461 32642 raft_consensus.cc:515] T fd1489857e534911a6e699bb1062bfd8 P 164ec703f8734b36850af5c092187894 [term 5 FOLLOWER]: Starting forced leader election with config: opid_index: -1 OBSOLETE_local: false peers { permanent_uuid: "164ec703f8734b36850af5c092187894" member_type: VOTER last_known_addr { host: "127.31.190.193" port: 44131 } } peers { permanent_uuid: "b74069c4addf4bf6a5c6ba335886ff1f" member_type: VOTER last_known_addr { host: "127.31.190.194" port: 45123 } } peers { permanent_uuid: "0ecbb2b7a4ea4fe1917e35fcf42d6b36" member_type: VOTER last_known_addr { host: "127.31.190.195" port: 38131 } }
I20260710 13:26:45.701071 32642 leader_election.cc:290] T fd1489857e534911a6e699bb1062bfd8 P 164ec703f8734b36850af5c092187894 [CANDIDATE]: Term 5 election: Requested vote from peers b74069c4addf4bf6a5c6ba335886ff1f (127.31.190.194:45123), 0ecbb2b7a4ea4fe1917e35fcf42d6b36 (127.31.190.195:38131)
I20260710 13:26:45.701710 32716 tablet_service.cc:1917] Received RequestConsensusVote() RPC: tablet_id: "fd1489857e534911a6e699bb1062bfd8" candidate_uuid: "164ec703f8734b36850af5c092187894" candidate_term: 5 candidate_status { last_received { term: 4 index: 4 } } ignore_live_leader: true dest_uuid: "b74069c4addf4bf6a5c6ba335886ff1f"
I20260710 13:26:45.702180 32716 raft_consensus.cc:3055] T fd1489857e534911a6e699bb1062bfd8 P b74069c4addf4bf6a5c6ba335886ff1f [term 4 LEADER]: Stepping down as leader of term 4
I20260710 13:26:45.702035   323 tablet_service.cc:1917] Received RequestConsensusVote() RPC: tablet_id: "fd1489857e534911a6e699bb1062bfd8" candidate_uuid: "164ec703f8734b36850af5c092187894" candidate_term: 5 candidate_status { last_received { term: 4 index: 4 } } ignore_live_leader: true dest_uuid: "0ecbb2b7a4ea4fe1917e35fcf42d6b36"
I20260710 13:26:45.702452 32716 raft_consensus.cc:740] T fd1489857e534911a6e699bb1062bfd8 P b74069c4addf4bf6a5c6ba335886ff1f [term 4 LEADER]: Becoming Follower/Learner. State: Replica: b74069c4addf4bf6a5c6ba335886ff1f, State: Running, Role: LEADER
I20260710 13:26:45.702657   323 raft_consensus.cc:3060] T fd1489857e534911a6e699bb1062bfd8 P 0ecbb2b7a4ea4fe1917e35fcf42d6b36 [term 4 FOLLOWER]: Advancing to term 5
I20260710 13:26:45.703188 32716 consensus_queue.cc:260] T fd1489857e534911a6e699bb1062bfd8 P b74069c4addf4bf6a5c6ba335886ff1f [NON_LEADER]: Queue going to NON_LEADER mode. State: All replicated index: 0, Majority replicated index: 4, Committed index: 4, Last appended: 4.4, Last appended by leader: 4, Current term: 4, Majority size: -1, State: 0, Mode: NON_LEADER, active raft config: opid_index: -1 OBSOLETE_local: false peers { permanent_uuid: "164ec703f8734b36850af5c092187894" member_type: VOTER last_known_addr { host: "127.31.190.193" port: 44131 } } peers { permanent_uuid: "b74069c4addf4bf6a5c6ba335886ff1f" member_type: VOTER last_known_addr { host: "127.31.190.194" port: 45123 } } peers { permanent_uuid: "0ecbb2b7a4ea4fe1917e35fcf42d6b36" member_type: VOTER last_known_addr { host: "127.31.190.195" port: 38131 } }
I20260710 13:26:45.704214 32716 raft_consensus.cc:3060] T fd1489857e534911a6e699bb1062bfd8 P b74069c4addf4bf6a5c6ba335886ff1f [term 4 FOLLOWER]: Advancing to term 5
I20260710 13:26:45.705487 32717 raft_consensus.cc:1275] T 181be662045a4294a1b3e055eadcbaa9 P b74069c4addf4bf6a5c6ba335886ff1f [term 5 FOLLOWER]: Refusing update from remote peer 164ec703f8734b36850af5c092187894: Log matching property violated. Preceding OpId in replica: term: 4 index: 4. Preceding OpId from leader: term: 5 index: 5. (index mismatch)
I20260710 13:26:45.706980   513 consensus_queue.cc:1048] T 181be662045a4294a1b3e055eadcbaa9 P 164ec703f8734b36850af5c092187894 [LEADER]: Connected to new peer: Peer: permanent_uuid: "b74069c4addf4bf6a5c6ba335886ff1f" member_type: VOTER last_known_addr { host: "127.31.190.194" port: 45123 }, Status: LMP_MISMATCH, Last received: 0.0, Next index: 5, Last known committed idx: 4, Time since last communication: 0.000s
I20260710 13:26:45.708444   323 raft_consensus.cc:2468] T fd1489857e534911a6e699bb1062bfd8 P 0ecbb2b7a4ea4fe1917e35fcf42d6b36 [term 5 FOLLOWER]: Leader election vote request: Granting yes vote for candidate 164ec703f8734b36850af5c092187894 in term 5.
I20260710 13:26:45.709486 32716 raft_consensus.cc:2468] T fd1489857e534911a6e699bb1062bfd8 P b74069c4addf4bf6a5c6ba335886ff1f [term 5 FOLLOWER]: Leader election vote request: Granting yes vote for candidate 164ec703f8734b36850af5c092187894 in term 5.
I20260710 13:26:45.709846 32608 leader_election.cc:304] T fd1489857e534911a6e699bb1062bfd8 P 164ec703f8734b36850af5c092187894 [CANDIDATE]: Term 5 election: Election decided. Result: candidate won. Election summary: received 2 responses out of 3 voters: 2 yes votes; 0 no votes. yes voters: 0ecbb2b7a4ea4fe1917e35fcf42d6b36, 164ec703f8734b36850af5c092187894; no voters: 
I20260710 13:26:45.710656   513 raft_consensus.cc:2804] T fd1489857e534911a6e699bb1062bfd8 P 164ec703f8734b36850af5c092187894 [term 5 FOLLOWER]: Leader election won for term 5
I20260710 13:26:45.711133   513 raft_consensus.cc:697] T fd1489857e534911a6e699bb1062bfd8 P 164ec703f8734b36850af5c092187894 [term 5 LEADER]: Becoming Leader. State: Replica: 164ec703f8734b36850af5c092187894, State: Running, Role: LEADER
I20260710 13:26:45.712185   513 consensus_queue.cc:237] T fd1489857e534911a6e699bb1062bfd8 P 164ec703f8734b36850af5c092187894 [LEADER]: Queue going to LEADER mode. State: All replicated index: 0, Majority replicated index: 4, Committed index: 4, Last appended: 4.4, Last appended by leader: 4, Current term: 5, Majority size: 2, State: 0, Mode: LEADER, active raft config: opid_index: -1 OBSOLETE_local: false peers { permanent_uuid: "164ec703f8734b36850af5c092187894" member_type: VOTER last_known_addr { host: "127.31.190.193" port: 44131 } } peers { permanent_uuid: "b74069c4addf4bf6a5c6ba335886ff1f" member_type: VOTER last_known_addr { host: "127.31.190.194" port: 45123 } } peers { permanent_uuid: "0ecbb2b7a4ea4fe1917e35fcf42d6b36" member_type: VOTER last_known_addr { host: "127.31.190.195" port: 38131 } }
I20260710 13:26:45.723495 32536 catalog_manager.cc:5697] T fd1489857e534911a6e699bb1062bfd8 P 164ec703f8734b36850af5c092187894 reported cstate change: term changed from 4 to 5, leader changed from b74069c4addf4bf6a5c6ba335886ff1f (127.31.190.194) to 164ec703f8734b36850af5c092187894 (127.31.190.193). New cstate: current_term: 5 leader_uuid: "164ec703f8734b36850af5c092187894" committed_config { opid_index: -1 OBSOLETE_local: false peers { permanent_uuid: "164ec703f8734b36850af5c092187894" member_type: VOTER last_known_addr { host: "127.31.190.193" port: 44131 } health_report { overall_health: HEALTHY } } peers { permanent_uuid: "b74069c4addf4bf6a5c6ba335886ff1f" member_type: VOTER last_known_addr { host: "127.31.190.194" port: 45123 } health_report { overall_health: UNKNOWN } } peers { permanent_uuid: "0ecbb2b7a4ea4fe1917e35fcf42d6b36" member_type: VOTER last_known_addr { host: "127.31.190.195" port: 38131 } health_report { overall_health: UNKNOWN } } }
I20260710 13:26:45.725572   323 raft_consensus.cc:1275] T 181be662045a4294a1b3e055eadcbaa9 P 0ecbb2b7a4ea4fe1917e35fcf42d6b36 [term 5 FOLLOWER]: Refusing update from remote peer 164ec703f8734b36850af5c092187894: Log matching property violated. Preceding OpId in replica: term: 4 index: 4. Preceding OpId from leader: term: 5 index: 5. (index mismatch)
I20260710 13:26:45.727346   513 consensus_queue.cc:1048] T 181be662045a4294a1b3e055eadcbaa9 P 164ec703f8734b36850af5c092187894 [LEADER]: Connected to new peer: Peer: permanent_uuid: "0ecbb2b7a4ea4fe1917e35fcf42d6b36" member_type: VOTER last_known_addr { host: "127.31.190.195" port: 38131 }, Status: LMP_MISMATCH, Last received: 0.0, Next index: 5, Last known committed idx: 4, Time since last communication: 0.000s
I20260710 13:26:45.934859   323 raft_consensus.cc:1275] T 58a0237f62a54f1cb9dd435b917a2ba1 P 0ecbb2b7a4ea4fe1917e35fcf42d6b36 [term 4 FOLLOWER]: Refusing update from remote peer 164ec703f8734b36850af5c092187894: Log matching property violated. Preceding OpId in replica: term: 3 index: 3. Preceding OpId from leader: term: 4 index: 4. (index mismatch)
I20260710 13:26:45.936000   513 consensus_queue.cc:1048] T 58a0237f62a54f1cb9dd435b917a2ba1 P 164ec703f8734b36850af5c092187894 [LEADER]: Connected to new peer: Peer: permanent_uuid: "0ecbb2b7a4ea4fe1917e35fcf42d6b36" member_type: VOTER last_known_addr { host: "127.31.190.195" port: 38131 }, Status: LMP_MISMATCH, Last received: 0.0, Next index: 4, Last known committed idx: 3, Time since last communication: 0.000s
I20260710 13:26:45.944562 32717 raft_consensus.cc:1275] T 58a0237f62a54f1cb9dd435b917a2ba1 P b74069c4addf4bf6a5c6ba335886ff1f [term 4 FOLLOWER]: Refusing update from remote peer 164ec703f8734b36850af5c092187894: Log matching property violated. Preceding OpId in replica: term: 3 index: 3. Preceding OpId from leader: term: 4 index: 4. (index mismatch)
I20260710 13:26:45.946446   514 consensus_queue.cc:1048] T 58a0237f62a54f1cb9dd435b917a2ba1 P 164ec703f8734b36850af5c092187894 [LEADER]: Connected to new peer: Peer: permanent_uuid: "b74069c4addf4bf6a5c6ba335886ff1f" member_type: VOTER last_known_addr { host: "127.31.190.194" port: 45123 }, Status: LMP_MISMATCH, Last received: 0.0, Next index: 4, Last known committed idx: 3, Time since last communication: 0.001s
I20260710 13:26:46.067139 32717 raft_consensus.cc:1275] T 0ce94b9e592a437abcb6e8e8c5d826a0 P b74069c4addf4bf6a5c6ba335886ff1f [term 3 FOLLOWER]: Refusing update from remote peer 0ecbb2b7a4ea4fe1917e35fcf42d6b36: Log matching property violated. Preceding OpId in replica: term: 2 index: 2. Preceding OpId from leader: term: 3 index: 3. (index mismatch)
I20260710 13:26:46.068388   522 consensus_queue.cc:1048] T 0ce94b9e592a437abcb6e8e8c5d826a0 P 0ecbb2b7a4ea4fe1917e35fcf42d6b36 [LEADER]: Connected to new peer: Peer: permanent_uuid: "b74069c4addf4bf6a5c6ba335886ff1f" member_type: VOTER last_known_addr { host: "127.31.190.194" port: 45123 }, Status: LMP_MISMATCH, Last received: 0.0, Next index: 3, Last known committed idx: 2, Time since last communication: 0.000s
I20260710 13:26:46.076915 32642 raft_consensus.cc:1275] T d77f871d718b4575b2831fe8d0076b3a P 164ec703f8734b36850af5c092187894 [term 3 FOLLOWER]: Refusing update from remote peer 0ecbb2b7a4ea4fe1917e35fcf42d6b36: Log matching property violated. Preceding OpId in replica: term: 2 index: 2. Preceding OpId from leader: term: 3 index: 3. (index mismatch)
I20260710 13:26:46.076915 32640 raft_consensus.cc:1275] T 0ce94b9e592a437abcb6e8e8c5d826a0 P 164ec703f8734b36850af5c092187894 [term 3 FOLLOWER]: Refusing update from remote peer 0ecbb2b7a4ea4fe1917e35fcf42d6b36: Log matching property violated. Preceding OpId in replica: term: 2 index: 2. Preceding OpId from leader: term: 3 index: 3. (index mismatch)
I20260710 13:26:46.078732   471 consensus_queue.cc:1048] T d77f871d718b4575b2831fe8d0076b3a P 0ecbb2b7a4ea4fe1917e35fcf42d6b36 [LEADER]: Connected to new peer: Peer: permanent_uuid: "164ec703f8734b36850af5c092187894" member_type: VOTER last_known_addr { host: "127.31.190.193" port: 44131 }, Status: LMP_MISMATCH, Last received: 0.0, Next index: 3, Last known committed idx: 2, Time since last communication: 0.000s
I20260710 13:26:46.079443   536 consensus_queue.cc:1048] T 0ce94b9e592a437abcb6e8e8c5d826a0 P 0ecbb2b7a4ea4fe1917e35fcf42d6b36 [LEADER]: Connected to new peer: Peer: permanent_uuid: "164ec703f8734b36850af5c092187894" member_type: VOTER last_known_addr { host: "127.31.190.193" port: 44131 }, Status: LMP_MISMATCH, Last received: 0.0, Next index: 3, Last known committed idx: 2, Time since last communication: 0.001s
I20260710 13:26:46.093436 32717 raft_consensus.cc:1275] T d77f871d718b4575b2831fe8d0076b3a P b74069c4addf4bf6a5c6ba335886ff1f [term 3 FOLLOWER]: Refusing update from remote peer 0ecbb2b7a4ea4fe1917e35fcf42d6b36: Log matching property violated. Preceding OpId in replica: term: 2 index: 2. Preceding OpId from leader: term: 3 index: 3. (index mismatch)
I20260710 13:26:46.095402   536 consensus_queue.cc:1048] T d77f871d718b4575b2831fe8d0076b3a P 0ecbb2b7a4ea4fe1917e35fcf42d6b36 [LEADER]: Connected to new peer: Peer: permanent_uuid: "b74069c4addf4bf6a5c6ba335886ff1f" member_type: VOTER last_known_addr { host: "127.31.190.194" port: 45123 }, Status: LMP_MISMATCH, Last received: 0.0, Next index: 3, Last known committed idx: 2, Time since last communication: 0.000s
I20260710 13:26:46.190707 32717 raft_consensus.cc:1275] T fd1489857e534911a6e699bb1062bfd8 P b74069c4addf4bf6a5c6ba335886ff1f [term 5 FOLLOWER]: Refusing update from remote peer 164ec703f8734b36850af5c092187894: Log matching property violated. Preceding OpId in replica: term: 4 index: 4. Preceding OpId from leader: term: 5 index: 5. (index mismatch)
I20260710 13:26:46.191797   513 consensus_queue.cc:1048] T fd1489857e534911a6e699bb1062bfd8 P 164ec703f8734b36850af5c092187894 [LEADER]: Connected to new peer: Peer: permanent_uuid: "b74069c4addf4bf6a5c6ba335886ff1f" member_type: VOTER last_known_addr { host: "127.31.190.194" port: 45123 }, Status: LMP_MISMATCH, Last received: 0.0, Next index: 5, Last known committed idx: 4, Time since last communication: 0.000s
I20260710 13:26:46.198607 32507 auto_leader_rebalancer.cc:141] leader rebalance for table test-workload
