I20260710 13:26:38.428263   416 consensus_queue.cc:237] T 552257ad21b04b5ebe05b901ae66bdec P b74069c4addf4bf6a5c6ba335886ff1f [LEADER]: Queue going to LEADER mode. State: All replicated index: 0, Majority replicated index: 1, Committed index: 1, Last appended: 1.1, Last appended by leader: 1, Current term: 2, Majority size: 2, State: 0, Mode: LEADER, active raft config: opid_index: -1 OBSOLETE_local: false peers { permanent_uuid: "164ec703f8734b36850af5c092187894" member_type: VOTER last_known_addr { host: "127.31.190.193" port: 44131 } } peers { permanent_uuid: "b74069c4addf4bf6a5c6ba335886ff1f" member_type: VOTER last_known_addr { host: "127.31.190.194" port: 45123 } } peers { permanent_uuid: "0ecbb2b7a4ea4fe1917e35fcf42d6b36" member_type: VOTER last_known_addr { host: "127.31.190.195" port: 38131 } }
I20260710 13:26:38.431229 32716 leader_election.cc:290] T fd1489857e534911a6e699bb1062bfd8 P b74069c4addf4bf6a5c6ba335886ff1f [CANDIDATE]: Term 2 election: Requested vote from peers 164ec703f8734b36850af5c092187894 (127.31.190.193:44131), 0ecbb2b7a4ea4fe1917e35fcf42d6b36 (127.31.190.195:38131)
I20260710 13:26:38.431849   322 tablet_service.cc:1917] Received RequestConsensusVote() RPC: tablet_id: "fd1489857e534911a6e699bb1062bfd8" candidate_uuid: "b74069c4addf4bf6a5c6ba335886ff1f" candidate_term: 2 candidate_status { last_received { term: 1 index: 1 } } ignore_live_leader: true dest_uuid: "0ecbb2b7a4ea4fe1917e35fcf42d6b36"
I20260710 13:26:38.432423   322 raft_consensus.cc:3060] T fd1489857e534911a6e699bb1062bfd8 P 0ecbb2b7a4ea4fe1917e35fcf42d6b36 [term 1 FOLLOWER]: Advancing to term 2
I20260710 13:26:38.433533   323 raft_consensus.cc:2468] T 552257ad21b04b5ebe05b901ae66bdec P 0ecbb2b7a4ea4fe1917e35fcf42d6b36 [term 2 FOLLOWER]: Leader election vote request: Granting yes vote for candidate b74069c4addf4bf6a5c6ba335886ff1f in term 2.
I20260710 13:26:38.434336 32536 catalog_manager.cc:5697] T fd1489857e534911a6e699bb1062bfd8 P b74069c4addf4bf6a5c6ba335886ff1f reported cstate change: term changed from 1 to 2, leader changed from 164ec703f8734b36850af5c092187894 (127.31.190.193) to b74069c4addf4bf6a5c6ba335886ff1f (127.31.190.194). New cstate: current_term: 2 leader_uuid: "b74069c4addf4bf6a5c6ba335886ff1f" committed_config { opid_index: -1 OBSOLETE_local: false peers { permanent_uuid: "164ec703f8734b36850af5c092187894" member_type: VOTER last_known_addr { host: "127.31.190.193" port: 44131 } health_report { overall_health: UNKNOWN } } peers { permanent_uuid: "b74069c4addf4bf6a5c6ba335886ff1f" member_type: VOTER last_known_addr { host: "127.31.190.194" port: 45123 } health_report { overall_health: HEALTHY } } peers { permanent_uuid: "0ecbb2b7a4ea4fe1917e35fcf42d6b36" member_type: VOTER last_known_addr { host: "127.31.190.195" port: 38131 } health_report { overall_health: UNKNOWN } } }
I20260710 13:26:38.438669   322 raft_consensus.cc:2468] T fd1489857e534911a6e699bb1062bfd8 P 0ecbb2b7a4ea4fe1917e35fcf42d6b36 [term 2 FOLLOWER]: Leader election vote request: Granting yes vote for candidate b74069c4addf4bf6a5c6ba335886ff1f in term 2.
I20260710 13:26:38.448439 32536 catalog_manager.cc:5697] T 552257ad21b04b5ebe05b901ae66bdec P b74069c4addf4bf6a5c6ba335886ff1f reported cstate change: term changed from 1 to 2, leader changed from 164ec703f8734b36850af5c092187894 (127.31.190.193) to b74069c4addf4bf6a5c6ba335886ff1f (127.31.190.194). New cstate: current_term: 2 leader_uuid: "b74069c4addf4bf6a5c6ba335886ff1f" committed_config { opid_index: -1 OBSOLETE_local: false peers { permanent_uuid: "164ec703f8734b36850af5c092187894" member_type: VOTER last_known_addr { host: "127.31.190.193" port: 44131 } health_report { overall_health: UNKNOWN } } peers { permanent_uuid: "b74069c4addf4bf6a5c6ba335886ff1f" member_type: VOTER last_known_addr { host: "127.31.190.194" port: 45123 } health_report { overall_health: HEALTHY } } peers { permanent_uuid: "0ecbb2b7a4ea4fe1917e35fcf42d6b36" member_type: VOTER last_known_addr { host: "127.31.190.195" port: 38131 } health_report { overall_health: UNKNOWN } } }
I20260710 13:26:38.458549   385 raft_consensus.cc:993] T 181be662045a4294a1b3e055eadcbaa9 P 0ecbb2b7a4ea4fe1917e35fcf42d6b36: : Instructing follower 164ec703f8734b36850af5c092187894 to start an election
I20260710 13:26:38.458997   390 raft_consensus.cc:1081] T 181be662045a4294a1b3e055eadcbaa9 P 0ecbb2b7a4ea4fe1917e35fcf42d6b36 [term 1 LEADER]: Signalling peer 164ec703f8734b36850af5c092187894 to start an election
I20260710 13:26:38.460376 32641 tablet_service.cc:2044] Received Run Leader Election RPC: tablet_id: "181be662045a4294a1b3e055eadcbaa9"
dest_uuid: "164ec703f8734b36850af5c092187894"
 from {username='slave'} at 127.0.0.1:55354
I20260710 13:26:38.460899 32641 raft_consensus.cc:493] T 181be662045a4294a1b3e055eadcbaa9 P 164ec703f8734b36850af5c092187894 [term 1 FOLLOWER]: Starting forced leader election (received explicit request)
I20260710 13:26:38.461223 32641 raft_consensus.cc:3060] T 181be662045a4294a1b3e055eadcbaa9 P 164ec703f8734b36850af5c092187894 [term 1 FOLLOWER]: Advancing to term 2
I20260710 13:26:38.465780 32641 raft_consensus.cc:515] T 181be662045a4294a1b3e055eadcbaa9 P 164ec703f8734b36850af5c092187894 [term 2 FOLLOWER]: Starting forced leader election with config: opid_index: -1 OBSOLETE_local: false peers { permanent_uuid: "164ec703f8734b36850af5c092187894" member_type: VOTER last_known_addr { host: "127.31.190.193" port: 44131 } } peers { permanent_uuid: "b74069c4addf4bf6a5c6ba335886ff1f" member_type: VOTER last_known_addr { host: "127.31.190.194" port: 45123 } } peers { permanent_uuid: "0ecbb2b7a4ea4fe1917e35fcf42d6b36" member_type: VOTER last_known_addr { host: "127.31.190.195" port: 38131 } }
I20260710 13:26:38.467505 32641 leader_election.cc:290] T 181be662045a4294a1b3e055eadcbaa9 P 164ec703f8734b36850af5c092187894 [CANDIDATE]: Term 2 election: Requested vote from peers b74069c4addf4bf6a5c6ba335886ff1f (127.31.190.194:45123), 0ecbb2b7a4ea4fe1917e35fcf42d6b36 (127.31.190.195:38131)
I20260710 13:26:38.468711   322 tablet_service.cc:1917] Received RequestConsensusVote() RPC: tablet_id: "181be662045a4294a1b3e055eadcbaa9" candidate_uuid: "164ec703f8734b36850af5c092187894" candidate_term: 2 candidate_status { last_received { term: 1 index: 1 } } ignore_live_leader: true dest_uuid: "0ecbb2b7a4ea4fe1917e35fcf42d6b36"
I20260710 13:26:38.468683 32716 tablet_service.cc:1917] Received RequestConsensusVote() RPC: tablet_id: "181be662045a4294a1b3e055eadcbaa9" candidate_uuid: "164ec703f8734b36850af5c092187894" candidate_term: 2 candidate_status { last_received { term: 1 index: 1 } } ignore_live_leader: true dest_uuid: "b74069c4addf4bf6a5c6ba335886ff1f"
I20260710 13:26:38.469426 32716 raft_consensus.cc:3060] T 181be662045a4294a1b3e055eadcbaa9 P b74069c4addf4bf6a5c6ba335886ff1f [term 1 FOLLOWER]: Advancing to term 2
I20260710 13:26:38.469398   322 raft_consensus.cc:3055] T 181be662045a4294a1b3e055eadcbaa9 P 0ecbb2b7a4ea4fe1917e35fcf42d6b36 [term 1 LEADER]: Stepping down as leader of term 1
I20260710 13:26:38.470112   322 raft_consensus.cc:740] T 181be662045a4294a1b3e055eadcbaa9 P 0ecbb2b7a4ea4fe1917e35fcf42d6b36 [term 1 LEADER]: Becoming Follower/Learner. State: Replica: 0ecbb2b7a4ea4fe1917e35fcf42d6b36, State: Running, Role: LEADER
I20260710 13:26:38.471045   322 consensus_queue.cc:260] T 181be662045a4294a1b3e055eadcbaa9 P 0ecbb2b7a4ea4fe1917e35fcf42d6b36 [NON_LEADER]: Queue going to NON_LEADER mode. State: All replicated index: 0, Majority replicated index: 1, Committed index: 1, Last appended: 1.1, Last appended by leader: 1, Current term: 1, Majority size: -1, State: 0, Mode: NON_LEADER, active raft config: opid_index: -1 OBSOLETE_local: false peers { permanent_uuid: "164ec703f8734b36850af5c092187894" member_type: VOTER last_known_addr { host: "127.31.190.193" port: 44131 } } peers { permanent_uuid: "b74069c4addf4bf6a5c6ba335886ff1f" member_type: VOTER last_known_addr { host: "127.31.190.194" port: 45123 } } peers { permanent_uuid: "0ecbb2b7a4ea4fe1917e35fcf42d6b36" member_type: VOTER last_known_addr { host: "127.31.190.195" port: 38131 } }
I20260710 13:26:38.472337   322 raft_consensus.cc:3060] T 181be662045a4294a1b3e055eadcbaa9 P 0ecbb2b7a4ea4fe1917e35fcf42d6b36 [term 1 FOLLOWER]: Advancing to term 2
I20260710 13:26:38.476675 32716 raft_consensus.cc:2468] T 181be662045a4294a1b3e055eadcbaa9 P b74069c4addf4bf6a5c6ba335886ff1f [term 2 FOLLOWER]: Leader election vote request: Granting yes vote for candidate 164ec703f8734b36850af5c092187894 in term 2.
I20260710 13:26:38.478295 32605 leader_election.cc:304] T 181be662045a4294a1b3e055eadcbaa9 P 164ec703f8734b36850af5c092187894 [CANDIDATE]: Term 2 election: Election decided. Result: candidate won. Election summary: received 2 responses out of 3 voters: 2 yes votes; 0 no votes. yes voters: 164ec703f8734b36850af5c092187894, b74069c4addf4bf6a5c6ba335886ff1f; no voters: 
I20260710 13:26:38.478983   322 raft_consensus.cc:2468] T 181be662045a4294a1b3e055eadcbaa9 P 0ecbb2b7a4ea4fe1917e35fcf42d6b36 [term 2 FOLLOWER]: Leader election vote request: Granting yes vote for candidate 164ec703f8734b36850af5c092187894 in term 2.
I20260710 13:26:38.479141   439 raft_consensus.cc:2804] T 181be662045a4294a1b3e055eadcbaa9 P 164ec703f8734b36850af5c092187894 [term 2 FOLLOWER]: Leader election won for term 2
I20260710 13:26:38.479872   401 raft_consensus.cc:993] T 0ce94b9e592a437abcb6e8e8c5d826a0 P 164ec703f8734b36850af5c092187894: : Instructing follower b74069c4addf4bf6a5c6ba335886ff1f to start an election
I20260710 13:26:38.480185   439 raft_consensus.cc:697] T 181be662045a4294a1b3e055eadcbaa9 P 164ec703f8734b36850af5c092187894 [term 2 LEADER]: Becoming Leader. State: Replica: 164ec703f8734b36850af5c092187894, State: Running, Role: LEADER
I20260710 13:26:38.480376   413 raft_consensus.cc:1081] T 0ce94b9e592a437abcb6e8e8c5d826a0 P 164ec703f8734b36850af5c092187894 [term 1 LEADER]: Signalling peer b74069c4addf4bf6a5c6ba335886ff1f to start an election
I20260710 13:26:38.481082   439 consensus_queue.cc:237] T 181be662045a4294a1b3e055eadcbaa9 P 164ec703f8734b36850af5c092187894 [LEADER]: Queue going to LEADER mode. State: All replicated index: 0, Majority replicated index: 1, Committed index: 1, Last appended: 1.1, Last appended by leader: 1, Current term: 2, Majority size: 2, State: 0, Mode: LEADER, active raft config: opid_index: -1 OBSOLETE_local: false peers { permanent_uuid: "164ec703f8734b36850af5c092187894" member_type: VOTER last_known_addr { host: "127.31.190.193" port: 44131 } } peers { permanent_uuid: "b74069c4addf4bf6a5c6ba335886ff1f" member_type: VOTER last_known_addr { host: "127.31.190.194" port: 45123 } } peers { permanent_uuid: "0ecbb2b7a4ea4fe1917e35fcf42d6b36" member_type: VOTER last_known_addr { host: "127.31.190.195" port: 38131 } }
I20260710 13:26:38.482036 32715 tablet_service.cc:2044] Received Run Leader Election RPC: tablet_id: "0ce94b9e592a437abcb6e8e8c5d826a0"
dest_uuid: "b74069c4addf4bf6a5c6ba335886ff1f"
 from {username='slave'} at 127.0.0.1:41916
I20260710 13:26:38.482600 32715 raft_consensus.cc:493] T 0ce94b9e592a437abcb6e8e8c5d826a0 P b74069c4addf4bf6a5c6ba335886ff1f [term 1 FOLLOWER]: Starting forced leader election (received explicit request)
I20260710 13:26:38.482939 32715 raft_consensus.cc:3060] T 0ce94b9e592a437abcb6e8e8c5d826a0 P b74069c4addf4bf6a5c6ba335886ff1f [term 1 FOLLOWER]: Advancing to term 2
I20260710 13:26:38.490310 32715 raft_consensus.cc:515] T 0ce94b9e592a437abcb6e8e8c5d826a0 P b74069c4addf4bf6a5c6ba335886ff1f [term 2 FOLLOWER]: Starting forced leader election with config: opid_index: -1 OBSOLETE_local: false peers { permanent_uuid: "164ec703f8734b36850af5c092187894" member_type: VOTER last_known_addr { host: "127.31.190.193" port: 44131 } } peers { permanent_uuid: "b74069c4addf4bf6a5c6ba335886ff1f" member_type: VOTER last_known_addr { host: "127.31.190.194" port: 45123 } } peers { permanent_uuid: "0ecbb2b7a4ea4fe1917e35fcf42d6b36" member_type: VOTER last_known_addr { host: "127.31.190.195" port: 38131 } }
I20260710 13:26:38.490571 32536 catalog_manager.cc:5697] T 181be662045a4294a1b3e055eadcbaa9 P 164ec703f8734b36850af5c092187894 reported cstate change: term changed from 1 to 2, leader changed from 0ecbb2b7a4ea4fe1917e35fcf42d6b36 (127.31.190.195) to 164ec703f8734b36850af5c092187894 (127.31.190.193). New cstate: current_term: 2 leader_uuid: "164ec703f8734b36850af5c092187894" committed_config { opid_index: -1 OBSOLETE_local: false peers { permanent_uuid: "164ec703f8734b36850af5c092187894" member_type: VOTER last_known_addr { host: "127.31.190.193" port: 44131 } health_report { overall_health: HEALTHY } } peers { permanent_uuid: "b74069c4addf4bf6a5c6ba335886ff1f" member_type: VOTER last_known_addr { host: "127.31.190.194" port: 45123 } health_report { overall_health: UNKNOWN } } peers { permanent_uuid: "0ecbb2b7a4ea4fe1917e35fcf42d6b36" member_type: VOTER last_known_addr { host: "127.31.190.195" port: 38131 } health_report { overall_health: UNKNOWN } } }
I20260710 13:26:38.493168 32641 tablet_service.cc:1917] Received RequestConsensusVote() RPC: tablet_id: "0ce94b9e592a437abcb6e8e8c5d826a0" candidate_uuid: "b74069c4addf4bf6a5c6ba335886ff1f" candidate_term: 2 candidate_status { last_received { term: 1 index: 1 } } ignore_live_leader: true dest_uuid: "164ec703f8734b36850af5c092187894"
I20260710 13:26:38.493252 32715 leader_election.cc:290] T 0ce94b9e592a437abcb6e8e8c5d826a0 P b74069c4addf4bf6a5c6ba335886ff1f [CANDIDATE]: Term 2 election: Requested vote from peers 164ec703f8734b36850af5c092187894 (127.31.190.193:44131), 0ecbb2b7a4ea4fe1917e35fcf42d6b36 (127.31.190.195:38131)
I20260710 13:26:38.493860 32641 raft_consensus.cc:3055] T 0ce94b9e592a437abcb6e8e8c5d826a0 P 164ec703f8734b36850af5c092187894 [term 1 LEADER]: Stepping down as leader of term 1
I20260710 13:26:38.494261 32641 raft_consensus.cc:740] T 0ce94b9e592a437abcb6e8e8c5d826a0 P 164ec703f8734b36850af5c092187894 [term 1 LEADER]: Becoming Follower/Learner. State: Replica: 164ec703f8734b36850af5c092187894, State: Running, Role: LEADER
I20260710 13:26:38.495484 32641 consensus_queue.cc:260] T 0ce94b9e592a437abcb6e8e8c5d826a0 P 164ec703f8734b36850af5c092187894 [NON_LEADER]: Queue going to NON_LEADER mode. State: All replicated index: 0, Majority replicated index: 1, Committed index: 1, Last appended: 1.1, Last appended by leader: 1, Current term: 1, Majority size: -1, State: 0, Mode: NON_LEADER, active raft config: opid_index: -1 OBSOLETE_local: false peers { permanent_uuid: "164ec703f8734b36850af5c092187894" member_type: VOTER last_known_addr { host: "127.31.190.193" port: 44131 } } peers { permanent_uuid: "b74069c4addf4bf6a5c6ba335886ff1f" member_type: VOTER last_known_addr { host: "127.31.190.194" port: 45123 } } peers { permanent_uuid: "0ecbb2b7a4ea4fe1917e35fcf42d6b36" member_type: VOTER last_known_addr { host: "127.31.190.195" port: 38131 } }
I20260710 13:26:38.493873   322 tablet_service.cc:1917] Received RequestConsensusVote() RPC: tablet_id: "0ce94b9e592a437abcb6e8e8c5d826a0" candidate_uuid: "b74069c4addf4bf6a5c6ba335886ff1f" candidate_term: 2 candidate_status { last_received { term: 1 index: 1 } } ignore_live_leader: true dest_uuid: "0ecbb2b7a4ea4fe1917e35fcf42d6b36"
I20260710 13:26:38.496765 32641 raft_consensus.cc:3060] T 0ce94b9e592a437abcb6e8e8c5d826a0 P 164ec703f8734b36850af5c092187894 [term 1 FOLLOWER]: Advancing to term 2
I20260710 13:26:38.497419   322 raft_consensus.cc:3060] T 0ce94b9e592a437abcb6e8e8c5d826a0 P 0ecbb2b7a4ea4fe1917e35fcf42d6b36 [term 1 FOLLOWER]: Advancing to term 2
I20260710 13:26:38.502815 32641 raft_consensus.cc:2468] T 0ce94b9e592a437abcb6e8e8c5d826a0 P 164ec703f8734b36850af5c092187894 [term 2 FOLLOWER]: Leader election vote request: Granting yes vote for candidate b74069c4addf4bf6a5c6ba335886ff1f in term 2.
I20260710 13:26:38.503866 32682 leader_election.cc:304] T 0ce94b9e592a437abcb6e8e8c5d826a0 P b74069c4addf4bf6a5c6ba335886ff1f [CANDIDATE]: Term 2 election: Election decided. Result: candidate won. Election summary: received 2 responses out of 3 voters: 2 yes votes; 0 no votes. yes voters: 164ec703f8734b36850af5c092187894, b74069c4addf4bf6a5c6ba335886ff1f; no voters: 
I20260710 13:26:38.504160   322 raft_consensus.cc:2468] T 0ce94b9e592a437abcb6e8e8c5d826a0 P 0ecbb2b7a4ea4fe1917e35fcf42d6b36 [term 2 FOLLOWER]: Leader election vote request: Granting yes vote for candidate b74069c4addf4bf6a5c6ba335886ff1f in term 2.
I20260710 13:26:38.504820   416 raft_consensus.cc:2804] T 0ce94b9e592a437abcb6e8e8c5d826a0 P b74069c4addf4bf6a5c6ba335886ff1f [term 2 FOLLOWER]: Leader election won for term 2
I20260710 13:26:38.505333   416 raft_consensus.cc:697] T 0ce94b9e592a437abcb6e8e8c5d826a0 P b74069c4addf4bf6a5c6ba335886ff1f [term 2 LEADER]: Becoming Leader. State: Replica: b74069c4addf4bf6a5c6ba335886ff1f, State: Running, Role: LEADER
I20260710 13:26:38.506155   416 consensus_queue.cc:237] T 0ce94b9e592a437abcb6e8e8c5d826a0 P b74069c4addf4bf6a5c6ba335886ff1f [LEADER]: Queue going to LEADER mode. State: All replicated index: 0, Majority replicated index: 1, Committed index: 1, Last appended: 1.1, Last appended by leader: 1, Current term: 2, Majority size: 2, State: 0, Mode: LEADER, active raft config: opid_index: -1 OBSOLETE_local: false peers { permanent_uuid: "164ec703f8734b36850af5c092187894" member_type: VOTER last_known_addr { host: "127.31.190.193" port: 44131 } } peers { permanent_uuid: "b74069c4addf4bf6a5c6ba335886ff1f" member_type: VOTER last_known_addr { host: "127.31.190.194" port: 45123 } } peers { permanent_uuid: "0ecbb2b7a4ea4fe1917e35fcf42d6b36" member_type: VOTER last_known_addr { host: "127.31.190.195" port: 38131 } }
I20260710 13:26:38.512946 32536 catalog_manager.cc:5697] T 0ce94b9e592a437abcb6e8e8c5d826a0 P b74069c4addf4bf6a5c6ba335886ff1f reported cstate change: term changed from 1 to 2, leader changed from 164ec703f8734b36850af5c092187894 (127.31.190.193) to b74069c4addf4bf6a5c6ba335886ff1f (127.31.190.194). New cstate: current_term: 2 leader_uuid: "b74069c4addf4bf6a5c6ba335886ff1f" committed_config { opid_index: -1 OBSOLETE_local: false peers { permanent_uuid: "164ec703f8734b36850af5c092187894" member_type: VOTER last_known_addr { host: "127.31.190.193" port: 44131 } health_report { overall_health: UNKNOWN } } peers { permanent_uuid: "b74069c4addf4bf6a5c6ba335886ff1f" member_type: VOTER last_known_addr { host: "127.31.190.194" port: 45123 } health_report { overall_health: HEALTHY } } peers { permanent_uuid: "0ecbb2b7a4ea4fe1917e35fcf42d6b36" member_type: VOTER last_known_addr { host: "127.31.190.195" port: 38131 } health_report { overall_health: UNKNOWN } } }
I20260710 13:26:38.537890   430 raft_consensus.cc:993] T 58a0237f62a54f1cb9dd435b917a2ba1 P b74069c4addf4bf6a5c6ba335886ff1f: : Instructing follower 164ec703f8734b36850af5c092187894 to start an election
I20260710 13:26:38.538487   416 raft_consensus.cc:1081] T 58a0237f62a54f1cb9dd435b917a2ba1 P b74069c4addf4bf6a5c6ba335886ff1f [term 1 LEADER]: Signalling peer 164ec703f8734b36850af5c092187894 to start an election
I20260710 13:26:38.540406 32641 tablet_service.cc:2044] Received Run Leader Election RPC: tablet_id: "58a0237f62a54f1cb9dd435b917a2ba1"
dest_uuid: "164ec703f8734b36850af5c092187894"
 from {username='slave'} at 127.0.0.1:55356
I20260710 13:26:38.541095 32641 raft_consensus.cc:493] T 58a0237f62a54f1cb9dd435b917a2ba1 P 164ec703f8734b36850af5c092187894 [term 1 FOLLOWER]: Starting forced leader election (received explicit request)
I20260710 13:26:38.541513 32641 raft_consensus.cc:3060] T 58a0237f62a54f1cb9dd435b917a2ba1 P 164ec703f8734b36850af5c092187894 [term 1 FOLLOWER]: Advancing to term 2
I20260710 13:26:38.547621 32715 raft_consensus.cc:1275] T 1f1eee49976b43fa927bba63caf87390 P b74069c4addf4bf6a5c6ba335886ff1f [term 2 FOLLOWER]: Refusing update from remote peer 0ecbb2b7a4ea4fe1917e35fcf42d6b36: Log matching property violated. Preceding OpId in replica: term: 1 index: 1. Preceding OpId from leader: term: 2 index: 2. (index mismatch)
I20260710 13:26:38.547888 32641 raft_consensus.cc:515] T 58a0237f62a54f1cb9dd435b917a2ba1 P 164ec703f8734b36850af5c092187894 [term 2 FOLLOWER]: Starting forced leader election with config: opid_index: -1 OBSOLETE_local: false peers { permanent_uuid: "164ec703f8734b36850af5c092187894" member_type: VOTER last_known_addr { host: "127.31.190.193" port: 44131 } } peers { permanent_uuid: "b74069c4addf4bf6a5c6ba335886ff1f" member_type: VOTER last_known_addr { host: "127.31.190.194" port: 45123 } } peers { permanent_uuid: "0ecbb2b7a4ea4fe1917e35fcf42d6b36" member_type: VOTER last_known_addr { host: "127.31.190.195" port: 38131 } }
I20260710 13:26:38.549525   390 consensus_queue.cc:1048] T 1f1eee49976b43fa927bba63caf87390 P 0ecbb2b7a4ea4fe1917e35fcf42d6b36 [LEADER]: Connected to new peer: Peer: permanent_uuid: "b74069c4addf4bf6a5c6ba335886ff1f" member_type: VOTER last_known_addr { host: "127.31.190.194" port: 45123 }, Status: LMP_MISMATCH, Last received: 0.0, Next index: 2, Last known committed idx: 1, Time since last communication: 0.001s
I20260710 13:26:38.550995 32641 leader_election.cc:290] T 58a0237f62a54f1cb9dd435b917a2ba1 P 164ec703f8734b36850af5c092187894 [CANDIDATE]: Term 2 election: Requested vote from peers b74069c4addf4bf6a5c6ba335886ff1f (127.31.190.194:45123), 0ecbb2b7a4ea4fe1917e35fcf42d6b36 (127.31.190.195:38131)
I20260710 13:26:38.552362   322 tablet_service.cc:1917] Received RequestConsensusVote() RPC: tablet_id: "58a0237f62a54f1cb9dd435b917a2ba1" candidate_uuid: "164ec703f8734b36850af5c092187894" candidate_term: 2 candidate_status { last_received { term: 1 index: 1 } } ignore_live_leader: true dest_uuid: "0ecbb2b7a4ea4fe1917e35fcf42d6b36"
I20260710 13:26:38.552805 32715 tablet_service.cc:1917] Received RequestConsensusVote() RPC: tablet_id: "58a0237f62a54f1cb9dd435b917a2ba1" candidate_uuid: "164ec703f8734b36850af5c092187894" candidate_term: 2 candidate_status { last_received { term: 1 index: 1 } } ignore_live_leader: true dest_uuid: "b74069c4addf4bf6a5c6ba335886ff1f"
I20260710 13:26:38.552973   322 raft_consensus.cc:3060] T 58a0237f62a54f1cb9dd435b917a2ba1 P 0ecbb2b7a4ea4fe1917e35fcf42d6b36 [term 1 FOLLOWER]: Advancing to term 2
I20260710 13:26:38.553331 32715 raft_consensus.cc:3055] T 58a0237f62a54f1cb9dd435b917a2ba1 P b74069c4addf4bf6a5c6ba335886ff1f [term 1 LEADER]: Stepping down as leader of term 1
I20260710 13:26:38.553663 32715 raft_consensus.cc:740] T 58a0237f62a54f1cb9dd435b917a2ba1 P b74069c4addf4bf6a5c6ba335886ff1f [term 1 LEADER]: Becoming Follower/Learner. State: Replica: b74069c4addf4bf6a5c6ba335886ff1f, State: Running, Role: LEADER
I20260710 13:26:38.554764 32715 consensus_queue.cc:260] T 58a0237f62a54f1cb9dd435b917a2ba1 P b74069c4addf4bf6a5c6ba335886ff1f [NON_LEADER]: Queue going to NON_LEADER mode. State: All replicated index: 0, Majority replicated index: 1, Committed index: 1, Last appended: 1.1, Last appended by leader: 1, Current term: 1, Majority size: -1, State: 0, Mode: NON_LEADER, active raft config: opid_index: -1 OBSOLETE_local: false peers { permanent_uuid: "164ec703f8734b36850af5c092187894" member_type: VOTER last_known_addr { host: "127.31.190.193" port: 44131 } } peers { permanent_uuid: "b74069c4addf4bf6a5c6ba335886ff1f" member_type: VOTER last_known_addr { host: "127.31.190.194" port: 45123 } } peers { permanent_uuid: "0ecbb2b7a4ea4fe1917e35fcf42d6b36" member_type: VOTER last_known_addr { host: "127.31.190.195" port: 38131 } }
I20260710 13:26:38.555977 32715 raft_consensus.cc:3060] T 58a0237f62a54f1cb9dd435b917a2ba1 P b74069c4addf4bf6a5c6ba335886ff1f [term 1 FOLLOWER]: Advancing to term 2
I20260710 13:26:38.559623   322 raft_consensus.cc:2468] T 58a0237f62a54f1cb9dd435b917a2ba1 P 0ecbb2b7a4ea4fe1917e35fcf42d6b36 [term 2 FOLLOWER]: Leader election vote request: Granting yes vote for candidate 164ec703f8734b36850af5c092187894 in term 2.
I20260710 13:26:38.560396 32641 raft_consensus.cc:1275] T 1f1eee49976b43fa927bba63caf87390 P 164ec703f8734b36850af5c092187894 [term 2 FOLLOWER]: Refusing update from remote peer 0ecbb2b7a4ea4fe1917e35fcf42d6b36: Log matching property violated. Preceding OpId in replica: term: 1 index: 1. Preceding OpId from leader: term: 2 index: 2. (index mismatch)
I20260710 13:26:38.568045   390 consensus_queue.cc:1048] T 1f1eee49976b43fa927bba63caf87390 P 0ecbb2b7a4ea4fe1917e35fcf42d6b36 [LEADER]: Connected to new peer: Peer: permanent_uuid: "164ec703f8734b36850af5c092187894" member_type: VOTER last_known_addr { host: "127.31.190.193" port: 44131 }, Status: LMP_MISMATCH, Last received: 0.0, Next index: 2, Last known committed idx: 1, Time since last communication: 0.000s
I20260710 13:26:38.568271 32608 leader_election.cc:304] T 58a0237f62a54f1cb9dd435b917a2ba1 P 164ec703f8734b36850af5c092187894 [CANDIDATE]: Term 2 election: Election decided. Result: candidate won. Election summary: received 2 responses out of 3 voters: 2 yes votes; 0 no votes. yes voters: 0ecbb2b7a4ea4fe1917e35fcf42d6b36, 164ec703f8734b36850af5c092187894; no voters: 
I20260710 13:26:38.569270   439 raft_consensus.cc:2804] T 58a0237f62a54f1cb9dd435b917a2ba1 P 164ec703f8734b36850af5c092187894 [term 2 FOLLOWER]: Leader election won for term 2
I20260710 13:26:38.569738   439 raft_consensus.cc:697] T 58a0237f62a54f1cb9dd435b917a2ba1 P 164ec703f8734b36850af5c092187894 [term 2 LEADER]: Becoming Leader. State: Replica: 164ec703f8734b36850af5c092187894, State: Running, Role: LEADER
I20260710 13:26:38.570766 32715 raft_consensus.cc:2468] T 58a0237f62a54f1cb9dd435b917a2ba1 P b74069c4addf4bf6a5c6ba335886ff1f [term 2 FOLLOWER]: Leader election vote request: Granting yes vote for candidate 164ec703f8734b36850af5c092187894 in term 2.
I20260710 13:26:38.570503   439 consensus_queue.cc:237] T 58a0237f62a54f1cb9dd435b917a2ba1 P 164ec703f8734b36850af5c092187894 [LEADER]: Queue going to LEADER mode. State: All replicated index: 0, Majority replicated index: 1, Committed index: 1, Last appended: 1.1, Last appended by leader: 1, Current term: 2, Majority size: 2, State: 0, Mode: LEADER, active raft config: opid_index: -1 OBSOLETE_local: false peers { permanent_uuid: "164ec703f8734b36850af5c092187894" member_type: VOTER last_known_addr { host: "127.31.190.193" port: 44131 } } peers { permanent_uuid: "b74069c4addf4bf6a5c6ba335886ff1f" member_type: VOTER last_known_addr { host: "127.31.190.194" port: 45123 } } peers { permanent_uuid: "0ecbb2b7a4ea4fe1917e35fcf42d6b36" member_type: VOTER last_known_addr { host: "127.31.190.195" port: 38131 } }
I20260710 13:26:38.578315 32538 catalog_manager.cc:5697] T 58a0237f62a54f1cb9dd435b917a2ba1 P 164ec703f8734b36850af5c092187894 reported cstate change: term changed from 1 to 2, leader changed from b74069c4addf4bf6a5c6ba335886ff1f (127.31.190.194) to 164ec703f8734b36850af5c092187894 (127.31.190.193). New cstate: current_term: 2 leader_uuid: "164ec703f8734b36850af5c092187894" committed_config { opid_index: -1 OBSOLETE_local: false peers { permanent_uuid: "164ec703f8734b36850af5c092187894" member_type: VOTER last_known_addr { host: "127.31.190.193" port: 44131 } health_report { overall_health: HEALTHY } } peers { permanent_uuid: "b74069c4addf4bf6a5c6ba335886ff1f" member_type: VOTER last_known_addr { host: "127.31.190.194" port: 45123 } health_report { overall_health: UNKNOWN } } peers { permanent_uuid: "0ecbb2b7a4ea4fe1917e35fcf42d6b36" member_type: VOTER last_known_addr { host: "127.31.190.195" port: 38131 } health_report { overall_health: UNKNOWN } } }
I20260710 13:26:38.855017 32641 raft_consensus.cc:1275] T fd1489857e534911a6e699bb1062bfd8 P 164ec703f8734b36850af5c092187894 [term 2 FOLLOWER]: Refusing update from remote peer b74069c4addf4bf6a5c6ba335886ff1f: Log matching property violated. Preceding OpId in replica: term: 1 index: 1. Preceding OpId from leader: term: 2 index: 2. (index mismatch)
I20260710 13:26:38.856401   454 consensus_queue.cc:1048] T fd1489857e534911a6e699bb1062bfd8 P b74069c4addf4bf6a5c6ba335886ff1f [LEADER]: Connected to new peer: Peer: permanent_uuid: "164ec703f8734b36850af5c092187894" member_type: VOTER last_known_addr { host: "127.31.190.193" port: 44131 }, Status: LMP_MISMATCH, Last received: 0.0, Next index: 2, Last known committed idx: 1, Time since last communication: 0.000s
I20260710 13:26:38.865840   322 raft_consensus.cc:1275] T fd1489857e534911a6e699bb1062bfd8 P 0ecbb2b7a4ea4fe1917e35fcf42d6b36 [term 2 FOLLOWER]: Refusing update from remote peer b74069c4addf4bf6a5c6ba335886ff1f: Log matching property violated. Preceding OpId in replica: term: 1 index: 1. Preceding OpId from leader: term: 2 index: 2. (index mismatch)
I20260710 13:26:38.867861   456 consensus_queue.cc:1048] T fd1489857e534911a6e699bb1062bfd8 P b74069c4addf4bf6a5c6ba335886ff1f [LEADER]: Connected to new peer: Peer: permanent_uuid: "0ecbb2b7a4ea4fe1917e35fcf42d6b36" member_type: VOTER last_known_addr { host: "127.31.190.195" port: 38131 }, Status: LMP_MISMATCH, Last received: 0.0, Next index: 2, Last known committed idx: 1, Time since last communication: 0.000s
I20260710 13:26:38.882470 32641 raft_consensus.cc:1275] T 552257ad21b04b5ebe05b901ae66bdec P 164ec703f8734b36850af5c092187894 [term 2 FOLLOWER]: Refusing update from remote peer b74069c4addf4bf6a5c6ba335886ff1f: Log matching property violated. Preceding OpId in replica: term: 1 index: 1. Preceding OpId from leader: term: 2 index: 2. (index mismatch)
I20260710 13:26:38.883877   456 consensus_queue.cc:1048] T 552257ad21b04b5ebe05b901ae66bdec P b74069c4addf4bf6a5c6ba335886ff1f [LEADER]: Connected to new peer: Peer: permanent_uuid: "164ec703f8734b36850af5c092187894" member_type: VOTER last_known_addr { host: "127.31.190.193" port: 44131 }, Status: LMP_MISMATCH, Last received: 0.0, Next index: 2, Last known committed idx: 1, Time since last communication: 0.000s
I20260710 13:26:38.890636   322 raft_consensus.cc:1275] T 552257ad21b04b5ebe05b901ae66bdec P 0ecbb2b7a4ea4fe1917e35fcf42d6b36 [term 2 FOLLOWER]: Refusing update from remote peer b74069c4addf4bf6a5c6ba335886ff1f: Log matching property violated. Preceding OpId in replica: term: 1 index: 1. Preceding OpId from leader: term: 2 index: 2. (index mismatch)
I20260710 13:26:38.892447   430 consensus_queue.cc:1048] T 552257ad21b04b5ebe05b901ae66bdec P b74069c4addf4bf6a5c6ba335886ff1f [LEADER]: Connected to new peer: Peer: permanent_uuid: "0ecbb2b7a4ea4fe1917e35fcf42d6b36" member_type: VOTER last_known_addr { host: "127.31.190.195" port: 38131 }, Status: LMP_MISMATCH, Last received: 0.0, Next index: 2, Last known committed idx: 1, Time since last communication: 0.000s
I20260710 13:26:38.941177   322 raft_consensus.cc:1275] T 0ce94b9e592a437abcb6e8e8c5d826a0 P 0ecbb2b7a4ea4fe1917e35fcf42d6b36 [term 2 FOLLOWER]: Refusing update from remote peer b74069c4addf4bf6a5c6ba335886ff1f: Log matching property violated. Preceding OpId in replica: term: 1 index: 1. Preceding OpId from leader: term: 2 index: 2. (index mismatch)
I20260710 13:26:38.942610   416 consensus_queue.cc:1048] T 0ce94b9e592a437abcb6e8e8c5d826a0 P b74069c4addf4bf6a5c6ba335886ff1f [LEADER]: Connected to new peer: Peer: permanent_uuid: "0ecbb2b7a4ea4fe1917e35fcf42d6b36" member_type: VOTER last_known_addr { host: "127.31.190.195" port: 38131 }, Status: LMP_MISMATCH, Last received: 0.0, Next index: 2, Last known committed idx: 1, Time since last communication: 0.000s
I20260710 13:26:38.952310 32641 raft_consensus.cc:1275] T 0ce94b9e592a437abcb6e8e8c5d826a0 P 164ec703f8734b36850af5c092187894 [term 2 FOLLOWER]: Refusing update from remote peer b74069c4addf4bf6a5c6ba335886ff1f: Log matching property violated. Preceding OpId in replica: term: 1 index: 1. Preceding OpId from leader: term: 2 index: 2. (index mismatch)
I20260710 13:26:38.953939   456 consensus_queue.cc:1048] T 0ce94b9e592a437abcb6e8e8c5d826a0 P b74069c4addf4bf6a5c6ba335886ff1f [LEADER]: Connected to new peer: Peer: permanent_uuid: "164ec703f8734b36850af5c092187894" member_type: VOTER last_known_addr { host: "127.31.190.193" port: 44131 }, Status: LMP_MISMATCH, Last received: 0.0, Next index: 2, Last known committed idx: 1, Time since last communication: 0.000s
I20260710 13:26:38.968564   322 raft_consensus.cc:1275] T 58a0237f62a54f1cb9dd435b917a2ba1 P 0ecbb2b7a4ea4fe1917e35fcf42d6b36 [term 2 FOLLOWER]: Refusing update from remote peer 164ec703f8734b36850af5c092187894: Log matching property violated. Preceding OpId in replica: term: 1 index: 1. Preceding OpId from leader: term: 2 index: 2. (index mismatch)
I20260710 13:26:38.970353   439 consensus_queue.cc:1048] T 58a0237f62a54f1cb9dd435b917a2ba1 P 164ec703f8734b36850af5c092187894 [LEADER]: Connected to new peer: Peer: permanent_uuid: "0ecbb2b7a4ea4fe1917e35fcf42d6b36" member_type: VOTER last_known_addr { host: "127.31.190.195" port: 38131 }, Status: LMP_MISMATCH, Last received: 0.0, Next index: 2, Last known committed idx: 1, Time since last communication: 0.000s
I20260710 13:26:38.977551 32715 raft_consensus.cc:1275] T 58a0237f62a54f1cb9dd435b917a2ba1 P b74069c4addf4bf6a5c6ba335886ff1f [term 2 FOLLOWER]: Refusing update from remote peer 164ec703f8734b36850af5c092187894: Log matching property violated. Preceding OpId in replica: term: 1 index: 1. Preceding OpId from leader: term: 2 index: 2. (index mismatch)
I20260710 13:26:38.979066   401 consensus_queue.cc:1048] T 58a0237f62a54f1cb9dd435b917a2ba1 P 164ec703f8734b36850af5c092187894 [LEADER]: Connected to new peer: Peer: permanent_uuid: "b74069c4addf4bf6a5c6ba335886ff1f" member_type: VOTER last_known_addr { host: "127.31.190.194" port: 45123 }, Status: LMP_MISMATCH, Last received: 0.0, Next index: 2, Last known committed idx: 1, Time since last communication: 0.000s
I20260710 13:26:38.986450 32716 raft_consensus.cc:1275] T ca67860bcd2f4f44a907d70dfe7f57dc P b74069c4addf4bf6a5c6ba335886ff1f [term 2 FOLLOWER]: Refusing update from remote peer 164ec703f8734b36850af5c092187894: Log matching property violated. Preceding OpId in replica: term: 1 index: 1. Preceding OpId from leader: term: 2 index: 2. (index mismatch)
I20260710 13:26:38.987788   401 consensus_queue.cc:1048] T ca67860bcd2f4f44a907d70dfe7f57dc P 164ec703f8734b36850af5c092187894 [LEADER]: Connected to new peer: Peer: permanent_uuid: "b74069c4addf4bf6a5c6ba335886ff1f" member_type: VOTER last_known_addr { host: "127.31.190.194" port: 45123 }, Status: LMP_MISMATCH, Last received: 0.0, Next index: 2, Last known committed idx: 1, Time since last communication: 0.000s
I20260710 13:26:38.988318   322 raft_consensus.cc:1275] T ca67860bcd2f4f44a907d70dfe7f57dc P 0ecbb2b7a4ea4fe1917e35fcf42d6b36 [term 2 FOLLOWER]: Refusing update from remote peer 164ec703f8734b36850af5c092187894: Log matching property violated. Preceding OpId in replica: term: 1 index: 1. Preceding OpId from leader: term: 2 index: 2. (index mismatch)
I20260710 13:26:38.990085   401 consensus_queue.cc:1048] T ca67860bcd2f4f44a907d70dfe7f57dc P 164ec703f8734b36850af5c092187894 [LEADER]: Connected to new peer: Peer: permanent_uuid: "0ecbb2b7a4ea4fe1917e35fcf42d6b36" member_type: VOTER last_known_addr { host: "127.31.190.195" port: 38131 }, Status: LMP_MISMATCH, Last received: 0.0, Next index: 2, Last known committed idx: 1, Time since last communication: 0.000s
I20260710 13:26:39.005465   323 raft_consensus.cc:1275] T 181be662045a4294a1b3e055eadcbaa9 P 0ecbb2b7a4ea4fe1917e35fcf42d6b36 [term 2 FOLLOWER]: Refusing update from remote peer 164ec703f8734b36850af5c092187894: Log matching property violated. Preceding OpId in replica: term: 1 index: 1. Preceding OpId from leader: term: 2 index: 2. (index mismatch)
I20260710 13:26:39.009135   439 consensus_queue.cc:1048] T 181be662045a4294a1b3e055eadcbaa9 P 164ec703f8734b36850af5c092187894 [LEADER]: Connected to new peer: Peer: permanent_uuid: "0ecbb2b7a4ea4fe1917e35fcf42d6b36" member_type: VOTER last_known_addr { host: "127.31.190.195" port: 38131 }, Status: LMP_MISMATCH, Last received: 0.0, Next index: 2, Last known committed idx: 1, Time since last communication: 0.000s
I20260710 13:26:39.018919 32715 raft_consensus.cc:1275] T 181be662045a4294a1b3e055eadcbaa9 P b74069c4addf4bf6a5c6ba335886ff1f [term 2 FOLLOWER]: Refusing update from remote peer 164ec703f8734b36850af5c092187894: Log matching property violated. Preceding OpId in replica: term: 1 index: 1. Preceding OpId from leader: term: 2 index: 2. (index mismatch)
I20260710 13:26:39.020371   402 consensus_queue.cc:1048] T 181be662045a4294a1b3e055eadcbaa9 P 164ec703f8734b36850af5c092187894 [LEADER]: Connected to new peer: Peer: permanent_uuid: "b74069c4addf4bf6a5c6ba335886ff1f" member_type: VOTER last_known_addr { host: "127.31.190.194" port: 45123 }, Status: LMP_MISMATCH, Last received: 0.0, Next index: 2, Last known committed idx: 1, Time since last communication: 0.000s
I20260710 13:26:41.077711 32507 auto_leader_rebalancer-test.cc:316] The leader distribution is 
I20260710 13:26:41.078744 32507 auto_leader_rebalancer.cc:141] leader rebalance for table test-workload
I20260710 13:26:41.097656 32641 tablet_service.cc:2072] Received LeaderStepDown RPC: tablet_id: "181be662045a4294a1b3e055eadcbaa9"
dest_uuid: "164ec703f8734b36850af5c092187894"
mode: GRACEFUL
new_leader_uuid: "0ecbb2b7a4ea4fe1917e35fcf42d6b36"
 from {username='slave'} at 127.0.0.1:55374
I20260710 13:26:41.098192 32641 raft_consensus.cc:606] T 181be662045a4294a1b3e055eadcbaa9 P 164ec703f8734b36850af5c092187894 [term 2 LEADER]: Received request to transfer leadership to TS 0ecbb2b7a4ea4fe1917e35fcf42d6b36
I20260710 13:26:41.108115 32716 tablet_service.cc:2072] Received LeaderStepDown RPC: tablet_id: "fd1489857e534911a6e699bb1062bfd8"
dest_uuid: "b74069c4addf4bf6a5c6ba335886ff1f"
mode: GRACEFUL
new_leader_uuid: "0ecbb2b7a4ea4fe1917e35fcf42d6b36"
 from {username='slave'} at 127.0.0.1:41936
I20260710 13:26:41.108644 32716 raft_consensus.cc:606] T fd1489857e534911a6e699bb1062bfd8 P b74069c4addf4bf6a5c6ba335886ff1f [term 2 LEADER]: Received request to transfer leadership to TS 0ecbb2b7a4ea4fe1917e35fcf42d6b36
I20260710 13:26:41.109710 32507 auto_leader_rebalancer.cc:479] table: test-workload, leader rebalance finish, leader transfer count: 2
I20260710 13:26:41.110162 32507 auto_leader_rebalancer.cc:554] All tables' leader rebalancing finished this round
I20260710 13:26:41.115267   439 raft_consensus.cc:993] T 181be662045a4294a1b3e055eadcbaa9 P 164ec703f8734b36850af5c092187894: : Instructing follower 0ecbb2b7a4ea4fe1917e35fcf42d6b36 to start an election
I20260710 13:26:41.115696   470 raft_consensus.cc:1081] T 181be662045a4294a1b3e055eadcbaa9 P 164ec703f8734b36850af5c092187894 [term 2 LEADER]: Signalling peer 0ecbb2b7a4ea4fe1917e35fcf42d6b36 to start an election
I20260710 13:26:41.117040   322 tablet_service.cc:2044] Received Run Leader Election RPC: tablet_id: "181be662045a4294a1b3e055eadcbaa9"
dest_uuid: "0ecbb2b7a4ea4fe1917e35fcf42d6b36"
 from {username='slave'} at 127.0.0.1:60610
I20260710 13:26:41.117452   322 raft_consensus.cc:493] T 181be662045a4294a1b3e055eadcbaa9 P 0ecbb2b7a4ea4fe1917e35fcf42d6b36 [term 2 FOLLOWER]: Starting forced leader election (received explicit request)
I20260710 13:26:41.117694   322 raft_consensus.cc:3060] T 181be662045a4294a1b3e055eadcbaa9 P 0ecbb2b7a4ea4fe1917e35fcf42d6b36 [term 2 FOLLOWER]: Advancing to term 3
I20260710 13:26:41.121934   322 raft_consensus.cc:515] T 181be662045a4294a1b3e055eadcbaa9 P 0ecbb2b7a4ea4fe1917e35fcf42d6b36 [term 3 FOLLOWER]: Starting forced leader election with config: opid_index: -1 OBSOLETE_local: false peers { permanent_uuid: "164ec703f8734b36850af5c092187894" member_type: VOTER last_known_addr { host: "127.31.190.193" port: 44131 } } peers { permanent_uuid: "b74069c4addf4bf6a5c6ba335886ff1f" member_type: VOTER last_known_addr { host: "127.31.190.194" port: 45123 } } peers { permanent_uuid: "0ecbb2b7a4ea4fe1917e35fcf42d6b36" member_type: VOTER last_known_addr { host: "127.31.190.195" port: 38131 } }
I20260710 13:26:41.123442   322 leader_election.cc:290] T 181be662045a4294a1b3e055eadcbaa9 P 0ecbb2b7a4ea4fe1917e35fcf42d6b36 [CANDIDATE]: Term 3 election: Requested vote from peers 164ec703f8734b36850af5c092187894 (127.31.190.193:44131), b74069c4addf4bf6a5c6ba335886ff1f (127.31.190.194:45123)
I20260710 13:26:41.124230 32641 tablet_service.cc:1917] Received RequestConsensusVote() RPC: tablet_id: "181be662045a4294a1b3e055eadcbaa9" candidate_uuid: "0ecbb2b7a4ea4fe1917e35fcf42d6b36" candidate_term: 3 candidate_status { last_received { term: 2 index: 2 } } ignore_live_leader: true dest_uuid: "164ec703f8734b36850af5c092187894"
I20260710 13:26:41.124691 32716 tablet_service.cc:1917] Received RequestConsensusVote() RPC: tablet_id: "181be662045a4294a1b3e055eadcbaa9" candidate_uuid: "0ecbb2b7a4ea4fe1917e35fcf42d6b36" candidate_term: 3 candidate_status { last_received { term: 2 index: 2 } } ignore_live_leader: true dest_uuid: "b74069c4addf4bf6a5c6ba335886ff1f"
I20260710 13:26:41.124835 32641 raft_consensus.cc:3055] T 181be662045a4294a1b3e055eadcbaa9 P 164ec703f8734b36850af5c092187894 [term 2 LEADER]: Stepping down as leader of term 2
I20260710 13:26:41.125223 32716 raft_consensus.cc:3060] T 181be662045a4294a1b3e055eadcbaa9 P b74069c4addf4bf6a5c6ba335886ff1f [term 2 FOLLOWER]: Advancing to term 3
I20260710 13:26:41.125196 32641 raft_consensus.cc:740] T 181be662045a4294a1b3e055eadcbaa9 P 164ec703f8734b36850af5c092187894 [term 2 LEADER]: Becoming Follower/Learner. State: Replica: 164ec703f8734b36850af5c092187894, State: Running, Role: LEADER
I20260710 13:26:41.126272 32641 consensus_queue.cc:260] T 181be662045a4294a1b3e055eadcbaa9 P 164ec703f8734b36850af5c092187894 [NON_LEADER]: Queue going to NON_LEADER mode. State: All replicated index: 0, Majority replicated index: 2, Committed index: 2, Last appended: 2.2, Last appended by leader: 2, Current term: 2, Majority size: -1, State: 0, Mode: NON_LEADER, active raft config: opid_index: -1 OBSOLETE_local: false peers { permanent_uuid: "164ec703f8734b36850af5c092187894" member_type: VOTER last_known_addr { host: "127.31.190.193" port: 44131 } } peers { permanent_uuid: "b74069c4addf4bf6a5c6ba335886ff1f" member_type: VOTER last_known_addr { host: "127.31.190.194" port: 45123 } } peers { permanent_uuid: "0ecbb2b7a4ea4fe1917e35fcf42d6b36" member_type: VOTER last_known_addr { host: "127.31.190.195" port: 38131 } }
I20260710 13:26:41.127455 32641 raft_consensus.cc:3060] T 181be662045a4294a1b3e055eadcbaa9 P 164ec703f8734b36850af5c092187894 [term 2 FOLLOWER]: Advancing to term 3
I20260710 13:26:41.132156 32716 raft_consensus.cc:2468] T 181be662045a4294a1b3e055eadcbaa9 P b74069c4addf4bf6a5c6ba335886ff1f [term 3 FOLLOWER]: Leader election vote request: Granting yes vote for candidate 0ecbb2b7a4ea4fe1917e35fcf42d6b36 in term 3.
I20260710 13:26:41.133549 32754 leader_election.cc:304] T 181be662045a4294a1b3e055eadcbaa9 P 0ecbb2b7a4ea4fe1917e35fcf42d6b36 [CANDIDATE]: Term 3 election: Election decided. Result: candidate won. Election summary: received 2 responses out of 3 voters: 2 yes votes; 0 no votes. yes voters: 0ecbb2b7a4ea4fe1917e35fcf42d6b36, b74069c4addf4bf6a5c6ba335886ff1f; no voters: 
I20260710 13:26:41.133713 32641 raft_consensus.cc:2468] T 181be662045a4294a1b3e055eadcbaa9 P 164ec703f8734b36850af5c092187894 [term 3 FOLLOWER]: Leader election vote request: Granting yes vote for candidate 0ecbb2b7a4ea4fe1917e35fcf42d6b36 in term 3.
I20260710 13:26:41.134425   464 raft_consensus.cc:2804] T 181be662045a4294a1b3e055eadcbaa9 P 0ecbb2b7a4ea4fe1917e35fcf42d6b36 [term 3 FOLLOWER]: Leader election won for term 3
I20260710 13:26:41.135617   464 raft_consensus.cc:697] T 181be662045a4294a1b3e055eadcbaa9 P 0ecbb2b7a4ea4fe1917e35fcf42d6b36 [term 3 LEADER]: Becoming Leader. State: Replica: 0ecbb2b7a4ea4fe1917e35fcf42d6b36, State: Running, Role: LEADER
I20260710 13:26:41.136363   464 consensus_queue.cc:237] T 181be662045a4294a1b3e055eadcbaa9 P 0ecbb2b7a4ea4fe1917e35fcf42d6b36 [LEADER]: Queue going to LEADER mode. State: All replicated index: 0, Majority replicated index: 2, Committed index: 2, Last appended: 2.2, Last appended by leader: 2, Current term: 3, Majority size: 2, State: 0, Mode: LEADER, active raft config: opid_index: -1 OBSOLETE_local: false peers { permanent_uuid: "164ec703f8734b36850af5c092187894" member_type: VOTER last_known_addr { host: "127.31.190.193" port: 44131 } } peers { permanent_uuid: "b74069c4addf4bf6a5c6ba335886ff1f" member_type: VOTER last_known_addr { host: "127.31.190.194" port: 45123 } } peers { permanent_uuid: "0ecbb2b7a4ea4fe1917e35fcf42d6b36" member_type: VOTER last_known_addr { host: "127.31.190.195" port: 38131 } }
I20260710 13:26:41.142941 32538 catalog_manager.cc:5697] T 181be662045a4294a1b3e055eadcbaa9 P 0ecbb2b7a4ea4fe1917e35fcf42d6b36 reported cstate change: term changed from 2 to 3, leader changed from 164ec703f8734b36850af5c092187894 (127.31.190.193) to 0ecbb2b7a4ea4fe1917e35fcf42d6b36 (127.31.190.195). New cstate: current_term: 3 leader_uuid: "0ecbb2b7a4ea4fe1917e35fcf42d6b36" committed_config { opid_index: -1 OBSOLETE_local: false peers { permanent_uuid: "164ec703f8734b36850af5c092187894" member_type: VOTER last_known_addr { host: "127.31.190.193" port: 44131 } health_report { overall_health: UNKNOWN } } peers { permanent_uuid: "b74069c4addf4bf6a5c6ba335886ff1f" member_type: VOTER last_known_addr { host: "127.31.190.194" port: 45123 } health_report { overall_health: UNKNOWN } } peers { permanent_uuid: "0ecbb2b7a4ea4fe1917e35fcf42d6b36" member_type: VOTER last_known_addr { host: "127.31.190.195" port: 38131 } health_report { overall_health: HEALTHY } } }
I20260710 13:26:41.361303   456 raft_consensus.cc:993] T fd1489857e534911a6e699bb1062bfd8 P b74069c4addf4bf6a5c6ba335886ff1f: : Instructing follower 0ecbb2b7a4ea4fe1917e35fcf42d6b36 to start an election
I20260710 13:26:41.361722   477 raft_consensus.cc:1081] T fd1489857e534911a6e699bb1062bfd8 P b74069c4addf4bf6a5c6ba335886ff1f [term 2 LEADER]: Signalling peer 0ecbb2b7a4ea4fe1917e35fcf42d6b36 to start an election
I20260710 13:26:41.363234   322 tablet_service.cc:2044] Received Run Leader Election RPC: tablet_id: "fd1489857e534911a6e699bb1062bfd8"
dest_uuid: "0ecbb2b7a4ea4fe1917e35fcf42d6b36"
 from {username='slave'} at 127.0.0.1:60626
I20260710 13:26:41.363701   322 raft_consensus.cc:493] T fd1489857e534911a6e699bb1062bfd8 P 0ecbb2b7a4ea4fe1917e35fcf42d6b36 [term 2 FOLLOWER]: Starting forced leader election (received explicit request)
I20260710 13:26:41.364027   322 raft_consensus.cc:3060] T fd1489857e534911a6e699bb1062bfd8 P 0ecbb2b7a4ea4fe1917e35fcf42d6b36 [term 2 FOLLOWER]: Advancing to term 3
I20260710 13:26:41.368396   322 raft_consensus.cc:515] T fd1489857e534911a6e699bb1062bfd8 P 0ecbb2b7a4ea4fe1917e35fcf42d6b36 [term 3 FOLLOWER]: Starting forced leader election with config: opid_index: -1 OBSOLETE_local: false peers { permanent_uuid: "164ec703f8734b36850af5c092187894" member_type: VOTER last_known_addr { host: "127.31.190.193" port: 44131 } } peers { permanent_uuid: "b74069c4addf4bf6a5c6ba335886ff1f" member_type: VOTER last_known_addr { host: "127.31.190.194" port: 45123 } } peers { permanent_uuid: "0ecbb2b7a4ea4fe1917e35fcf42d6b36" member_type: VOTER last_known_addr { host: "127.31.190.195" port: 38131 } }
I20260710 13:26:41.370293   322 leader_election.cc:290] T fd1489857e534911a6e699bb1062bfd8 P 0ecbb2b7a4ea4fe1917e35fcf42d6b36 [CANDIDATE]: Term 3 election: Requested vote from peers 164ec703f8734b36850af5c092187894 (127.31.190.193:44131), b74069c4addf4bf6a5c6ba335886ff1f (127.31.190.194:45123)
I20260710 13:26:41.370957 32642 tablet_service.cc:1917] Received RequestConsensusVote() RPC: tablet_id: "fd1489857e534911a6e699bb1062bfd8" candidate_uuid: "0ecbb2b7a4ea4fe1917e35fcf42d6b36" candidate_term: 3 candidate_status { last_received { term: 2 index: 2 } } ignore_live_leader: true dest_uuid: "164ec703f8734b36850af5c092187894"
I20260710 13:26:41.371529 32642 raft_consensus.cc:3060] T fd1489857e534911a6e699bb1062bfd8 P 164ec703f8734b36850af5c092187894 [term 2 FOLLOWER]: Advancing to term 3
I20260710 13:26:41.371418 32716 tablet_service.cc:1917] Received RequestConsensusVote() RPC: tablet_id: "fd1489857e534911a6e699bb1062bfd8" candidate_uuid: "0ecbb2b7a4ea4fe1917e35fcf42d6b36" candidate_term: 3 candidate_status { last_received { term: 2 index: 2 } } ignore_live_leader: true dest_uuid: "b74069c4addf4bf6a5c6ba335886ff1f"
I20260710 13:26:41.372255 32716 raft_consensus.cc:3055] T fd1489857e534911a6e699bb1062bfd8 P b74069c4addf4bf6a5c6ba335886ff1f [term 2 LEADER]: Stepping down as leader of term 2
I20260710 13:26:41.372639 32716 raft_consensus.cc:740] T fd1489857e534911a6e699bb1062bfd8 P b74069c4addf4bf6a5c6ba335886ff1f [term 2 LEADER]: Becoming Follower/Learner. State: Replica: b74069c4addf4bf6a5c6ba335886ff1f, State: Running, Role: LEADER
I20260710 13:26:41.373450 32716 consensus_queue.cc:260] T fd1489857e534911a6e699bb1062bfd8 P b74069c4addf4bf6a5c6ba335886ff1f [NON_LEADER]: Queue going to NON_LEADER mode. State: All replicated index: 0, Majority replicated index: 2, Committed index: 2, Last appended: 2.2, Last appended by leader: 2, Current term: 2, Majority size: -1, State: 0, Mode: NON_LEADER, active raft config: opid_index: -1 OBSOLETE_local: false peers { permanent_uuid: "164ec703f8734b36850af5c092187894" member_type: VOTER last_known_addr { host: "127.31.190.193" port: 44131 } } peers { permanent_uuid: "b74069c4addf4bf6a5c6ba335886ff1f" member_type: VOTER last_known_addr { host: "127.31.190.194" port: 45123 } } peers { permanent_uuid: "0ecbb2b7a4ea4fe1917e35fcf42d6b36" member_type: VOTER last_known_addr { host: "127.31.190.195" port: 38131 } }
I20260710 13:26:41.374402 32716 raft_consensus.cc:3060] T fd1489857e534911a6e699bb1062bfd8 P b74069c4addf4bf6a5c6ba335886ff1f [term 2 FOLLOWER]: Advancing to term 3
I20260710 13:26:41.376267 32642 raft_consensus.cc:2468] T fd1489857e534911a6e699bb1062bfd8 P 164ec703f8734b36850af5c092187894 [term 3 FOLLOWER]: Leader election vote request: Granting yes vote for candidate 0ecbb2b7a4ea4fe1917e35fcf42d6b36 in term 3.
