Did not check for missing blocks
Did not check for orphaned blocks
Total full LBM containers with extra space: 0 (0 repaired)
Total full LBM container extra space in bytes: 0 (0 repaired)
Total incomplete LBM containers: 0 (0 repaired)
Total LBM partial records: 0 (0 repaired)
Total corrupted LBM metadata records in RocksDB: 0 (0 repaired)
I20260710 13:27:02.578801 27169 rpc_server.cc:225] running with OpenSSL 1.1.1  11 Sep 2018
I20260710 13:27:02.580219 27169 kserver.cc:163] Server-wide thread pool size limit: 3276
I20260710 13:27:02.581573 27169 txn_system_client.cc:432] TxnSystemClient initialization is disabled...
I20260710 13:27:02.583703 27169 ts_tablet_manager.cc:585] Loaded tablet metadata (0 total tablets, 0 live tablets)
I20260710 13:27:02.583909 27169 ts_tablet_manager.cc:531] Time spent load tablet metadata: real 0.000s	user 0.000s	sys 0.000s
I20260710 13:27:02.584213 27169 ts_tablet_manager.cc:616] Registered 0 tablets
I20260710 13:27:02.584374 27169 ts_tablet_manager.cc:595] Time spent register tablets: real 0.000s	user 0.000s	sys 0.000s
I20260710 13:27:02.638641 28471 consensus_queue.cc:1048] T 1070607db7a2490ba5b5ba369ed77e2f P 21b3de4a057e411582321a1d6e4d9329 [LEADER]: Connected to new peer: Peer: permanent_uuid: "6d4e7d6421ff4b8586a5a4989107b167" member_type: VOTER last_known_addr { host: "127.26.136.67" port: 42957 }, Status: LMP_MISMATCH, Last received: 0.0, Next index: 1, Last known committed idx: 0, Time since last communication: 0.001s
I20260710 13:27:02.665760 28471 consensus_queue.cc:1048] T 1070607db7a2490ba5b5ba369ed77e2f P 21b3de4a057e411582321a1d6e4d9329 [LEADER]: Connected to new peer: Peer: permanent_uuid: "a3febcce64d64917bfcec12d68ed9451" member_type: VOTER last_known_addr { host: "127.26.136.66" port: 40235 }, Status: LMP_MISMATCH, Last received: 0.0, Next index: 1, Last known committed idx: 0, Time since last communication: 0.000s
I20260710 13:27:02.691800 27169 rpc_server.cc:307] RPC server started. Bound to: 127.26.136.68:45213
I20260710 13:27:02.691912 28714 acceptor_pool.cc:272] collecting diagnostics on the listening RPC socket 127.26.136.68:45213 every 8 connection(s)
I20260710 13:27:02.698318 27169 auto_leader_rebalancer-test.cc:388] add a tserver: 6d4a05208fe24af8ae64f5830b320fb2
I20260710 13:27:02.711086 28715 heartbeater.cc:344] Connected to a master server at 127.26.136.126:43369
I20260710 13:27:02.711525 28715 heartbeater.cc:461] Registering TS with master...
I20260710 13:27:02.712316 28715 heartbeater.cc:507] Master 127.26.136.126:43369 requested a full tablet report, sending...
I20260710 13:27:02.714279 28171 ts_manager.cc:194] Registered new tserver with Master: 6d4a05208fe24af8ae64f5830b320fb2 (127.26.136.68:45213)
I20260710 13:27:02.715696 28171 master_service.cc:502] Signed X509 certificate for tserver {username='slave'} at 127.0.0.1:48514
I20260710 13:27:03.717981 28715 heartbeater.cc:499] Master 127.26.136.126:43369 was elected leader, sending a full tablet report...
I20260710 13:27:03.736198 28424 consensus_queue.cc:237] T 0c6e8d2c543c404e9eaca30698bf48dd P 6d4e7d6421ff4b8586a5a4989107b167 [LEADER]: Queue going to LEADER mode. State: All replicated index: 0, Majority replicated index: 1, Committed index: 1, Last appended: 1.1, Last appended by leader: 0, Current term: 1, Majority size: 2, State: 0, Mode: LEADER, active raft config: opid_index: 2 OBSOLETE_local: false peers { permanent_uuid: "21b3de4a057e411582321a1d6e4d9329" member_type: VOTER last_known_addr { host: "127.26.136.65" port: 42019 } attrs { replace: true } } peers { permanent_uuid: "a3febcce64d64917bfcec12d68ed9451" member_type: VOTER last_known_addr { host: "127.26.136.66" port: 40235 } } peers { permanent_uuid: "6d4e7d6421ff4b8586a5a4989107b167" member_type: VOTER last_known_addr { host: "127.26.136.67" port: 42957 } } peers { permanent_uuid: "6d4a05208fe24af8ae64f5830b320fb2" member_type: NON_VOTER last_known_addr { host: "127.26.136.68" port: 45213 } attrs { promote: true } }
I20260710 13:27:03.743912 28350 raft_consensus.cc:1275] T 0c6e8d2c543c404e9eaca30698bf48dd P a3febcce64d64917bfcec12d68ed9451 [term 1 FOLLOWER]: Refusing update from remote peer 6d4e7d6421ff4b8586a5a4989107b167: Log matching property violated. Preceding OpId in replica: term: 1 index: 1. Preceding OpId from leader: term: 1 index: 2. (index mismatch)
I20260710 13:27:03.746675 28274 raft_consensus.cc:1275] T 0c6e8d2c543c404e9eaca30698bf48dd P 21b3de4a057e411582321a1d6e4d9329 [term 1 FOLLOWER]: Refusing update from remote peer 6d4e7d6421ff4b8586a5a4989107b167: Log matching property violated. Preceding OpId in replica: term: 1 index: 1. Preceding OpId from leader: term: 1 index: 2. (index mismatch)
I20260710 13:27:03.746197 28722 consensus_queue.cc:1048] T 0c6e8d2c543c404e9eaca30698bf48dd P 6d4e7d6421ff4b8586a5a4989107b167 [LEADER]: Connected to new peer: Peer: permanent_uuid: "a3febcce64d64917bfcec12d68ed9451" member_type: VOTER last_known_addr { host: "127.26.136.66" port: 40235 }, Status: LMP_MISMATCH, Last received: 0.0, Next index: 2, Last known committed idx: 1, Time since last communication: 0.001s
I20260710 13:27:03.748425 28495 consensus_queue.cc:1048] T 0c6e8d2c543c404e9eaca30698bf48dd P 6d4e7d6421ff4b8586a5a4989107b167 [LEADER]: Connected to new peer: Peer: permanent_uuid: "21b3de4a057e411582321a1d6e4d9329" member_type: VOTER last_known_addr { host: "127.26.136.65" port: 42019 } attrs { replace: true }, Status: LMP_MISMATCH, Last received: 0.0, Next index: 2, Last known committed idx: 1, Time since last communication: 0.000s
I20260710 13:27:03.756672 28495 raft_consensus.cc:2955] T 0c6e8d2c543c404e9eaca30698bf48dd P 6d4e7d6421ff4b8586a5a4989107b167 [term 1 LEADER]: Committing config change with OpId 1.2: config changed from index -1 to 2, NON_VOTER 6d4a05208fe24af8ae64f5830b320fb2 (127.26.136.68) added. New config: { opid_index: 2 OBSOLETE_local: false peers { permanent_uuid: "21b3de4a057e411582321a1d6e4d9329" member_type: VOTER last_known_addr { host: "127.26.136.65" port: 42019 } attrs { replace: true } } peers { permanent_uuid: "a3febcce64d64917bfcec12d68ed9451" member_type: VOTER last_known_addr { host: "127.26.136.66" port: 40235 } } peers { permanent_uuid: "6d4e7d6421ff4b8586a5a4989107b167" member_type: VOTER last_known_addr { host: "127.26.136.67" port: 42957 } } peers { permanent_uuid: "6d4a05208fe24af8ae64f5830b320fb2" member_type: NON_VOTER last_known_addr { host: "127.26.136.68" port: 45213 } attrs { promote: true } } }
I20260710 13:27:03.757825 28350 raft_consensus.cc:2955] T 0c6e8d2c543c404e9eaca30698bf48dd P a3febcce64d64917bfcec12d68ed9451 [term 1 FOLLOWER]: Committing config change with OpId 1.2: config changed from index -1 to 2, NON_VOTER 6d4a05208fe24af8ae64f5830b320fb2 (127.26.136.68) added. New config: { opid_index: 2 OBSOLETE_local: false peers { permanent_uuid: "21b3de4a057e411582321a1d6e4d9329" member_type: VOTER last_known_addr { host: "127.26.136.65" port: 42019 } attrs { replace: true } } peers { permanent_uuid: "a3febcce64d64917bfcec12d68ed9451" member_type: VOTER last_known_addr { host: "127.26.136.66" port: 40235 } } peers { permanent_uuid: "6d4e7d6421ff4b8586a5a4989107b167" member_type: VOTER last_known_addr { host: "127.26.136.67" port: 42957 } } peers { permanent_uuid: "6d4a05208fe24af8ae64f5830b320fb2" member_type: NON_VOTER last_known_addr { host: "127.26.136.68" port: 45213 } attrs { promote: true } } }
W20260710 13:27:03.759328 28391 consensus_peers.cc:597] T 0c6e8d2c543c404e9eaca30698bf48dd P 6d4e7d6421ff4b8586a5a4989107b167 -> Peer 6d4a05208fe24af8ae64f5830b320fb2 (127.26.136.68:45213): Couldn't send request to peer 6d4a05208fe24af8ae64f5830b320fb2. Error code: TABLET_NOT_FOUND (6). Status: Not found: Tablet not found: 0c6e8d2c543c404e9eaca30698bf48dd. This is attempt 1: this message will repeat every 5th retry.
I20260710 13:27:03.763670 28274 raft_consensus.cc:2955] T 0c6e8d2c543c404e9eaca30698bf48dd P 21b3de4a057e411582321a1d6e4d9329 [term 1 FOLLOWER]: Committing config change with OpId 1.2: config changed from index -1 to 2, NON_VOTER 6d4a05208fe24af8ae64f5830b320fb2 (127.26.136.68) added. New config: { opid_index: 2 OBSOLETE_local: false peers { permanent_uuid: "21b3de4a057e411582321a1d6e4d9329" member_type: VOTER last_known_addr { host: "127.26.136.65" port: 42019 } attrs { replace: true } } peers { permanent_uuid: "a3febcce64d64917bfcec12d68ed9451" member_type: VOTER last_known_addr { host: "127.26.136.66" port: 40235 } } peers { permanent_uuid: "6d4e7d6421ff4b8586a5a4989107b167" member_type: VOTER last_known_addr { host: "127.26.136.67" port: 42957 } } peers { permanent_uuid: "6d4a05208fe24af8ae64f5830b320fb2" member_type: NON_VOTER last_known_addr { host: "127.26.136.68" port: 45213 } attrs { promote: true } } }
I20260710 13:27:03.772550 28171 catalog_manager.cc:5697] T 0c6e8d2c543c404e9eaca30698bf48dd P a3febcce64d64917bfcec12d68ed9451 reported cstate change: config changed from index -1 to 2, NON_VOTER 6d4a05208fe24af8ae64f5830b320fb2 (127.26.136.68) added. New cstate: current_term: 1 leader_uuid: "6d4e7d6421ff4b8586a5a4989107b167" committed_config { opid_index: 2 OBSOLETE_local: false peers { permanent_uuid: "21b3de4a057e411582321a1d6e4d9329" member_type: VOTER last_known_addr { host: "127.26.136.65" port: 42019 } attrs { replace: true } } peers { permanent_uuid: "a3febcce64d64917bfcec12d68ed9451" member_type: VOTER last_known_addr { host: "127.26.136.66" port: 40235 } } peers { permanent_uuid: "6d4e7d6421ff4b8586a5a4989107b167" member_type: VOTER last_known_addr { host: "127.26.136.67" port: 42957 } } peers { permanent_uuid: "6d4a05208fe24af8ae64f5830b320fb2" member_type: NON_VOTER last_known_addr { host: "127.26.136.68" port: 45213 } attrs { promote: true } } }
I20260710 13:27:03.790302 28350 consensus_queue.cc:237] T 8592cf10b5e0403b969f8f4583f36529 P a3febcce64d64917bfcec12d68ed9451 [LEADER]: Queue going to LEADER mode. State: All replicated index: 0, Majority replicated index: 1, Committed index: 1, Last appended: 1.1, Last appended by leader: 0, Current term: 1, Majority size: 2, State: 0, Mode: LEADER, active raft config: opid_index: 2 OBSOLETE_local: false peers { permanent_uuid: "21b3de4a057e411582321a1d6e4d9329" member_type: VOTER last_known_addr { host: "127.26.136.65" port: 42019 } } peers { permanent_uuid: "a3febcce64d64917bfcec12d68ed9451" member_type: VOTER last_known_addr { host: "127.26.136.66" port: 40235 } } peers { permanent_uuid: "6d4e7d6421ff4b8586a5a4989107b167" member_type: VOTER last_known_addr { host: "127.26.136.67" port: 42957 } attrs { replace: true } } peers { permanent_uuid: "6d4a05208fe24af8ae64f5830b320fb2" member_type: NON_VOTER last_known_addr { host: "127.26.136.68" port: 45213 } attrs { promote: true } }
I20260710 13:27:03.799033 28424 raft_consensus.cc:1275] T 8592cf10b5e0403b969f8f4583f36529 P 6d4e7d6421ff4b8586a5a4989107b167 [term 1 FOLLOWER]: Refusing update from remote peer a3febcce64d64917bfcec12d68ed9451: Log matching property violated. Preceding OpId in replica: term: 1 index: 1. Preceding OpId from leader: term: 1 index: 2. (index mismatch)
I20260710 13:27:03.800572 28274 raft_consensus.cc:1275] T 8592cf10b5e0403b969f8f4583f36529 P 21b3de4a057e411582321a1d6e4d9329 [term 1 FOLLOWER]: Refusing update from remote peer a3febcce64d64917bfcec12d68ed9451: Log matching property violated. Preceding OpId in replica: term: 1 index: 1. Preceding OpId from leader: term: 1 index: 2. (index mismatch)
I20260710 13:27:03.800928 28470 consensus_queue.cc:1048] T 8592cf10b5e0403b969f8f4583f36529 P a3febcce64d64917bfcec12d68ed9451 [LEADER]: Connected to new peer: Peer: permanent_uuid: "6d4e7d6421ff4b8586a5a4989107b167" member_type: VOTER last_known_addr { host: "127.26.136.67" port: 42957 } attrs { replace: true }, Status: LMP_MISMATCH, Last received: 0.0, Next index: 2, Last known committed idx: 1, Time since last communication: 0.000s
I20260710 13:27:03.806960 28733 consensus_queue.cc:1048] T 8592cf10b5e0403b969f8f4583f36529 P a3febcce64d64917bfcec12d68ed9451 [LEADER]: Connected to new peer: Peer: permanent_uuid: "21b3de4a057e411582321a1d6e4d9329" member_type: VOTER last_known_addr { host: "127.26.136.65" port: 42019 }, Status: LMP_MISMATCH, Last received: 0.0, Next index: 2, Last known committed idx: 1, Time since last communication: 0.001s
W20260710 13:27:03.818473 28317 consensus_peers.cc:597] T 8592cf10b5e0403b969f8f4583f36529 P a3febcce64d64917bfcec12d68ed9451 -> Peer 6d4a05208fe24af8ae64f5830b320fb2 (127.26.136.68:45213): Couldn't send request to peer 6d4a05208fe24af8ae64f5830b320fb2. Error code: TABLET_NOT_FOUND (6). Status: Not found: Tablet not found: 8592cf10b5e0403b969f8f4583f36529. This is attempt 1: this message will repeat every 5th retry.
I20260710 13:27:03.818558 28470 raft_consensus.cc:2955] T 8592cf10b5e0403b969f8f4583f36529 P a3febcce64d64917bfcec12d68ed9451 [term 1 LEADER]: Committing config change with OpId 1.2: config changed from index -1 to 2, NON_VOTER 6d4a05208fe24af8ae64f5830b320fb2 (127.26.136.68) added. New config: { opid_index: 2 OBSOLETE_local: false peers { permanent_uuid: "21b3de4a057e411582321a1d6e4d9329" member_type: VOTER last_known_addr { host: "127.26.136.65" port: 42019 } } peers { permanent_uuid: "a3febcce64d64917bfcec12d68ed9451" member_type: VOTER last_known_addr { host: "127.26.136.66" port: 40235 } } peers { permanent_uuid: "6d4e7d6421ff4b8586a5a4989107b167" member_type: VOTER last_known_addr { host: "127.26.136.67" port: 42957 } attrs { replace: true } } peers { permanent_uuid: "6d4a05208fe24af8ae64f5830b320fb2" member_type: NON_VOTER last_known_addr { host: "127.26.136.68" port: 45213 } attrs { promote: true } } }
I20260710 13:27:03.822481 28274 raft_consensus.cc:2955] T 8592cf10b5e0403b969f8f4583f36529 P 21b3de4a057e411582321a1d6e4d9329 [term 1 FOLLOWER]: Committing config change with OpId 1.2: config changed from index -1 to 2, NON_VOTER 6d4a05208fe24af8ae64f5830b320fb2 (127.26.136.68) added. New config: { opid_index: 2 OBSOLETE_local: false peers { permanent_uuid: "21b3de4a057e411582321a1d6e4d9329" member_type: VOTER last_known_addr { host: "127.26.136.65" port: 42019 } } peers { permanent_uuid: "a3febcce64d64917bfcec12d68ed9451" member_type: VOTER last_known_addr { host: "127.26.136.66" port: 40235 } } peers { permanent_uuid: "6d4e7d6421ff4b8586a5a4989107b167" member_type: VOTER last_known_addr { host: "127.26.136.67" port: 42957 } attrs { replace: true } } peers { permanent_uuid: "6d4a05208fe24af8ae64f5830b320fb2" member_type: NON_VOTER last_known_addr { host: "127.26.136.68" port: 45213 } attrs { promote: true } } }
I20260710 13:27:03.823613 28425 raft_consensus.cc:2955] T 8592cf10b5e0403b969f8f4583f36529 P 6d4e7d6421ff4b8586a5a4989107b167 [term 1 FOLLOWER]: Committing config change with OpId 1.2: config changed from index -1 to 2, NON_VOTER 6d4a05208fe24af8ae64f5830b320fb2 (127.26.136.68) added. New config: { opid_index: 2 OBSOLETE_local: false peers { permanent_uuid: "21b3de4a057e411582321a1d6e4d9329" member_type: VOTER last_known_addr { host: "127.26.136.65" port: 42019 } } peers { permanent_uuid: "a3febcce64d64917bfcec12d68ed9451" member_type: VOTER last_known_addr { host: "127.26.136.66" port: 40235 } } peers { permanent_uuid: "6d4e7d6421ff4b8586a5a4989107b167" member_type: VOTER last_known_addr { host: "127.26.136.67" port: 42957 } attrs { replace: true } } peers { permanent_uuid: "6d4a05208fe24af8ae64f5830b320fb2" member_type: NON_VOTER last_known_addr { host: "127.26.136.68" port: 45213 } attrs { promote: true } } }
I20260710 13:27:03.841449 28170 catalog_manager.cc:5697] T 8592cf10b5e0403b969f8f4583f36529 P 6d4e7d6421ff4b8586a5a4989107b167 reported cstate change: config changed from index -1 to 2, NON_VOTER 6d4a05208fe24af8ae64f5830b320fb2 (127.26.136.68) added. New cstate: current_term: 1 leader_uuid: "a3febcce64d64917bfcec12d68ed9451" committed_config { opid_index: 2 OBSOLETE_local: false peers { permanent_uuid: "21b3de4a057e411582321a1d6e4d9329" member_type: VOTER last_known_addr { host: "127.26.136.65" port: 42019 } } peers { permanent_uuid: "a3febcce64d64917bfcec12d68ed9451" member_type: VOTER last_known_addr { host: "127.26.136.66" port: 40235 } } peers { permanent_uuid: "6d4e7d6421ff4b8586a5a4989107b167" member_type: VOTER last_known_addr { host: "127.26.136.67" port: 42957 } attrs { replace: true } } peers { permanent_uuid: "6d4a05208fe24af8ae64f5830b320fb2" member_type: NON_VOTER last_known_addr { host: "127.26.136.68" port: 45213 } attrs { promote: true } } }
I20260710 13:27:03.866809 28274 consensus_queue.cc:237] T 1070607db7a2490ba5b5ba369ed77e2f P 21b3de4a057e411582321a1d6e4d9329 [LEADER]: Queue going to LEADER mode. State: All replicated index: 0, Majority replicated index: 1, Committed index: 1, Last appended: 1.1, Last appended by leader: 0, Current term: 1, Majority size: 2, State: 0, Mode: LEADER, active raft config: opid_index: 2 OBSOLETE_local: false peers { permanent_uuid: "21b3de4a057e411582321a1d6e4d9329" member_type: VOTER last_known_addr { host: "127.26.136.65" port: 42019 } } peers { permanent_uuid: "a3febcce64d64917bfcec12d68ed9451" member_type: VOTER last_known_addr { host: "127.26.136.66" port: 40235 } attrs { replace: true } } peers { permanent_uuid: "6d4e7d6421ff4b8586a5a4989107b167" member_type: VOTER last_known_addr { host: "127.26.136.67" port: 42957 } } peers { permanent_uuid: "6d4a05208fe24af8ae64f5830b320fb2" member_type: NON_VOTER last_known_addr { host: "127.26.136.68" port: 45213 } attrs { promote: true } }
I20260710 13:27:03.875028 28425 raft_consensus.cc:1275] T 1070607db7a2490ba5b5ba369ed77e2f P 6d4e7d6421ff4b8586a5a4989107b167 [term 1 FOLLOWER]: Refusing update from remote peer 21b3de4a057e411582321a1d6e4d9329: Log matching property violated. Preceding OpId in replica: term: 1 index: 1. Preceding OpId from leader: term: 1 index: 2. (index mismatch)
I20260710 13:27:03.875604 28349 raft_consensus.cc:1275] T 1070607db7a2490ba5b5ba369ed77e2f P a3febcce64d64917bfcec12d68ed9451 [term 1 FOLLOWER]: Refusing update from remote peer 21b3de4a057e411582321a1d6e4d9329: Log matching property violated. Preceding OpId in replica: term: 1 index: 1. Preceding OpId from leader: term: 1 index: 2. (index mismatch)
I20260710 13:27:03.876470 28471 consensus_queue.cc:1048] T 1070607db7a2490ba5b5ba369ed77e2f P 21b3de4a057e411582321a1d6e4d9329 [LEADER]: Connected to new peer: Peer: permanent_uuid: "6d4e7d6421ff4b8586a5a4989107b167" member_type: VOTER last_known_addr { host: "127.26.136.67" port: 42957 }, Status: LMP_MISMATCH, Last received: 0.0, Next index: 2, Last known committed idx: 1, Time since last communication: 0.000s
I20260710 13:27:03.878662 28528 consensus_queue.cc:1048] T 1070607db7a2490ba5b5ba369ed77e2f P 21b3de4a057e411582321a1d6e4d9329 [LEADER]: Connected to new peer: Peer: permanent_uuid: "a3febcce64d64917bfcec12d68ed9451" member_type: VOTER last_known_addr { host: "127.26.136.66" port: 40235 } attrs { replace: true }, Status: LMP_MISMATCH, Last received: 0.0, Next index: 2, Last known committed idx: 1, Time since last communication: 0.000s
W20260710 13:27:03.897611 28242 consensus_peers.cc:597] T 1070607db7a2490ba5b5ba369ed77e2f P 21b3de4a057e411582321a1d6e4d9329 -> Peer 6d4a05208fe24af8ae64f5830b320fb2 (127.26.136.68:45213): Couldn't send request to peer 6d4a05208fe24af8ae64f5830b320fb2. Error code: TABLET_NOT_FOUND (6). Status: Not found: Tablet not found: 1070607db7a2490ba5b5ba369ed77e2f. This is attempt 1: this message will repeat every 5th retry.
I20260710 13:27:03.900259 28743 raft_consensus.cc:2955] T 1070607db7a2490ba5b5ba369ed77e2f P 21b3de4a057e411582321a1d6e4d9329 [term 1 LEADER]: Committing config change with OpId 1.2: config changed from index -1 to 2, NON_VOTER 6d4a05208fe24af8ae64f5830b320fb2 (127.26.136.68) added. New config: { opid_index: 2 OBSOLETE_local: false peers { permanent_uuid: "21b3de4a057e411582321a1d6e4d9329" member_type: VOTER last_known_addr { host: "127.26.136.65" port: 42019 } } peers { permanent_uuid: "a3febcce64d64917bfcec12d68ed9451" member_type: VOTER last_known_addr { host: "127.26.136.66" port: 40235 } attrs { replace: true } } peers { permanent_uuid: "6d4e7d6421ff4b8586a5a4989107b167" member_type: VOTER last_known_addr { host: "127.26.136.67" port: 42957 } } peers { permanent_uuid: "6d4a05208fe24af8ae64f5830b320fb2" member_type: NON_VOTER last_known_addr { host: "127.26.136.68" port: 45213 } attrs { promote: true } } }
I20260710 13:27:03.902427 28425 raft_consensus.cc:2955] T 1070607db7a2490ba5b5ba369ed77e2f P 6d4e7d6421ff4b8586a5a4989107b167 [term 1 FOLLOWER]: Committing config change with OpId 1.2: config changed from index -1 to 2, NON_VOTER 6d4a05208fe24af8ae64f5830b320fb2 (127.26.136.68) added. New config: { opid_index: 2 OBSOLETE_local: false peers { permanent_uuid: "21b3de4a057e411582321a1d6e4d9329" member_type: VOTER last_known_addr { host: "127.26.136.65" port: 42019 } } peers { permanent_uuid: "a3febcce64d64917bfcec12d68ed9451" member_type: VOTER last_known_addr { host: "127.26.136.66" port: 40235 } attrs { replace: true } } peers { permanent_uuid: "6d4e7d6421ff4b8586a5a4989107b167" member_type: VOTER last_known_addr { host: "127.26.136.67" port: 42957 } } peers { permanent_uuid: "6d4a05208fe24af8ae64f5830b320fb2" member_type: NON_VOTER last_known_addr { host: "127.26.136.68" port: 45213 } attrs { promote: true } } }
I20260710 13:27:03.902789 28350 raft_consensus.cc:2955] T 1070607db7a2490ba5b5ba369ed77e2f P a3febcce64d64917bfcec12d68ed9451 [term 1 FOLLOWER]: Committing config change with OpId 1.2: config changed from index -1 to 2, NON_VOTER 6d4a05208fe24af8ae64f5830b320fb2 (127.26.136.68) added. New config: { opid_index: 2 OBSOLETE_local: false peers { permanent_uuid: "21b3de4a057e411582321a1d6e4d9329" member_type: VOTER last_known_addr { host: "127.26.136.65" port: 42019 } } peers { permanent_uuid: "a3febcce64d64917bfcec12d68ed9451" member_type: VOTER last_known_addr { host: "127.26.136.66" port: 40235 } attrs { replace: true } } peers { permanent_uuid: "6d4e7d6421ff4b8586a5a4989107b167" member_type: VOTER last_known_addr { host: "127.26.136.67" port: 42957 } } peers { permanent_uuid: "6d4a05208fe24af8ae64f5830b320fb2" member_type: NON_VOTER last_known_addr { host: "127.26.136.68" port: 45213 } attrs { promote: true } } }
I20260710 13:27:03.914391 28424 consensus_queue.cc:237] T e219d9f0e05a4b1d995764f6b00a3f44 P 6d4e7d6421ff4b8586a5a4989107b167 [LEADER]: Queue going to LEADER mode. State: All replicated index: 0, Majority replicated index: 1, Committed index: 1, Last appended: 1.1, Last appended by leader: 0, Current term: 1, Majority size: 2, State: 0, Mode: LEADER, active raft config: opid_index: 2 OBSOLETE_local: false peers { permanent_uuid: "21b3de4a057e411582321a1d6e4d9329" member_type: VOTER last_known_addr { host: "127.26.136.65" port: 42019 } attrs { replace: true } } peers { permanent_uuid: "a3febcce64d64917bfcec12d68ed9451" member_type: VOTER last_known_addr { host: "127.26.136.66" port: 40235 } } peers { permanent_uuid: "6d4e7d6421ff4b8586a5a4989107b167" member_type: VOTER last_known_addr { host: "127.26.136.67" port: 42957 } } peers { permanent_uuid: "6d4a05208fe24af8ae64f5830b320fb2" member_type: NON_VOTER last_known_addr { host: "127.26.136.68" port: 45213 } attrs { promote: true } }
I20260710 13:27:03.915782 28171 catalog_manager.cc:5697] T 1070607db7a2490ba5b5ba369ed77e2f P 21b3de4a057e411582321a1d6e4d9329 reported cstate change: config changed from index -1 to 2, NON_VOTER 6d4a05208fe24af8ae64f5830b320fb2 (127.26.136.68) added. New cstate: current_term: 1 leader_uuid: "21b3de4a057e411582321a1d6e4d9329" committed_config { opid_index: 2 OBSOLETE_local: false peers { permanent_uuid: "21b3de4a057e411582321a1d6e4d9329" member_type: VOTER last_known_addr { host: "127.26.136.65" port: 42019 } health_report { overall_health: HEALTHY } } peers { permanent_uuid: "a3febcce64d64917bfcec12d68ed9451" member_type: VOTER last_known_addr { host: "127.26.136.66" port: 40235 } attrs { replace: true } health_report { overall_health: HEALTHY } } peers { permanent_uuid: "6d4e7d6421ff4b8586a5a4989107b167" member_type: VOTER last_known_addr { host: "127.26.136.67" port: 42957 } health_report { overall_health: HEALTHY } } peers { permanent_uuid: "6d4a05208fe24af8ae64f5830b320fb2" member_type: NON_VOTER last_known_addr { host: "127.26.136.68" port: 45213 } attrs { promote: true } health_report { overall_health: UNKNOWN } } }
W20260710 13:27:03.924433 28391 consensus_peers.cc:597] T e219d9f0e05a4b1d995764f6b00a3f44 P 6d4e7d6421ff4b8586a5a4989107b167 -> Peer 6d4a05208fe24af8ae64f5830b320fb2 (127.26.136.68:45213): Couldn't send request to peer 6d4a05208fe24af8ae64f5830b320fb2. Error code: TABLET_NOT_FOUND (6). Status: Not found: Tablet not found: e219d9f0e05a4b1d995764f6b00a3f44. This is attempt 1: this message will repeat every 5th retry.
I20260710 13:27:03.924897 28350 raft_consensus.cc:1275] T e219d9f0e05a4b1d995764f6b00a3f44 P a3febcce64d64917bfcec12d68ed9451 [term 1 FOLLOWER]: Refusing update from remote peer 6d4e7d6421ff4b8586a5a4989107b167: Log matching property violated. Preceding OpId in replica: term: 1 index: 1. Preceding OpId from leader: term: 1 index: 2. (index mismatch)
I20260710 13:27:03.926420 28274 raft_consensus.cc:1275] T e219d9f0e05a4b1d995764f6b00a3f44 P 21b3de4a057e411582321a1d6e4d9329 [term 1 FOLLOWER]: Refusing update from remote peer 6d4e7d6421ff4b8586a5a4989107b167: Log matching property violated. Preceding OpId in replica: term: 1 index: 1. Preceding OpId from leader: term: 1 index: 2. (index mismatch)
I20260710 13:27:03.926579 28495 consensus_queue.cc:1048] T e219d9f0e05a4b1d995764f6b00a3f44 P 6d4e7d6421ff4b8586a5a4989107b167 [LEADER]: Connected to new peer: Peer: permanent_uuid: "a3febcce64d64917bfcec12d68ed9451" member_type: VOTER last_known_addr { host: "127.26.136.66" port: 40235 }, Status: LMP_MISMATCH, Last received: 0.0, Next index: 2, Last known committed idx: 1, Time since last communication: 0.001s
I20260710 13:27:03.929382 28479 consensus_queue.cc:1048] T e219d9f0e05a4b1d995764f6b00a3f44 P 6d4e7d6421ff4b8586a5a4989107b167 [LEADER]: Connected to new peer: Peer: permanent_uuid: "21b3de4a057e411582321a1d6e4d9329" member_type: VOTER last_known_addr { host: "127.26.136.65" port: 42019 } attrs { replace: true }, Status: LMP_MISMATCH, Last received: 0.0, Next index: 2, Last known committed idx: 1, Time since last communication: 0.000s
I20260710 13:27:03.935384 28495 raft_consensus.cc:2955] T e219d9f0e05a4b1d995764f6b00a3f44 P 6d4e7d6421ff4b8586a5a4989107b167 [term 1 LEADER]: Committing config change with OpId 1.2: config changed from index -1 to 2, NON_VOTER 6d4a05208fe24af8ae64f5830b320fb2 (127.26.136.68) added. New config: { opid_index: 2 OBSOLETE_local: false peers { permanent_uuid: "21b3de4a057e411582321a1d6e4d9329" member_type: VOTER last_known_addr { host: "127.26.136.65" port: 42019 } attrs { replace: true } } peers { permanent_uuid: "a3febcce64d64917bfcec12d68ed9451" member_type: VOTER last_known_addr { host: "127.26.136.66" port: 40235 } } peers { permanent_uuid: "6d4e7d6421ff4b8586a5a4989107b167" member_type: VOTER last_known_addr { host: "127.26.136.67" port: 42957 } } peers { permanent_uuid: "6d4a05208fe24af8ae64f5830b320fb2" member_type: NON_VOTER last_known_addr { host: "127.26.136.68" port: 45213 } attrs { promote: true } } }
I20260710 13:27:03.938735 28350 raft_consensus.cc:2955] T e219d9f0e05a4b1d995764f6b00a3f44 P a3febcce64d64917bfcec12d68ed9451 [term 1 FOLLOWER]: Committing config change with OpId 1.2: config changed from index -1 to 2, NON_VOTER 6d4a05208fe24af8ae64f5830b320fb2 (127.26.136.68) added. New config: { opid_index: 2 OBSOLETE_local: false peers { permanent_uuid: "21b3de4a057e411582321a1d6e4d9329" member_type: VOTER last_known_addr { host: "127.26.136.65" port: 42019 } attrs { replace: true } } peers { permanent_uuid: "a3febcce64d64917bfcec12d68ed9451" member_type: VOTER last_known_addr { host: "127.26.136.66" port: 40235 } } peers { permanent_uuid: "6d4e7d6421ff4b8586a5a4989107b167" member_type: VOTER last_known_addr { host: "127.26.136.67" port: 42957 } } peers { permanent_uuid: "6d4a05208fe24af8ae64f5830b320fb2" member_type: NON_VOTER last_known_addr { host: "127.26.136.68" port: 45213 } attrs { promote: true } } }
I20260710 13:27:03.940971 28274 raft_consensus.cc:2955] T e219d9f0e05a4b1d995764f6b00a3f44 P 21b3de4a057e411582321a1d6e4d9329 [term 1 FOLLOWER]: Committing config change with OpId 1.2: config changed from index -1 to 2, NON_VOTER 6d4a05208fe24af8ae64f5830b320fb2 (127.26.136.68) added. New config: { opid_index: 2 OBSOLETE_local: false peers { permanent_uuid: "21b3de4a057e411582321a1d6e4d9329" member_type: VOTER last_known_addr { host: "127.26.136.65" port: 42019 } attrs { replace: true } } peers { permanent_uuid: "a3febcce64d64917bfcec12d68ed9451" member_type: VOTER last_known_addr { host: "127.26.136.66" port: 40235 } } peers { permanent_uuid: "6d4e7d6421ff4b8586a5a4989107b167" member_type: VOTER last_known_addr { host: "127.26.136.67" port: 42957 } } peers { permanent_uuid: "6d4a05208fe24af8ae64f5830b320fb2" member_type: NON_VOTER last_known_addr { host: "127.26.136.68" port: 45213 } attrs { promote: true } } }
I20260710 13:27:03.951524 28173 catalog_manager.cc:5697] T e219d9f0e05a4b1d995764f6b00a3f44 P a3febcce64d64917bfcec12d68ed9451 reported cstate change: config changed from index -1 to 2, NON_VOTER 6d4a05208fe24af8ae64f5830b320fb2 (127.26.136.68) added. New cstate: current_term: 1 leader_uuid: "6d4e7d6421ff4b8586a5a4989107b167" committed_config { opid_index: 2 OBSOLETE_local: false peers { permanent_uuid: "21b3de4a057e411582321a1d6e4d9329" member_type: VOTER last_known_addr { host: "127.26.136.65" port: 42019 } attrs { replace: true } } peers { permanent_uuid: "a3febcce64d64917bfcec12d68ed9451" member_type: VOTER last_known_addr { host: "127.26.136.66" port: 40235 } } peers { permanent_uuid: "6d4e7d6421ff4b8586a5a4989107b167" member_type: VOTER last_known_addr { host: "127.26.136.67" port: 42957 } } peers { permanent_uuid: "6d4a05208fe24af8ae64f5830b320fb2" member_type: NON_VOTER last_known_addr { host: "127.26.136.68" port: 45213 } attrs { promote: true } } }
I20260710 13:27:04.223778 28749 ts_tablet_manager.cc:933] T 8592cf10b5e0403b969f8f4583f36529 P 6d4a05208fe24af8ae64f5830b320fb2: Initiating tablet copy from peer a3febcce64d64917bfcec12d68ed9451 (127.26.136.66:40235)
I20260710 13:27:04.227856 28749 tablet_copy_client.cc:323] T 8592cf10b5e0403b969f8f4583f36529 P 6d4a05208fe24af8ae64f5830b320fb2: tablet copy: Beginning tablet copy session from remote peer at address 127.26.136.66:40235
I20260710 13:27:04.260007 28361 tablet_copy_service.cc:140] P a3febcce64d64917bfcec12d68ed9451: Received BeginTabletCopySession request for tablet 8592cf10b5e0403b969f8f4583f36529 from peer 6d4a05208fe24af8ae64f5830b320fb2 ({username='slave'} at 127.0.0.1:49850)
I20260710 13:27:04.260776 28361 tablet_copy_service.cc:161] P a3febcce64d64917bfcec12d68ed9451: Beginning new tablet copy session on tablet 8592cf10b5e0403b969f8f4583f36529 from peer 6d4a05208fe24af8ae64f5830b320fb2 at {username='slave'} at 127.0.0.1:49850: session id = 6d4a05208fe24af8ae64f5830b320fb2-8592cf10b5e0403b969f8f4583f36529
I20260710 13:27:04.269300 28361 tablet_copy_source_session.cc:215] T 8592cf10b5e0403b969f8f4583f36529 P a3febcce64d64917bfcec12d68ed9451: Tablet Copy: opened 0 blocks and 1 log segments
I20260710 13:27:04.273881 28749 data_dirs.cc:400] Could only allocate 1 dirs of requested 3 for tablet 8592cf10b5e0403b969f8f4583f36529. 1 dirs total, 0 dirs full, 0 dirs failed
I20260710 13:27:04.293134 28749 tablet_copy_client.cc:806] T 8592cf10b5e0403b969f8f4583f36529 P 6d4a05208fe24af8ae64f5830b320fb2: tablet copy: Starting download of 0 data blocks...
I20260710 13:27:04.293992 28749 tablet_copy_client.cc:670] T 8592cf10b5e0403b969f8f4583f36529 P 6d4a05208fe24af8ae64f5830b320fb2: tablet copy: Starting download of 1 WAL segments...
I20260710 13:27:04.299309 28749 tablet_copy_client.cc:538] T 8592cf10b5e0403b969f8f4583f36529 P 6d4a05208fe24af8ae64f5830b320fb2: tablet copy: Tablet Copy complete. Replacing tablet superblock.
I20260710 13:27:04.307197 28749 tablet_bootstrap.cc:492] T 8592cf10b5e0403b969f8f4583f36529 P 6d4a05208fe24af8ae64f5830b320fb2: Bootstrap starting.
I20260710 13:27:04.328183 28749 tablet_bootstrap.cc:492] T 8592cf10b5e0403b969f8f4583f36529 P 6d4a05208fe24af8ae64f5830b320fb2: Bootstrap replayed 1/1 log segments. Stats: ops{read=2 overwritten=0 applied=2 ignored=0} inserts{seen=0 ignored=0} mutations{seen=0 ignored=0} orphaned_commits=0. Pending: 0 replicates
I20260710 13:27:04.329253 28749 tablet_bootstrap.cc:492] T 8592cf10b5e0403b969f8f4583f36529 P 6d4a05208fe24af8ae64f5830b320fb2: Bootstrap complete.
I20260710 13:27:04.329994 28749 ts_tablet_manager.cc:1403] T 8592cf10b5e0403b969f8f4583f36529 P 6d4a05208fe24af8ae64f5830b320fb2: Time spent bootstrapping tablet: real 0.023s	user 0.015s	sys 0.008s
I20260710 13:27:04.334472 28749 raft_consensus.cc:359] T 8592cf10b5e0403b969f8f4583f36529 P 6d4a05208fe24af8ae64f5830b320fb2 [term 1 LEARNER]: Replica starting. Triggering 0 pending ops. Active config: opid_index: 2 OBSOLETE_local: false peers { permanent_uuid: "21b3de4a057e411582321a1d6e4d9329" member_type: VOTER last_known_addr { host: "127.26.136.65" port: 42019 } } peers { permanent_uuid: "a3febcce64d64917bfcec12d68ed9451" member_type: VOTER last_known_addr { host: "127.26.136.66" port: 40235 } } peers { permanent_uuid: "6d4e7d6421ff4b8586a5a4989107b167" member_type: VOTER last_known_addr { host: "127.26.136.67" port: 42957 } attrs { replace: true } } peers { permanent_uuid: "6d4a05208fe24af8ae64f5830b320fb2" member_type: NON_VOTER last_known_addr { host: "127.26.136.68" port: 45213 } attrs { promote: true } }
I20260710 13:27:04.335834 28749 raft_consensus.cc:740] T 8592cf10b5e0403b969f8f4583f36529 P 6d4a05208fe24af8ae64f5830b320fb2 [term 1 LEARNER]: Becoming Follower/Learner. State: Replica: 6d4a05208fe24af8ae64f5830b320fb2, State: Initialized, Role: LEARNER
I20260710 13:27:04.336508 28749 consensus_queue.cc:260] T 8592cf10b5e0403b969f8f4583f36529 P 6d4a05208fe24af8ae64f5830b320fb2 [NON_LEADER]: Queue going to NON_LEADER mode. State: All replicated index: 0, Majority replicated index: 0, Committed index: 2, Last appended: 1.2, Last appended by leader: 2, Current term: 0, Majority size: -1, State: 0, Mode: NON_LEADER, active raft config: opid_index: 2 OBSOLETE_local: false peers { permanent_uuid: "21b3de4a057e411582321a1d6e4d9329" member_type: VOTER last_known_addr { host: "127.26.136.65" port: 42019 } } peers { permanent_uuid: "a3febcce64d64917bfcec12d68ed9451" member_type: VOTER last_known_addr { host: "127.26.136.66" port: 40235 } } peers { permanent_uuid: "6d4e7d6421ff4b8586a5a4989107b167" member_type: VOTER last_known_addr { host: "127.26.136.67" port: 42957 } attrs { replace: true } } peers { permanent_uuid: "6d4a05208fe24af8ae64f5830b320fb2" member_type: NON_VOTER last_known_addr { host: "127.26.136.68" port: 45213 } attrs { promote: true } }
I20260710 13:27:04.339735 28749 ts_tablet_manager.cc:1434] T 8592cf10b5e0403b969f8f4583f36529 P 6d4a05208fe24af8ae64f5830b320fb2: Time spent starting tablet: real 0.009s	user 0.007s	sys 0.005s
I20260710 13:27:04.341877 28361 tablet_copy_service.cc:342] P a3febcce64d64917bfcec12d68ed9451: Request end of tablet copy session 6d4a05208fe24af8ae64f5830b320fb2-8592cf10b5e0403b969f8f4583f36529 received from {username='slave'} at 127.0.0.1:49850
I20260710 13:27:04.342483 28361 tablet_copy_service.cc:434] P a3febcce64d64917bfcec12d68ed9451: ending tablet copy session 6d4a05208fe24af8ae64f5830b320fb2-8592cf10b5e0403b969f8f4583f36529 on tablet 8592cf10b5e0403b969f8f4583f36529 with peer 6d4a05208fe24af8ae64f5830b320fb2
I20260710 13:27:04.345692 28754 ts_tablet_manager.cc:933] T 0c6e8d2c543c404e9eaca30698bf48dd P 6d4a05208fe24af8ae64f5830b320fb2: Initiating tablet copy from peer 6d4e7d6421ff4b8586a5a4989107b167 (127.26.136.67:42957)
I20260710 13:27:04.349203 28754 tablet_copy_client.cc:323] T 0c6e8d2c543c404e9eaca30698bf48dd P 6d4a05208fe24af8ae64f5830b320fb2: tablet copy: Beginning tablet copy session from remote peer at address 127.26.136.67:42957
I20260710 13:27:04.349910 28749 ts_tablet_manager.cc:933] T e219d9f0e05a4b1d995764f6b00a3f44 P 6d4a05208fe24af8ae64f5830b320fb2: Initiating tablet copy from peer 6d4e7d6421ff4b8586a5a4989107b167 (127.26.136.67:42957)
I20260710 13:27:04.377308 28749 tablet_copy_client.cc:323] T e219d9f0e05a4b1d995764f6b00a3f44 P 6d4a05208fe24af8ae64f5830b320fb2: tablet copy: Beginning tablet copy session from remote peer at address 127.26.136.67:42957
I20260710 13:27:04.390776 28435 tablet_copy_service.cc:140] P 6d4e7d6421ff4b8586a5a4989107b167: Received BeginTabletCopySession request for tablet 0c6e8d2c543c404e9eaca30698bf48dd from peer 6d4a05208fe24af8ae64f5830b320fb2 ({username='slave'} at 127.0.0.1:38478)
I20260710 13:27:04.391530 28435 tablet_copy_service.cc:161] P 6d4e7d6421ff4b8586a5a4989107b167: Beginning new tablet copy session on tablet 0c6e8d2c543c404e9eaca30698bf48dd from peer 6d4a05208fe24af8ae64f5830b320fb2 at {username='slave'} at 127.0.0.1:38478: session id = 6d4a05208fe24af8ae64f5830b320fb2-0c6e8d2c543c404e9eaca30698bf48dd
I20260710 13:27:04.393385 28434 tablet_copy_service.cc:140] P 6d4e7d6421ff4b8586a5a4989107b167: Received BeginTabletCopySession request for tablet e219d9f0e05a4b1d995764f6b00a3f44 from peer 6d4a05208fe24af8ae64f5830b320fb2 ({username='slave'} at 127.0.0.1:38478)
I20260710 13:27:04.394196 28434 tablet_copy_service.cc:161] P 6d4e7d6421ff4b8586a5a4989107b167: Beginning new tablet copy session on tablet e219d9f0e05a4b1d995764f6b00a3f44 from peer 6d4a05208fe24af8ae64f5830b320fb2 at {username='slave'} at 127.0.0.1:38478: session id = 6d4a05208fe24af8ae64f5830b320fb2-e219d9f0e05a4b1d995764f6b00a3f44
I20260710 13:27:04.404342 28434 tablet_copy_source_session.cc:215] T e219d9f0e05a4b1d995764f6b00a3f44 P 6d4e7d6421ff4b8586a5a4989107b167: Tablet Copy: opened 0 blocks and 1 log segments
I20260710 13:27:04.404985 28435 tablet_copy_source_session.cc:215] T 0c6e8d2c543c404e9eaca30698bf48dd P 6d4e7d6421ff4b8586a5a4989107b167: Tablet Copy: opened 0 blocks and 1 log segments
I20260710 13:27:04.407948 28749 data_dirs.cc:400] Could only allocate 1 dirs of requested 3 for tablet e219d9f0e05a4b1d995764f6b00a3f44. 1 dirs total, 0 dirs full, 0 dirs failed
I20260710 13:27:04.408841 28758 ts_tablet_manager.cc:933] T 1070607db7a2490ba5b5ba369ed77e2f P 6d4a05208fe24af8ae64f5830b320fb2: Initiating tablet copy from peer 21b3de4a057e411582321a1d6e4d9329 (127.26.136.65:42019)
I20260710 13:27:04.410396 28754 data_dirs.cc:400] Could only allocate 1 dirs of requested 3 for tablet 0c6e8d2c543c404e9eaca30698bf48dd. 1 dirs total, 0 dirs full, 0 dirs failed
I20260710 13:27:04.426211 28749 tablet_copy_client.cc:806] T e219d9f0e05a4b1d995764f6b00a3f44 P 6d4a05208fe24af8ae64f5830b320fb2: tablet copy: Starting download of 0 data blocks...
I20260710 13:27:04.427362 28758 tablet_copy_client.cc:323] T 1070607db7a2490ba5b5ba369ed77e2f P 6d4a05208fe24af8ae64f5830b320fb2: tablet copy: Beginning tablet copy session from remote peer at address 127.26.136.65:42019
I20260710 13:27:04.427572 28749 tablet_copy_client.cc:670] T e219d9f0e05a4b1d995764f6b00a3f44 P 6d4a05208fe24af8ae64f5830b320fb2: tablet copy: Starting download of 1 WAL segments...
I20260710 13:27:04.437484 28749 tablet_copy_client.cc:538] T e219d9f0e05a4b1d995764f6b00a3f44 P 6d4a05208fe24af8ae64f5830b320fb2: tablet copy: Tablet Copy complete. Replacing tablet superblock.
I20260710 13:27:04.447551 28749 tablet_bootstrap.cc:492] T e219d9f0e05a4b1d995764f6b00a3f44 P 6d4a05208fe24af8ae64f5830b320fb2: Bootstrap starting.
I20260710 13:27:04.453680 28754 tablet_copy_client.cc:806] T 0c6e8d2c543c404e9eaca30698bf48dd P 6d4a05208fe24af8ae64f5830b320fb2: tablet copy: Starting download of 0 data blocks...
I20260710 13:27:04.454866 28754 tablet_copy_client.cc:670] T 0c6e8d2c543c404e9eaca30698bf48dd P 6d4a05208fe24af8ae64f5830b320fb2: tablet copy: Starting download of 1 WAL segments...
I20260710 13:27:04.462242 28286 tablet_copy_service.cc:140] P 21b3de4a057e411582321a1d6e4d9329: Received BeginTabletCopySession request for tablet 1070607db7a2490ba5b5ba369ed77e2f from peer 6d4a05208fe24af8ae64f5830b320fb2 ({username='slave'} at 127.0.0.1:55060)
I20260710 13:27:04.463063 28286 tablet_copy_service.cc:161] P 21b3de4a057e411582321a1d6e4d9329: Beginning new tablet copy session on tablet 1070607db7a2490ba5b5ba369ed77e2f from peer 6d4a05208fe24af8ae64f5830b320fb2 at {username='slave'} at 127.0.0.1:55060: session id = 6d4a05208fe24af8ae64f5830b320fb2-1070607db7a2490ba5b5ba369ed77e2f
I20260710 13:27:04.466952 28754 tablet_copy_client.cc:538] T 0c6e8d2c543c404e9eaca30698bf48dd P 6d4a05208fe24af8ae64f5830b320fb2: tablet copy: Tablet Copy complete. Replacing tablet superblock.
I20260710 13:27:04.472402 28286 tablet_copy_source_session.cc:215] T 1070607db7a2490ba5b5ba369ed77e2f P 21b3de4a057e411582321a1d6e4d9329: Tablet Copy: opened 0 blocks and 1 log segments
I20260710 13:27:04.472980 28749 tablet_bootstrap.cc:492] T e219d9f0e05a4b1d995764f6b00a3f44 P 6d4a05208fe24af8ae64f5830b320fb2: Bootstrap replayed 1/1 log segments. Stats: ops{read=2 overwritten=0 applied=2 ignored=0} inserts{seen=0 ignored=0} mutations{seen=0 ignored=0} orphaned_commits=0. Pending: 0 replicates
I20260710 13:27:04.474618 28749 tablet_bootstrap.cc:492] T e219d9f0e05a4b1d995764f6b00a3f44 P 6d4a05208fe24af8ae64f5830b320fb2: Bootstrap complete.
I20260710 13:27:04.475466 28749 ts_tablet_manager.cc:1403] T e219d9f0e05a4b1d995764f6b00a3f44 P 6d4a05208fe24af8ae64f5830b320fb2: Time spent bootstrapping tablet: real 0.028s	user 0.012s	sys 0.011s
I20260710 13:27:04.479161 28749 raft_consensus.cc:359] T e219d9f0e05a4b1d995764f6b00a3f44 P 6d4a05208fe24af8ae64f5830b320fb2 [term 1 LEARNER]: Replica starting. Triggering 0 pending ops. Active config: opid_index: 2 OBSOLETE_local: false peers { permanent_uuid: "21b3de4a057e411582321a1d6e4d9329" member_type: VOTER last_known_addr { host: "127.26.136.65" port: 42019 } attrs { replace: true } } peers { permanent_uuid: "a3febcce64d64917bfcec12d68ed9451" member_type: VOTER last_known_addr { host: "127.26.136.66" port: 40235 } } peers { permanent_uuid: "6d4e7d6421ff4b8586a5a4989107b167" member_type: VOTER last_known_addr { host: "127.26.136.67" port: 42957 } } peers { permanent_uuid: "6d4a05208fe24af8ae64f5830b320fb2" member_type: NON_VOTER last_known_addr { host: "127.26.136.68" port: 45213 } attrs { promote: true } }
I20260710 13:27:04.480298 28749 raft_consensus.cc:740] T e219d9f0e05a4b1d995764f6b00a3f44 P 6d4a05208fe24af8ae64f5830b320fb2 [term 1 LEARNER]: Becoming Follower/Learner. State: Replica: 6d4a05208fe24af8ae64f5830b320fb2, State: Initialized, Role: LEARNER
I20260710 13:27:04.481180 28749 consensus_queue.cc:260] T e219d9f0e05a4b1d995764f6b00a3f44 P 6d4a05208fe24af8ae64f5830b320fb2 [NON_LEADER]: Queue going to NON_LEADER mode. State: All replicated index: 0, Majority replicated index: 0, Committed index: 2, Last appended: 1.2, Last appended by leader: 2, Current term: 0, Majority size: -1, State: 0, Mode: NON_LEADER, active raft config: opid_index: 2 OBSOLETE_local: false peers { permanent_uuid: "21b3de4a057e411582321a1d6e4d9329" member_type: VOTER last_known_addr { host: "127.26.136.65" port: 42019 } attrs { replace: true } } peers { permanent_uuid: "a3febcce64d64917bfcec12d68ed9451" member_type: VOTER last_known_addr { host: "127.26.136.66" port: 40235 } } peers { permanent_uuid: "6d4e7d6421ff4b8586a5a4989107b167" member_type: VOTER last_known_addr { host: "127.26.136.67" port: 42957 } } peers { permanent_uuid: "6d4a05208fe24af8ae64f5830b320fb2" member_type: NON_VOTER last_known_addr { host: "127.26.136.68" port: 45213 } attrs { promote: true } }
I20260710 13:27:04.483978 28749 ts_tablet_manager.cc:1434] T e219d9f0e05a4b1d995764f6b00a3f44 P 6d4a05208fe24af8ae64f5830b320fb2: Time spent starting tablet: real 0.008s	user 0.006s	sys 0.001s
I20260710 13:27:04.486263 28754 tablet_bootstrap.cc:492] T 0c6e8d2c543c404e9eaca30698bf48dd P 6d4a05208fe24af8ae64f5830b320fb2: Bootstrap starting.
I20260710 13:27:04.492421 28758 data_dirs.cc:400] Could only allocate 1 dirs of requested 3 for tablet 1070607db7a2490ba5b5ba369ed77e2f. 1 dirs total, 0 dirs full, 0 dirs failed
I20260710 13:27:04.500285 28434 tablet_copy_service.cc:342] P 6d4e7d6421ff4b8586a5a4989107b167: Request end of tablet copy session 6d4a05208fe24af8ae64f5830b320fb2-e219d9f0e05a4b1d995764f6b00a3f44 received from {username='slave'} at 127.0.0.1:38478
I20260710 13:27:04.500869 28434 tablet_copy_service.cc:434] P 6d4e7d6421ff4b8586a5a4989107b167: ending tablet copy session 6d4a05208fe24af8ae64f5830b320fb2-e219d9f0e05a4b1d995764f6b00a3f44 on tablet e219d9f0e05a4b1d995764f6b00a3f44 with peer 6d4a05208fe24af8ae64f5830b320fb2
I20260710 13:27:04.520363 28758 tablet_copy_client.cc:806] T 1070607db7a2490ba5b5ba369ed77e2f P 6d4a05208fe24af8ae64f5830b320fb2: tablet copy: Starting download of 0 data blocks...
I20260710 13:27:04.521075 28758 tablet_copy_client.cc:670] T 1070607db7a2490ba5b5ba369ed77e2f P 6d4a05208fe24af8ae64f5830b320fb2: tablet copy: Starting download of 1 WAL segments...
I20260710 13:27:04.525110 28758 tablet_copy_client.cc:538] T 1070607db7a2490ba5b5ba369ed77e2f P 6d4a05208fe24af8ae64f5830b320fb2: tablet copy: Tablet Copy complete. Replacing tablet superblock.
I20260710 13:27:04.529384 28754 tablet_bootstrap.cc:492] T 0c6e8d2c543c404e9eaca30698bf48dd P 6d4a05208fe24af8ae64f5830b320fb2: Bootstrap replayed 1/1 log segments. Stats: ops{read=2 overwritten=0 applied=2 ignored=0} inserts{seen=0 ignored=0} mutations{seen=0 ignored=0} orphaned_commits=0. Pending: 0 replicates
I20260710 13:27:04.530373 28754 tablet_bootstrap.cc:492] T 0c6e8d2c543c404e9eaca30698bf48dd P 6d4a05208fe24af8ae64f5830b320fb2: Bootstrap complete.
I20260710 13:27:04.531121 28754 ts_tablet_manager.cc:1403] T 0c6e8d2c543c404e9eaca30698bf48dd P 6d4a05208fe24af8ae64f5830b320fb2: Time spent bootstrapping tablet: real 0.045s	user 0.032s	sys 0.000s
I20260710 13:27:04.534453 28758 tablet_bootstrap.cc:492] T 1070607db7a2490ba5b5ba369ed77e2f P 6d4a05208fe24af8ae64f5830b320fb2: Bootstrap starting.
I20260710 13:27:04.534328 28754 raft_consensus.cc:359] T 0c6e8d2c543c404e9eaca30698bf48dd P 6d4a05208fe24af8ae64f5830b320fb2 [term 1 LEARNER]: Replica starting. Triggering 0 pending ops. Active config: opid_index: 2 OBSOLETE_local: false peers { permanent_uuid: "21b3de4a057e411582321a1d6e4d9329" member_type: VOTER last_known_addr { host: "127.26.136.65" port: 42019 } attrs { replace: true } } peers { permanent_uuid: "a3febcce64d64917bfcec12d68ed9451" member_type: VOTER last_known_addr { host: "127.26.136.66" port: 40235 } } peers { permanent_uuid: "6d4e7d6421ff4b8586a5a4989107b167" member_type: VOTER last_known_addr { host: "127.26.136.67" port: 42957 } } peers { permanent_uuid: "6d4a05208fe24af8ae64f5830b320fb2" member_type: NON_VOTER last_known_addr { host: "127.26.136.68" port: 45213 } attrs { promote: true } }
I20260710 13:27:04.535291 28754 raft_consensus.cc:740] T 0c6e8d2c543c404e9eaca30698bf48dd P 6d4a05208fe24af8ae64f5830b320fb2 [term 1 LEARNER]: Becoming Follower/Learner. State: Replica: 6d4a05208fe24af8ae64f5830b320fb2, State: Initialized, Role: LEARNER
I20260710 13:27:04.535995 28754 consensus_queue.cc:260] T 0c6e8d2c543c404e9eaca30698bf48dd P 6d4a05208fe24af8ae64f5830b320fb2 [NON_LEADER]: Queue going to NON_LEADER mode. State: All replicated index: 0, Majority replicated index: 0, Committed index: 2, Last appended: 1.2, Last appended by leader: 2, Current term: 0, Majority size: -1, State: 0, Mode: NON_LEADER, active raft config: opid_index: 2 OBSOLETE_local: false peers { permanent_uuid: "21b3de4a057e411582321a1d6e4d9329" member_type: VOTER last_known_addr { host: "127.26.136.65" port: 42019 } attrs { replace: true } } peers { permanent_uuid: "a3febcce64d64917bfcec12d68ed9451" member_type: VOTER last_known_addr { host: "127.26.136.66" port: 40235 } } peers { permanent_uuid: "6d4e7d6421ff4b8586a5a4989107b167" member_type: VOTER last_known_addr { host: "127.26.136.67" port: 42957 } } peers { permanent_uuid: "6d4a05208fe24af8ae64f5830b320fb2" member_type: NON_VOTER last_known_addr { host: "127.26.136.68" port: 45213 } attrs { promote: true } }
I20260710 13:27:04.538312 28754 ts_tablet_manager.cc:1434] T 0c6e8d2c543c404e9eaca30698bf48dd P 6d4a05208fe24af8ae64f5830b320fb2: Time spent starting tablet: real 0.007s	user 0.004s	sys 0.000s
I20260710 13:27:04.540231 28434 tablet_copy_service.cc:342] P 6d4e7d6421ff4b8586a5a4989107b167: Request end of tablet copy session 6d4a05208fe24af8ae64f5830b320fb2-0c6e8d2c543c404e9eaca30698bf48dd received from {username='slave'} at 127.0.0.1:38478
I20260710 13:27:04.540715 28434 tablet_copy_service.cc:434] P 6d4e7d6421ff4b8586a5a4989107b167: ending tablet copy session 6d4a05208fe24af8ae64f5830b320fb2-0c6e8d2c543c404e9eaca30698bf48dd on tablet 0c6e8d2c543c404e9eaca30698bf48dd with peer 6d4a05208fe24af8ae64f5830b320fb2
I20260710 13:27:04.556063 28758 tablet_bootstrap.cc:492] T 1070607db7a2490ba5b5ba369ed77e2f P 6d4a05208fe24af8ae64f5830b320fb2: Bootstrap replayed 1/1 log segments. Stats: ops{read=2 overwritten=0 applied=2 ignored=0} inserts{seen=0 ignored=0} mutations{seen=0 ignored=0} orphaned_commits=0. Pending: 0 replicates
I20260710 13:27:04.556886 28758 tablet_bootstrap.cc:492] T 1070607db7a2490ba5b5ba369ed77e2f P 6d4a05208fe24af8ae64f5830b320fb2: Bootstrap complete.
I20260710 13:27:04.557454 28758 ts_tablet_manager.cc:1403] T 1070607db7a2490ba5b5ba369ed77e2f P 6d4a05208fe24af8ae64f5830b320fb2: Time spent bootstrapping tablet: real 0.023s	user 0.017s	sys 0.005s
