I20260710 13:15:26.737757  7025 raft_consensus.cc:740] T 735d56d6bcd44599ad0392e6ebbf3128 P d23d174424c4456b964b2a208d42869b [term 0 FOLLOWER]: Becoming Follower/Learner. State: Replica: d23d174424c4456b964b2a208d42869b, State: Initialized, Role: FOLLOWER
I20260710 13:15:26.738544  7026 ts_tablet_manager.cc:1434] T 5e5bb78ed3b74e12a27bb333780416ee P fb69514b407a432487642efa7694784c: Time spent starting tablet: real 0.005s	user 0.004s	sys 0.000s
I20260710 13:15:26.739491  7026 tablet_bootstrap.cc:492] T f23fcfd86f064dadba84f5841444f6e0 P fb69514b407a432487642efa7694784c: Bootstrap starting.
I20260710 13:15:26.740725  7027 tablet_bootstrap.cc:492] T f23fcfd86f064dadba84f5841444f6e0 P e4b0e996b4c84535b0aeb6fcc6b35346: No bootstrap required, opened a new log
I20260710 13:15:26.741073  7027 ts_tablet_manager.cc:1403] T f23fcfd86f064dadba84f5841444f6e0 P e4b0e996b4c84535b0aeb6fcc6b35346: Time spent bootstrapping tablet: real 0.014s	user 0.008s	sys 0.003s
I20260710 13:15:26.743016  7027 raft_consensus.cc:359] T f23fcfd86f064dadba84f5841444f6e0 P e4b0e996b4c84535b0aeb6fcc6b35346 [term 0 FOLLOWER]: Replica starting. Triggering 0 pending ops. Active config: opid_index: -1 OBSOLETE_local: false peers { permanent_uuid: "fb69514b407a432487642efa7694784c" member_type: VOTER last_known_addr { host: "127.5.154.1" port: 41929 } } peers { permanent_uuid: "d23d174424c4456b964b2a208d42869b" member_type: VOTER last_known_addr { host: "127.5.154.2" port: 32867 } } peers { permanent_uuid: "e4b0e996b4c84535b0aeb6fcc6b35346" member_type: VOTER last_known_addr { host: "127.5.154.3" port: 46679 } }
I20260710 13:15:26.743664  7027 raft_consensus.cc:385] T f23fcfd86f064dadba84f5841444f6e0 P e4b0e996b4c84535b0aeb6fcc6b35346 [term 0 FOLLOWER]: Consensus starting up: Expiring failure detector timer to make a prompt election more likely
I20260710 13:15:26.743986  7027 raft_consensus.cc:740] T f23fcfd86f064dadba84f5841444f6e0 P e4b0e996b4c84535b0aeb6fcc6b35346 [term 0 FOLLOWER]: Becoming Follower/Learner. State: Replica: e4b0e996b4c84535b0aeb6fcc6b35346, State: Initialized, Role: FOLLOWER
I20260710 13:15:26.738333  7025 consensus_queue.cc:260] T 735d56d6bcd44599ad0392e6ebbf3128 P d23d174424c4456b964b2a208d42869b [NON_LEADER]: Queue going to NON_LEADER mode. State: All replicated index: 0, Majority replicated index: 0, Committed index: 0, Last appended: 0.0, Last appended by leader: 0, Current term: 0, Majority size: -1, State: 0, Mode: NON_LEADER, active raft config: opid_index: -1 OBSOLETE_local: false peers { permanent_uuid: "d23d174424c4456b964b2a208d42869b" member_type: VOTER last_known_addr { host: "127.5.154.2" port: 32867 } } peers { permanent_uuid: "e4b0e996b4c84535b0aeb6fcc6b35346" member_type: VOTER last_known_addr { host: "127.5.154.3" port: 46679 } } peers { permanent_uuid: "fb69514b407a432487642efa7694784c" member_type: VOTER last_known_addr { host: "127.5.154.1" port: 41929 } }
I20260710 13:15:26.744707  7027 consensus_queue.cc:260] T f23fcfd86f064dadba84f5841444f6e0 P e4b0e996b4c84535b0aeb6fcc6b35346 [NON_LEADER]: Queue going to NON_LEADER mode. State: All replicated index: 0, Majority replicated index: 0, Committed index: 0, Last appended: 0.0, Last appended by leader: 0, Current term: 0, Majority size: -1, State: 0, Mode: NON_LEADER, active raft config: opid_index: -1 OBSOLETE_local: false peers { permanent_uuid: "fb69514b407a432487642efa7694784c" member_type: VOTER last_known_addr { host: "127.5.154.1" port: 41929 } } peers { permanent_uuid: "d23d174424c4456b964b2a208d42869b" member_type: VOTER last_known_addr { host: "127.5.154.2" port: 32867 } } peers { permanent_uuid: "e4b0e996b4c84535b0aeb6fcc6b35346" member_type: VOTER last_known_addr { host: "127.5.154.3" port: 46679 } }
I20260710 13:15:26.746276  7025 ts_tablet_manager.cc:1434] T 735d56d6bcd44599ad0392e6ebbf3128 P d23d174424c4456b964b2a208d42869b: Time spent starting tablet: real 0.012s	user 0.005s	sys 0.000s
I20260710 13:15:26.746723  7027 ts_tablet_manager.cc:1434] T f23fcfd86f064dadba84f5841444f6e0 P e4b0e996b4c84535b0aeb6fcc6b35346: Time spent starting tablet: real 0.005s	user 0.004s	sys 0.000s
I20260710 13:15:26.747143  7025 tablet_bootstrap.cc:492] T 4da6c741486d4e68b1456177dd11977d P d23d174424c4456b964b2a208d42869b: Bootstrap starting.
I20260710 13:15:26.747639  7027 tablet_bootstrap.cc:492] T a256f1aff9444ef99ba3d8fb9328de66 P e4b0e996b4c84535b0aeb6fcc6b35346: Bootstrap starting.
I20260710 13:15:26.753305  7025 tablet_bootstrap.cc:654] T 4da6c741486d4e68b1456177dd11977d P d23d174424c4456b964b2a208d42869b: Neither blocks nor log segments found. Creating new log.
I20260710 13:15:26.753750  7027 tablet_bootstrap.cc:654] T a256f1aff9444ef99ba3d8fb9328de66 P e4b0e996b4c84535b0aeb6fcc6b35346: Neither blocks nor log segments found. Creating new log.
I20260710 13:15:26.744740  7026 tablet_bootstrap.cc:654] T f23fcfd86f064dadba84f5841444f6e0 P fb69514b407a432487642efa7694784c: Neither blocks nor log segments found. Creating new log.
I20260710 13:15:26.762789  7027 tablet_bootstrap.cc:492] T a256f1aff9444ef99ba3d8fb9328de66 P e4b0e996b4c84535b0aeb6fcc6b35346: No bootstrap required, opened a new log
I20260710 13:15:26.762910  7026 tablet_bootstrap.cc:492] T f23fcfd86f064dadba84f5841444f6e0 P fb69514b407a432487642efa7694784c: No bootstrap required, opened a new log
I20260710 13:15:26.763218  7027 ts_tablet_manager.cc:1403] T a256f1aff9444ef99ba3d8fb9328de66 P e4b0e996b4c84535b0aeb6fcc6b35346: Time spent bootstrapping tablet: real 0.016s	user 0.008s	sys 0.004s
I20260710 13:15:26.763441  7026 ts_tablet_manager.cc:1403] T f23fcfd86f064dadba84f5841444f6e0 P fb69514b407a432487642efa7694784c: Time spent bootstrapping tablet: real 0.024s	user 0.006s	sys 0.004s
I20260710 13:15:26.764402  7025 tablet_bootstrap.cc:492] T 4da6c741486d4e68b1456177dd11977d P d23d174424c4456b964b2a208d42869b: No bootstrap required, opened a new log
I20260710 13:15:26.764917  7025 ts_tablet_manager.cc:1403] T 4da6c741486d4e68b1456177dd11977d P d23d174424c4456b964b2a208d42869b: Time spent bootstrapping tablet: real 0.018s	user 0.009s	sys 0.008s
I20260710 13:15:26.765342  7027 raft_consensus.cc:359] T a256f1aff9444ef99ba3d8fb9328de66 P e4b0e996b4c84535b0aeb6fcc6b35346 [term 0 FOLLOWER]: Replica starting. Triggering 0 pending ops. Active config: opid_index: -1 OBSOLETE_local: false peers { permanent_uuid: "fb69514b407a432487642efa7694784c" member_type: VOTER last_known_addr { host: "127.5.154.1" port: 41929 } } peers { permanent_uuid: "d23d174424c4456b964b2a208d42869b" member_type: VOTER last_known_addr { host: "127.5.154.2" port: 32867 } } peers { permanent_uuid: "e4b0e996b4c84535b0aeb6fcc6b35346" member_type: VOTER last_known_addr { host: "127.5.154.3" port: 46679 } }
I20260710 13:15:26.765873  7027 raft_consensus.cc:385] T a256f1aff9444ef99ba3d8fb9328de66 P e4b0e996b4c84535b0aeb6fcc6b35346 [term 0 FOLLOWER]: Consensus starting up: Expiring failure detector timer to make a prompt election more likely
I20260710 13:15:26.766172  7027 raft_consensus.cc:740] T a256f1aff9444ef99ba3d8fb9328de66 P e4b0e996b4c84535b0aeb6fcc6b35346 [term 0 FOLLOWER]: Becoming Follower/Learner. State: Replica: e4b0e996b4c84535b0aeb6fcc6b35346, State: Initialized, Role: FOLLOWER
I20260710 13:15:26.765892  7026 raft_consensus.cc:359] T f23fcfd86f064dadba84f5841444f6e0 P fb69514b407a432487642efa7694784c [term 0 FOLLOWER]: Replica starting. Triggering 0 pending ops. Active config: opid_index: -1 OBSOLETE_local: false peers { permanent_uuid: "fb69514b407a432487642efa7694784c" member_type: VOTER last_known_addr { host: "127.5.154.1" port: 41929 } } peers { permanent_uuid: "d23d174424c4456b964b2a208d42869b" member_type: VOTER last_known_addr { host: "127.5.154.2" port: 32867 } } peers { permanent_uuid: "e4b0e996b4c84535b0aeb6fcc6b35346" member_type: VOTER last_known_addr { host: "127.5.154.3" port: 46679 } }
I20260710 13:15:26.766647  7026 raft_consensus.cc:385] T f23fcfd86f064dadba84f5841444f6e0 P fb69514b407a432487642efa7694784c [term 0 FOLLOWER]: Consensus starting up: Expiring failure detector timer to make a prompt election more likely
I20260710 13:15:26.767005  7026 raft_consensus.cc:740] T f23fcfd86f064dadba84f5841444f6e0 P fb69514b407a432487642efa7694784c [term 0 FOLLOWER]: Becoming Follower/Learner. State: Replica: fb69514b407a432487642efa7694784c, State: Initialized, Role: FOLLOWER
I20260710 13:15:26.766914  7027 consensus_queue.cc:260] T a256f1aff9444ef99ba3d8fb9328de66 P e4b0e996b4c84535b0aeb6fcc6b35346 [NON_LEADER]: Queue going to NON_LEADER mode. State: All replicated index: 0, Majority replicated index: 0, Committed index: 0, Last appended: 0.0, Last appended by leader: 0, Current term: 0, Majority size: -1, State: 0, Mode: NON_LEADER, active raft config: opid_index: -1 OBSOLETE_local: false peers { permanent_uuid: "fb69514b407a432487642efa7694784c" member_type: VOTER last_known_addr { host: "127.5.154.1" port: 41929 } } peers { permanent_uuid: "d23d174424c4456b964b2a208d42869b" member_type: VOTER last_known_addr { host: "127.5.154.2" port: 32867 } } peers { permanent_uuid: "e4b0e996b4c84535b0aeb6fcc6b35346" member_type: VOTER last_known_addr { host: "127.5.154.3" port: 46679 } }
I20260710 13:15:26.767666  7025 raft_consensus.cc:359] T 4da6c741486d4e68b1456177dd11977d P d23d174424c4456b964b2a208d42869b [term 0 FOLLOWER]: Replica starting. Triggering 0 pending ops. Active config: opid_index: -1 OBSOLETE_local: false peers { permanent_uuid: "fb69514b407a432487642efa7694784c" member_type: VOTER last_known_addr { host: "127.5.154.1" port: 41929 } } peers { permanent_uuid: "d23d174424c4456b964b2a208d42869b" member_type: VOTER last_known_addr { host: "127.5.154.2" port: 32867 } } peers { permanent_uuid: "e4b0e996b4c84535b0aeb6fcc6b35346" member_type: VOTER last_known_addr { host: "127.5.154.3" port: 46679 } }
I20260710 13:15:26.767769  7026 consensus_queue.cc:260] T f23fcfd86f064dadba84f5841444f6e0 P fb69514b407a432487642efa7694784c [NON_LEADER]: Queue going to NON_LEADER mode. State: All replicated index: 0, Majority replicated index: 0, Committed index: 0, Last appended: 0.0, Last appended by leader: 0, Current term: 0, Majority size: -1, State: 0, Mode: NON_LEADER, active raft config: opid_index: -1 OBSOLETE_local: false peers { permanent_uuid: "fb69514b407a432487642efa7694784c" member_type: VOTER last_known_addr { host: "127.5.154.1" port: 41929 } } peers { permanent_uuid: "d23d174424c4456b964b2a208d42869b" member_type: VOTER last_known_addr { host: "127.5.154.2" port: 32867 } } peers { permanent_uuid: "e4b0e996b4c84535b0aeb6fcc6b35346" member_type: VOTER last_known_addr { host: "127.5.154.3" port: 46679 } }
I20260710 13:15:26.768463  7025 raft_consensus.cc:385] T 4da6c741486d4e68b1456177dd11977d P d23d174424c4456b964b2a208d42869b [term 0 FOLLOWER]: Consensus starting up: Expiring failure detector timer to make a prompt election more likely
I20260710 13:15:26.768950  7027 ts_tablet_manager.cc:1434] T a256f1aff9444ef99ba3d8fb9328de66 P e4b0e996b4c84535b0aeb6fcc6b35346: Time spent starting tablet: real 0.005s	user 0.005s	sys 0.000s
I20260710 13:15:26.769115  7025 raft_consensus.cc:740] T 4da6c741486d4e68b1456177dd11977d P d23d174424c4456b964b2a208d42869b [term 0 FOLLOWER]: Becoming Follower/Learner. State: Replica: d23d174424c4456b964b2a208d42869b, State: Initialized, Role: FOLLOWER
I20260710 13:15:26.769672  7026 ts_tablet_manager.cc:1434] T f23fcfd86f064dadba84f5841444f6e0 P fb69514b407a432487642efa7694784c: Time spent starting tablet: real 0.006s	user 0.005s	sys 0.000s
I20260710 13:15:26.770009  7027 tablet_bootstrap.cc:492] T 735d56d6bcd44599ad0392e6ebbf3128 P e4b0e996b4c84535b0aeb6fcc6b35346: Bootstrap starting.
I20260710 13:15:26.769871  7025 consensus_queue.cc:260] T 4da6c741486d4e68b1456177dd11977d P d23d174424c4456b964b2a208d42869b [NON_LEADER]: Queue going to NON_LEADER mode. State: All replicated index: 0, Majority replicated index: 0, Committed index: 0, Last appended: 0.0, Last appended by leader: 0, Current term: 0, Majority size: -1, State: 0, Mode: NON_LEADER, active raft config: opid_index: -1 OBSOLETE_local: false peers { permanent_uuid: "fb69514b407a432487642efa7694784c" member_type: VOTER last_known_addr { host: "127.5.154.1" port: 41929 } } peers { permanent_uuid: "d23d174424c4456b964b2a208d42869b" member_type: VOTER last_known_addr { host: "127.5.154.2" port: 32867 } } peers { permanent_uuid: "e4b0e996b4c84535b0aeb6fcc6b35346" member_type: VOTER last_known_addr { host: "127.5.154.3" port: 46679 } }
I20260710 13:15:26.770526  7026 tablet_bootstrap.cc:492] T 32a2c0c939344fc89caee4f49986dcf1 P fb69514b407a432487642efa7694784c: Bootstrap starting.
I20260710 13:15:26.773855  7030 raft_consensus.cc:493] T f23fcfd86f064dadba84f5841444f6e0 P fb69514b407a432487642efa7694784c [term 0 FOLLOWER]: Starting pre-election (no leader contacted us within the election timeout)
I20260710 13:15:26.774307  7030 raft_consensus.cc:515] T f23fcfd86f064dadba84f5841444f6e0 P fb69514b407a432487642efa7694784c [term 0 FOLLOWER]: Starting pre-election with config: opid_index: -1 OBSOLETE_local: false peers { permanent_uuid: "fb69514b407a432487642efa7694784c" member_type: VOTER last_known_addr { host: "127.5.154.1" port: 41929 } } peers { permanent_uuid: "d23d174424c4456b964b2a208d42869b" member_type: VOTER last_known_addr { host: "127.5.154.2" port: 32867 } } peers { permanent_uuid: "e4b0e996b4c84535b0aeb6fcc6b35346" member_type: VOTER last_known_addr { host: "127.5.154.3" port: 46679 } }
I20260710 13:15:26.775904  7026 tablet_bootstrap.cc:654] T 32a2c0c939344fc89caee4f49986dcf1 P fb69514b407a432487642efa7694784c: Neither blocks nor log segments found. Creating new log.
I20260710 13:15:26.776221  7027 tablet_bootstrap.cc:654] T 735d56d6bcd44599ad0392e6ebbf3128 P e4b0e996b4c84535b0aeb6fcc6b35346: Neither blocks nor log segments found. Creating new log.
I20260710 13:15:26.776394  7030 leader_election.cc:290] T f23fcfd86f064dadba84f5841444f6e0 P fb69514b407a432487642efa7694784c [CANDIDATE]: Term 1 pre-election: Requested pre-vote from peers d23d174424c4456b964b2a208d42869b (127.5.154.2:32867), e4b0e996b4c84535b0aeb6fcc6b35346 (127.5.154.3:46679)
I20260710 13:15:26.778306  6985 tablet_service.cc:1917] Received RequestConsensusVote() RPC: tablet_id: "f23fcfd86f064dadba84f5841444f6e0" candidate_uuid: "fb69514b407a432487642efa7694784c" candidate_term: 1 candidate_status { last_received { term: 0 index: 0 } } ignore_live_leader: false dest_uuid: "e4b0e996b4c84535b0aeb6fcc6b35346" is_pre_election: true
I20260710 13:15:26.778949  6985 raft_consensus.cc:2468] T f23fcfd86f064dadba84f5841444f6e0 P e4b0e996b4c84535b0aeb6fcc6b35346 [term 0 FOLLOWER]: Leader pre-election vote request: Granting yes vote for candidate fb69514b407a432487642efa7694784c in term 0.
I20260710 13:15:26.780268  6802 leader_election.cc:304] T f23fcfd86f064dadba84f5841444f6e0 P fb69514b407a432487642efa7694784c [CANDIDATE]: Term 1 pre-election: Election decided. Result: candidate won. Election summary: received 2 responses out of 3 voters: 2 yes votes; 0 no votes. yes voters: e4b0e996b4c84535b0aeb6fcc6b35346, fb69514b407a432487642efa7694784c; no voters: 
I20260710 13:15:26.780906  6911 tablet_service.cc:1917] Received RequestConsensusVote() RPC: tablet_id: "f23fcfd86f064dadba84f5841444f6e0" candidate_uuid: "fb69514b407a432487642efa7694784c" candidate_term: 1 candidate_status { last_received { term: 0 index: 0 } } ignore_live_leader: false dest_uuid: "d23d174424c4456b964b2a208d42869b" is_pre_election: true
I20260710 13:15:26.781149  7030 raft_consensus.cc:2804] T f23fcfd86f064dadba84f5841444f6e0 P fb69514b407a432487642efa7694784c [term 0 FOLLOWER]: Leader pre-election won for term 1
I20260710 13:15:26.781550  7030 raft_consensus.cc:493] T f23fcfd86f064dadba84f5841444f6e0 P fb69514b407a432487642efa7694784c [term 0 FOLLOWER]: Starting leader election (no leader contacted us within the election timeout)
I20260710 13:15:26.781890  7030 raft_consensus.cc:3060] T f23fcfd86f064dadba84f5841444f6e0 P fb69514b407a432487642efa7694784c [term 0 FOLLOWER]: Advancing to term 1
I20260710 13:15:26.781562  6911 raft_consensus.cc:2468] T f23fcfd86f064dadba84f5841444f6e0 P d23d174424c4456b964b2a208d42869b [term 0 FOLLOWER]: Leader pre-election vote request: Granting yes vote for candidate fb69514b407a432487642efa7694784c in term 0.
I20260710 13:15:26.787591  7027 tablet_bootstrap.cc:492] T 735d56d6bcd44599ad0392e6ebbf3128 P e4b0e996b4c84535b0aeb6fcc6b35346: No bootstrap required, opened a new log
I20260710 13:15:26.788071  7027 ts_tablet_manager.cc:1403] T 735d56d6bcd44599ad0392e6ebbf3128 P e4b0e996b4c84535b0aeb6fcc6b35346: Time spent bootstrapping tablet: real 0.018s	user 0.006s	sys 0.011s
I20260710 13:15:26.789968  7030 raft_consensus.cc:515] T f23fcfd86f064dadba84f5841444f6e0 P fb69514b407a432487642efa7694784c [term 1 FOLLOWER]: Starting leader election with config: opid_index: -1 OBSOLETE_local: false peers { permanent_uuid: "fb69514b407a432487642efa7694784c" member_type: VOTER last_known_addr { host: "127.5.154.1" port: 41929 } } peers { permanent_uuid: "d23d174424c4456b964b2a208d42869b" member_type: VOTER last_known_addr { host: "127.5.154.2" port: 32867 } } peers { permanent_uuid: "e4b0e996b4c84535b0aeb6fcc6b35346" member_type: VOTER last_known_addr { host: "127.5.154.3" port: 46679 } }
I20260710 13:15:26.791216  7027 raft_consensus.cc:359] T 735d56d6bcd44599ad0392e6ebbf3128 P e4b0e996b4c84535b0aeb6fcc6b35346 [term 0 FOLLOWER]: Replica starting. Triggering 0 pending ops. Active config: opid_index: -1 OBSOLETE_local: false peers { permanent_uuid: "d23d174424c4456b964b2a208d42869b" member_type: VOTER last_known_addr { host: "127.5.154.2" port: 32867 } } peers { permanent_uuid: "e4b0e996b4c84535b0aeb6fcc6b35346" member_type: VOTER last_known_addr { host: "127.5.154.3" port: 46679 } } peers { permanent_uuid: "fb69514b407a432487642efa7694784c" member_type: VOTER last_known_addr { host: "127.5.154.1" port: 41929 } }
I20260710 13:15:26.791935  7027 raft_consensus.cc:385] T 735d56d6bcd44599ad0392e6ebbf3128 P e4b0e996b4c84535b0aeb6fcc6b35346 [term 0 FOLLOWER]: Consensus starting up: Expiring failure detector timer to make a prompt election more likely
I20260710 13:15:26.792264  7027 raft_consensus.cc:740] T 735d56d6bcd44599ad0392e6ebbf3128 P e4b0e996b4c84535b0aeb6fcc6b35346 [term 0 FOLLOWER]: Becoming Follower/Learner. State: Replica: e4b0e996b4c84535b0aeb6fcc6b35346, State: Initialized, Role: FOLLOWER
I20260710 13:15:26.792769  7025 ts_tablet_manager.cc:1434] T 4da6c741486d4e68b1456177dd11977d P d23d174424c4456b964b2a208d42869b: Time spent starting tablet: real 0.027s	user 0.006s	sys 0.000s
I20260710 13:15:26.793144  7027 consensus_queue.cc:260] T 735d56d6bcd44599ad0392e6ebbf3128 P e4b0e996b4c84535b0aeb6fcc6b35346 [NON_LEADER]: Queue going to NON_LEADER mode. State: All replicated index: 0, Majority replicated index: 0, Committed index: 0, Last appended: 0.0, Last appended by leader: 0, Current term: 0, Majority size: -1, State: 0, Mode: NON_LEADER, active raft config: opid_index: -1 OBSOLETE_local: false peers { permanent_uuid: "d23d174424c4456b964b2a208d42869b" member_type: VOTER last_known_addr { host: "127.5.154.2" port: 32867 } } peers { permanent_uuid: "e4b0e996b4c84535b0aeb6fcc6b35346" member_type: VOTER last_known_addr { host: "127.5.154.3" port: 46679 } } peers { permanent_uuid: "fb69514b407a432487642efa7694784c" member_type: VOTER last_known_addr { host: "127.5.154.1" port: 41929 } }
I20260710 13:15:26.793880  7025 tablet_bootstrap.cc:492] T 823572ae35f14fc88f1c201e460896d5 P d23d174424c4456b964b2a208d42869b: Bootstrap starting.
I20260710 13:15:26.785386  7031 raft_consensus.cc:493] T d4684292b79043c491d152393378f35e P d23d174424c4456b964b2a208d42869b [term 0 FOLLOWER]: Starting pre-election (no leader contacted us within the election timeout)
I20260710 13:15:26.794606  7031 raft_consensus.cc:515] T d4684292b79043c491d152393378f35e P d23d174424c4456b964b2a208d42869b [term 0 FOLLOWER]: Starting pre-election with config: opid_index: -1 OBSOLETE_local: false peers { permanent_uuid: "fb69514b407a432487642efa7694784c" member_type: VOTER last_known_addr { host: "127.5.154.1" port: 41929 } } peers { permanent_uuid: "d23d174424c4456b964b2a208d42869b" member_type: VOTER last_known_addr { host: "127.5.154.2" port: 32867 } } peers { permanent_uuid: "e4b0e996b4c84535b0aeb6fcc6b35346" member_type: VOTER last_known_addr { host: "127.5.154.3" port: 46679 } }
I20260710 13:15:26.795779  7027 ts_tablet_manager.cc:1434] T 735d56d6bcd44599ad0392e6ebbf3128 P e4b0e996b4c84535b0aeb6fcc6b35346: Time spent starting tablet: real 0.007s	user 0.005s	sys 0.001s
I20260710 13:15:26.796833  7027 tablet_bootstrap.cc:492] T 0f2ac2c4b35d469690dbf670e44fc036 P e4b0e996b4c84535b0aeb6fcc6b35346: Bootstrap starting.
I20260710 13:15:26.799459  7031 leader_election.cc:290] T d4684292b79043c491d152393378f35e P d23d174424c4456b964b2a208d42869b [CANDIDATE]: Term 1 pre-election: Requested pre-vote from peers fb69514b407a432487642efa7694784c (127.5.154.1:41929), e4b0e996b4c84535b0aeb6fcc6b35346 (127.5.154.3:46679)
I20260710 13:15:26.800629  7025 tablet_bootstrap.cc:654] T 823572ae35f14fc88f1c201e460896d5 P d23d174424c4456b964b2a208d42869b: Neither blocks nor log segments found. Creating new log.
I20260710 13:15:26.802606  6985 tablet_service.cc:1917] Received RequestConsensusVote() RPC: tablet_id: "f23fcfd86f064dadba84f5841444f6e0" candidate_uuid: "fb69514b407a432487642efa7694784c" candidate_term: 1 candidate_status { last_received { term: 0 index: 0 } } ignore_live_leader: false dest_uuid: "e4b0e996b4c84535b0aeb6fcc6b35346"
I20260710 13:15:26.803728  6985 raft_consensus.cc:3060] T f23fcfd86f064dadba84f5841444f6e0 P e4b0e996b4c84535b0aeb6fcc6b35346 [term 0 FOLLOWER]: Advancing to term 1
I20260710 13:15:26.803078  7030 leader_election.cc:290] T f23fcfd86f064dadba84f5841444f6e0 P fb69514b407a432487642efa7694784c [CANDIDATE]: Term 1 election: Requested vote from peers d23d174424c4456b964b2a208d42869b (127.5.154.2:32867), e4b0e996b4c84535b0aeb6fcc6b35346 (127.5.154.3:46679)
I20260710 13:15:26.811365  6985 raft_consensus.cc:2468] T f23fcfd86f064dadba84f5841444f6e0 P e4b0e996b4c84535b0aeb6fcc6b35346 [term 1 FOLLOWER]: Leader election vote request: Granting yes vote for candidate fb69514b407a432487642efa7694784c in term 1.
I20260710 13:15:26.812637  6802 leader_election.cc:304] T f23fcfd86f064dadba84f5841444f6e0 P fb69514b407a432487642efa7694784c [CANDIDATE]: Term 1 election: Election decided. Result: candidate won. Election summary: received 2 responses out of 3 voters: 2 yes votes; 0 no votes. yes voters: e4b0e996b4c84535b0aeb6fcc6b35346, fb69514b407a432487642efa7694784c; no voters: 
I20260710 13:15:26.813656  7030 raft_consensus.cc:2804] T f23fcfd86f064dadba84f5841444f6e0 P fb69514b407a432487642efa7694784c [term 1 FOLLOWER]: Leader election won for term 1
I20260710 13:15:26.814168  7030 raft_consensus.cc:697] T f23fcfd86f064dadba84f5841444f6e0 P fb69514b407a432487642efa7694784c [term 1 LEADER]: Becoming Leader. State: Replica: fb69514b407a432487642efa7694784c, State: Running, Role: LEADER
I20260710 13:15:26.815025  7030 consensus_queue.cc:237] T f23fcfd86f064dadba84f5841444f6e0 P fb69514b407a432487642efa7694784c [LEADER]: Queue going to LEADER mode. State: All replicated index: 0, Majority replicated index: 0, Committed index: 0, Last appended: 0.0, Last appended by leader: 0, Current term: 1, Majority size: 2, State: 0, Mode: LEADER, active raft config: opid_index: -1 OBSOLETE_local: false peers { permanent_uuid: "fb69514b407a432487642efa7694784c" member_type: VOTER last_known_addr { host: "127.5.154.1" port: 41929 } } peers { permanent_uuid: "d23d174424c4456b964b2a208d42869b" member_type: VOTER last_known_addr { host: "127.5.154.2" port: 32867 } } peers { permanent_uuid: "e4b0e996b4c84535b0aeb6fcc6b35346" member_type: VOTER last_known_addr { host: "127.5.154.3" port: 46679 } }
I20260710 13:15:26.819171  7038 raft_consensus.cc:493] T d4684292b79043c491d152393378f35e P fb69514b407a432487642efa7694784c [term 0 FOLLOWER]: Starting pre-election (no leader contacted us within the election timeout)
I20260710 13:15:26.819610  7038 raft_consensus.cc:515] T d4684292b79043c491d152393378f35e P fb69514b407a432487642efa7694784c [term 0 FOLLOWER]: Starting pre-election with config: opid_index: -1 OBSOLETE_local: false peers { permanent_uuid: "fb69514b407a432487642efa7694784c" member_type: VOTER last_known_addr { host: "127.5.154.1" port: 41929 } } peers { permanent_uuid: "d23d174424c4456b964b2a208d42869b" member_type: VOTER last_known_addr { host: "127.5.154.2" port: 32867 } } peers { permanent_uuid: "e4b0e996b4c84535b0aeb6fcc6b35346" member_type: VOTER last_known_addr { host: "127.5.154.3" port: 46679 } }
I20260710 13:15:26.821782  7038 leader_election.cc:290] T d4684292b79043c491d152393378f35e P fb69514b407a432487642efa7694784c [CANDIDATE]: Term 1 pre-election: Requested pre-vote from peers d23d174424c4456b964b2a208d42869b (127.5.154.2:32867), e4b0e996b4c84535b0aeb6fcc6b35346 (127.5.154.3:46679)
I20260710 13:15:26.823378  6985 tablet_service.cc:1917] Received RequestConsensusVote() RPC: tablet_id: "d4684292b79043c491d152393378f35e" candidate_uuid: "fb69514b407a432487642efa7694784c" candidate_term: 1 candidate_status { last_received { term: 0 index: 0 } } ignore_live_leader: false dest_uuid: "e4b0e996b4c84535b0aeb6fcc6b35346" is_pre_election: true
I20260710 13:15:26.824086  6985 raft_consensus.cc:2468] T d4684292b79043c491d152393378f35e P e4b0e996b4c84535b0aeb6fcc6b35346 [term 0 FOLLOWER]: Leader pre-election vote request: Granting yes vote for candidate fb69514b407a432487642efa7694784c in term 0.
I20260710 13:15:26.823619  7027 tablet_bootstrap.cc:654] T 0f2ac2c4b35d469690dbf670e44fc036 P e4b0e996b4c84535b0aeb6fcc6b35346: Neither blocks nor log segments found. Creating new log.
I20260710 13:15:26.827864  6802 leader_election.cc:304] T d4684292b79043c491d152393378f35e P fb69514b407a432487642efa7694784c [CANDIDATE]: Term 1 pre-election: Election decided. Result: candidate won. Election summary: received 2 responses out of 3 voters: 2 yes votes; 0 no votes. yes voters: e4b0e996b4c84535b0aeb6fcc6b35346, fb69514b407a432487642efa7694784c; no voters: 
I20260710 13:15:26.828485  7026 tablet_bootstrap.cc:492] T 32a2c0c939344fc89caee4f49986dcf1 P fb69514b407a432487642efa7694784c: No bootstrap required, opened a new log
I20260710 13:15:26.828637  7038 raft_consensus.cc:2804] T d4684292b79043c491d152393378f35e P fb69514b407a432487642efa7694784c [term 0 FOLLOWER]: Leader pre-election won for term 1
I20260710 13:15:26.828967  7026 ts_tablet_manager.cc:1403] T 32a2c0c939344fc89caee4f49986dcf1 P fb69514b407a432487642efa7694784c: Time spent bootstrapping tablet: real 0.059s	user 0.018s	sys 0.038s
I20260710 13:15:26.828964  7038 raft_consensus.cc:493] T d4684292b79043c491d152393378f35e P fb69514b407a432487642efa7694784c [term 0 FOLLOWER]: Starting leader election (no leader contacted us within the election timeout)
I20260710 13:15:26.829519  7038 raft_consensus.cc:3060] T d4684292b79043c491d152393378f35e P fb69514b407a432487642efa7694784c [term 0 FOLLOWER]: Advancing to term 1
I20260710 13:15:26.831830  7026 raft_consensus.cc:359] T 32a2c0c939344fc89caee4f49986dcf1 P fb69514b407a432487642efa7694784c [term 0 FOLLOWER]: Replica starting. Triggering 0 pending ops. Active config: opid_index: -1 OBSOLETE_local: false peers { permanent_uuid: "fb69514b407a432487642efa7694784c" member_type: VOTER last_known_addr { host: "127.5.154.1" port: 41929 } } peers { permanent_uuid: "d23d174424c4456b964b2a208d42869b" member_type: VOTER last_known_addr { host: "127.5.154.2" port: 32867 } } peers { permanent_uuid: "e4b0e996b4c84535b0aeb6fcc6b35346" member_type: VOTER last_known_addr { host: "127.5.154.3" port: 46679 } }
I20260710 13:15:26.832484  7026 raft_consensus.cc:385] T 32a2c0c939344fc89caee4f49986dcf1 P fb69514b407a432487642efa7694784c [term 0 FOLLOWER]: Consensus starting up: Expiring failure detector timer to make a prompt election more likely
I20260710 13:15:26.832828  7026 raft_consensus.cc:740] T 32a2c0c939344fc89caee4f49986dcf1 P fb69514b407a432487642efa7694784c [term 0 FOLLOWER]: Becoming Follower/Learner. State: Replica: fb69514b407a432487642efa7694784c, State: Initialized, Role: FOLLOWER
I20260710 13:15:26.833647  7026 consensus_queue.cc:260] T 32a2c0c939344fc89caee4f49986dcf1 P fb69514b407a432487642efa7694784c [NON_LEADER]: Queue going to NON_LEADER mode. State: All replicated index: 0, Majority replicated index: 0, Committed index: 0, Last appended: 0.0, Last appended by leader: 0, Current term: 0, Majority size: -1, State: 0, Mode: NON_LEADER, active raft config: opid_index: -1 OBSOLETE_local: false peers { permanent_uuid: "fb69514b407a432487642efa7694784c" member_type: VOTER last_known_addr { host: "127.5.154.1" port: 41929 } } peers { permanent_uuid: "d23d174424c4456b964b2a208d42869b" member_type: VOTER last_known_addr { host: "127.5.154.2" port: 32867 } } peers { permanent_uuid: "e4b0e996b4c84535b0aeb6fcc6b35346" member_type: VOTER last_known_addr { host: "127.5.154.3" port: 46679 } }
I20260710 13:15:26.835208  6911 tablet_service.cc:1917] Received RequestConsensusVote() RPC: tablet_id: "f23fcfd86f064dadba84f5841444f6e0" candidate_uuid: "fb69514b407a432487642efa7694784c" candidate_term: 1 candidate_status { last_received { term: 0 index: 0 } } ignore_live_leader: false dest_uuid: "d23d174424c4456b964b2a208d42869b"
I20260710 13:15:26.835729  6910 tablet_service.cc:1917] Received RequestConsensusVote() RPC: tablet_id: "d4684292b79043c491d152393378f35e" candidate_uuid: "fb69514b407a432487642efa7694784c" candidate_term: 1 candidate_status { last_received { term: 0 index: 0 } } ignore_live_leader: false dest_uuid: "d23d174424c4456b964b2a208d42869b" is_pre_election: true
I20260710 13:15:26.836454  6910 raft_consensus.cc:2468] T d4684292b79043c491d152393378f35e P d23d174424c4456b964b2a208d42869b [term 0 FOLLOWER]: Leader pre-election vote request: Granting yes vote for candidate fb69514b407a432487642efa7694784c in term 0.
I20260710 13:15:26.835767  6911 raft_consensus.cc:3060] T f23fcfd86f064dadba84f5841444f6e0 P d23d174424c4456b964b2a208d42869b [term 0 FOLLOWER]: Advancing to term 1
I20260710 13:15:26.836956  7038 raft_consensus.cc:515] T d4684292b79043c491d152393378f35e P fb69514b407a432487642efa7694784c [term 1 FOLLOWER]: Starting leader election with config: opid_index: -1 OBSOLETE_local: false peers { permanent_uuid: "fb69514b407a432487642efa7694784c" member_type: VOTER last_known_addr { host: "127.5.154.1" port: 41929 } } peers { permanent_uuid: "d23d174424c4456b964b2a208d42869b" member_type: VOTER last_known_addr { host: "127.5.154.2" port: 32867 } } peers { permanent_uuid: "e4b0e996b4c84535b0aeb6fcc6b35346" member_type: VOTER last_known_addr { host: "127.5.154.3" port: 46679 } }
I20260710 13:15:26.837371  7025 tablet_bootstrap.cc:492] T 823572ae35f14fc88f1c201e460896d5 P d23d174424c4456b964b2a208d42869b: No bootstrap required, opened a new log
I20260710 13:15:26.837978  7025 ts_tablet_manager.cc:1403] T 823572ae35f14fc88f1c201e460896d5 P d23d174424c4456b964b2a208d42869b: Time spent bootstrapping tablet: real 0.044s	user 0.012s	sys 0.000s
I20260710 13:15:26.840149  6985 tablet_service.cc:1917] Received RequestConsensusVote() RPC: tablet_id: "d4684292b79043c491d152393378f35e" candidate_uuid: "fb69514b407a432487642efa7694784c" candidate_term: 1 candidate_status { last_received { term: 0 index: 0 } } ignore_live_leader: false dest_uuid: "e4b0e996b4c84535b0aeb6fcc6b35346"
I20260710 13:15:26.840762  6985 raft_consensus.cc:3060] T d4684292b79043c491d152393378f35e P e4b0e996b4c84535b0aeb6fcc6b35346 [term 0 FOLLOWER]: Advancing to term 1
I20260710 13:15:26.844197  6911 raft_consensus.cc:2468] T f23fcfd86f064dadba84f5841444f6e0 P d23d174424c4456b964b2a208d42869b [term 1 FOLLOWER]: Leader election vote request: Granting yes vote for candidate fb69514b407a432487642efa7694784c in term 1.
I20260710 13:15:26.847317  6985 raft_consensus.cc:2468] T d4684292b79043c491d152393378f35e P e4b0e996b4c84535b0aeb6fcc6b35346 [term 1 FOLLOWER]: Leader election vote request: Granting yes vote for candidate fb69514b407a432487642efa7694784c in term 1.
I20260710 13:15:26.849107  7038 leader_election.cc:290] T d4684292b79043c491d152393378f35e P fb69514b407a432487642efa7694784c [CANDIDATE]: Term 1 election: Requested vote from peers d23d174424c4456b964b2a208d42869b (127.5.154.2:32867), e4b0e996b4c84535b0aeb6fcc6b35346 (127.5.154.3:46679)
I20260710 13:15:26.850422  6911 tablet_service.cc:1917] Received RequestConsensusVote() RPC: tablet_id: "d4684292b79043c491d152393378f35e" candidate_uuid: "fb69514b407a432487642efa7694784c" candidate_term: 1 candidate_status { last_received { term: 0 index: 0 } } ignore_live_leader: false dest_uuid: "d23d174424c4456b964b2a208d42869b"
I20260710 13:15:26.840440  7025 raft_consensus.cc:359] T 823572ae35f14fc88f1c201e460896d5 P d23d174424c4456b964b2a208d42869b [term 0 FOLLOWER]: Replica starting. Triggering 0 pending ops. Active config: opid_index: -1 OBSOLETE_local: false peers { permanent_uuid: "fb69514b407a432487642efa7694784c" member_type: VOTER last_known_addr { host: "127.5.154.1" port: 41929 } } peers { permanent_uuid: "d23d174424c4456b964b2a208d42869b" member_type: VOTER last_known_addr { host: "127.5.154.2" port: 32867 } } peers { permanent_uuid: "e4b0e996b4c84535b0aeb6fcc6b35346" member_type: VOTER last_known_addr { host: "127.5.154.3" port: 46679 } }
I20260710 13:15:26.851193  6802 leader_election.cc:304] T d4684292b79043c491d152393378f35e P fb69514b407a432487642efa7694784c [CANDIDATE]: Term 1 election: Election decided. Result: candidate won. Election summary: received 2 responses out of 3 voters: 2 yes votes; 0 no votes. yes voters: e4b0e996b4c84535b0aeb6fcc6b35346, fb69514b407a432487642efa7694784c; no voters: 
I20260710 13:15:26.851122  6732 catalog_manager.cc:5697] T f23fcfd86f064dadba84f5841444f6e0 P fb69514b407a432487642efa7694784c reported cstate change: term changed from 0 to 1, leader changed from <none> to fb69514b407a432487642efa7694784c (127.5.154.1). New cstate: current_term: 1 leader_uuid: "fb69514b407a432487642efa7694784c" committed_config { opid_index: -1 OBSOLETE_local: false peers { permanent_uuid: "fb69514b407a432487642efa7694784c" member_type: VOTER last_known_addr { host: "127.5.154.1" port: 41929 } health_report { overall_health: HEALTHY } } peers { permanent_uuid: "d23d174424c4456b964b2a208d42869b" member_type: VOTER last_known_addr { host: "127.5.154.2" port: 32867 } health_report { overall_health: UNKNOWN } } peers { permanent_uuid: "e4b0e996b4c84535b0aeb6fcc6b35346" member_type: VOTER last_known_addr { host: "127.5.154.3" port: 46679 } health_report { overall_health: UNKNOWN } } }
I20260710 13:15:26.852272  7030 raft_consensus.cc:2804] T d4684292b79043c491d152393378f35e P fb69514b407a432487642efa7694784c [term 1 FOLLOWER]: Leader election won for term 1
I20260710 13:15:26.852751  7030 raft_consensus.cc:697] T d4684292b79043c491d152393378f35e P fb69514b407a432487642efa7694784c [term 1 LEADER]: Becoming Leader. State: Replica: fb69514b407a432487642efa7694784c, State: Running, Role: LEADER
I20260710 13:15:26.853446  7026 ts_tablet_manager.cc:1434] T 32a2c0c939344fc89caee4f49986dcf1 P fb69514b407a432487642efa7694784c: Time spent starting tablet: real 0.024s	user 0.014s	sys 0.008s
I20260710 13:15:26.853437  7066 raft_consensus.cc:493] T a256f1aff9444ef99ba3d8fb9328de66 P fb69514b407a432487642efa7694784c [term 0 FOLLOWER]: Starting pre-election (no leader contacted us within the election timeout)
I20260710 13:15:26.853554  7030 consensus_queue.cc:237] T d4684292b79043c491d152393378f35e P fb69514b407a432487642efa7694784c [LEADER]: Queue going to LEADER mode. State: All replicated index: 0, Majority replicated index: 0, Committed index: 0, Last appended: 0.0, Last appended by leader: 0, Current term: 1, Majority size: 2, State: 0, Mode: LEADER, active raft config: opid_index: -1 OBSOLETE_local: false peers { permanent_uuid: "fb69514b407a432487642efa7694784c" member_type: VOTER last_known_addr { host: "127.5.154.1" port: 41929 } } peers { permanent_uuid: "d23d174424c4456b964b2a208d42869b" member_type: VOTER last_known_addr { host: "127.5.154.2" port: 32867 } } peers { permanent_uuid: "e4b0e996b4c84535b0aeb6fcc6b35346" member_type: VOTER last_known_addr { host: "127.5.154.3" port: 46679 } }
I20260710 13:15:26.854522  7026 tablet_bootstrap.cc:492] T 735d56d6bcd44599ad0392e6ebbf3128 P fb69514b407a432487642efa7694784c: Bootstrap starting.
I20260710 13:15:26.854212  7066 raft_consensus.cc:515] T a256f1aff9444ef99ba3d8fb9328de66 P fb69514b407a432487642efa7694784c [term 0 FOLLOWER]: Starting pre-election with config: opid_index: -1 OBSOLETE_local: false peers { permanent_uuid: "fb69514b407a432487642efa7694784c" member_type: VOTER last_known_addr { host: "127.5.154.1" port: 41929 } } peers { permanent_uuid: "d23d174424c4456b964b2a208d42869b" member_type: VOTER last_known_addr { host: "127.5.154.2" port: 32867 } } peers { permanent_uuid: "e4b0e996b4c84535b0aeb6fcc6b35346" member_type: VOTER last_known_addr { host: "127.5.154.3" port: 46679 } }
I20260710 13:15:26.853725  7025 raft_consensus.cc:385] T 823572ae35f14fc88f1c201e460896d5 P d23d174424c4456b964b2a208d42869b [term 0 FOLLOWER]: Consensus starting up: Expiring failure detector timer to make a prompt election more likely
I20260710 13:15:26.857427  7025 raft_consensus.cc:740] T 823572ae35f14fc88f1c201e460896d5 P d23d174424c4456b964b2a208d42869b [term 0 FOLLOWER]: Becoming Follower/Learner. State: Replica: d23d174424c4456b964b2a208d42869b, State: Initialized, Role: FOLLOWER
I20260710 13:15:26.858237  6985 tablet_service.cc:1917] Received RequestConsensusVote() RPC: tablet_id: "a256f1aff9444ef99ba3d8fb9328de66" candidate_uuid: "fb69514b407a432487642efa7694784c" candidate_term: 1 candidate_status { last_received { term: 0 index: 0 } } ignore_live_leader: false dest_uuid: "e4b0e996b4c84535b0aeb6fcc6b35346" is_pre_election: true
I20260710 13:15:26.858812  6985 raft_consensus.cc:2468] T a256f1aff9444ef99ba3d8fb9328de66 P e4b0e996b4c84535b0aeb6fcc6b35346 [term 0 FOLLOWER]: Leader pre-election vote request: Granting yes vote for candidate fb69514b407a432487642efa7694784c in term 0.
I20260710 13:15:26.859794  6910 tablet_service.cc:1917] Received RequestConsensusVote() RPC: tablet_id: "a256f1aff9444ef99ba3d8fb9328de66" candidate_uuid: "fb69514b407a432487642efa7694784c" candidate_term: 1 candidate_status { last_received { term: 0 index: 0 } } ignore_live_leader: false dest_uuid: "d23d174424c4456b964b2a208d42869b" is_pre_election: true
I20260710 13:15:26.860066  7026 tablet_bootstrap.cc:654] T 735d56d6bcd44599ad0392e6ebbf3128 P fb69514b407a432487642efa7694784c: Neither blocks nor log segments found. Creating new log.
I20260710 13:15:26.860049  6802 leader_election.cc:304] T a256f1aff9444ef99ba3d8fb9328de66 P fb69514b407a432487642efa7694784c [CANDIDATE]: Term 1 pre-election: Election decided. Result: candidate won. Election summary: received 2 responses out of 3 voters: 2 yes votes; 0 no votes. yes voters: e4b0e996b4c84535b0aeb6fcc6b35346, fb69514b407a432487642efa7694784c; no voters: 
I20260710 13:15:26.860997  7038 raft_consensus.cc:2804] T a256f1aff9444ef99ba3d8fb9328de66 P fb69514b407a432487642efa7694784c [term 0 FOLLOWER]: Leader pre-election won for term 1
I20260710 13:15:26.858251  7025 consensus_queue.cc:260] T 823572ae35f14fc88f1c201e460896d5 P d23d174424c4456b964b2a208d42869b [NON_LEADER]: Queue going to NON_LEADER mode. State: All replicated index: 0, Majority replicated index: 0, Committed index: 0, Last appended: 0.0, Last appended by leader: 0, Current term: 0, Majority size: -1, State: 0, Mode: NON_LEADER, active raft config: opid_index: -1 OBSOLETE_local: false peers { permanent_uuid: "fb69514b407a432487642efa7694784c" member_type: VOTER last_known_addr { host: "127.5.154.1" port: 41929 } } peers { permanent_uuid: "d23d174424c4456b964b2a208d42869b" member_type: VOTER last_known_addr { host: "127.5.154.2" port: 32867 } } peers { permanent_uuid: "e4b0e996b4c84535b0aeb6fcc6b35346" member_type: VOTER last_known_addr { host: "127.5.154.3" port: 46679 } }
I20260710 13:15:26.861356  7038 raft_consensus.cc:493] T a256f1aff9444ef99ba3d8fb9328de66 P fb69514b407a432487642efa7694784c [term 0 FOLLOWER]: Starting leader election (no leader contacted us within the election timeout)
I20260710 13:15:26.861795  7038 raft_consensus.cc:3060] T a256f1aff9444ef99ba3d8fb9328de66 P fb69514b407a432487642efa7694784c [term 0 FOLLOWER]: Advancing to term 1
I20260710 13:15:26.851096  6911 raft_consensus.cc:3060] T d4684292b79043c491d152393378f35e P d23d174424c4456b964b2a208d42869b [term 0 FOLLOWER]: Advancing to term 1
I20260710 13:15:26.868340  7038 raft_consensus.cc:515] T a256f1aff9444ef99ba3d8fb9328de66 P fb69514b407a432487642efa7694784c [term 1 FOLLOWER]: Starting leader election with config: opid_index: -1 OBSOLETE_local: false peers { permanent_uuid: "fb69514b407a432487642efa7694784c" member_type: VOTER last_known_addr { host: "127.5.154.1" port: 41929 } } peers { permanent_uuid: "d23d174424c4456b964b2a208d42869b" member_type: VOTER last_known_addr { host: "127.5.154.2" port: 32867 } } peers { permanent_uuid: "e4b0e996b4c84535b0aeb6fcc6b35346" member_type: VOTER last_known_addr { host: "127.5.154.3" port: 46679 } }
W20260710 13:15:26.869002  6799 leader_election.cc:343] T a256f1aff9444ef99ba3d8fb9328de66 P fb69514b407a432487642efa7694784c [CANDIDATE]: Term 1 pre-election: Tablet error from VoteRequest() call to peer d23d174424c4456b964b2a208d42869b (127.5.154.2:32867): Illegal state: must be running to vote when last-logged opid is not known
I20260710 13:15:26.870918  7025 ts_tablet_manager.cc:1434] T 823572ae35f14fc88f1c201e460896d5 P d23d174424c4456b964b2a208d42869b: Time spent starting tablet: real 0.033s	user 0.005s	sys 0.000s
I20260710 13:15:26.871925  7025 tablet_bootstrap.cc:492] T a256f1aff9444ef99ba3d8fb9328de66 P d23d174424c4456b964b2a208d42869b: Bootstrap starting.
I20260710 13:15:26.872814  6910 tablet_service.cc:1917] Received RequestConsensusVote() RPC: tablet_id: "a256f1aff9444ef99ba3d8fb9328de66" candidate_uuid: "fb69514b407a432487642efa7694784c" candidate_term: 1 candidate_status { last_received { term: 0 index: 0 } } ignore_live_leader: false dest_uuid: "d23d174424c4456b964b2a208d42869b"
I20260710 13:15:26.873899  6985 tablet_service.cc:1917] Received RequestConsensusVote() RPC: tablet_id: "a256f1aff9444ef99ba3d8fb9328de66" candidate_uuid: "fb69514b407a432487642efa7694784c" candidate_term: 1 candidate_status { last_received { term: 0 index: 0 } } ignore_live_leader: false dest_uuid: "e4b0e996b4c84535b0aeb6fcc6b35346"
I20260710 13:15:26.874430  6985 raft_consensus.cc:3060] T a256f1aff9444ef99ba3d8fb9328de66 P e4b0e996b4c84535b0aeb6fcc6b35346 [term 0 FOLLOWER]: Advancing to term 1
I20260710 13:15:26.861791  7066 leader_election.cc:290] T a256f1aff9444ef99ba3d8fb9328de66 P fb69514b407a432487642efa7694784c [CANDIDATE]: Term 1 pre-election: Requested pre-vote from peers d23d174424c4456b964b2a208d42869b (127.5.154.2:32867), e4b0e996b4c84535b0aeb6fcc6b35346 (127.5.154.3:46679)
I20260710 13:15:26.872175  7038 leader_election.cc:290] T a256f1aff9444ef99ba3d8fb9328de66 P fb69514b407a432487642efa7694784c [CANDIDATE]: Term 1 election: Requested vote from peers d23d174424c4456b964b2a208d42869b (127.5.154.2:32867), e4b0e996b4c84535b0aeb6fcc6b35346 (127.5.154.3:46679)
W20260710 13:15:26.877748  6799 leader_election.cc:343] T a256f1aff9444ef99ba3d8fb9328de66 P fb69514b407a432487642efa7694784c [CANDIDATE]: Term 1 election: Tablet error from VoteRequest() call to peer d23d174424c4456b964b2a208d42869b (127.5.154.2:32867): Illegal state: must be running to vote when last-logged opid is not known
I20260710 13:15:26.879873  6984 tablet_service.cc:1917] Received RequestConsensusVote() RPC: tablet_id: "d4684292b79043c491d152393378f35e" candidate_uuid: "d23d174424c4456b964b2a208d42869b" candidate_term: 1 candidate_status { last_received { term: 0 index: 0 } } ignore_live_leader: false dest_uuid: "e4b0e996b4c84535b0aeb6fcc6b35346" is_pre_election: true
I20260710 13:15:26.881554  6984 raft_consensus.cc:2393] T d4684292b79043c491d152393378f35e P e4b0e996b4c84535b0aeb6fcc6b35346 [term 1 FOLLOWER]: Leader pre-election vote request: Denying vote to candidate d23d174424c4456b964b2a208d42869b in current term 1: Already voted for candidate fb69514b407a432487642efa7694784c in this term.
I20260710 13:15:26.882704  6911 raft_consensus.cc:2468] T d4684292b79043c491d152393378f35e P d23d174424c4456b964b2a208d42869b [term 1 FOLLOWER]: Leader election vote request: Granting yes vote for candidate fb69514b407a432487642efa7694784c in term 1.
I20260710 13:15:26.885457  6985 raft_consensus.cc:2468] T a256f1aff9444ef99ba3d8fb9328de66 P e4b0e996b4c84535b0aeb6fcc6b35346 [term 1 FOLLOWER]: Leader election vote request: Granting yes vote for candidate fb69514b407a432487642efa7694784c in term 1.
I20260710 13:15:26.886668  6802 leader_election.cc:304] T a256f1aff9444ef99ba3d8fb9328de66 P fb69514b407a432487642efa7694784c [CANDIDATE]: Term 1 election: Election decided. Result: candidate won. Election summary: received 3 responses out of 3 voters: 2 yes votes; 1 no votes. yes voters: e4b0e996b4c84535b0aeb6fcc6b35346, fb69514b407a432487642efa7694784c; no voters: d23d174424c4456b964b2a208d42869b
I20260710 13:15:26.888039  6836 tablet_service.cc:1917] Received RequestConsensusVote() RPC: tablet_id: "d4684292b79043c491d152393378f35e" candidate_uuid: "d23d174424c4456b964b2a208d42869b" candidate_term: 1 candidate_status { last_received { term: 0 index: 0 } } ignore_live_leader: false dest_uuid: "fb69514b407a432487642efa7694784c" is_pre_election: true
I20260710 13:15:26.885368  7027 tablet_bootstrap.cc:492] T 0f2ac2c4b35d469690dbf670e44fc036 P e4b0e996b4c84535b0aeb6fcc6b35346: No bootstrap required, opened a new log
I20260710 13:15:26.889408  7038 raft_consensus.cc:2804] T a256f1aff9444ef99ba3d8fb9328de66 P fb69514b407a432487642efa7694784c [term 1 FOLLOWER]: Leader election won for term 1
I20260710 13:15:26.889500  7036 raft_consensus.cc:493] T 735d56d6bcd44599ad0392e6ebbf3128 P e4b0e996b4c84535b0aeb6fcc6b35346 [term 0 FOLLOWER]: Starting pre-election (no leader contacted us within the election timeout)
I20260710 13:15:26.889931  7038 raft_consensus.cc:697] T a256f1aff9444ef99ba3d8fb9328de66 P fb69514b407a432487642efa7694784c [term 1 LEADER]: Becoming Leader. State: Replica: fb69514b407a432487642efa7694784c, State: Running, Role: LEADER
I20260710 13:15:26.890026  7036 raft_consensus.cc:515] T 735d56d6bcd44599ad0392e6ebbf3128 P e4b0e996b4c84535b0aeb6fcc6b35346 [term 0 FOLLOWER]: Starting pre-election with config: opid_index: -1 OBSOLETE_local: false peers { permanent_uuid: "d23d174424c4456b964b2a208d42869b" member_type: VOTER last_known_addr { host: "127.5.154.2" port: 32867 } } peers { permanent_uuid: "e4b0e996b4c84535b0aeb6fcc6b35346" member_type: VOTER last_known_addr { host: "127.5.154.3" port: 46679 } } peers { permanent_uuid: "fb69514b407a432487642efa7694784c" member_type: VOTER last_known_addr { host: "127.5.154.1" port: 41929 } }
I20260710 13:15:26.891834  6874 leader_election.cc:304] T d4684292b79043c491d152393378f35e P d23d174424c4456b964b2a208d42869b [CANDIDATE]: Term 1 pre-election: Election decided. Result: candidate lost. Election summary: received 3 responses out of 3 voters: 1 yes votes; 2 no votes. yes voters: d23d174424c4456b964b2a208d42869b; no voters: e4b0e996b4c84535b0aeb6fcc6b35346, fb69514b407a432487642efa7694784c
I20260710 13:15:26.892391  7036 leader_election.cc:290] T 735d56d6bcd44599ad0392e6ebbf3128 P e4b0e996b4c84535b0aeb6fcc6b35346 [CANDIDATE]: Term 1 pre-election: Requested pre-vote from peers d23d174424c4456b964b2a208d42869b (127.5.154.2:32867), fb69514b407a432487642efa7694784c (127.5.154.1:41929)
I20260710 13:15:26.892702  7031 raft_consensus.cc:2749] T d4684292b79043c491d152393378f35e P d23d174424c4456b964b2a208d42869b [term 1 FOLLOWER]: Leader pre-election lost for term 1. Reason: could not achieve majority
I20260710 13:15:26.890751  7038 consensus_queue.cc:237] T a256f1aff9444ef99ba3d8fb9328de66 P fb69514b407a432487642efa7694784c [LEADER]: Queue going to LEADER mode. State: All replicated index: 0, Majority replicated index: 0, Committed index: 0, Last appended: 0.0, Last appended by leader: 0, Current term: 1, Majority size: 2, State: 0, Mode: LEADER, active raft config: opid_index: -1 OBSOLETE_local: false peers { permanent_uuid: "fb69514b407a432487642efa7694784c" member_type: VOTER last_known_addr { host: "127.5.154.1" port: 41929 } } peers { permanent_uuid: "d23d174424c4456b964b2a208d42869b" member_type: VOTER last_known_addr { host: "127.5.154.2" port: 32867 } } peers { permanent_uuid: "e4b0e996b4c84535b0aeb6fcc6b35346" member_type: VOTER last_known_addr { host: "127.5.154.3" port: 46679 } }
I20260710 13:15:26.894351  7025 tablet_bootstrap.cc:654] T a256f1aff9444ef99ba3d8fb9328de66 P d23d174424c4456b964b2a208d42869b: Neither blocks nor log segments found. Creating new log.
I20260710 13:15:26.889652  7027 ts_tablet_manager.cc:1403] T 0f2ac2c4b35d469690dbf670e44fc036 P e4b0e996b4c84535b0aeb6fcc6b35346: Time spent bootstrapping tablet: real 0.093s	user 0.011s	sys 0.000s
