I20260710 13:26:58.139361 28494 tablet_bootstrap.cc:492] T a4c336edc9a84518a514281fee7f9d99 P ba4e801d12cb462f9c3324ddfd0dff91: No bootstrap required, opened a new log
I20260710 13:26:58.135080 28552 consensus_queue.cc:237] T 6698b9d2129848d6a73ed26cc5e626b2 P ba4e801d12cb462f9c3324ddfd0dff91 [LEADER]: Queue going to LEADER mode. State: All replicated index: 0, Majority replicated index: 0, Committed index: 0, Last appended: 0.0, Last appended by leader: 0, Current term: 1, Majority size: 2, State: 0, Mode: LEADER, active raft config: opid_index: -1 OBSOLETE_local: false peers { permanent_uuid: "a9d2f1acbc3845cf88e7ccd97019fab8" member_type: VOTER last_known_addr { host: "127.26.140.129" port: 35527 } } peers { permanent_uuid: "71c3c832c5d94329a5a66479c29b42bf" member_type: VOTER last_known_addr { host: "127.26.140.130" port: 42023 } } peers { permanent_uuid: "ba4e801d12cb462f9c3324ddfd0dff91" member_type: VOTER last_known_addr { host: "127.26.140.131" port: 41051 } }
I20260710 13:26:58.140803 28343 leader_election.cc:304] T ad69402859e04f8d9191e1187ab8fe5e P 71c3c832c5d94329a5a66479c29b42bf [CANDIDATE]: Term 1 pre-election: Election decided. Result: candidate won. Election summary: received 2 responses out of 3 voters: 2 yes votes; 0 no votes. yes voters: 71c3c832c5d94329a5a66479c29b42bf, a9d2f1acbc3845cf88e7ccd97019fab8; no voters: 
I20260710 13:26:58.142501 28494 ts_tablet_manager.cc:1403] T a4c336edc9a84518a514281fee7f9d99 P ba4e801d12cb462f9c3324ddfd0dff91: Time spent bootstrapping tablet: real 0.036s	user 0.017s	sys 0.006s
I20260710 13:26:58.144814 28495 ts_tablet_manager.cc:1434] T ad69402859e04f8d9191e1187ab8fe5e P 71c3c832c5d94329a5a66479c29b42bf: Time spent starting tablet: real 0.058s	user 0.009s	sys 0.000s
I20260710 13:26:58.147042 28501 raft_consensus.cc:2804] T ad69402859e04f8d9191e1187ab8fe5e P 71c3c832c5d94329a5a66479c29b42bf [term 0 FOLLOWER]: Leader pre-election won for term 1
I20260710 13:26:58.147426 28501 raft_consensus.cc:493] T ad69402859e04f8d9191e1187ab8fe5e P 71c3c832c5d94329a5a66479c29b42bf [term 0 FOLLOWER]: Starting leader election (no leader contacted us within the election timeout)
I20260710 13:26:58.147900 28496 tablet_bootstrap.cc:492] T 8cbe176ed21a4f8c86c29b0fac36a849 P a9d2f1acbc3845cf88e7ccd97019fab8: No bootstrap required, opened a new log
I20260710 13:26:58.148313 28496 ts_tablet_manager.cc:1403] T 8cbe176ed21a4f8c86c29b0fac36a849 P a9d2f1acbc3845cf88e7ccd97019fab8: Time spent bootstrapping tablet: real 0.078s	user 0.023s	sys 0.025s
I20260710 13:26:58.147821 28501 raft_consensus.cc:3060] T ad69402859e04f8d9191e1187ab8fe5e P 71c3c832c5d94329a5a66479c29b42bf [term 0 FOLLOWER]: Advancing to term 1
I20260710 13:26:58.150717 28452 tablet_service.cc:1917] Received RequestConsensusVote() RPC: tablet_id: "e2bc70205e9047229359aed533a94d64" candidate_uuid: "71c3c832c5d94329a5a66479c29b42bf" candidate_term: 1 candidate_status { last_received { term: 0 index: 0 } } ignore_live_leader: false dest_uuid: "ba4e801d12cb462f9c3324ddfd0dff91" is_pre_election: true
I20260710 13:26:58.154948 28496 raft_consensus.cc:359] T 8cbe176ed21a4f8c86c29b0fac36a849 P a9d2f1acbc3845cf88e7ccd97019fab8 [term 0 FOLLOWER]: Replica starting. Triggering 0 pending ops. Active config: opid_index: -1 OBSOLETE_local: false peers { permanent_uuid: "a9d2f1acbc3845cf88e7ccd97019fab8" member_type: VOTER last_known_addr { host: "127.26.140.129" port: 35527 } } peers { permanent_uuid: "71c3c832c5d94329a5a66479c29b42bf" member_type: VOTER last_known_addr { host: "127.26.140.130" port: 42023 } } peers { permanent_uuid: "ba4e801d12cb462f9c3324ddfd0dff91" member_type: VOTER last_known_addr { host: "127.26.140.131" port: 41051 } }
I20260710 13:26:58.155774 28496 raft_consensus.cc:385] T 8cbe176ed21a4f8c86c29b0fac36a849 P a9d2f1acbc3845cf88e7ccd97019fab8 [term 0 FOLLOWER]: Consensus starting up: Expiring failure detector timer to make a prompt election more likely
I20260710 13:26:58.156037 28496 raft_consensus.cc:740] T 8cbe176ed21a4f8c86c29b0fac36a849 P a9d2f1acbc3845cf88e7ccd97019fab8 [term 0 FOLLOWER]: Becoming Follower/Learner. State: Replica: a9d2f1acbc3845cf88e7ccd97019fab8, State: Initialized, Role: FOLLOWER
I20260710 13:26:58.156406 28494 raft_consensus.cc:359] T a4c336edc9a84518a514281fee7f9d99 P ba4e801d12cb462f9c3324ddfd0dff91 [term 0 FOLLOWER]: Replica starting. Triggering 0 pending ops. Active config: opid_index: -1 OBSOLETE_local: false peers { permanent_uuid: "a9d2f1acbc3845cf88e7ccd97019fab8" member_type: VOTER last_known_addr { host: "127.26.140.129" port: 35527 } } peers { permanent_uuid: "71c3c832c5d94329a5a66479c29b42bf" member_type: VOTER last_known_addr { host: "127.26.140.130" port: 42023 } } peers { permanent_uuid: "ba4e801d12cb462f9c3324ddfd0dff91" member_type: VOTER last_known_addr { host: "127.26.140.131" port: 41051 } }
I20260710 13:26:58.156772 28501 raft_consensus.cc:515] T ad69402859e04f8d9191e1187ab8fe5e P 71c3c832c5d94329a5a66479c29b42bf [term 1 FOLLOWER]: Starting leader election with config: opid_index: -1 OBSOLETE_local: false peers { permanent_uuid: "a9d2f1acbc3845cf88e7ccd97019fab8" member_type: VOTER last_known_addr { host: "127.26.140.129" port: 35527 } } peers { permanent_uuid: "71c3c832c5d94329a5a66479c29b42bf" member_type: VOTER last_known_addr { host: "127.26.140.130" port: 42023 } } peers { permanent_uuid: "ba4e801d12cb462f9c3324ddfd0dff91" member_type: VOTER last_known_addr { host: "127.26.140.131" port: 41051 } }
I20260710 13:26:58.156795 28496 consensus_queue.cc:260] T 8cbe176ed21a4f8c86c29b0fac36a849 P a9d2f1acbc3845cf88e7ccd97019fab8 [NON_LEADER]: Queue going to NON_LEADER mode. State: All replicated index: 0, Majority replicated index: 0, Committed index: 0, Last appended: 0.0, Last appended by leader: 0, Current term: 0, Majority size: -1, State: 0, Mode: NON_LEADER, active raft config: opid_index: -1 OBSOLETE_local: false peers { permanent_uuid: "a9d2f1acbc3845cf88e7ccd97019fab8" member_type: VOTER last_known_addr { host: "127.26.140.129" port: 35527 } } peers { permanent_uuid: "71c3c832c5d94329a5a66479c29b42bf" member_type: VOTER last_known_addr { host: "127.26.140.130" port: 42023 } } peers { permanent_uuid: "ba4e801d12cb462f9c3324ddfd0dff91" member_type: VOTER last_known_addr { host: "127.26.140.131" port: 41051 } }
I20260710 13:26:58.157912 28454 raft_consensus.cc:3060] T 61cbaac12e4f4e0d89e2212dbef82d29 P ba4e801d12cb462f9c3324ddfd0dff91 [term 0 FOLLOWER]: Advancing to term 1
I20260710 13:26:58.159190 28496 ts_tablet_manager.cc:1434] T 8cbe176ed21a4f8c86c29b0fac36a849 P a9d2f1acbc3845cf88e7ccd97019fab8: Time spent starting tablet: real 0.011s	user 0.005s	sys 0.000s
I20260710 13:26:58.159973 28304 tablet_service.cc:1917] Received RequestConsensusVote() RPC: tablet_id: "ad69402859e04f8d9191e1187ab8fe5e" candidate_uuid: "71c3c832c5d94329a5a66479c29b42bf" candidate_term: 1 candidate_status { last_received { term: 0 index: 0 } } ignore_live_leader: false dest_uuid: "a9d2f1acbc3845cf88e7ccd97019fab8"
I20260710 13:26:58.160646 28304 raft_consensus.cc:3060] T ad69402859e04f8d9191e1187ab8fe5e P a9d2f1acbc3845cf88e7ccd97019fab8 [term 0 FOLLOWER]: Advancing to term 1
I20260710 13:26:58.162850 28496 tablet_bootstrap.cc:492] T a4c336edc9a84518a514281fee7f9d99 P a9d2f1acbc3845cf88e7ccd97019fab8: Bootstrap starting.
I20260710 13:26:58.166400 28495 tablet_bootstrap.cc:492] T 6698b9d2129848d6a73ed26cc5e626b2 P 71c3c832c5d94329a5a66479c29b42bf: Bootstrap starting.
I20260710 13:26:58.167737 28494 raft_consensus.cc:385] T a4c336edc9a84518a514281fee7f9d99 P ba4e801d12cb462f9c3324ddfd0dff91 [term 0 FOLLOWER]: Consensus starting up: Expiring failure detector timer to make a prompt election more likely
I20260710 13:26:58.168304 28494 raft_consensus.cc:740] T a4c336edc9a84518a514281fee7f9d99 P ba4e801d12cb462f9c3324ddfd0dff91 [term 0 FOLLOWER]: Becoming Follower/Learner. State: Replica: ba4e801d12cb462f9c3324ddfd0dff91, State: Initialized, Role: FOLLOWER
I20260710 13:26:58.169519 28453 tablet_service.cc:1917] Received RequestConsensusVote() RPC: tablet_id: "ad69402859e04f8d9191e1187ab8fe5e" candidate_uuid: "71c3c832c5d94329a5a66479c29b42bf" candidate_term: 1 candidate_status { last_received { term: 0 index: 0 } } ignore_live_leader: false dest_uuid: "ba4e801d12cb462f9c3324ddfd0dff91" is_pre_election: true
I20260710 13:26:58.169391 28494 consensus_queue.cc:260] T a4c336edc9a84518a514281fee7f9d99 P ba4e801d12cb462f9c3324ddfd0dff91 [NON_LEADER]: Queue going to NON_LEADER mode. State: All replicated index: 0, Majority replicated index: 0, Committed index: 0, Last appended: 0.0, Last appended by leader: 0, Current term: 0, Majority size: -1, State: 0, Mode: NON_LEADER, active raft config: opid_index: -1 OBSOLETE_local: false peers { permanent_uuid: "a9d2f1acbc3845cf88e7ccd97019fab8" member_type: VOTER last_known_addr { host: "127.26.140.129" port: 35527 } } peers { permanent_uuid: "71c3c832c5d94329a5a66479c29b42bf" member_type: VOTER last_known_addr { host: "127.26.140.130" port: 42023 } } peers { permanent_uuid: "ba4e801d12cb462f9c3324ddfd0dff91" member_type: VOTER last_known_addr { host: "127.26.140.131" port: 41051 } }
I20260710 13:26:58.157375 28505 raft_consensus.cc:515] T 9903fdc8ae5b4274bdb160f463e35c16 P ba4e801d12cb462f9c3324ddfd0dff91 [term 1 FOLLOWER]: Starting leader election with config: opid_index: -1 OBSOLETE_local: false peers { permanent_uuid: "a9d2f1acbc3845cf88e7ccd97019fab8" member_type: VOTER last_known_addr { host: "127.26.140.129" port: 35527 } } peers { permanent_uuid: "ba4e801d12cb462f9c3324ddfd0dff91" member_type: VOTER last_known_addr { host: "127.26.140.131" port: 41051 } } peers { permanent_uuid: "71c3c832c5d94329a5a66479c29b42bf" member_type: VOTER last_known_addr { host: "127.26.140.130" port: 42023 } }
I20260710 13:26:58.173395 28552 raft_consensus.cc:493] T 0ab98df48a2a4fc6960adf5b7e06618c P ba4e801d12cb462f9c3324ddfd0dff91 [term 0 FOLLOWER]: Starting pre-election (no leader contacted us within the election timeout)
I20260710 13:26:58.173346 28345 leader_election.cc:304] T e2bc70205e9047229359aed533a94d64 P 71c3c832c5d94329a5a66479c29b42bf [CANDIDATE]: Term 1 pre-election: Election decided. Result: candidate lost. Election summary: received 3 responses out of 3 voters: 1 yes votes; 2 no votes. yes voters: 71c3c832c5d94329a5a66479c29b42bf; no voters: a9d2f1acbc3845cf88e7ccd97019fab8, ba4e801d12cb462f9c3324ddfd0dff91
I20260710 13:26:58.176838 28494 ts_tablet_manager.cc:1434] T a4c336edc9a84518a514281fee7f9d99 P ba4e801d12cb462f9c3324ddfd0dff91: Time spent starting tablet: real 0.031s	user 0.006s	sys 0.001s
I20260710 13:26:58.170816 28453 raft_consensus.cc:2468] T ad69402859e04f8d9191e1187ab8fe5e P ba4e801d12cb462f9c3324ddfd0dff91 [term 0 FOLLOWER]: Leader pre-election vote request: Granting yes vote for candidate 71c3c832c5d94329a5a66479c29b42bf in term 0.
I20260710 13:26:58.185003 28494 tablet_bootstrap.cc:492] T cf28956e4426441cbc9936de184dbc16 P ba4e801d12cb462f9c3324ddfd0dff91: Bootstrap starting.
I20260710 13:26:58.180877 28520 raft_consensus.cc:493] T fd2cfe902b0c4a1eab05bab59c5693e3 P a9d2f1acbc3845cf88e7ccd97019fab8 [term 0 FOLLOWER]: Starting pre-election (no leader contacted us within the election timeout)
I20260710 13:26:58.186337 28496 tablet_bootstrap.cc:654] T a4c336edc9a84518a514281fee7f9d99 P a9d2f1acbc3845cf88e7ccd97019fab8: Neither blocks nor log segments found. Creating new log.
I20260710 13:26:58.186414 28520 raft_consensus.cc:515] T fd2cfe902b0c4a1eab05bab59c5693e3 P a9d2f1acbc3845cf88e7ccd97019fab8 [term 0 FOLLOWER]: Starting pre-election with config: opid_index: -1 OBSOLETE_local: false peers { permanent_uuid: "a9d2f1acbc3845cf88e7ccd97019fab8" member_type: VOTER last_known_addr { host: "127.26.140.129" port: 35527 } } peers { permanent_uuid: "71c3c832c5d94329a5a66479c29b42bf" member_type: VOTER last_known_addr { host: "127.26.140.130" port: 42023 } } peers { permanent_uuid: "ba4e801d12cb462f9c3324ddfd0dff91" member_type: VOTER last_known_addr { host: "127.26.140.131" port: 41051 } }
I20260710 13:26:58.176625 28304 raft_consensus.cc:2468] T ad69402859e04f8d9191e1187ab8fe5e P a9d2f1acbc3845cf88e7ccd97019fab8 [term 1 FOLLOWER]: Leader election vote request: Granting yes vote for candidate 71c3c832c5d94329a5a66479c29b42bf in term 1.
I20260710 13:26:58.198503 28343 leader_election.cc:304] T ad69402859e04f8d9191e1187ab8fe5e P 71c3c832c5d94329a5a66479c29b42bf [CANDIDATE]: Term 1 election: Election decided. Result: candidate won. Election summary: received 2 responses out of 3 voters: 2 yes votes; 0 no votes. yes voters: 71c3c832c5d94329a5a66479c29b42bf, a9d2f1acbc3845cf88e7ccd97019fab8; no voters: 
I20260710 13:26:58.199582 28379 tablet_service.cc:1917] Received RequestConsensusVote() RPC: tablet_id: "fd2cfe902b0c4a1eab05bab59c5693e3" candidate_uuid: "a9d2f1acbc3845cf88e7ccd97019fab8" candidate_term: 1 candidate_status { last_received { term: 0 index: 0 } } ignore_live_leader: false dest_uuid: "71c3c832c5d94329a5a66479c29b42bf" is_pre_election: true
I20260710 13:26:58.200387 28379 raft_consensus.cc:2393] T fd2cfe902b0c4a1eab05bab59c5693e3 P 71c3c832c5d94329a5a66479c29b42bf [term 1 FOLLOWER]: Leader pre-election vote request: Denying vote to candidate a9d2f1acbc3845cf88e7ccd97019fab8 in current term 1: Already voted for candidate ba4e801d12cb462f9c3324ddfd0dff91 in this term.
I20260710 13:26:58.201231 28495 tablet_bootstrap.cc:654] T 6698b9d2129848d6a73ed26cc5e626b2 P 71c3c832c5d94329a5a66479c29b42bf: Neither blocks nor log segments found. Creating new log.
I20260710 13:26:58.182096 28552 raft_consensus.cc:515] T 0ab98df48a2a4fc6960adf5b7e06618c P ba4e801d12cb462f9c3324ddfd0dff91 [term 0 FOLLOWER]: Starting pre-election with config: opid_index: -1 OBSOLETE_local: false peers { permanent_uuid: "a9d2f1acbc3845cf88e7ccd97019fab8" member_type: VOTER last_known_addr { host: "127.26.140.129" port: 35527 } } peers { permanent_uuid: "71c3c832c5d94329a5a66479c29b42bf" member_type: VOTER last_known_addr { host: "127.26.140.130" port: 42023 } } peers { permanent_uuid: "ba4e801d12cb462f9c3324ddfd0dff91" member_type: VOTER last_known_addr { host: "127.26.140.131" port: 41051 } }
I20260710 13:26:58.211767 28304 raft_consensus.cc:3060] T fd2cfe902b0c4a1eab05bab59c5693e3 P a9d2f1acbc3845cf88e7ccd97019fab8 [term 0 FOLLOWER]: Advancing to term 1
I20260710 13:26:58.213471 28500 consensus_queue.cc:1048] T fd2cfe902b0c4a1eab05bab59c5693e3 P ba4e801d12cb462f9c3324ddfd0dff91 [LEADER]: Connected to new peer: Peer: permanent_uuid: "71c3c832c5d94329a5a66479c29b42bf" member_type: VOTER last_known_addr { host: "127.26.140.130" port: 42023 }, Status: LMP_MISMATCH, Last received: 0.0, Next index: 1, Last known committed idx: 0, Time since last communication: 0.000s
I20260710 13:26:58.213726 28201 catalog_manager.cc:5697] T e2bc70205e9047229359aed533a94d64 P ba4e801d12cb462f9c3324ddfd0dff91 reported cstate change: term changed from 0 to 1, leader changed from <none> to ba4e801d12cb462f9c3324ddfd0dff91 (127.26.140.131). New cstate: current_term: 1 leader_uuid: "ba4e801d12cb462f9c3324ddfd0dff91" committed_config { opid_index: -1 OBSOLETE_local: false peers { permanent_uuid: "a9d2f1acbc3845cf88e7ccd97019fab8" member_type: VOTER last_known_addr { host: "127.26.140.129" port: 35527 } health_report { overall_health: UNKNOWN } } peers { permanent_uuid: "71c3c832c5d94329a5a66479c29b42bf" member_type: VOTER last_known_addr { host: "127.26.140.130" port: 42023 } health_report { overall_health: UNKNOWN } } peers { permanent_uuid: "ba4e801d12cb462f9c3324ddfd0dff91" member_type: VOTER last_known_addr { host: "127.26.140.131" port: 41051 } health_report { overall_health: HEALTHY } } }
I20260710 13:26:58.214885 28520 leader_election.cc:290] T fd2cfe902b0c4a1eab05bab59c5693e3 P a9d2f1acbc3845cf88e7ccd97019fab8 [CANDIDATE]: Term 1 pre-election: Requested pre-vote from peers 71c3c832c5d94329a5a66479c29b42bf (127.26.140.130:42023), ba4e801d12cb462f9c3324ddfd0dff91 (127.26.140.131:41051)
I20260710 13:26:58.216431 28454 tablet_service.cc:1917] Received RequestConsensusVote() RPC: tablet_id: "fd2cfe902b0c4a1eab05bab59c5693e3" candidate_uuid: "a9d2f1acbc3845cf88e7ccd97019fab8" candidate_term: 1 candidate_status { last_received { term: 0 index: 0 } } ignore_live_leader: false dest_uuid: "ba4e801d12cb462f9c3324ddfd0dff91" is_pre_election: true
I20260710 13:26:58.215442 28520 consensus_queue.cc:1048] T 61cbaac12e4f4e0d89e2212dbef82d29 P a9d2f1acbc3845cf88e7ccd97019fab8 [LEADER]: Connected to new peer: Peer: permanent_uuid: "ba4e801d12cb462f9c3324ddfd0dff91" member_type: VOTER last_known_addr { host: "127.26.140.131" port: 41051 }, Status: LMP_MISMATCH, Last received: 0.0, Next index: 1, Last known committed idx: 0, Time since last communication: 0.002s
I20260710 13:26:58.218492 28270 leader_election.cc:304] T fd2cfe902b0c4a1eab05bab59c5693e3 P a9d2f1acbc3845cf88e7ccd97019fab8 [CANDIDATE]: Term 1 pre-election: Election decided. Result: candidate lost. Election summary: received 3 responses out of 3 voters: 1 yes votes; 2 no votes. yes voters: a9d2f1acbc3845cf88e7ccd97019fab8; no voters: 71c3c832c5d94329a5a66479c29b42bf, ba4e801d12cb462f9c3324ddfd0dff91
I20260710 13:26:58.218904 28522 raft_consensus.cc:493] T 61cbaac12e4f4e0d89e2212dbef82d29 P ba4e801d12cb462f9c3324ddfd0dff91 [term 1 FOLLOWER]: Starting pre-election (no leader contacted us within the election timeout)
I20260710 13:26:58.219391 28522 raft_consensus.cc:515] T 61cbaac12e4f4e0d89e2212dbef82d29 P ba4e801d12cb462f9c3324ddfd0dff91 [term 1 FOLLOWER]: Starting pre-election with config: opid_index: -1 OBSOLETE_local: false peers { permanent_uuid: "a9d2f1acbc3845cf88e7ccd97019fab8" member_type: VOTER last_known_addr { host: "127.26.140.129" port: 35527 } } peers { permanent_uuid: "71c3c832c5d94329a5a66479c29b42bf" member_type: VOTER last_known_addr { host: "127.26.140.130" port: 42023 } } peers { permanent_uuid: "ba4e801d12cb462f9c3324ddfd0dff91" member_type: VOTER last_known_addr { host: "127.26.140.131" port: 41051 } }
I20260710 13:26:58.197677 28501 leader_election.cc:290] T ad69402859e04f8d9191e1187ab8fe5e P 71c3c832c5d94329a5a66479c29b42bf [CANDIDATE]: Term 1 election: Requested vote from peers a9d2f1acbc3845cf88e7ccd97019fab8 (127.26.140.129:35527), ba4e801d12cb462f9c3324ddfd0dff91 (127.26.140.131:41051)
I20260710 13:26:58.221242 28501 raft_consensus.cc:2749] T e2bc70205e9047229359aed533a94d64 P 71c3c832c5d94329a5a66479c29b42bf [term 1 FOLLOWER]: Leader pre-election lost for term 1. Reason: could not achieve majority
I20260710 13:26:58.221601 28378 tablet_service.cc:1917] Received RequestConsensusVote() RPC: tablet_id: "9903fdc8ae5b4274bdb160f463e35c16" candidate_uuid: "ba4e801d12cb462f9c3324ddfd0dff91" candidate_term: 1 candidate_status { last_received { term: 0 index: 0 } } ignore_live_leader: false dest_uuid: "71c3c832c5d94329a5a66479c29b42bf"
I20260710 13:26:58.220539 28505 leader_election.cc:290] T 9903fdc8ae5b4274bdb160f463e35c16 P ba4e801d12cb462f9c3324ddfd0dff91 [CANDIDATE]: Term 1 election: Requested vote from peers a9d2f1acbc3845cf88e7ccd97019fab8 (127.26.140.129:35527), 71c3c832c5d94329a5a66479c29b42bf (127.26.140.130:42023)
I20260710 13:26:58.222311 28522 leader_election.cc:290] T 61cbaac12e4f4e0d89e2212dbef82d29 P ba4e801d12cb462f9c3324ddfd0dff91 [CANDIDATE]: Term 2 pre-election: Requested pre-vote from peers a9d2f1acbc3845cf88e7ccd97019fab8 (127.26.140.129:35527), 71c3c832c5d94329a5a66479c29b42bf (127.26.140.130:42023)
I20260710 13:26:58.223981 28558 raft_consensus.cc:2804] T ad69402859e04f8d9191e1187ab8fe5e P 71c3c832c5d94329a5a66479c29b42bf [term 1 FOLLOWER]: Leader election won for term 1
I20260710 13:26:58.224601 28558 raft_consensus.cc:697] T ad69402859e04f8d9191e1187ab8fe5e P 71c3c832c5d94329a5a66479c29b42bf [term 1 LEADER]: Becoming Leader. State: Replica: 71c3c832c5d94329a5a66479c29b42bf, State: Running, Role: LEADER
I20260710 13:26:58.224785 28305 tablet_service.cc:1917] Received RequestConsensusVote() RPC: tablet_id: "9903fdc8ae5b4274bdb160f463e35c16" candidate_uuid: "ba4e801d12cb462f9c3324ddfd0dff91" candidate_term: 1 candidate_status { last_received { term: 0 index: 0 } } ignore_live_leader: false dest_uuid: "a9d2f1acbc3845cf88e7ccd97019fab8"
I20260710 13:26:58.225451 28305 raft_consensus.cc:3060] T 9903fdc8ae5b4274bdb160f463e35c16 P a9d2f1acbc3845cf88e7ccd97019fab8 [term 0 FOLLOWER]: Advancing to term 1
I20260710 13:26:58.225625 28558 consensus_queue.cc:237] T ad69402859e04f8d9191e1187ab8fe5e P 71c3c832c5d94329a5a66479c29b42bf [LEADER]: Queue going to LEADER mode. State: All replicated index: 0, Majority replicated index: 0, Committed index: 0, Last appended: 0.0, Last appended by leader: 0, Current term: 1, Majority size: 2, State: 0, Mode: LEADER, active raft config: opid_index: -1 OBSOLETE_local: false peers { permanent_uuid: "a9d2f1acbc3845cf88e7ccd97019fab8" member_type: VOTER last_known_addr { host: "127.26.140.129" port: 35527 } } peers { permanent_uuid: "71c3c832c5d94329a5a66479c29b42bf" member_type: VOTER last_known_addr { host: "127.26.140.130" port: 42023 } } peers { permanent_uuid: "ba4e801d12cb462f9c3324ddfd0dff91" member_type: VOTER last_known_addr { host: "127.26.140.131" port: 41051 } }
I20260710 13:26:58.227548 28494 tablet_bootstrap.cc:654] T cf28956e4426441cbc9936de184dbc16 P ba4e801d12cb462f9c3324ddfd0dff91: Neither blocks nor log segments found. Creating new log.
I20260710 13:26:58.228345 28378 raft_consensus.cc:3060] T 9903fdc8ae5b4274bdb160f463e35c16 P 71c3c832c5d94329a5a66479c29b42bf [term 0 FOLLOWER]: Advancing to term 1
I20260710 13:26:58.230131 28552 leader_election.cc:290] T 0ab98df48a2a4fc6960adf5b7e06618c P ba4e801d12cb462f9c3324ddfd0dff91 [CANDIDATE]: Term 1 pre-election: Requested pre-vote from peers a9d2f1acbc3845cf88e7ccd97019fab8 (127.26.140.129:35527), 71c3c832c5d94329a5a66479c29b42bf (127.26.140.130:42023)
I20260710 13:26:58.238958 28305 raft_consensus.cc:2468] T 9903fdc8ae5b4274bdb160f463e35c16 P a9d2f1acbc3845cf88e7ccd97019fab8 [term 1 FOLLOWER]: Leader election vote request: Granting yes vote for candidate ba4e801d12cb462f9c3324ddfd0dff91 in term 1.
I20260710 13:26:58.241261 28303 tablet_service.cc:1917] Received RequestConsensusVote() RPC: tablet_id: "61cbaac12e4f4e0d89e2212dbef82d29" candidate_uuid: "ba4e801d12cb462f9c3324ddfd0dff91" candidate_term: 2 candidate_status { last_received { term: 0 index: 0 } } ignore_live_leader: false dest_uuid: "a9d2f1acbc3845cf88e7ccd97019fab8" is_pre_election: true
W20260710 13:26:58.230392 28345 outbound_call.cc:321] RPC callback for RPC call kudu.consensus.ConsensusService.RequestConsensusVote -> {remote=127.26.140.131:41051, user_credentials={real_user=slave}} blocked reactor thread for 57327.6us
I20260710 13:26:58.243798 28377 tablet_service.cc:1917] Received RequestConsensusVote() RPC: tablet_id: "0ab98df48a2a4fc6960adf5b7e06618c" candidate_uuid: "ba4e801d12cb462f9c3324ddfd0dff91" candidate_term: 1 candidate_status { last_received { term: 0 index: 0 } } ignore_live_leader: false dest_uuid: "71c3c832c5d94329a5a66479c29b42bf" is_pre_election: true
I20260710 13:26:58.243984 28380 tablet_service.cc:1917] Received RequestConsensusVote() RPC: tablet_id: "61cbaac12e4f4e0d89e2212dbef82d29" candidate_uuid: "ba4e801d12cb462f9c3324ddfd0dff91" candidate_term: 2 candidate_status { last_received { term: 0 index: 0 } } ignore_live_leader: false dest_uuid: "71c3c832c5d94329a5a66479c29b42bf" is_pre_election: true
I20260710 13:26:58.244575 28377 raft_consensus.cc:2468] T 0ab98df48a2a4fc6960adf5b7e06618c P 71c3c832c5d94329a5a66479c29b42bf [term 0 FOLLOWER]: Leader pre-election vote request: Granting yes vote for candidate ba4e801d12cb462f9c3324ddfd0dff91 in term 0.
I20260710 13:26:58.244652 28380 raft_consensus.cc:2468] T 61cbaac12e4f4e0d89e2212dbef82d29 P 71c3c832c5d94329a5a66479c29b42bf [term 1 FOLLOWER]: Leader pre-election vote request: Granting yes vote for candidate ba4e801d12cb462f9c3324ddfd0dff91 in term 1.
I20260710 13:26:58.244901 28303 tablet_service.cc:1917] Received RequestConsensusVote() RPC: tablet_id: "0ab98df48a2a4fc6960adf5b7e06618c" candidate_uuid: "ba4e801d12cb462f9c3324ddfd0dff91" candidate_term: 1 candidate_status { last_received { term: 0 index: 0 } } ignore_live_leader: false dest_uuid: "a9d2f1acbc3845cf88e7ccd97019fab8" is_pre_election: true
I20260710 13:26:58.245530 28303 raft_consensus.cc:2468] T 0ab98df48a2a4fc6960adf5b7e06618c P a9d2f1acbc3845cf88e7ccd97019fab8 [term 0 FOLLOWER]: Leader pre-election vote request: Granting yes vote for candidate ba4e801d12cb462f9c3324ddfd0dff91 in term 0.
I20260710 13:26:58.250566 28420 leader_election.cc:304] T 0ab98df48a2a4fc6960adf5b7e06618c P ba4e801d12cb462f9c3324ddfd0dff91 [CANDIDATE]: Term 1 pre-election: Election decided. Result: candidate won. Election summary: received 2 responses out of 3 voters: 2 yes votes; 0 no votes. yes voters: 71c3c832c5d94329a5a66479c29b42bf, ba4e801d12cb462f9c3324ddfd0dff91; no voters: 
I20260710 13:26:58.251312 28378 raft_consensus.cc:2468] T 9903fdc8ae5b4274bdb160f463e35c16 P 71c3c832c5d94329a5a66479c29b42bf [term 1 FOLLOWER]: Leader election vote request: Granting yes vote for candidate ba4e801d12cb462f9c3324ddfd0dff91 in term 1.
I20260710 13:26:58.252027 28495 tablet_bootstrap.cc:492] T 6698b9d2129848d6a73ed26cc5e626b2 P 71c3c832c5d94329a5a66479c29b42bf: No bootstrap required, opened a new log
I20260710 13:26:58.251549 28552 raft_consensus.cc:2804] T 0ab98df48a2a4fc6960adf5b7e06618c P ba4e801d12cb462f9c3324ddfd0dff91 [term 0 FOLLOWER]: Leader pre-election won for term 1
I20260710 13:26:58.252548 28495 ts_tablet_manager.cc:1403] T 6698b9d2129848d6a73ed26cc5e626b2 P 71c3c832c5d94329a5a66479c29b42bf: Time spent bootstrapping tablet: real 0.101s	user 0.014s	sys 0.000s
I20260710 13:26:58.251773 28420 leader_election.cc:304] T 61cbaac12e4f4e0d89e2212dbef82d29 P ba4e801d12cb462f9c3324ddfd0dff91 [CANDIDATE]: Term 2 pre-election: Election decided. Result: candidate won. Election summary: received 2 responses out of 3 voters: 2 yes votes; 0 no votes. yes voters: 71c3c832c5d94329a5a66479c29b42bf, ba4e801d12cb462f9c3324ddfd0dff91; no voters: 
I20260710 13:26:58.254326 28420 leader_election.cc:304] T 9903fdc8ae5b4274bdb160f463e35c16 P ba4e801d12cb462f9c3324ddfd0dff91 [CANDIDATE]: Term 1 election: Election decided. Result: candidate won. Election summary: received 2 responses out of 3 voters: 2 yes votes; 0 no votes. yes voters: 71c3c832c5d94329a5a66479c29b42bf, ba4e801d12cb462f9c3324ddfd0dff91; no voters: 
I20260710 13:26:58.253152 28552 raft_consensus.cc:493] T 0ab98df48a2a4fc6960adf5b7e06618c P ba4e801d12cb462f9c3324ddfd0dff91 [term 0 FOLLOWER]: Starting leader election (no leader contacted us within the election timeout)
I20260710 13:26:58.255152 28505 raft_consensus.cc:2804] T 9903fdc8ae5b4274bdb160f463e35c16 P ba4e801d12cb462f9c3324ddfd0dff91 [term 1 FOLLOWER]: Leader election won for term 1
I20260710 13:26:58.255817 28522 raft_consensus.cc:2804] T 61cbaac12e4f4e0d89e2212dbef82d29 P ba4e801d12cb462f9c3324ddfd0dff91 [term 1 FOLLOWER]: Leader pre-election won for term 2
I20260710 13:26:58.256565 28453 tablet_service.cc:1917] Received RequestConsensusVote() RPC: tablet_id: "ad69402859e04f8d9191e1187ab8fe5e" candidate_uuid: "71c3c832c5d94329a5a66479c29b42bf" candidate_term: 1 candidate_status { last_received { term: 0 index: 0 } } ignore_live_leader: false dest_uuid: "ba4e801d12cb462f9c3324ddfd0dff91"
I20260710 13:26:58.257193 28453 raft_consensus.cc:3060] T ad69402859e04f8d9191e1187ab8fe5e P ba4e801d12cb462f9c3324ddfd0dff91 [term 0 FOLLOWER]: Advancing to term 1
I20260710 13:26:58.255865 28505 raft_consensus.cc:697] T 9903fdc8ae5b4274bdb160f463e35c16 P ba4e801d12cb462f9c3324ddfd0dff91 [term 1 LEADER]: Becoming Leader. State: Replica: ba4e801d12cb462f9c3324ddfd0dff91, State: Running, Role: LEADER
I20260710 13:26:58.255297 28552 raft_consensus.cc:3060] T 0ab98df48a2a4fc6960adf5b7e06618c P ba4e801d12cb462f9c3324ddfd0dff91 [term 0 FOLLOWER]: Advancing to term 1
I20260710 13:26:58.258245 28505 consensus_queue.cc:237] T 9903fdc8ae5b4274bdb160f463e35c16 P ba4e801d12cb462f9c3324ddfd0dff91 [LEADER]: Queue going to LEADER mode. State: All replicated index: 0, Majority replicated index: 0, Committed index: 0, Last appended: 0.0, Last appended by leader: 0, Current term: 1, Majority size: 2, State: 0, Mode: LEADER, active raft config: opid_index: -1 OBSOLETE_local: false peers { permanent_uuid: "a9d2f1acbc3845cf88e7ccd97019fab8" member_type: VOTER last_known_addr { host: "127.26.140.129" port: 35527 } } peers { permanent_uuid: "ba4e801d12cb462f9c3324ddfd0dff91" member_type: VOTER last_known_addr { host: "127.26.140.131" port: 41051 } } peers { permanent_uuid: "71c3c832c5d94329a5a66479c29b42bf" member_type: VOTER last_known_addr { host: "127.26.140.130" port: 42023 } }
I20260710 13:26:58.260620 28522 raft_consensus.cc:493] T 61cbaac12e4f4e0d89e2212dbef82d29 P ba4e801d12cb462f9c3324ddfd0dff91 [term 1 FOLLOWER]: Starting leader election (detected failure of leader a9d2f1acbc3845cf88e7ccd97019fab8)
I20260710 13:26:58.261078 28522 raft_consensus.cc:3060] T 61cbaac12e4f4e0d89e2212dbef82d29 P ba4e801d12cb462f9c3324ddfd0dff91 [term 1 FOLLOWER]: Advancing to term 2
I20260710 13:26:58.272672 28500 raft_consensus.cc:493] T 371fb4a04a40461dbf6999477e494a2e P ba4e801d12cb462f9c3324ddfd0dff91 [term 0 FOLLOWER]: Starting pre-election (no leader contacted us within the election timeout)
I20260710 13:26:58.273454 28500 raft_consensus.cc:515] T 371fb4a04a40461dbf6999477e494a2e P ba4e801d12cb462f9c3324ddfd0dff91 [term 0 FOLLOWER]: Starting pre-election with config: opid_index: -1 OBSOLETE_local: false peers { permanent_uuid: "a9d2f1acbc3845cf88e7ccd97019fab8" member_type: VOTER last_known_addr { host: "127.26.140.129" port: 35527 } } peers { permanent_uuid: "71c3c832c5d94329a5a66479c29b42bf" member_type: VOTER last_known_addr { host: "127.26.140.130" port: 42023 } } peers { permanent_uuid: "ba4e801d12cb462f9c3324ddfd0dff91" member_type: VOTER last_known_addr { host: "127.26.140.131" port: 41051 } }
I20260710 13:26:58.279523 28520 raft_consensus.cc:2749] T fd2cfe902b0c4a1eab05bab59c5693e3 P a9d2f1acbc3845cf88e7ccd97019fab8 [term 1 FOLLOWER]: Leader pre-election lost for term 1. Reason: could not achieve majority
I20260710 13:26:58.289734 28500 leader_election.cc:290] T 371fb4a04a40461dbf6999477e494a2e P ba4e801d12cb462f9c3324ddfd0dff91 [CANDIDATE]: Term 1 pre-election: Requested pre-vote from peers a9d2f1acbc3845cf88e7ccd97019fab8 (127.26.140.129:35527), 71c3c832c5d94329a5a66479c29b42bf (127.26.140.130:42023)
I20260710 13:26:58.290776 28495 raft_consensus.cc:359] T 6698b9d2129848d6a73ed26cc5e626b2 P 71c3c832c5d94329a5a66479c29b42bf [term 0 FOLLOWER]: Replica starting. Triggering 0 pending ops. Active config: opid_index: -1 OBSOLETE_local: false peers { permanent_uuid: "a9d2f1acbc3845cf88e7ccd97019fab8" member_type: VOTER last_known_addr { host: "127.26.140.129" port: 35527 } } peers { permanent_uuid: "71c3c832c5d94329a5a66479c29b42bf" member_type: VOTER last_known_addr { host: "127.26.140.130" port: 42023 } } peers { permanent_uuid: "ba4e801d12cb462f9c3324ddfd0dff91" member_type: VOTER last_known_addr { host: "127.26.140.131" port: 41051 } }
I20260710 13:26:58.287570 28503 consensus_queue.cc:1048] T 61cbaac12e4f4e0d89e2212dbef82d29 P a9d2f1acbc3845cf88e7ccd97019fab8 [LEADER]: Connected to new peer: Peer: permanent_uuid: "71c3c832c5d94329a5a66479c29b42bf" member_type: VOTER last_known_addr { host: "127.26.140.130" port: 42023 }, Status: LMP_MISMATCH, Last received: 0.0, Next index: 1, Last known committed idx: 0, Time since last communication: 0.004s
I20260710 13:26:58.291477 28495 raft_consensus.cc:385] T 6698b9d2129848d6a73ed26cc5e626b2 P 71c3c832c5d94329a5a66479c29b42bf [term 0 FOLLOWER]: Consensus starting up: Expiring failure detector timer to make a prompt election more likely
I20260710 13:26:58.295614 28495 raft_consensus.cc:740] T 6698b9d2129848d6a73ed26cc5e626b2 P 71c3c832c5d94329a5a66479c29b42bf [term 0 FOLLOWER]: Becoming Follower/Learner. State: Replica: 71c3c832c5d94329a5a66479c29b42bf, State: Initialized, Role: FOLLOWER
I20260710 13:26:58.296355 28495 consensus_queue.cc:260] T 6698b9d2129848d6a73ed26cc5e626b2 P 71c3c832c5d94329a5a66479c29b42bf [NON_LEADER]: Queue going to NON_LEADER mode. State: All replicated index: 0, Majority replicated index: 0, Committed index: 0, Last appended: 0.0, Last appended by leader: 0, Current term: 0, Majority size: -1, State: 0, Mode: NON_LEADER, active raft config: opid_index: -1 OBSOLETE_local: false peers { permanent_uuid: "a9d2f1acbc3845cf88e7ccd97019fab8" member_type: VOTER last_known_addr { host: "127.26.140.129" port: 35527 } } peers { permanent_uuid: "71c3c832c5d94329a5a66479c29b42bf" member_type: VOTER last_known_addr { host: "127.26.140.130" port: 42023 } } peers { permanent_uuid: "ba4e801d12cb462f9c3324ddfd0dff91" member_type: VOTER last_known_addr { host: "127.26.140.131" port: 41051 } }
I20260710 13:26:58.294235 28496 tablet_bootstrap.cc:492] T a4c336edc9a84518a514281fee7f9d99 P a9d2f1acbc3845cf88e7ccd97019fab8: No bootstrap required, opened a new log
I20260710 13:26:58.297219 28496 ts_tablet_manager.cc:1403] T a4c336edc9a84518a514281fee7f9d99 P a9d2f1acbc3845cf88e7ccd97019fab8: Time spent bootstrapping tablet: real 0.135s	user 0.015s	sys 0.014s
I20260710 13:26:58.302443 28552 raft_consensus.cc:515] T 0ab98df48a2a4fc6960adf5b7e06618c P ba4e801d12cb462f9c3324ddfd0dff91 [term 1 FOLLOWER]: Starting leader election with config: opid_index: -1 OBSOLETE_local: false peers { permanent_uuid: "a9d2f1acbc3845cf88e7ccd97019fab8" member_type: VOTER last_known_addr { host: "127.26.140.129" port: 35527 } } peers { permanent_uuid: "71c3c832c5d94329a5a66479c29b42bf" member_type: VOTER last_known_addr { host: "127.26.140.130" port: 42023 } } peers { permanent_uuid: "ba4e801d12cb462f9c3324ddfd0dff91" member_type: VOTER last_known_addr { host: "127.26.140.131" port: 41051 } }
I20260710 13:26:58.309355 28303 tablet_service.cc:1917] Received RequestConsensusVote() RPC: tablet_id: "371fb4a04a40461dbf6999477e494a2e" candidate_uuid: "ba4e801d12cb462f9c3324ddfd0dff91" candidate_term: 1 candidate_status { last_received { term: 0 index: 0 } } ignore_live_leader: false dest_uuid: "a9d2f1acbc3845cf88e7ccd97019fab8" is_pre_election: true
I20260710 13:26:58.310253 28303 raft_consensus.cc:2468] T 371fb4a04a40461dbf6999477e494a2e P a9d2f1acbc3845cf88e7ccd97019fab8 [term 0 FOLLOWER]: Leader pre-election vote request: Granting yes vote for candidate ba4e801d12cb462f9c3324ddfd0dff91 in term 0.
I20260710 13:26:58.310427 28201 catalog_manager.cc:5697] T 6698b9d2129848d6a73ed26cc5e626b2 P ba4e801d12cb462f9c3324ddfd0dff91 reported cstate change: term changed from 0 to 1, leader changed from <none> to ba4e801d12cb462f9c3324ddfd0dff91 (127.26.140.131). New cstate: current_term: 1 leader_uuid: "ba4e801d12cb462f9c3324ddfd0dff91" committed_config { opid_index: -1 OBSOLETE_local: false peers { permanent_uuid: "a9d2f1acbc3845cf88e7ccd97019fab8" member_type: VOTER last_known_addr { host: "127.26.140.129" port: 35527 } health_report { overall_health: UNKNOWN } } peers { permanent_uuid: "71c3c832c5d94329a5a66479c29b42bf" member_type: VOTER last_known_addr { host: "127.26.140.130" port: 42023 } health_report { overall_health: UNKNOWN } } peers { permanent_uuid: "ba4e801d12cb462f9c3324ddfd0dff91" member_type: VOTER last_known_addr { host: "127.26.140.131" port: 41051 } health_report { overall_health: HEALTHY } } }
I20260710 13:26:58.312019 28305 raft_consensus.cc:3060] T 9fd2e4180d0c4e6caf39aa5c589bdd98 P a9d2f1acbc3845cf88e7ccd97019fab8 [term 0 FOLLOWER]: Advancing to term 1
I20260710 13:26:58.307235 28496 raft_consensus.cc:359] T a4c336edc9a84518a514281fee7f9d99 P a9d2f1acbc3845cf88e7ccd97019fab8 [term 0 FOLLOWER]: Replica starting. Triggering 0 pending ops. Active config: opid_index: -1 OBSOLETE_local: false peers { permanent_uuid: "a9d2f1acbc3845cf88e7ccd97019fab8" member_type: VOTER last_known_addr { host: "127.26.140.129" port: 35527 } } peers { permanent_uuid: "71c3c832c5d94329a5a66479c29b42bf" member_type: VOTER last_known_addr { host: "127.26.140.130" port: 42023 } } peers { permanent_uuid: "ba4e801d12cb462f9c3324ddfd0dff91" member_type: VOTER last_known_addr { host: "127.26.140.131" port: 41051 } }
I20260710 13:26:58.310200 28495 ts_tablet_manager.cc:1434] T 6698b9d2129848d6a73ed26cc5e626b2 P 71c3c832c5d94329a5a66479c29b42bf: Time spent starting tablet: real 0.057s	user 0.007s	sys 0.000s
I20260710 13:26:58.323014 28496 raft_consensus.cc:385] T a4c336edc9a84518a514281fee7f9d99 P a9d2f1acbc3845cf88e7ccd97019fab8 [term 0 FOLLOWER]: Consensus starting up: Expiring failure detector timer to make a prompt election more likely
I20260710 13:26:58.323392 28496 raft_consensus.cc:740] T a4c336edc9a84518a514281fee7f9d99 P a9d2f1acbc3845cf88e7ccd97019fab8 [term 0 FOLLOWER]: Becoming Follower/Learner. State: Replica: a9d2f1acbc3845cf88e7ccd97019fab8, State: Initialized, Role: FOLLOWER
I20260710 13:26:58.312075 28500 raft_consensus.cc:493] T a4c336edc9a84518a514281fee7f9d99 P ba4e801d12cb462f9c3324ddfd0dff91 [term 0 FOLLOWER]: Starting pre-election (no leader contacted us within the election timeout)
I20260710 13:26:58.323410 28495 tablet_bootstrap.cc:492] T a4c336edc9a84518a514281fee7f9d99 P 71c3c832c5d94329a5a66479c29b42bf: Bootstrap starting.
I20260710 13:26:58.320976 28417 leader_election.cc:304] T 371fb4a04a40461dbf6999477e494a2e P ba4e801d12cb462f9c3324ddfd0dff91 [CANDIDATE]: Term 1 pre-election: Election decided. Result: candidate won. Election summary: received 2 responses out of 3 voters: 2 yes votes; 0 no votes. yes voters: a9d2f1acbc3845cf88e7ccd97019fab8, ba4e801d12cb462f9c3324ddfd0dff91; no voters: 
I20260710 13:26:58.329005 28496 consensus_queue.cc:260] T a4c336edc9a84518a514281fee7f9d99 P a9d2f1acbc3845cf88e7ccd97019fab8 [NON_LEADER]: Queue going to NON_LEADER mode. State: All replicated index: 0, Majority replicated index: 0, Committed index: 0, Last appended: 0.0, Last appended by leader: 0, Current term: 0, Majority size: -1, State: 0, Mode: NON_LEADER, active raft config: opid_index: -1 OBSOLETE_local: false peers { permanent_uuid: "a9d2f1acbc3845cf88e7ccd97019fab8" member_type: VOTER last_known_addr { host: "127.26.140.129" port: 35527 } } peers { permanent_uuid: "71c3c832c5d94329a5a66479c29b42bf" member_type: VOTER last_known_addr { host: "127.26.140.130" port: 42023 } } peers { permanent_uuid: "ba4e801d12cb462f9c3324ddfd0dff91" member_type: VOTER last_known_addr { host: "127.26.140.131" port: 41051 } }
I20260710 13:26:58.316285 28453 raft_consensus.cc:2468] T ad69402859e04f8d9191e1187ab8fe5e P ba4e801d12cb462f9c3324ddfd0dff91 [term 1 FOLLOWER]: Leader election vote request: Granting yes vote for candidate 71c3c832c5d94329a5a66479c29b42bf in term 1.
I20260710 13:26:58.332855 28496 ts_tablet_manager.cc:1434] T a4c336edc9a84518a514281fee7f9d99 P a9d2f1acbc3845cf88e7ccd97019fab8: Time spent starting tablet: real 0.035s	user 0.005s	sys 0.005s
I20260710 13:26:58.333550 28496 tablet_bootstrap.cc:492] T 3c8bdb229f344895816006c9b3702e3c P a9d2f1acbc3845cf88e7ccd97019fab8: Bootstrap starting.
I20260710 13:26:58.335238 28505 raft_consensus.cc:2804] T 371fb4a04a40461dbf6999477e494a2e P ba4e801d12cb462f9c3324ddfd0dff91 [term 0 FOLLOWER]: Leader pre-election won for term 1
I20260710 13:26:58.338132 28505 raft_consensus.cc:493] T 371fb4a04a40461dbf6999477e494a2e P ba4e801d12cb462f9c3324ddfd0dff91 [term 0 FOLLOWER]: Starting leader election (no leader contacted us within the election timeout)
I20260710 13:26:58.338474 28505 raft_consensus.cc:3060] T 371fb4a04a40461dbf6999477e494a2e P ba4e801d12cb462f9c3324ddfd0dff91 [term 0 FOLLOWER]: Advancing to term 1
I20260710 13:26:58.341095 28557 consensus_queue.cc:1048] T fd2cfe902b0c4a1eab05bab59c5693e3 P ba4e801d12cb462f9c3324ddfd0dff91 [LEADER]: Connected to new peer: Peer: permanent_uuid: "a9d2f1acbc3845cf88e7ccd97019fab8" member_type: VOTER last_known_addr { host: "127.26.140.129" port: 35527 }, Status: LMP_MISMATCH, Last received: 0.0, Next index: 1, Last known committed idx: 0, Time since last communication: 0.001s
I20260710 13:26:58.330699 28500 raft_consensus.cc:515] T a4c336edc9a84518a514281fee7f9d99 P ba4e801d12cb462f9c3324ddfd0dff91 [term 0 FOLLOWER]: Starting pre-election with config: opid_index: -1 OBSOLETE_local: false peers { permanent_uuid: "a9d2f1acbc3845cf88e7ccd97019fab8" member_type: VOTER last_known_addr { host: "127.26.140.129" port: 35527 } } peers { permanent_uuid: "71c3c832c5d94329a5a66479c29b42bf" member_type: VOTER last_known_addr { host: "127.26.140.130" port: 42023 } } peers { permanent_uuid: "ba4e801d12cb462f9c3324ddfd0dff91" member_type: VOTER last_known_addr { host: "127.26.140.131" port: 41051 } }
I20260710 13:26:58.344426 28500 leader_election.cc:290] T a4c336edc9a84518a514281fee7f9d99 P ba4e801d12cb462f9c3324ddfd0dff91 [CANDIDATE]: Term 1 pre-election: Requested pre-vote from peers a9d2f1acbc3845cf88e7ccd97019fab8 (127.26.140.129:35527), 71c3c832c5d94329a5a66479c29b42bf (127.26.140.130:42023)
I20260710 13:26:58.333959 28378 tablet_service.cc:1917] Received RequestConsensusVote() RPC: tablet_id: "371fb4a04a40461dbf6999477e494a2e" candidate_uuid: "ba4e801d12cb462f9c3324ddfd0dff91" candidate_term: 1 candidate_status { last_received { term: 0 index: 0 } } ignore_live_leader: false dest_uuid: "71c3c832c5d94329a5a66479c29b42bf" is_pre_election: true
I20260710 13:26:58.350069 28377 tablet_service.cc:1917] Received RequestConsensusVote() RPC: tablet_id: "a4c336edc9a84518a514281fee7f9d99" candidate_uuid: "ba4e801d12cb462f9c3324ddfd0dff91" candidate_term: 1 candidate_status { last_received { term: 0 index: 0 } } ignore_live_leader: false dest_uuid: "71c3c832c5d94329a5a66479c29b42bf" is_pre_election: true
I20260710 13:26:58.353322 28303 tablet_service.cc:1917] Received RequestConsensusVote() RPC: tablet_id: "a4c336edc9a84518a514281fee7f9d99" candidate_uuid: "ba4e801d12cb462f9c3324ddfd0dff91" candidate_term: 1 candidate_status { last_received { term: 0 index: 0 } } ignore_live_leader: false dest_uuid: "a9d2f1acbc3845cf88e7ccd97019fab8" is_pre_election: true
I20260710 13:26:58.355078 28303 raft_consensus.cc:2468] T a4c336edc9a84518a514281fee7f9d99 P a9d2f1acbc3845cf88e7ccd97019fab8 [term 0 FOLLOWER]: Leader pre-election vote request: Granting yes vote for candidate ba4e801d12cb462f9c3324ddfd0dff91 in term 0.
I20260710 13:26:58.360549 28500 consensus_queue.cc:1048] T 9fd2e4180d0c4e6caf39aa5c589bdd98 P ba4e801d12cb462f9c3324ddfd0dff91 [LEADER]: Connected to new peer: Peer: permanent_uuid: "a9d2f1acbc3845cf88e7ccd97019fab8" member_type: VOTER last_known_addr { host: "127.26.140.129" port: 35527 }, Status: LMP_MISMATCH, Last received: 0.0, Next index: 1, Last known committed idx: 0, Time since last communication: 0.000s
W20260710 13:26:58.364138 28420 leader_election.cc:343] T a4c336edc9a84518a514281fee7f9d99 P ba4e801d12cb462f9c3324ddfd0dff91 [CANDIDATE]: Term 1 pre-election: Tablet error from VoteRequest() call to peer 71c3c832c5d94329a5a66479c29b42bf (127.26.140.130:42023): Illegal state: must be running to vote when last-logged opid is not known
I20260710 13:26:58.364570 28552 leader_election.cc:290] T 0ab98df48a2a4fc6960adf5b7e06618c P ba4e801d12cb462f9c3324ddfd0dff91 [CANDIDATE]: Term 1 election: Requested vote from peers a9d2f1acbc3845cf88e7ccd97019fab8 (127.26.140.129:35527), 71c3c832c5d94329a5a66479c29b42bf (127.26.140.130:42023)
W20260710 13:26:58.365268 28420 leader_election.cc:343] T 371fb4a04a40461dbf6999477e494a2e P ba4e801d12cb462f9c3324ddfd0dff91 [CANDIDATE]: Term 1 pre-election: Tablet error from VoteRequest() call to peer 71c3c832c5d94329a5a66479c29b42bf (127.26.140.130:42023): Illegal state: must be running to vote when last-logged opid is not known
W20260710 13:26:58.367527 28251 auto_rebalancer.cc:288] Could not retrieve cluster info: Service unavailable: Tablet not running
I20260710 13:26:58.370024 28203 catalog_manager.cc:5697] T ad69402859e04f8d9191e1187ab8fe5e P 71c3c832c5d94329a5a66479c29b42bf reported cstate change: term changed from 0 to 1, leader changed from <none> to 71c3c832c5d94329a5a66479c29b42bf (127.26.140.130). New cstate: current_term: 1 leader_uuid: "71c3c832c5d94329a5a66479c29b42bf" committed_config { opid_index: -1 OBSOLETE_local: false peers { permanent_uuid: "a9d2f1acbc3845cf88e7ccd97019fab8" member_type: VOTER last_known_addr { host: "127.26.140.129" port: 35527 } health_report { overall_health: UNKNOWN } } peers { permanent_uuid: "71c3c832c5d94329a5a66479c29b42bf" member_type: VOTER last_known_addr { host: "127.26.140.130" port: 42023 } health_report { overall_health: HEALTHY } } peers { permanent_uuid: "ba4e801d12cb462f9c3324ddfd0dff91" member_type: VOTER last_known_addr { host: "127.26.140.131" port: 41051 } health_report { overall_health: UNKNOWN } } }
I20260710 13:26:58.360067 28522 raft_consensus.cc:515] T 61cbaac12e4f4e0d89e2212dbef82d29 P ba4e801d12cb462f9c3324ddfd0dff91 [term 2 FOLLOWER]: Starting leader election with config: opid_index: -1 OBSOLETE_local: false peers { permanent_uuid: "a9d2f1acbc3845cf88e7ccd97019fab8" member_type: VOTER last_known_addr { host: "127.26.140.129" port: 35527 } } peers { permanent_uuid: "71c3c832c5d94329a5a66479c29b42bf" member_type: VOTER last_known_addr { host: "127.26.140.130" port: 42023 } } peers { permanent_uuid: "ba4e801d12cb462f9c3324ddfd0dff91" member_type: VOTER last_known_addr { host: "127.26.140.131" port: 41051 } }
I20260710 13:26:58.382464 28454 raft_consensus.cc:1240] T 61cbaac12e4f4e0d89e2212dbef82d29 P ba4e801d12cb462f9c3324ddfd0dff91 [term 2 FOLLOWER]: Rejecting Update request from peer a9d2f1acbc3845cf88e7ccd97019fab8 for earlier term 1. Current term is 2. Ops: []
I20260710 13:26:58.386998 28379 tablet_service.cc:1917] Received RequestConsensusVote() RPC: tablet_id: "0ab98df48a2a4fc6960adf5b7e06618c" candidate_uuid: "ba4e801d12cb462f9c3324ddfd0dff91" candidate_term: 1 candidate_status { last_received { term: 0 index: 0 } } ignore_live_leader: false dest_uuid: "71c3c832c5d94329a5a66479c29b42bf"
I20260710 13:26:58.387880 28379 raft_consensus.cc:3060] T 0ab98df48a2a4fc6960adf5b7e06618c P 71c3c832c5d94329a5a66479c29b42bf [term 0 FOLLOWER]: Advancing to term 1
I20260710 13:26:58.390692 28417 leader_election.cc:304] T a4c336edc9a84518a514281fee7f9d99 P ba4e801d12cb462f9c3324ddfd0dff91 [CANDIDATE]: Term 1 pre-election: Election decided. Result: candidate won. Election summary: received 3 responses out of 3 voters: 2 yes votes; 1 no votes. yes voters: a9d2f1acbc3845cf88e7ccd97019fab8, ba4e801d12cb462f9c3324ddfd0dff91; no voters: 71c3c832c5d94329a5a66479c29b42bf
I20260710 13:26:58.392319 28557 raft_consensus.cc:2804] T a4c336edc9a84518a514281fee7f9d99 P ba4e801d12cb462f9c3324ddfd0dff91 [term 0 FOLLOWER]: Leader pre-election won for term 1
I20260710 13:26:58.394591 28503 consensus_queue.cc:1059] T 61cbaac12e4f4e0d89e2212dbef82d29 P a9d2f1acbc3845cf88e7ccd97019fab8 [LEADER]: Peer responded invalid term: Peer: permanent_uuid: "ba4e801d12cb462f9c3324ddfd0dff91" member_type: VOTER last_known_addr { host: "127.26.140.131" port: 41051 }, Status: INVALID_TERM, Last received: 1.1, Next index: 2, Last known committed idx: 0, Time since last communication: 0.000s
I20260710 13:26:58.395489 28503 raft_consensus.cc:3055] T 61cbaac12e4f4e0d89e2212dbef82d29 P a9d2f1acbc3845cf88e7ccd97019fab8 [term 1 LEADER]: Stepping down as leader of term 1
I20260710 13:26:58.395838 28503 raft_consensus.cc:740] T 61cbaac12e4f4e0d89e2212dbef82d29 P a9d2f1acbc3845cf88e7ccd97019fab8 [term 1 LEADER]: Becoming Follower/Learner. State: Replica: a9d2f1acbc3845cf88e7ccd97019fab8, State: Running, Role: LEADER
I20260710 13:26:58.399717 28305 tablet_service.cc:1917] Received RequestConsensusVote() RPC: tablet_id: "0ab98df48a2a4fc6960adf5b7e06618c" candidate_uuid: "ba4e801d12cb462f9c3324ddfd0dff91" candidate_term: 1 candidate_status { last_received { term: 0 index: 0 } } ignore_live_leader: false dest_uuid: "a9d2f1acbc3845cf88e7ccd97019fab8"
I20260710 13:26:58.393361 28557 raft_consensus.cc:493] T a4c336edc9a84518a514281fee7f9d99 P ba4e801d12cb462f9c3324ddfd0dff91 [term 0 FOLLOWER]: Starting leader election (no leader contacted us within the election timeout)
I20260710 13:26:58.400070 28503 consensus_queue.cc:260] T 61cbaac12e4f4e0d89e2212dbef82d29 P a9d2f1acbc3845cf88e7ccd97019fab8 [NON_LEADER]: Queue going to NON_LEADER mode. State: All replicated index: 0, Majority replicated index: 1, Committed index: 1, Last appended: 1.1, Last appended by leader: 1, Current term: 1, Majority size: -1, State: 0, Mode: NON_LEADER, active raft config: opid_index: -1 OBSOLETE_local: false peers { permanent_uuid: "a9d2f1acbc3845cf88e7ccd97019fab8" member_type: VOTER last_known_addr { host: "127.26.140.129" port: 35527 } } peers { permanent_uuid: "71c3c832c5d94329a5a66479c29b42bf" member_type: VOTER last_known_addr { host: "127.26.140.130" port: 42023 } } peers { permanent_uuid: "ba4e801d12cb462f9c3324ddfd0dff91" member_type: VOTER last_known_addr { host: "127.26.140.131" port: 41051 } }
I20260710 13:26:58.401535 28305 raft_consensus.cc:3060] T 0ab98df48a2a4fc6960adf5b7e06618c P a9d2f1acbc3845cf88e7ccd97019fab8 [term 0 FOLLOWER]: Advancing to term 1
I20260710 13:26:58.405879 28500 consensus_queue.cc:1048] T 9fd2e4180d0c4e6caf39aa5c589bdd98 P ba4e801d12cb462f9c3324ddfd0dff91 [LEADER]: Connected to new peer: Peer: permanent_uuid: "71c3c832c5d94329a5a66479c29b42bf" member_type: VOTER last_known_addr { host: "127.26.140.130" port: 42023 }, Status: LMP_MISMATCH, Last received: 0.0, Next index: 1, Last known committed idx: 0, Time since last communication: 0.001s
I20260710 13:26:58.406807 28557 raft_consensus.cc:3060] T a4c336edc9a84518a514281fee7f9d99 P ba4e801d12cb462f9c3324ddfd0dff91 [term 0 FOLLOWER]: Advancing to term 1
I20260710 13:26:58.413511 28503 raft_consensus.cc:3060] T 61cbaac12e4f4e0d89e2212dbef82d29 P a9d2f1acbc3845cf88e7ccd97019fab8 [term 1 FOLLOWER]: Advancing to term 2
I20260710 13:26:58.422161 28496 tablet_bootstrap.cc:654] T 3c8bdb229f344895816006c9b3702e3c P a9d2f1acbc3845cf88e7ccd97019fab8: Neither blocks nor log segments found. Creating new log.
