I20260710 13:26:30.119220   452 tablet_service.cc:1917] Received RequestConsensusVote() RPC: tablet_id: "0b82b3ea70bb41a89fbdd3ab57f322f9" candidate_uuid: "bdbf22d7cc9d476ea3892532f66d845f" candidate_term: 1 candidate_status { last_received { term: 0 index: 0 } } ignore_live_leader: false dest_uuid: "b85f2232ce594021a588ceb386a00bf9"
I20260710 13:26:30.128011   376 tablet_service.cc:1917] Received RequestConsensusVote() RPC: tablet_id: "4d8b181c9abf4dfd97fa41d19e8f479f" candidate_uuid: "b85f2232ce594021a588ceb386a00bf9" candidate_term: 1 candidate_status { last_received { term: 0 index: 0 } } ignore_live_leader: false dest_uuid: "1e37a9c5d3ac4ea0a1c2d17e842af7f2" is_pre_election: true
I20260710 13:26:30.129014   376 raft_consensus.cc:2468] T 4d8b181c9abf4dfd97fa41d19e8f479f P 1e37a9c5d3ac4ea0a1c2d17e842af7f2 [term 0 FOLLOWER]: Leader pre-election vote request: Granting yes vote for candidate b85f2232ce594021a588ceb386a00bf9 in term 0.
I20260710 13:26:30.127147   452 raft_consensus.cc:3060] T 0b82b3ea70bb41a89fbdd3ab57f322f9 P b85f2232ce594021a588ceb386a00bf9 [term 0 FOLLOWER]: Advancing to term 1
I20260710 13:26:30.132701   375 tablet_service.cc:1917] Received RequestConsensusVote() RPC: tablet_id: "0b82b3ea70bb41a89fbdd3ab57f322f9" candidate_uuid: "b85f2232ce594021a588ceb386a00bf9" candidate_term: 1 candidate_status { last_received { term: 0 index: 0 } } ignore_live_leader: false dest_uuid: "1e37a9c5d3ac4ea0a1c2d17e842af7f2" is_pre_election: true
I20260710 13:26:30.136107   377 tablet_service.cc:1917] Received RequestConsensusVote() RPC: tablet_id: "f91fba0690b44ee095547562b8fd5cfb" candidate_uuid: "b85f2232ce594021a588ceb386a00bf9" candidate_term: 1 candidate_status { last_received { term: 0 index: 0 } } ignore_live_leader: false dest_uuid: "1e37a9c5d3ac4ea0a1c2d17e842af7f2" is_pre_election: true
I20260710 13:26:30.137029   377 raft_consensus.cc:2468] T f91fba0690b44ee095547562b8fd5cfb P 1e37a9c5d3ac4ea0a1c2d17e842af7f2 [term 0 FOLLOWER]: Leader pre-election vote request: Granting yes vote for candidate b85f2232ce594021a588ceb386a00bf9 in term 0.
I20260710 13:26:30.137238   503 raft_consensus.cc:515] T 1821ab78f458482c8d5355810803b823 P 1e37a9c5d3ac4ea0a1c2d17e842af7f2 [term 1 FOLLOWER]: Starting leader election with config: opid_index: -1 OBSOLETE_local: false peers { permanent_uuid: "bdbf22d7cc9d476ea3892532f66d845f" member_type: VOTER last_known_addr { host: "127.31.223.1" port: 32793 } } peers { permanent_uuid: "1e37a9c5d3ac4ea0a1c2d17e842af7f2" member_type: VOTER last_known_addr { host: "127.31.223.2" port: 44667 } } peers { permanent_uuid: "b85f2232ce594021a588ceb386a00bf9" member_type: VOTER last_known_addr { host: "127.31.223.3" port: 45965 } }
I20260710 13:26:30.138492   374 tablet_service.cc:1917] Received RequestConsensusVote() RPC: tablet_id: "1821ab78f458482c8d5355810803b823" candidate_uuid: "b85f2232ce594021a588ceb386a00bf9" candidate_term: 1 candidate_status { last_received { term: 0 index: 0 } } ignore_live_leader: false dest_uuid: "1e37a9c5d3ac4ea0a1c2d17e842af7f2" is_pre_election: true
I20260710 13:26:30.139295   497 tablet_bootstrap.cc:492] T c2b32b29431141a79b90386a6d76dbaf P bdbf22d7cc9d476ea3892532f66d845f: Bootstrap starting.
I20260710 13:26:30.141927   374 raft_consensus.cc:2393] T 1821ab78f458482c8d5355810803b823 P 1e37a9c5d3ac4ea0a1c2d17e842af7f2 [term 1 FOLLOWER]: Leader pre-election vote request: Denying vote to candidate b85f2232ce594021a588ceb386a00bf9 in current term 1: Already voted for candidate 1e37a9c5d3ac4ea0a1c2d17e842af7f2 in this term.
I20260710 13:26:30.145917   301 tablet_service.cc:1917] Received RequestConsensusVote() RPC: tablet_id: "0b82b3ea70bb41a89fbdd3ab57f322f9" candidate_uuid: "b85f2232ce594021a588ceb386a00bf9" candidate_term: 1 candidate_status { last_received { term: 0 index: 0 } } ignore_live_leader: false dest_uuid: "bdbf22d7cc9d476ea3892532f66d845f" is_pre_election: true
I20260710 13:26:30.146545   302 tablet_service.cc:1917] Received RequestConsensusVote() RPC: tablet_id: "4d8b181c9abf4dfd97fa41d19e8f479f" candidate_uuid: "b85f2232ce594021a588ceb386a00bf9" candidate_term: 1 candidate_status { last_received { term: 0 index: 0 } } ignore_live_leader: false dest_uuid: "bdbf22d7cc9d476ea3892532f66d845f" is_pre_election: true
I20260710 13:26:30.149854   522 raft_consensus.cc:697] T c2b32b29431141a79b90386a6d76dbaf P 1e37a9c5d3ac4ea0a1c2d17e842af7f2 [term 1 LEADER]: Becoming Leader. State: Replica: 1e37a9c5d3ac4ea0a1c2d17e842af7f2, State: Running, Role: LEADER
I20260710 13:26:30.150441   300 tablet_service.cc:1917] Received RequestConsensusVote() RPC: tablet_id: "1821ab78f458482c8d5355810803b823" candidate_uuid: "b85f2232ce594021a588ceb386a00bf9" candidate_term: 1 candidate_status { last_received { term: 0 index: 0 } } ignore_live_leader: false dest_uuid: "bdbf22d7cc9d476ea3892532f66d845f" is_pre_election: true
I20260710 13:26:30.151365   300 raft_consensus.cc:2468] T 1821ab78f458482c8d5355810803b823 P bdbf22d7cc9d476ea3892532f66d845f [term 0 FOLLOWER]: Leader pre-election vote request: Granting yes vote for candidate b85f2232ce594021a588ceb386a00bf9 in term 0.
I20260710 13:26:30.154089   503 leader_election.cc:290] T 1821ab78f458482c8d5355810803b823 P 1e37a9c5d3ac4ea0a1c2d17e842af7f2 [CANDIDATE]: Term 1 election: Requested vote from peers bdbf22d7cc9d476ea3892532f66d845f (127.31.223.1:32793), b85f2232ce594021a588ceb386a00bf9 (127.31.223.3:45965)
I20260710 13:26:30.148180   378 raft_consensus.cc:2468] T 0b82b3ea70bb41a89fbdd3ab57f322f9 P 1e37a9c5d3ac4ea0a1c2d17e842af7f2 [term 1 FOLLOWER]: Leader election vote request: Granting yes vote for candidate bdbf22d7cc9d476ea3892532f66d845f in term 1.
I20260710 13:26:30.153493   302 raft_consensus.cc:2468] T 4d8b181c9abf4dfd97fa41d19e8f479f P bdbf22d7cc9d476ea3892532f66d845f [term 0 FOLLOWER]: Leader pre-election vote request: Granting yes vote for candidate b85f2232ce594021a588ceb386a00bf9 in term 0.
W20260710 13:26:30.158362   416 leader_election.cc:343] T f91fba0690b44ee095547562b8fd5cfb P b85f2232ce594021a588ceb386a00bf9 [CANDIDATE]: Term 1 pre-election: Tablet error from VoteRequest() call to peer bdbf22d7cc9d476ea3892532f66d845f (127.31.223.1:32793): Illegal state: must be running to vote when last-logged opid is not known
I20260710 13:26:30.159382 32735 leader_election.cc:304] T 0b82b3ea70bb41a89fbdd3ab57f322f9 P bdbf22d7cc9d476ea3892532f66d845f [CANDIDATE]: Term 1 election: Election decided. Result: candidate won. Election summary: received 2 responses out of 3 voters: 2 yes votes; 0 no votes. yes voters: 1e37a9c5d3ac4ea0a1c2d17e842af7f2, bdbf22d7cc9d476ea3892532f66d845f; no voters: 
W20260710 13:26:30.155534   342 outbound_call.cc:321] RPC callback for RPC call kudu.consensus.ConsensusService.RequestConsensusVote -> {remote=127.31.223.3:45965, user_credentials={real_user=slave}} blocked reactor thread for 57740.8us
I20260710 13:26:30.159866   496 ts_tablet_manager.cc:1434] T f91fba0690b44ee095547562b8fd5cfb P 1e37a9c5d3ac4ea0a1c2d17e842af7f2: Time spent starting tablet: real 0.061s	user 0.008s	sys 0.005s
I20260710 13:26:30.160245   502 raft_consensus.cc:2804] T 0b82b3ea70bb41a89fbdd3ab57f322f9 P bdbf22d7cc9d476ea3892532f66d845f [term 1 FOLLOWER]: Leader election won for term 1
I20260710 13:26:30.159801   416 leader_election.cc:304] T 4d8b181c9abf4dfd97fa41d19e8f479f P b85f2232ce594021a588ceb386a00bf9 [CANDIDATE]: Term 1 pre-election: Election decided. Result: candidate won. Election summary: received 2 responses out of 3 voters: 2 yes votes; 0 no votes. yes voters: 1e37a9c5d3ac4ea0a1c2d17e842af7f2, b85f2232ce594021a588ceb386a00bf9; no voters: 
I20260710 13:26:30.162204   496 tablet_bootstrap.cc:492] T 32e74e6b21eb48ca86df1bdcfb8b01c0 P 1e37a9c5d3ac4ea0a1c2d17e842af7f2: Bootstrap starting.
I20260710 13:26:30.162655   531 raft_consensus.cc:2804] T 4d8b181c9abf4dfd97fa41d19e8f479f P b85f2232ce594021a588ceb386a00bf9 [term 0 FOLLOWER]: Leader pre-election won for term 1
I20260710 13:26:30.164772   531 raft_consensus.cc:493] T 4d8b181c9abf4dfd97fa41d19e8f479f P b85f2232ce594021a588ceb386a00bf9 [term 0 FOLLOWER]: Starting leader election (no leader contacted us within the election timeout)
I20260710 13:26:30.165129   531 raft_consensus.cc:3060] T 4d8b181c9abf4dfd97fa41d19e8f479f P b85f2232ce594021a588ceb386a00bf9 [term 0 FOLLOWER]: Advancing to term 1
I20260710 13:26:30.164328   495 tablet_bootstrap.cc:492] T 32e74e6b21eb48ca86df1bdcfb8b01c0 P b85f2232ce594021a588ceb386a00bf9: No bootstrap required, opened a new log
I20260710 13:26:30.166523   495 ts_tablet_manager.cc:1403] T 32e74e6b21eb48ca86df1bdcfb8b01c0 P b85f2232ce594021a588ceb386a00bf9: Time spent bootstrapping tablet: real 0.142s	user 0.030s	sys 0.053s
I20260710 13:26:30.165900   544 raft_consensus.cc:2764] T 0b82b3ea70bb41a89fbdd3ab57f322f9 P 1e37a9c5d3ac4ea0a1c2d17e842af7f2 [term 1 FOLLOWER]: Leader pre-election decision vote started in defunct term 0: won
I20260710 13:26:30.160678   522 consensus_queue.cc:237] T c2b32b29431141a79b90386a6d76dbaf P 1e37a9c5d3ac4ea0a1c2d17e842af7f2 [LEADER]: Queue going to LEADER mode. State: All replicated index: 0, Majority replicated index: 0, Committed index: 0, Last appended: 0.0, Last appended by leader: 0, Current term: 1, Majority size: 2, State: 0, Mode: LEADER, active raft config: opid_index: -1 OBSOLETE_local: false peers { permanent_uuid: "bdbf22d7cc9d476ea3892532f66d845f" member_type: VOTER last_known_addr { host: "127.31.223.1" port: 32793 } } peers { permanent_uuid: "1e37a9c5d3ac4ea0a1c2d17e842af7f2" member_type: VOTER last_known_addr { host: "127.31.223.2" port: 44667 } } peers { permanent_uuid: "b85f2232ce594021a588ceb386a00bf9" member_type: VOTER last_known_addr { host: "127.31.223.3" port: 45965 } }
I20260710 13:26:30.173619   497 tablet_bootstrap.cc:654] T c2b32b29431141a79b90386a6d76dbaf P bdbf22d7cc9d476ea3892532f66d845f: Neither blocks nor log segments found. Creating new log.
I20260710 13:26:30.172501   502 raft_consensus.cc:697] T 0b82b3ea70bb41a89fbdd3ab57f322f9 P bdbf22d7cc9d476ea3892532f66d845f [term 1 LEADER]: Becoming Leader. State: Replica: bdbf22d7cc9d476ea3892532f66d845f, State: Running, Role: LEADER
W20260710 13:26:30.172271   342 leader_election.cc:343] T c2b32b29431141a79b90386a6d76dbaf P 1e37a9c5d3ac4ea0a1c2d17e842af7f2 [CANDIDATE]: Term 1 election: Tablet error from VoteRequest() call to peer bdbf22d7cc9d476ea3892532f66d845f (127.31.223.1:32793): Illegal state: must be running to vote when last-logged opid is not known
I20260710 13:26:30.175455   452 raft_consensus.cc:2468] T 0b82b3ea70bb41a89fbdd3ab57f322f9 P b85f2232ce594021a588ceb386a00bf9 [term 1 FOLLOWER]: Leader election vote request: Granting yes vote for candidate bdbf22d7cc9d476ea3892532f66d845f in term 1.
I20260710 13:26:30.173669   416 leader_election.cc:304] T f91fba0690b44ee095547562b8fd5cfb P b85f2232ce594021a588ceb386a00bf9 [CANDIDATE]: Term 1 pre-election: Election decided. Result: candidate won. Election summary: received 3 responses out of 3 voters: 2 yes votes; 1 no votes. yes voters: 1e37a9c5d3ac4ea0a1c2d17e842af7f2, b85f2232ce594021a588ceb386a00bf9; no voters: bdbf22d7cc9d476ea3892532f66d845f
I20260710 13:26:30.177269   302 tablet_service.cc:1917] Received RequestConsensusVote() RPC: tablet_id: "1821ab78f458482c8d5355810803b823" candidate_uuid: "1e37a9c5d3ac4ea0a1c2d17e842af7f2" candidate_term: 1 candidate_status { last_received { term: 0 index: 0 } } ignore_live_leader: false dest_uuid: "bdbf22d7cc9d476ea3892532f66d845f"
I20260710 13:26:30.178063   302 raft_consensus.cc:3060] T 1821ab78f458482c8d5355810803b823 P bdbf22d7cc9d476ea3892532f66d845f [term 0 FOLLOWER]: Advancing to term 1
I20260710 13:26:30.177953   502 consensus_queue.cc:237] T 0b82b3ea70bb41a89fbdd3ab57f322f9 P bdbf22d7cc9d476ea3892532f66d845f [LEADER]: Queue going to LEADER mode. State: All replicated index: 0, Majority replicated index: 0, Committed index: 0, Last appended: 0.0, Last appended by leader: 0, Current term: 1, Majority size: 2, State: 0, Mode: LEADER, active raft config: opid_index: -1 OBSOLETE_local: false peers { permanent_uuid: "bdbf22d7cc9d476ea3892532f66d845f" member_type: VOTER last_known_addr { host: "127.31.223.1" port: 32793 } } peers { permanent_uuid: "1e37a9c5d3ac4ea0a1c2d17e842af7f2" member_type: VOTER last_known_addr { host: "127.31.223.2" port: 44667 } } peers { permanent_uuid: "b85f2232ce594021a588ceb386a00bf9" member_type: VOTER last_known_addr { host: "127.31.223.3" port: 45965 } }
I20260710 13:26:30.179859   501 raft_consensus.cc:2804] T f91fba0690b44ee095547562b8fd5cfb P b85f2232ce594021a588ceb386a00bf9 [term 0 FOLLOWER]: Leader pre-election won for term 1
I20260710 13:26:30.180886   501 raft_consensus.cc:493] T f91fba0690b44ee095547562b8fd5cfb P b85f2232ce594021a588ceb386a00bf9 [term 0 FOLLOWER]: Starting leader election (no leader contacted us within the election timeout)
I20260710 13:26:30.182206   501 raft_consensus.cc:3060] T f91fba0690b44ee095547562b8fd5cfb P b85f2232ce594021a588ceb386a00bf9 [term 0 FOLLOWER]: Advancing to term 1
I20260710 13:26:30.181767   544 raft_consensus.cc:493] T ea3a4d11058b4f2ca45c317a0c17a2e8 P 1e37a9c5d3ac4ea0a1c2d17e842af7f2 [term 0 FOLLOWER]: Starting pre-election (no leader contacted us within the election timeout)
I20260710 13:26:30.182588   452 tablet_service.cc:1917] Received RequestConsensusVote() RPC: tablet_id: "1821ab78f458482c8d5355810803b823" candidate_uuid: "1e37a9c5d3ac4ea0a1c2d17e842af7f2" candidate_term: 1 candidate_status { last_received { term: 0 index: 0 } } ignore_live_leader: false dest_uuid: "b85f2232ce594021a588ceb386a00bf9"
I20260710 13:26:30.184221   452 raft_consensus.cc:3060] T 1821ab78f458482c8d5355810803b823 P b85f2232ce594021a588ceb386a00bf9 [term 0 FOLLOWER]: Advancing to term 1
I20260710 13:26:30.191661   495 raft_consensus.cc:359] T 32e74e6b21eb48ca86df1bdcfb8b01c0 P b85f2232ce594021a588ceb386a00bf9 [term 0 FOLLOWER]: Replica starting. Triggering 0 pending ops. Active config: opid_index: -1 OBSOLETE_local: false peers { permanent_uuid: "bdbf22d7cc9d476ea3892532f66d845f" member_type: VOTER last_known_addr { host: "127.31.223.1" port: 32793 } } peers { permanent_uuid: "1e37a9c5d3ac4ea0a1c2d17e842af7f2" member_type: VOTER last_known_addr { host: "127.31.223.2" port: 44667 } } peers { permanent_uuid: "b85f2232ce594021a588ceb386a00bf9" member_type: VOTER last_known_addr { host: "127.31.223.3" port: 45965 } }
I20260710 13:26:30.192581   495 raft_consensus.cc:385] T 32e74e6b21eb48ca86df1bdcfb8b01c0 P b85f2232ce594021a588ceb386a00bf9 [term 0 FOLLOWER]: Consensus starting up: Expiring failure detector timer to make a prompt election more likely
I20260710 13:26:30.192915   495 raft_consensus.cc:740] T 32e74e6b21eb48ca86df1bdcfb8b01c0 P b85f2232ce594021a588ceb386a00bf9 [term 0 FOLLOWER]: Becoming Follower/Learner. State: Replica: b85f2232ce594021a588ceb386a00bf9, State: Initialized, Role: FOLLOWER
I20260710 13:26:30.184829   544 raft_consensus.cc:515] T ea3a4d11058b4f2ca45c317a0c17a2e8 P 1e37a9c5d3ac4ea0a1c2d17e842af7f2 [term 0 FOLLOWER]: Starting pre-election with config: opid_index: -1 OBSOLETE_local: false peers { permanent_uuid: "bdbf22d7cc9d476ea3892532f66d845f" member_type: VOTER last_known_addr { host: "127.31.223.1" port: 32793 } } peers { permanent_uuid: "1e37a9c5d3ac4ea0a1c2d17e842af7f2" member_type: VOTER last_known_addr { host: "127.31.223.2" port: 44667 } } peers { permanent_uuid: "b85f2232ce594021a588ceb386a00bf9" member_type: VOTER last_known_addr { host: "127.31.223.3" port: 45965 } }
I20260710 13:26:30.194550   495 consensus_queue.cc:260] T 32e74e6b21eb48ca86df1bdcfb8b01c0 P b85f2232ce594021a588ceb386a00bf9 [NON_LEADER]: Queue going to NON_LEADER mode. State: All replicated index: 0, Majority replicated index: 0, Committed index: 0, Last appended: 0.0, Last appended by leader: 0, Current term: 0, Majority size: -1, State: 0, Mode: NON_LEADER, active raft config: opid_index: -1 OBSOLETE_local: false peers { permanent_uuid: "bdbf22d7cc9d476ea3892532f66d845f" member_type: VOTER last_known_addr { host: "127.31.223.1" port: 32793 } } peers { permanent_uuid: "1e37a9c5d3ac4ea0a1c2d17e842af7f2" member_type: VOTER last_known_addr { host: "127.31.223.2" port: 44667 } } peers { permanent_uuid: "b85f2232ce594021a588ceb386a00bf9" member_type: VOTER last_known_addr { host: "127.31.223.3" port: 45965 } }
I20260710 13:26:30.187654   416 leader_election.cc:304] T 1821ab78f458482c8d5355810803b823 P b85f2232ce594021a588ceb386a00bf9 [CANDIDATE]: Term 1 pre-election: Election decided. Result: candidate won. Election summary: received 3 responses out of 3 voters: 2 yes votes; 1 no votes. yes voters: b85f2232ce594021a588ceb386a00bf9, bdbf22d7cc9d476ea3892532f66d845f; no voters: 1e37a9c5d3ac4ea0a1c2d17e842af7f2
I20260710 13:26:30.200217   495 ts_tablet_manager.cc:1434] T 32e74e6b21eb48ca86df1bdcfb8b01c0 P b85f2232ce594021a588ceb386a00bf9: Time spent starting tablet: real 0.033s	user 0.006s	sys 0.001s
I20260710 13:26:30.201424   495 tablet_bootstrap.cc:492] T ea3a4d11058b4f2ca45c317a0c17a2e8 P b85f2232ce594021a588ceb386a00bf9: Bootstrap starting.
I20260710 13:26:30.196213   531 raft_consensus.cc:515] T 4d8b181c9abf4dfd97fa41d19e8f479f P b85f2232ce594021a588ceb386a00bf9 [term 1 FOLLOWER]: Starting leader election with config: opid_index: -1 OBSOLETE_local: false peers { permanent_uuid: "bdbf22d7cc9d476ea3892532f66d845f" member_type: VOTER last_known_addr { host: "127.31.223.1" port: 32793 } } peers { permanent_uuid: "1e37a9c5d3ac4ea0a1c2d17e842af7f2" member_type: VOTER last_known_addr { host: "127.31.223.2" port: 44667 } } peers { permanent_uuid: "b85f2232ce594021a588ceb386a00bf9" member_type: VOTER last_known_addr { host: "127.31.223.3" port: 45965 } }
I20260710 13:26:30.208566   302 raft_consensus.cc:2468] T 1821ab78f458482c8d5355810803b823 P bdbf22d7cc9d476ea3892532f66d845f [term 1 FOLLOWER]: Leader election vote request: Granting yes vote for candidate 1e37a9c5d3ac4ea0a1c2d17e842af7f2 in term 1.
I20260710 13:26:30.216518   342 leader_election.cc:304] T 1821ab78f458482c8d5355810803b823 P 1e37a9c5d3ac4ea0a1c2d17e842af7f2 [CANDIDATE]: Term 1 election: Election decided. Result: candidate won. Election summary: received 2 responses out of 3 voters: 2 yes votes; 0 no votes. yes voters: 1e37a9c5d3ac4ea0a1c2d17e842af7f2, bdbf22d7cc9d476ea3892532f66d845f; no voters: 
I20260710 13:26:30.218321   302 tablet_service.cc:1917] Received RequestConsensusVote() RPC: tablet_id: "ea3a4d11058b4f2ca45c317a0c17a2e8" candidate_uuid: "1e37a9c5d3ac4ea0a1c2d17e842af7f2" candidate_term: 1 candidate_status { last_received { term: 0 index: 0 } } ignore_live_leader: false dest_uuid: "bdbf22d7cc9d476ea3892532f66d845f" is_pre_election: true
I20260710 13:26:30.216585   416 leader_election.cc:304] T 0b82b3ea70bb41a89fbdd3ab57f322f9 P b85f2232ce594021a588ceb386a00bf9 [CANDIDATE]: Term 1 pre-election: Election decided. Result: candidate lost. Election summary: received 3 responses out of 3 voters: 1 yes votes; 2 no votes. yes voters: b85f2232ce594021a588ceb386a00bf9; no voters: 1e37a9c5d3ac4ea0a1c2d17e842af7f2, bdbf22d7cc9d476ea3892532f66d845f
I20260710 13:26:30.223470   522 raft_consensus.cc:2804] T 1821ab78f458482c8d5355810803b823 P 1e37a9c5d3ac4ea0a1c2d17e842af7f2 [term 1 FOLLOWER]: Leader election won for term 1
W20260710 13:26:30.223470   342 leader_election.cc:343] T ea3a4d11058b4f2ca45c317a0c17a2e8 P 1e37a9c5d3ac4ea0a1c2d17e842af7f2 [CANDIDATE]: Term 1 pre-election: Tablet error from VoteRequest() call to peer bdbf22d7cc9d476ea3892532f66d845f (127.31.223.1:32793): Illegal state: must be running to vote when last-logged opid is not known
I20260710 13:26:30.225109   501 raft_consensus.cc:515] T f91fba0690b44ee095547562b8fd5cfb P b85f2232ce594021a588ceb386a00bf9 [term 1 FOLLOWER]: Starting leader election with config: opid_index: -1 OBSOLETE_local: false peers { permanent_uuid: "b85f2232ce594021a588ceb386a00bf9" member_type: VOTER last_known_addr { host: "127.31.223.3" port: 45965 } } peers { permanent_uuid: "bdbf22d7cc9d476ea3892532f66d845f" member_type: VOTER last_known_addr { host: "127.31.223.1" port: 32793 } } peers { permanent_uuid: "1e37a9c5d3ac4ea0a1c2d17e842af7f2" member_type: VOTER last_known_addr { host: "127.31.223.2" port: 44667 } }
I20260710 13:26:30.225917   452 raft_consensus.cc:2468] T 1821ab78f458482c8d5355810803b823 P b85f2232ce594021a588ceb386a00bf9 [term 1 FOLLOWER]: Leader election vote request: Granting yes vote for candidate 1e37a9c5d3ac4ea0a1c2d17e842af7f2 in term 1.
I20260710 13:26:30.225716   522 raft_consensus.cc:697] T 1821ab78f458482c8d5355810803b823 P 1e37a9c5d3ac4ea0a1c2d17e842af7f2 [term 1 LEADER]: Becoming Leader. State: Replica: 1e37a9c5d3ac4ea0a1c2d17e842af7f2, State: Running, Role: LEADER
I20260710 13:26:30.237654   529 raft_consensus.cc:2764] T 1821ab78f458482c8d5355810803b823 P b85f2232ce594021a588ceb386a00bf9 [term 1 FOLLOWER]: Leader pre-election decision vote started in defunct term 0: won
I20260710 13:26:30.240773   531 leader_election.cc:290] T 4d8b181c9abf4dfd97fa41d19e8f479f P b85f2232ce594021a588ceb386a00bf9 [CANDIDATE]: Term 1 election: Requested vote from peers bdbf22d7cc9d476ea3892532f66d845f (127.31.223.1:32793), 1e37a9c5d3ac4ea0a1c2d17e842af7f2 (127.31.223.2:44667)
I20260710 13:26:30.243474   544 leader_election.cc:290] T ea3a4d11058b4f2ca45c317a0c17a2e8 P 1e37a9c5d3ac4ea0a1c2d17e842af7f2 [CANDIDATE]: Term 1 pre-election: Requested pre-vote from peers bdbf22d7cc9d476ea3892532f66d845f (127.31.223.1:32793), b85f2232ce594021a588ceb386a00bf9 (127.31.223.3:45965)
I20260710 13:26:30.245889   501 leader_election.cc:290] T f91fba0690b44ee095547562b8fd5cfb P b85f2232ce594021a588ceb386a00bf9 [CANDIDATE]: Term 1 election: Requested vote from peers bdbf22d7cc9d476ea3892532f66d845f (127.31.223.1:32793), 1e37a9c5d3ac4ea0a1c2d17e842af7f2 (127.31.223.2:44667)
I20260710 13:26:30.245391   531 raft_consensus.cc:2749] T 0b82b3ea70bb41a89fbdd3ab57f322f9 P b85f2232ce594021a588ceb386a00bf9 [term 1 FOLLOWER]: Leader pre-election lost for term 1. Reason: could not achieve majority
I20260710 13:26:30.246472   522 consensus_queue.cc:237] T 1821ab78f458482c8d5355810803b823 P 1e37a9c5d3ac4ea0a1c2d17e842af7f2 [LEADER]: Queue going to LEADER mode. State: All replicated index: 0, Majority replicated index: 0, Committed index: 0, Last appended: 0.0, Last appended by leader: 0, Current term: 1, Majority size: 2, State: 0, Mode: LEADER, active raft config: opid_index: -1 OBSOLETE_local: false peers { permanent_uuid: "bdbf22d7cc9d476ea3892532f66d845f" member_type: VOTER last_known_addr { host: "127.31.223.1" port: 32793 } } peers { permanent_uuid: "1e37a9c5d3ac4ea0a1c2d17e842af7f2" member_type: VOTER last_known_addr { host: "127.31.223.2" port: 44667 } } peers { permanent_uuid: "b85f2232ce594021a588ceb386a00bf9" member_type: VOTER last_known_addr { host: "127.31.223.3" port: 45965 } }
I20260710 13:26:30.251763   496 tablet_bootstrap.cc:654] T 32e74e6b21eb48ca86df1bdcfb8b01c0 P 1e37a9c5d3ac4ea0a1c2d17e842af7f2: Neither blocks nor log segments found. Creating new log.
I20260710 13:26:30.251971   497 tablet_bootstrap.cc:492] T c2b32b29431141a79b90386a6d76dbaf P bdbf22d7cc9d476ea3892532f66d845f: No bootstrap required, opened a new log
I20260710 13:26:30.252378   497 ts_tablet_manager.cc:1403] T c2b32b29431141a79b90386a6d76dbaf P bdbf22d7cc9d476ea3892532f66d845f: Time spent bootstrapping tablet: real 0.120s	user 0.010s	sys 0.022s
I20260710 13:26:30.254287   378 tablet_service.cc:1917] Received RequestConsensusVote() RPC: tablet_id: "4d8b181c9abf4dfd97fa41d19e8f479f" candidate_uuid: "b85f2232ce594021a588ceb386a00bf9" candidate_term: 1 candidate_status { last_received { term: 0 index: 0 } } ignore_live_leader: false dest_uuid: "1e37a9c5d3ac4ea0a1c2d17e842af7f2"
I20260710 13:26:30.254740   301 tablet_service.cc:1917] Received RequestConsensusVote() RPC: tablet_id: "f91fba0690b44ee095547562b8fd5cfb" candidate_uuid: "b85f2232ce594021a588ceb386a00bf9" candidate_term: 1 candidate_status { last_received { term: 0 index: 0 } } ignore_live_leader: false dest_uuid: "bdbf22d7cc9d476ea3892532f66d845f"
I20260710 13:26:30.254887   378 raft_consensus.cc:3060] T 4d8b181c9abf4dfd97fa41d19e8f479f P 1e37a9c5d3ac4ea0a1c2d17e842af7f2 [term 0 FOLLOWER]: Advancing to term 1
I20260710 13:26:30.255524   302 tablet_service.cc:1917] Received RequestConsensusVote() RPC: tablet_id: "4d8b181c9abf4dfd97fa41d19e8f479f" candidate_uuid: "b85f2232ce594021a588ceb386a00bf9" candidate_term: 1 candidate_status { last_received { term: 0 index: 0 } } ignore_live_leader: false dest_uuid: "bdbf22d7cc9d476ea3892532f66d845f"
I20260710 13:26:30.255776   301 raft_consensus.cc:3060] T f91fba0690b44ee095547562b8fd5cfb P bdbf22d7cc9d476ea3892532f66d845f [term 0 FOLLOWER]: Advancing to term 1
I20260710 13:26:30.256089   302 raft_consensus.cc:3060] T 4d8b181c9abf4dfd97fa41d19e8f479f P bdbf22d7cc9d476ea3892532f66d845f [term 0 FOLLOWER]: Advancing to term 1
I20260710 13:26:30.249677   452 tablet_service.cc:1917] Received RequestConsensusVote() RPC: tablet_id: "ea3a4d11058b4f2ca45c317a0c17a2e8" candidate_uuid: "1e37a9c5d3ac4ea0a1c2d17e842af7f2" candidate_term: 1 candidate_status { last_received { term: 0 index: 0 } } ignore_live_leader: false dest_uuid: "b85f2232ce594021a588ceb386a00bf9" is_pre_election: true
I20260710 13:26:30.256800   495 tablet_bootstrap.cc:654] T ea3a4d11058b4f2ca45c317a0c17a2e8 P b85f2232ce594021a588ceb386a00bf9: Neither blocks nor log segments found. Creating new log.
I20260710 13:26:30.259040   497 raft_consensus.cc:359] T c2b32b29431141a79b90386a6d76dbaf P bdbf22d7cc9d476ea3892532f66d845f [term 0 FOLLOWER]: Replica starting. Triggering 0 pending ops. Active config: opid_index: -1 OBSOLETE_local: false peers { permanent_uuid: "bdbf22d7cc9d476ea3892532f66d845f" member_type: VOTER last_known_addr { host: "127.31.223.1" port: 32793 } } peers { permanent_uuid: "1e37a9c5d3ac4ea0a1c2d17e842af7f2" member_type: VOTER last_known_addr { host: "127.31.223.2" port: 44667 } } peers { permanent_uuid: "b85f2232ce594021a588ceb386a00bf9" member_type: VOTER last_known_addr { host: "127.31.223.3" port: 45965 } }
I20260710 13:26:30.259711   497 raft_consensus.cc:385] T c2b32b29431141a79b90386a6d76dbaf P bdbf22d7cc9d476ea3892532f66d845f [term 0 FOLLOWER]: Consensus starting up: Expiring failure detector timer to make a prompt election more likely
I20260710 13:26:30.259994   497 raft_consensus.cc:740] T c2b32b29431141a79b90386a6d76dbaf P bdbf22d7cc9d476ea3892532f66d845f [term 0 FOLLOWER]: Becoming Follower/Learner. State: Replica: bdbf22d7cc9d476ea3892532f66d845f, State: Initialized, Role: FOLLOWER
I20260710 13:26:30.263075   374 tablet_service.cc:1917] Received RequestConsensusVote() RPC: tablet_id: "f91fba0690b44ee095547562b8fd5cfb" candidate_uuid: "b85f2232ce594021a588ceb386a00bf9" candidate_term: 1 candidate_status { last_received { term: 0 index: 0 } } ignore_live_leader: false dest_uuid: "1e37a9c5d3ac4ea0a1c2d17e842af7f2"
I20260710 13:26:30.263695   374 raft_consensus.cc:3060] T f91fba0690b44ee095547562b8fd5cfb P 1e37a9c5d3ac4ea0a1c2d17e842af7f2 [term 0 FOLLOWER]: Advancing to term 1
I20260710 13:26:30.264358   497 consensus_queue.cc:260] T c2b32b29431141a79b90386a6d76dbaf P bdbf22d7cc9d476ea3892532f66d845f [NON_LEADER]: Queue going to NON_LEADER mode. State: All replicated index: 0, Majority replicated index: 0, Committed index: 0, Last appended: 0.0, Last appended by leader: 0, Current term: 0, Majority size: -1, State: 0, Mode: NON_LEADER, active raft config: opid_index: -1 OBSOLETE_local: false peers { permanent_uuid: "bdbf22d7cc9d476ea3892532f66d845f" member_type: VOTER last_known_addr { host: "127.31.223.1" port: 32793 } } peers { permanent_uuid: "1e37a9c5d3ac4ea0a1c2d17e842af7f2" member_type: VOTER last_known_addr { host: "127.31.223.2" port: 44667 } } peers { permanent_uuid: "b85f2232ce594021a588ceb386a00bf9" member_type: VOTER last_known_addr { host: "127.31.223.3" port: 45965 } }
I20260710 13:26:30.269524   497 ts_tablet_manager.cc:1434] T c2b32b29431141a79b90386a6d76dbaf P bdbf22d7cc9d476ea3892532f66d845f: Time spent starting tablet: real 0.017s	user 0.006s	sys 0.001s
I20260710 13:26:30.270251   497 tablet_bootstrap.cc:492] T ea3a4d11058b4f2ca45c317a0c17a2e8 P bdbf22d7cc9d476ea3892532f66d845f: Bootstrap starting.
I20260710 13:26:30.276826   301 raft_consensus.cc:2468] T f91fba0690b44ee095547562b8fd5cfb P bdbf22d7cc9d476ea3892532f66d845f [term 1 FOLLOWER]: Leader election vote request: Granting yes vote for candidate b85f2232ce594021a588ceb386a00bf9 in term 1.
I20260710 13:26:30.277063 32668 catalog_manager.cc:5697] T f1fab722bae4400185c80d2380283a59 P 1e37a9c5d3ac4ea0a1c2d17e842af7f2 reported cstate change: term changed from 0 to 1, leader changed from <none> to 1e37a9c5d3ac4ea0a1c2d17e842af7f2 (127.31.223.2). New cstate: current_term: 1 leader_uuid: "1e37a9c5d3ac4ea0a1c2d17e842af7f2" committed_config { opid_index: -1 OBSOLETE_local: false peers { permanent_uuid: "bdbf22d7cc9d476ea3892532f66d845f" member_type: VOTER last_known_addr { host: "127.31.223.1" port: 32793 } health_report { overall_health: UNKNOWN } } peers { permanent_uuid: "1e37a9c5d3ac4ea0a1c2d17e842af7f2" member_type: VOTER last_known_addr { host: "127.31.223.2" port: 44667 } health_report { overall_health: HEALTHY } } peers { permanent_uuid: "b85f2232ce594021a588ceb386a00bf9" member_type: VOTER last_known_addr { host: "127.31.223.3" port: 45965 } health_report { overall_health: UNKNOWN } } }
W20260710 13:26:30.271948   342 leader_election.cc:343] T ea3a4d11058b4f2ca45c317a0c17a2e8 P 1e37a9c5d3ac4ea0a1c2d17e842af7f2 [CANDIDATE]: Term 1 pre-election: Tablet error from VoteRequest() call to peer b85f2232ce594021a588ceb386a00bf9 (127.31.223.3:45965): Illegal state: must be running to vote when last-logged opid is not known
I20260710 13:26:30.280397   342 leader_election.cc:304] T ea3a4d11058b4f2ca45c317a0c17a2e8 P 1e37a9c5d3ac4ea0a1c2d17e842af7f2 [CANDIDATE]: Term 1 pre-election: Election decided. Result: candidate lost. Election summary: received 3 responses out of 3 voters: 1 yes votes; 2 no votes. yes voters: 1e37a9c5d3ac4ea0a1c2d17e842af7f2; no voters: b85f2232ce594021a588ceb386a00bf9, bdbf22d7cc9d476ea3892532f66d845f
I20260710 13:26:30.283542   543 raft_consensus.cc:2749] T ea3a4d11058b4f2ca45c317a0c17a2e8 P 1e37a9c5d3ac4ea0a1c2d17e842af7f2 [term 0 FOLLOWER]: Leader pre-election lost for term 1. Reason: could not achieve majority
I20260710 13:26:30.288532   497 tablet_bootstrap.cc:654] T ea3a4d11058b4f2ca45c317a0c17a2e8 P bdbf22d7cc9d476ea3892532f66d845f: Neither blocks nor log segments found. Creating new log.
I20260710 13:26:30.289685   496 tablet_bootstrap.cc:492] T 32e74e6b21eb48ca86df1bdcfb8b01c0 P 1e37a9c5d3ac4ea0a1c2d17e842af7f2: No bootstrap required, opened a new log
I20260710 13:26:30.290230   496 ts_tablet_manager.cc:1403] T 32e74e6b21eb48ca86df1bdcfb8b01c0 P 1e37a9c5d3ac4ea0a1c2d17e842af7f2: Time spent bootstrapping tablet: real 0.129s	user 0.024s	sys 0.003s
I20260710 13:26:30.287209   416 leader_election.cc:304] T f91fba0690b44ee095547562b8fd5cfb P b85f2232ce594021a588ceb386a00bf9 [CANDIDATE]: Term 1 election: Election decided. Result: candidate won. Election summary: received 2 responses out of 3 voters: 2 yes votes; 0 no votes. yes voters: b85f2232ce594021a588ceb386a00bf9, bdbf22d7cc9d476ea3892532f66d845f; no voters: 
I20260710 13:26:30.293605   529 raft_consensus.cc:2804] T f91fba0690b44ee095547562b8fd5cfb P b85f2232ce594021a588ceb386a00bf9 [term 1 FOLLOWER]: Leader election won for term 1
I20260710 13:26:30.302629   529 raft_consensus.cc:697] T f91fba0690b44ee095547562b8fd5cfb P b85f2232ce594021a588ceb386a00bf9 [term 1 LEADER]: Becoming Leader. State: Replica: b85f2232ce594021a588ceb386a00bf9, State: Running, Role: LEADER
I20260710 13:26:30.292742 32665 catalog_manager.cc:5697] T 0b82b3ea70bb41a89fbdd3ab57f322f9 P bdbf22d7cc9d476ea3892532f66d845f reported cstate change: term changed from 0 to 1, leader changed from <none> to bdbf22d7cc9d476ea3892532f66d845f (127.31.223.1). New cstate: current_term: 1 leader_uuid: "bdbf22d7cc9d476ea3892532f66d845f" committed_config { opid_index: -1 OBSOLETE_local: false peers { permanent_uuid: "bdbf22d7cc9d476ea3892532f66d845f" member_type: VOTER last_known_addr { host: "127.31.223.1" port: 32793 } health_report { overall_health: HEALTHY } } peers { permanent_uuid: "1e37a9c5d3ac4ea0a1c2d17e842af7f2" member_type: VOTER last_known_addr { host: "127.31.223.2" port: 44667 } health_report { overall_health: UNKNOWN } } peers { permanent_uuid: "b85f2232ce594021a588ceb386a00bf9" member_type: VOTER last_known_addr { host: "127.31.223.3" port: 45965 } health_report { overall_health: UNKNOWN } } }
I20260710 13:26:30.308106   495 tablet_bootstrap.cc:492] T ea3a4d11058b4f2ca45c317a0c17a2e8 P b85f2232ce594021a588ceb386a00bf9: No bootstrap required, opened a new log
I20260710 13:26:30.309132   495 ts_tablet_manager.cc:1403] T ea3a4d11058b4f2ca45c317a0c17a2e8 P b85f2232ce594021a588ceb386a00bf9: Time spent bootstrapping tablet: real 0.108s	user 0.018s	sys 0.002s
I20260710 13:26:30.307749   302 raft_consensus.cc:2468] T 4d8b181c9abf4dfd97fa41d19e8f479f P bdbf22d7cc9d476ea3892532f66d845f [term 1 FOLLOWER]: Leader election vote request: Granting yes vote for candidate b85f2232ce594021a588ceb386a00bf9 in term 1.
I20260710 13:26:30.308588   529 consensus_queue.cc:237] T f91fba0690b44ee095547562b8fd5cfb P b85f2232ce594021a588ceb386a00bf9 [LEADER]: Queue going to LEADER mode. State: All replicated index: 0, Majority replicated index: 0, Committed index: 0, Last appended: 0.0, Last appended by leader: 0, Current term: 1, Majority size: 2, State: 0, Mode: LEADER, active raft config: opid_index: -1 OBSOLETE_local: false peers { permanent_uuid: "b85f2232ce594021a588ceb386a00bf9" member_type: VOTER last_known_addr { host: "127.31.223.3" port: 45965 } } peers { permanent_uuid: "bdbf22d7cc9d476ea3892532f66d845f" member_type: VOTER last_known_addr { host: "127.31.223.1" port: 32793 } } peers { permanent_uuid: "1e37a9c5d3ac4ea0a1c2d17e842af7f2" member_type: VOTER last_known_addr { host: "127.31.223.2" port: 44667 } }
I20260710 13:26:30.310231   522 consensus_queue.cc:1048] T 5c38de76dd894ec99e8db65a2c3146be P 1e37a9c5d3ac4ea0a1c2d17e842af7f2 [LEADER]: Connected to new peer: Peer: permanent_uuid: "bdbf22d7cc9d476ea3892532f66d845f" member_type: VOTER last_known_addr { host: "127.31.223.1" port: 32793 }, Status: LMP_MISMATCH, Last received: 0.0, Next index: 1, Last known committed idx: 0, Time since last communication: 0.003s
I20260710 13:26:30.315311   378 raft_consensus.cc:2468] T 4d8b181c9abf4dfd97fa41d19e8f479f P 1e37a9c5d3ac4ea0a1c2d17e842af7f2 [term 1 FOLLOWER]: Leader election vote request: Granting yes vote for candidate b85f2232ce594021a588ceb386a00bf9 in term 1.
I20260710 13:26:30.322454   374 raft_consensus.cc:2468] T f91fba0690b44ee095547562b8fd5cfb P 1e37a9c5d3ac4ea0a1c2d17e842af7f2 [term 1 FOLLOWER]: Leader election vote request: Granting yes vote for candidate b85f2232ce594021a588ceb386a00bf9 in term 1.
I20260710 13:26:30.316656   416 leader_election.cc:304] T 4d8b181c9abf4dfd97fa41d19e8f479f P b85f2232ce594021a588ceb386a00bf9 [CANDIDATE]: Term 1 election: Election decided. Result: candidate won. Election summary: received 2 responses out of 3 voters: 2 yes votes; 0 no votes. yes voters: b85f2232ce594021a588ceb386a00bf9, bdbf22d7cc9d476ea3892532f66d845f; no voters: 
I20260710 13:26:30.326442   531 raft_consensus.cc:2804] T 4d8b181c9abf4dfd97fa41d19e8f479f P b85f2232ce594021a588ceb386a00bf9 [term 1 FOLLOWER]: Leader election won for term 1
I20260710 13:26:30.327029   531 raft_consensus.cc:697] T 4d8b181c9abf4dfd97fa41d19e8f479f P b85f2232ce594021a588ceb386a00bf9 [term 1 LEADER]: Becoming Leader. State: Replica: b85f2232ce594021a588ceb386a00bf9, State: Running, Role: LEADER
I20260710 13:26:30.327852   531 consensus_queue.cc:237] T 4d8b181c9abf4dfd97fa41d19e8f479f P b85f2232ce594021a588ceb386a00bf9 [LEADER]: Queue going to LEADER mode. State: All replicated index: 0, Majority replicated index: 0, Committed index: 0, Last appended: 0.0, Last appended by leader: 0, Current term: 1, Majority size: 2, State: 0, Mode: LEADER, active raft config: opid_index: -1 OBSOLETE_local: false peers { permanent_uuid: "bdbf22d7cc9d476ea3892532f66d845f" member_type: VOTER last_known_addr { host: "127.31.223.1" port: 32793 } } peers { permanent_uuid: "1e37a9c5d3ac4ea0a1c2d17e842af7f2" member_type: VOTER last_known_addr { host: "127.31.223.2" port: 44667 } } peers { permanent_uuid: "b85f2232ce594021a588ceb386a00bf9" member_type: VOTER last_known_addr { host: "127.31.223.3" port: 45965 } }
I20260710 13:26:30.332429   496 raft_consensus.cc:359] T 32e74e6b21eb48ca86df1bdcfb8b01c0 P 1e37a9c5d3ac4ea0a1c2d17e842af7f2 [term 0 FOLLOWER]: Replica starting. Triggering 0 pending ops. Active config: opid_index: -1 OBSOLETE_local: false peers { permanent_uuid: "bdbf22d7cc9d476ea3892532f66d845f" member_type: VOTER last_known_addr { host: "127.31.223.1" port: 32793 } } peers { permanent_uuid: "1e37a9c5d3ac4ea0a1c2d17e842af7f2" member_type: VOTER last_known_addr { host: "127.31.223.2" port: 44667 } } peers { permanent_uuid: "b85f2232ce594021a588ceb386a00bf9" member_type: VOTER last_known_addr { host: "127.31.223.3" port: 45965 } }
I20260710 13:26:30.333048   496 raft_consensus.cc:385] T 32e74e6b21eb48ca86df1bdcfb8b01c0 P 1e37a9c5d3ac4ea0a1c2d17e842af7f2 [term 0 FOLLOWER]: Consensus starting up: Expiring failure detector timer to make a prompt election more likely
I20260710 13:26:30.333228   496 raft_consensus.cc:740] T 32e74e6b21eb48ca86df1bdcfb8b01c0 P 1e37a9c5d3ac4ea0a1c2d17e842af7f2 [term 0 FOLLOWER]: Becoming Follower/Learner. State: Replica: 1e37a9c5d3ac4ea0a1c2d17e842af7f2, State: Initialized, Role: FOLLOWER
I20260710 13:26:30.334105   495 raft_consensus.cc:359] T ea3a4d11058b4f2ca45c317a0c17a2e8 P b85f2232ce594021a588ceb386a00bf9 [term 0 FOLLOWER]: Replica starting. Triggering 0 pending ops. Active config: opid_index: -1 OBSOLETE_local: false peers { permanent_uuid: "bdbf22d7cc9d476ea3892532f66d845f" member_type: VOTER last_known_addr { host: "127.31.223.1" port: 32793 } } peers { permanent_uuid: "1e37a9c5d3ac4ea0a1c2d17e842af7f2" member_type: VOTER last_known_addr { host: "127.31.223.2" port: 44667 } } peers { permanent_uuid: "b85f2232ce594021a588ceb386a00bf9" member_type: VOTER last_known_addr { host: "127.31.223.3" port: 45965 } }
I20260710 13:26:30.339903   495 raft_consensus.cc:385] T ea3a4d11058b4f2ca45c317a0c17a2e8 P b85f2232ce594021a588ceb386a00bf9 [term 0 FOLLOWER]: Consensus starting up: Expiring failure detector timer to make a prompt election more likely
I20260710 13:26:30.340274   495 raft_consensus.cc:740] T ea3a4d11058b4f2ca45c317a0c17a2e8 P b85f2232ce594021a588ceb386a00bf9 [term 0 FOLLOWER]: Becoming Follower/Learner. State: Replica: b85f2232ce594021a588ceb386a00bf9, State: Initialized, Role: FOLLOWER
I20260710 13:26:30.334136   496 consensus_queue.cc:260] T 32e74e6b21eb48ca86df1bdcfb8b01c0 P 1e37a9c5d3ac4ea0a1c2d17e842af7f2 [NON_LEADER]: Queue going to NON_LEADER mode. State: All replicated index: 0, Majority replicated index: 0, Committed index: 0, Last appended: 0.0, Last appended by leader: 0, Current term: 0, Majority size: -1, State: 0, Mode: NON_LEADER, active raft config: opid_index: -1 OBSOLETE_local: false peers { permanent_uuid: "bdbf22d7cc9d476ea3892532f66d845f" member_type: VOTER last_known_addr { host: "127.31.223.1" port: 32793 } } peers { permanent_uuid: "1e37a9c5d3ac4ea0a1c2d17e842af7f2" member_type: VOTER last_known_addr { host: "127.31.223.2" port: 44667 } } peers { permanent_uuid: "b85f2232ce594021a588ceb386a00bf9" member_type: VOTER last_known_addr { host: "127.31.223.3" port: 45965 } }
I20260710 13:26:30.341620   495 consensus_queue.cc:260] T ea3a4d11058b4f2ca45c317a0c17a2e8 P b85f2232ce594021a588ceb386a00bf9 [NON_LEADER]: Queue going to NON_LEADER mode. State: All replicated index: 0, Majority replicated index: 0, Committed index: 0, Last appended: 0.0, Last appended by leader: 0, Current term: 0, Majority size: -1, State: 0, Mode: NON_LEADER, active raft config: opid_index: -1 OBSOLETE_local: false peers { permanent_uuid: "bdbf22d7cc9d476ea3892532f66d845f" member_type: VOTER last_known_addr { host: "127.31.223.1" port: 32793 } } peers { permanent_uuid: "1e37a9c5d3ac4ea0a1c2d17e842af7f2" member_type: VOTER last_known_addr { host: "127.31.223.2" port: 44667 } } peers { permanent_uuid: "b85f2232ce594021a588ceb386a00bf9" member_type: VOTER last_known_addr { host: "127.31.223.3" port: 45965 } }
I20260710 13:26:30.346524   497 tablet_bootstrap.cc:492] T ea3a4d11058b4f2ca45c317a0c17a2e8 P bdbf22d7cc9d476ea3892532f66d845f: No bootstrap required, opened a new log
I20260710 13:26:30.346985   497 ts_tablet_manager.cc:1403] T ea3a4d11058b4f2ca45c317a0c17a2e8 P bdbf22d7cc9d476ea3892532f66d845f: Time spent bootstrapping tablet: real 0.077s	user 0.013s	sys 0.002s
I20260710 13:26:30.348081   496 ts_tablet_manager.cc:1434] T 32e74e6b21eb48ca86df1bdcfb8b01c0 P 1e37a9c5d3ac4ea0a1c2d17e842af7f2: Time spent starting tablet: real 0.058s	user 0.007s	sys 0.002s
I20260710 13:26:30.349823   495 ts_tablet_manager.cc:1434] T ea3a4d11058b4f2ca45c317a0c17a2e8 P b85f2232ce594021a588ceb386a00bf9: Time spent starting tablet: real 0.040s	user 0.010s	sys 0.005s
I20260710 13:26:30.365545   531 raft_consensus.cc:493] T ea3a4d11058b4f2ca45c317a0c17a2e8 P b85f2232ce594021a588ceb386a00bf9 [term 0 FOLLOWER]: Starting pre-election (no leader contacted us within the election timeout)
I20260710 13:26:30.368178   531 raft_consensus.cc:515] T ea3a4d11058b4f2ca45c317a0c17a2e8 P b85f2232ce594021a588ceb386a00bf9 [term 0 FOLLOWER]: Starting pre-election with config: opid_index: -1 OBSOLETE_local: false peers { permanent_uuid: "bdbf22d7cc9d476ea3892532f66d845f" member_type: VOTER last_known_addr { host: "127.31.223.1" port: 32793 } } peers { permanent_uuid: "1e37a9c5d3ac4ea0a1c2d17e842af7f2" member_type: VOTER last_known_addr { host: "127.31.223.2" port: 44667 } } peers { permanent_uuid: "b85f2232ce594021a588ceb386a00bf9" member_type: VOTER last_known_addr { host: "127.31.223.3" port: 45965 } }
I20260710 13:26:30.369624   497 raft_consensus.cc:359] T ea3a4d11058b4f2ca45c317a0c17a2e8 P bdbf22d7cc9d476ea3892532f66d845f [term 0 FOLLOWER]: Replica starting. Triggering 0 pending ops. Active config: opid_index: -1 OBSOLETE_local: false peers { permanent_uuid: "bdbf22d7cc9d476ea3892532f66d845f" member_type: VOTER last_known_addr { host: "127.31.223.1" port: 32793 } } peers { permanent_uuid: "1e37a9c5d3ac4ea0a1c2d17e842af7f2" member_type: VOTER last_known_addr { host: "127.31.223.2" port: 44667 } } peers { permanent_uuid: "b85f2232ce594021a588ceb386a00bf9" member_type: VOTER last_known_addr { host: "127.31.223.3" port: 45965 } }
I20260710 13:26:30.370738   497 raft_consensus.cc:385] T ea3a4d11058b4f2ca45c317a0c17a2e8 P bdbf22d7cc9d476ea3892532f66d845f [term 0 FOLLOWER]: Consensus starting up: Expiring failure detector timer to make a prompt election more likely
I20260710 13:26:30.371016   497 raft_consensus.cc:740] T ea3a4d11058b4f2ca45c317a0c17a2e8 P bdbf22d7cc9d476ea3892532f66d845f [term 0 FOLLOWER]: Becoming Follower/Learner. State: Replica: bdbf22d7cc9d476ea3892532f66d845f, State: Initialized, Role: FOLLOWER
I20260710 13:26:30.375582   531 leader_election.cc:290] T ea3a4d11058b4f2ca45c317a0c17a2e8 P b85f2232ce594021a588ceb386a00bf9 [CANDIDATE]: Term 1 pre-election: Requested pre-vote from peers bdbf22d7cc9d476ea3892532f66d845f (127.31.223.1:32793), 1e37a9c5d3ac4ea0a1c2d17e842af7f2 (127.31.223.2:44667)
I20260710 13:26:30.376415   502 raft_consensus.cc:493] T 32e74e6b21eb48ca86df1bdcfb8b01c0 P bdbf22d7cc9d476ea3892532f66d845f [term 0 FOLLOWER]: Starting pre-election (no leader contacted us within the election timeout)
I20260710 13:26:30.376847   301 tablet_service.cc:1917] Received RequestConsensusVote() RPC: tablet_id: "ea3a4d11058b4f2ca45c317a0c17a2e8" candidate_uuid: "b85f2232ce594021a588ceb386a00bf9" candidate_term: 1 candidate_status { last_received { term: 0 index: 0 } } ignore_live_leader: false dest_uuid: "bdbf22d7cc9d476ea3892532f66d845f" is_pre_election: true
I20260710 13:26:30.377159   374 tablet_service.cc:1917] Received RequestConsensusVote() RPC: tablet_id: "ea3a4d11058b4f2ca45c317a0c17a2e8" candidate_uuid: "b85f2232ce594021a588ceb386a00bf9" candidate_term: 1 candidate_status { last_received { term: 0 index: 0 } } ignore_live_leader: false dest_uuid: "1e37a9c5d3ac4ea0a1c2d17e842af7f2" is_pre_election: true
I20260710 13:26:30.376899   502 raft_consensus.cc:515] T 32e74e6b21eb48ca86df1bdcfb8b01c0 P bdbf22d7cc9d476ea3892532f66d845f [term 0 FOLLOWER]: Starting pre-election with config: opid_index: -1 OBSOLETE_local: false peers { permanent_uuid: "bdbf22d7cc9d476ea3892532f66d845f" member_type: VOTER last_known_addr { host: "127.31.223.1" port: 32793 } } peers { permanent_uuid: "1e37a9c5d3ac4ea0a1c2d17e842af7f2" member_type: VOTER last_known_addr { host: "127.31.223.2" port: 44667 } } peers { permanent_uuid: "b85f2232ce594021a588ceb386a00bf9" member_type: VOTER last_known_addr { host: "127.31.223.3" port: 45965 } }
I20260710 13:26:30.377751   374 raft_consensus.cc:2468] T ea3a4d11058b4f2ca45c317a0c17a2e8 P 1e37a9c5d3ac4ea0a1c2d17e842af7f2 [term 0 FOLLOWER]: Leader pre-election vote request: Granting yes vote for candidate b85f2232ce594021a588ceb386a00bf9 in term 0.
I20260710 13:26:30.379027   502 leader_election.cc:290] T 32e74e6b21eb48ca86df1bdcfb8b01c0 P bdbf22d7cc9d476ea3892532f66d845f [CANDIDATE]: Term 1 pre-election: Requested pre-vote from peers 1e37a9c5d3ac4ea0a1c2d17e842af7f2 (127.31.223.2:44667), b85f2232ce594021a588ceb386a00bf9 (127.31.223.3:45965)
I20260710 13:26:30.378927   416 leader_election.cc:304] T ea3a4d11058b4f2ca45c317a0c17a2e8 P b85f2232ce594021a588ceb386a00bf9 [CANDIDATE]: Term 1 pre-election: Election decided. Result: candidate won. Election summary: received 2 responses out of 3 voters: 2 yes votes; 0 no votes. yes voters: 1e37a9c5d3ac4ea0a1c2d17e842af7f2, b85f2232ce594021a588ceb386a00bf9; no voters: 
I20260710 13:26:30.381981   452 tablet_service.cc:1917] Received RequestConsensusVote() RPC: tablet_id: "32e74e6b21eb48ca86df1bdcfb8b01c0" candidate_uuid: "bdbf22d7cc9d476ea3892532f66d845f" candidate_term: 1 candidate_status { last_received { term: 0 index: 0 } } ignore_live_leader: false dest_uuid: "b85f2232ce594021a588ceb386a00bf9" is_pre_election: true
I20260710 13:26:30.382212   497 consensus_queue.cc:260] T ea3a4d11058b4f2ca45c317a0c17a2e8 P bdbf22d7cc9d476ea3892532f66d845f [NON_LEADER]: Queue going to NON_LEADER mode. State: All replicated index: 0, Majority replicated index: 0, Committed index: 0, Last appended: 0.0, Last appended by leader: 0, Current term: 0, Majority size: -1, State: 0, Mode: NON_LEADER, active raft config: opid_index: -1 OBSOLETE_local: false peers { permanent_uuid: "bdbf22d7cc9d476ea3892532f66d845f" member_type: VOTER last_known_addr { host: "127.31.223.1" port: 32793 } } peers { permanent_uuid: "1e37a9c5d3ac4ea0a1c2d17e842af7f2" member_type: VOTER last_known_addr { host: "127.31.223.2" port: 44667 } } peers { permanent_uuid: "b85f2232ce594021a588ceb386a00bf9" member_type: VOTER last_known_addr { host: "127.31.223.3" port: 45965 } }
I20260710 13:26:30.382722   452 raft_consensus.cc:2468] T 32e74e6b21eb48ca86df1bdcfb8b01c0 P b85f2232ce594021a588ceb386a00bf9 [term 0 FOLLOWER]: Leader pre-election vote request: Granting yes vote for candidate bdbf22d7cc9d476ea3892532f66d845f in term 0.
I20260710 13:26:30.383961 32735 leader_election.cc:304] T 32e74e6b21eb48ca86df1bdcfb8b01c0 P bdbf22d7cc9d476ea3892532f66d845f [CANDIDATE]: Term 1 pre-election: Election decided. Result: candidate won. Election summary: received 2 responses out of 3 voters: 2 yes votes; 0 no votes. yes voters: b85f2232ce594021a588ceb386a00bf9, bdbf22d7cc9d476ea3892532f66d845f; no voters: 
I20260710 13:26:30.385274   502 raft_consensus.cc:2804] T 32e74e6b21eb48ca86df1bdcfb8b01c0 P bdbf22d7cc9d476ea3892532f66d845f [term 0 FOLLOWER]: Leader pre-election won for term 1
I20260710 13:26:30.385639   502 raft_consensus.cc:493] T 32e74e6b21eb48ca86df1bdcfb8b01c0 P bdbf22d7cc9d476ea3892532f66d845f [term 0 FOLLOWER]: Starting leader election (no leader contacted us within the election timeout)
I20260710 13:26:30.385964   502 raft_consensus.cc:3060] T 32e74e6b21eb48ca86df1bdcfb8b01c0 P bdbf22d7cc9d476ea3892532f66d845f [term 0 FOLLOWER]: Advancing to term 1
I20260710 13:26:30.385435 32668 catalog_manager.cc:5697] T f91fba0690b44ee095547562b8fd5cfb P b85f2232ce594021a588ceb386a00bf9 reported cstate change: term changed from 0 to 1, leader changed from <none> to b85f2232ce594021a588ceb386a00bf9 (127.31.223.3). New cstate: current_term: 1 leader_uuid: "b85f2232ce594021a588ceb386a00bf9" committed_config { opid_index: -1 OBSOLETE_local: false peers { permanent_uuid: "b85f2232ce594021a588ceb386a00bf9" member_type: VOTER last_known_addr { host: "127.31.223.3" port: 45965 } health_report { overall_health: HEALTHY } } peers { permanent_uuid: "bdbf22d7cc9d476ea3892532f66d845f" member_type: VOTER last_known_addr { host: "127.31.223.1" port: 32793 } health_report { overall_health: UNKNOWN } } peers { permanent_uuid: "1e37a9c5d3ac4ea0a1c2d17e842af7f2" member_type: VOTER last_known_addr { host: "127.31.223.2" port: 44667 } health_report { overall_health: UNKNOWN } } }
I20260710 13:26:30.388363   301 raft_consensus.cc:2468] T ea3a4d11058b4f2ca45c317a0c17a2e8 P bdbf22d7cc9d476ea3892532f66d845f [term 0 FOLLOWER]: Leader pre-election vote request: Granting yes vote for candidate b85f2232ce594021a588ceb386a00bf9 in term 0.
I20260710 13:26:30.381976   374 tablet_service.cc:1917] Received RequestConsensusVote() RPC: tablet_id: "32e74e6b21eb48ca86df1bdcfb8b01c0" candidate_uuid: "bdbf22d7cc9d476ea3892532f66d845f" candidate_term: 1 candidate_status { last_received { term: 0 index: 0 } } ignore_live_leader: false dest_uuid: "1e37a9c5d3ac4ea0a1c2d17e842af7f2" is_pre_election: true
