I20260710 13:26:43.251379   949 tablet_service.cc:1917] Received RequestConsensusVote() RPC: tablet_id: "b75631d2bd37433a81df9bc6482c4c3a" candidate_uuid: "1eb6d0827c7b4320af9c7d427286f5e8" candidate_term: 2 candidate_status { last_received { term: 1 index: 1 } } ignore_live_leader: true dest_uuid: "e651ce44be6f45cf8b17802f29a939a7"
I20260710 13:26:43.251899   949 raft_consensus.cc:3060] T b75631d2bd37433a81df9bc6482c4c3a P e651ce44be6f45cf8b17802f29a939a7 [term 1 FOLLOWER]: Advancing to term 2
I20260710 13:26:43.243835   878 consensus_queue.cc:260] T f2bf5ecbc7e847de91bbd6540d0b9fe4 P 1eb6d0827c7b4320af9c7d427286f5e8 [NON_LEADER]: Queue going to NON_LEADER mode. State: All replicated index: 0, Majority replicated index: 1, Committed index: 1, Last appended: 1.1, Last appended by leader: 1, Current term: 1, Majority size: -1, State: 0, Mode: NON_LEADER, active raft config: opid_index: -1 OBSOLETE_local: false peers { permanent_uuid: "08167c7c18cd42b583812dfd8e25021e" member_type: VOTER last_known_addr { host: "127.31.223.1" port: 34983 } } peers { permanent_uuid: "1eb6d0827c7b4320af9c7d427286f5e8" member_type: VOTER last_known_addr { host: "127.31.223.2" port: 35071 } } peers { permanent_uuid: "e651ce44be6f45cf8b17802f29a939a7" member_type: VOTER last_known_addr { host: "127.31.223.3" port: 40729 } }
I20260710 13:26:43.240173   801 tablet_service.cc:1917] Received RequestConsensusVote() RPC: tablet_id: "2829972af12b4018937229b8981be051" candidate_uuid: "1eb6d0827c7b4320af9c7d427286f5e8" candidate_term: 2 candidate_status { last_received { term: 1 index: 1 } } ignore_live_leader: true dest_uuid: "08167c7c18cd42b583812dfd8e25021e"
I20260710 13:26:43.245607   950 tablet_service.cc:1917] Received RequestConsensusVote() RPC: tablet_id: "b75631d2bd37433a81df9bc6482c4c3a" candidate_uuid: "1eb6d0827c7b4320af9c7d427286f5e8" candidate_term: 2 candidate_status { last_received { term: 1 index: 1 } } ignore_live_leader: false dest_uuid: "e651ce44be6f45cf8b17802f29a939a7" is_pre_election: true
I20260710 13:26:43.255719   878 raft_consensus.cc:3060] T f2bf5ecbc7e847de91bbd6540d0b9fe4 P 1eb6d0827c7b4320af9c7d427286f5e8 [term 1 FOLLOWER]: Advancing to term 2
I20260710 13:26:43.256578   801 raft_consensus.cc:3055] T 2829972af12b4018937229b8981be051 P 08167c7c18cd42b583812dfd8e25021e [term 1 LEADER]: Stepping down as leader of term 1
I20260710 13:26:43.256956   801 raft_consensus.cc:740] T 2829972af12b4018937229b8981be051 P 08167c7c18cd42b583812dfd8e25021e [term 1 LEADER]: Becoming Follower/Learner. State: Replica: 08167c7c18cd42b583812dfd8e25021e, State: Running, Role: LEADER
I20260710 13:26:43.258790   798 raft_consensus.cc:3060] T b75631d2bd37433a81df9bc6482c4c3a P 08167c7c18cd42b583812dfd8e25021e [term 1 FOLLOWER]: Advancing to term 2
I20260710 13:26:43.258692   950 tablet_service.cc:1917] Received RequestConsensusVote() RPC: tablet_id: "c878ad2840fc4f3c976b3c97a13579b0" candidate_uuid: "08167c7c18cd42b583812dfd8e25021e" candidate_term: 2 candidate_status { last_received { term: 1 index: 1 } } ignore_live_leader: true dest_uuid: "e651ce44be6f45cf8b17802f29a939a7"
I20260710 13:26:43.259804   951 raft_consensus.cc:2468] T f2bf5ecbc7e847de91bbd6540d0b9fe4 P e651ce44be6f45cf8b17802f29a939a7 [term 2 FOLLOWER]: Leader election vote request: Granting yes vote for candidate 08167c7c18cd42b583812dfd8e25021e in term 2.
I20260710 13:26:43.260782   800 raft_consensus.cc:2468] T 718ffb59e8984f3ab7382e3269ea0021 P 08167c7c18cd42b583812dfd8e25021e [term 2 FOLLOWER]: Leader election vote request: Granting yes vote for candidate 1eb6d0827c7b4320af9c7d427286f5e8 in term 2.
I20260710 13:26:43.261636   876 raft_consensus.cc:3055] T c878ad2840fc4f3c976b3c97a13579b0 P 1eb6d0827c7b4320af9c7d427286f5e8 [term 1 LEADER]: Stepping down as leader of term 1
I20260710 13:26:43.258059   801 consensus_queue.cc:260] T 2829972af12b4018937229b8981be051 P 08167c7c18cd42b583812dfd8e25021e [NON_LEADER]: Queue going to NON_LEADER mode. State: All replicated index: 0, Majority replicated index: 1, Committed index: 1, Last appended: 1.1, Last appended by leader: 1, Current term: 1, Majority size: -1, State: 0, Mode: NON_LEADER, active raft config: opid_index: -1 OBSOLETE_local: false peers { permanent_uuid: "08167c7c18cd42b583812dfd8e25021e" member_type: VOTER last_known_addr { host: "127.31.223.1" port: 34983 } } peers { permanent_uuid: "1eb6d0827c7b4320af9c7d427286f5e8" member_type: VOTER last_known_addr { host: "127.31.223.2" port: 35071 } } peers { permanent_uuid: "e651ce44be6f45cf8b17802f29a939a7" member_type: VOTER last_known_addr { host: "127.31.223.3" port: 40729 } }
I20260710 13:26:43.262959   876 raft_consensus.cc:740] T c878ad2840fc4f3c976b3c97a13579b0 P 1eb6d0827c7b4320af9c7d427286f5e8 [term 1 LEADER]: Becoming Follower/Learner. State: Replica: 1eb6d0827c7b4320af9c7d427286f5e8, State: Running, Role: LEADER
I20260710 13:26:43.263913   801 raft_consensus.cc:3060] T 2829972af12b4018937229b8981be051 P 08167c7c18cd42b583812dfd8e25021e [term 1 FOLLOWER]: Advancing to term 2
I20260710 13:26:43.264144   876 consensus_queue.cc:260] T c878ad2840fc4f3c976b3c97a13579b0 P 1eb6d0827c7b4320af9c7d427286f5e8 [NON_LEADER]: Queue going to NON_LEADER mode. State: All replicated index: 0, Majority replicated index: 1, Committed index: 1, Last appended: 1.1, Last appended by leader: 1, Current term: 1, Majority size: -1, State: 0, Mode: NON_LEADER, active raft config: opid_index: -1 OBSOLETE_local: false peers { permanent_uuid: "08167c7c18cd42b583812dfd8e25021e" member_type: VOTER last_known_addr { host: "127.31.223.1" port: 34983 } } peers { permanent_uuid: "1eb6d0827c7b4320af9c7d427286f5e8" member_type: VOTER last_known_addr { host: "127.31.223.2" port: 35071 } } peers { permanent_uuid: "e651ce44be6f45cf8b17802f29a939a7" member_type: VOTER last_known_addr { host: "127.31.223.3" port: 40729 } }
I20260710 13:26:43.265370   876 raft_consensus.cc:3060] T c878ad2840fc4f3c976b3c97a13579b0 P 1eb6d0827c7b4320af9c7d427286f5e8 [term 1 FOLLOWER]: Advancing to term 2
I20260710 13:26:43.268693   803 tablet_service.cc:1917] Received RequestConsensusVote() RPC: tablet_id: "b75631d2bd37433a81df9bc6482c4c3a" candidate_uuid: "e651ce44be6f45cf8b17802f29a939a7" candidate_term: 2 candidate_status { last_received { term: 1 index: 1 } } ignore_live_leader: false dest_uuid: "08167c7c18cd42b583812dfd8e25021e" is_pre_election: true
I20260710 13:26:43.258631   916 leader_election.cc:304] T 0236078db9494556bf97d40ad5006ce8 P e651ce44be6f45cf8b17802f29a939a7 [CANDIDATE]: Term 2 pre-election: Election decided. Result: candidate lost. Election summary: received 3 responses out of 3 voters: 1 yes votes; 2 no votes. yes voters: e651ce44be6f45cf8b17802f29a939a7; no voters: 08167c7c18cd42b583812dfd8e25021e, 1eb6d0827c7b4320af9c7d427286f5e8
I20260710 13:26:43.266057   798 raft_consensus.cc:2468] T b75631d2bd37433a81df9bc6482c4c3a P 08167c7c18cd42b583812dfd8e25021e [term 2 FOLLOWER]: Leader election vote request: Granting yes vote for candidate 1eb6d0827c7b4320af9c7d427286f5e8 in term 2.
I20260710 13:26:43.271550  1085 raft_consensus.cc:2749] T 0236078db9494556bf97d40ad5006ce8 P e651ce44be6f45cf8b17802f29a939a7 [term 1 FOLLOWER]: Leader pre-election lost for term 2. Reason: could not achieve majority
I20260710 13:26:43.271706   951 tablet_service.cc:1917] Received RequestConsensusVote() RPC: tablet_id: "2829972af12b4018937229b8981be051" candidate_uuid: "1eb6d0827c7b4320af9c7d427286f5e8" candidate_term: 2 candidate_status { last_received { term: 1 index: 1 } } ignore_live_leader: true dest_uuid: "e651ce44be6f45cf8b17802f29a939a7"
I20260710 13:26:43.274233   951 raft_consensus.cc:3060] T 2829972af12b4018937229b8981be051 P e651ce44be6f45cf8b17802f29a939a7 [term 1 FOLLOWER]: Advancing to term 2
I20260710 13:26:43.271935   844 leader_election.cc:304] T 718ffb59e8984f3ab7382e3269ea0021 P 1eb6d0827c7b4320af9c7d427286f5e8 [CANDIDATE]: Term 2 election: Election decided. Result: candidate won. Election summary: received 2 responses out of 3 voters: 2 yes votes; 0 no votes. yes voters: 08167c7c18cd42b583812dfd8e25021e, 1eb6d0827c7b4320af9c7d427286f5e8; no voters: 
I20260710 13:26:43.275149   803 raft_consensus.cc:1240] T 718ffb59e8984f3ab7382e3269ea0021 P 08167c7c18cd42b583812dfd8e25021e [term 2 FOLLOWER]: Rejecting Update request from peer e651ce44be6f45cf8b17802f29a939a7 for earlier term 1. Current term is 2. Ops: [1.1-1.1]
I20260710 13:26:43.276892   844 leader_election.cc:304] T b75631d2bd37433a81df9bc6482c4c3a P 1eb6d0827c7b4320af9c7d427286f5e8 [CANDIDATE]: Term 2 election: Election decided. Result: candidate won. Election summary: received 2 responses out of 3 voters: 2 yes votes; 0 no votes. yes voters: 08167c7c18cd42b583812dfd8e25021e, 1eb6d0827c7b4320af9c7d427286f5e8; no voters: 
I20260710 13:26:43.272652   949 raft_consensus.cc:2468] T b75631d2bd37433a81df9bc6482c4c3a P e651ce44be6f45cf8b17802f29a939a7 [term 2 FOLLOWER]: Leader election vote request: Granting yes vote for candidate 1eb6d0827c7b4320af9c7d427286f5e8 in term 2.
I20260710 13:26:43.277096   801 raft_consensus.cc:2468] T 2829972af12b4018937229b8981be051 P 08167c7c18cd42b583812dfd8e25021e [term 2 FOLLOWER]: Leader election vote request: Granting yes vote for candidate 1eb6d0827c7b4320af9c7d427286f5e8 in term 2.
I20260710 13:26:43.277997  1086 raft_consensus.cc:2804] T 718ffb59e8984f3ab7382e3269ea0021 P 1eb6d0827c7b4320af9c7d427286f5e8 [term 2 FOLLOWER]: Leader election won for term 2
I20260710 13:26:43.279328   843 leader_election.cc:304] T b75631d2bd37433a81df9bc6482c4c3a P 1eb6d0827c7b4320af9c7d427286f5e8 [CANDIDATE]: Term 2 pre-election: Election decided. Result: candidate lost. Election summary: received 3 responses out of 3 voters: 1 yes votes; 2 no votes. yes voters: 1eb6d0827c7b4320af9c7d427286f5e8; no voters: 08167c7c18cd42b583812dfd8e25021e, e651ce44be6f45cf8b17802f29a939a7
I20260710 13:26:43.279425   844 leader_election.cc:304] T 2829972af12b4018937229b8981be051 P 1eb6d0827c7b4320af9c7d427286f5e8 [CANDIDATE]: Term 2 election: Election decided. Result: candidate won. Election summary: received 2 responses out of 3 voters: 2 yes votes; 0 no votes. yes voters: 08167c7c18cd42b583812dfd8e25021e, 1eb6d0827c7b4320af9c7d427286f5e8; no voters: 
I20260710 13:26:43.281874  1085 consensus_queue.cc:1059] T 718ffb59e8984f3ab7382e3269ea0021 P e651ce44be6f45cf8b17802f29a939a7 [LEADER]: Peer responded invalid term: Peer: permanent_uuid: "08167c7c18cd42b583812dfd8e25021e" member_type: VOTER last_known_addr { host: "127.31.223.1" port: 34983 }, Status: INVALID_TERM, Last received: 0.0, Next index: 1, Last known committed idx: 0, Time since last communication: 0.001s
I20260710 13:26:43.283089  1084 raft_consensus.cc:3055] T 718ffb59e8984f3ab7382e3269ea0021 P e651ce44be6f45cf8b17802f29a939a7 [term 1 LEADER]: Stepping down as leader of term 1
I20260710 13:26:43.284380  1084 raft_consensus.cc:740] T 718ffb59e8984f3ab7382e3269ea0021 P e651ce44be6f45cf8b17802f29a939a7 [term 1 LEADER]: Becoming Follower/Learner. State: Replica: e651ce44be6f45cf8b17802f29a939a7, State: Running, Role: LEADER
I20260710 13:26:43.285758   951 raft_consensus.cc:2468] T 2829972af12b4018937229b8981be051 P e651ce44be6f45cf8b17802f29a939a7 [term 2 FOLLOWER]: Leader election vote request: Granting yes vote for candidate 1eb6d0827c7b4320af9c7d427286f5e8 in term 2.
I20260710 13:26:43.285537  1084 consensus_queue.cc:260] T 718ffb59e8984f3ab7382e3269ea0021 P e651ce44be6f45cf8b17802f29a939a7 [NON_LEADER]: Queue going to NON_LEADER mode. State: All replicated index: 0, Majority replicated index: 0, Committed index: 0, Last appended: 1.1, Last appended by leader: 1, Current term: 1, Majority size: -1, State: 0, Mode: NON_LEADER, active raft config: opid_index: -1 OBSOLETE_local: false peers { permanent_uuid: "e651ce44be6f45cf8b17802f29a939a7" member_type: VOTER last_known_addr { host: "127.31.223.3" port: 40729 } } peers { permanent_uuid: "08167c7c18cd42b583812dfd8e25021e" member_type: VOTER last_known_addr { host: "127.31.223.1" port: 34983 } } peers { permanent_uuid: "1eb6d0827c7b4320af9c7d427286f5e8" member_type: VOTER last_known_addr { host: "127.31.223.2" port: 35071 } }
I20260710 13:26:43.275131   878 raft_consensus.cc:2468] T f2bf5ecbc7e847de91bbd6540d0b9fe4 P 1eb6d0827c7b4320af9c7d427286f5e8 [term 2 FOLLOWER]: Leader election vote request: Granting yes vote for candidate 08167c7c18cd42b583812dfd8e25021e in term 2.
I20260710 13:26:43.287057  1084 raft_consensus.cc:3060] T 718ffb59e8984f3ab7382e3269ea0021 P e651ce44be6f45cf8b17802f29a939a7 [term 1 FOLLOWER]: Advancing to term 2
I20260710 13:26:43.280784  1045 raft_consensus.cc:2804] T b75631d2bd37433a81df9bc6482c4c3a P 1eb6d0827c7b4320af9c7d427286f5e8 [term 2 FOLLOWER]: Leader election won for term 2
W20260710 13:26:43.288753  1079 raft_consensus.cc:936] Couldn't advance consensus term.: Illegal state: Can't advance term to: 2 current term: 2 is higher.
I20260710 13:26:43.293053  1090 raft_consensus.cc:2804] T 2829972af12b4018937229b8981be051 P 1eb6d0827c7b4320af9c7d427286f5e8 [term 2 FOLLOWER]: Leader election won for term 2
I20260710 13:26:43.293229   916 leader_election.cc:304] T b75631d2bd37433a81df9bc6482c4c3a P e651ce44be6f45cf8b17802f29a939a7 [CANDIDATE]: Term 2 pre-election: Election decided. Result: candidate lost. Election summary: received 3 responses out of 3 voters: 1 yes votes; 2 no votes. yes voters: e651ce44be6f45cf8b17802f29a939a7; no voters: 08167c7c18cd42b583812dfd8e25021e, 1eb6d0827c7b4320af9c7d427286f5e8
I20260710 13:26:43.293800  1090 raft_consensus.cc:697] T 2829972af12b4018937229b8981be051 P 1eb6d0827c7b4320af9c7d427286f5e8 [term 2 LEADER]: Becoming Leader. State: Replica: 1eb6d0827c7b4320af9c7d427286f5e8, State: Running, Role: LEADER
I20260710 13:26:43.294848  1078 raft_consensus.cc:2749] T b75631d2bd37433a81df9bc6482c4c3a P e651ce44be6f45cf8b17802f29a939a7 [term 2 FOLLOWER]: Leader pre-election lost for term 2. Reason: could not achieve majority
I20260710 13:26:43.294874  1090 consensus_queue.cc:237] T 2829972af12b4018937229b8981be051 P 1eb6d0827c7b4320af9c7d427286f5e8 [LEADER]: Queue going to LEADER mode. State: All replicated index: 0, Majority replicated index: 1, Committed index: 1, Last appended: 1.1, Last appended by leader: 1, Current term: 2, Majority size: 2, State: 0, Mode: LEADER, active raft config: opid_index: -1 OBSOLETE_local: false peers { permanent_uuid: "08167c7c18cd42b583812dfd8e25021e" member_type: VOTER last_known_addr { host: "127.31.223.1" port: 34983 } } peers { permanent_uuid: "1eb6d0827c7b4320af9c7d427286f5e8" member_type: VOTER last_known_addr { host: "127.31.223.2" port: 35071 } } peers { permanent_uuid: "e651ce44be6f45cf8b17802f29a939a7" member_type: VOTER last_known_addr { host: "127.31.223.3" port: 40729 } }
I20260710 13:26:43.298224   767 leader_election.cc:304] T f2bf5ecbc7e847de91bbd6540d0b9fe4 P 08167c7c18cd42b583812dfd8e25021e [CANDIDATE]: Term 2 election: Election decided. Result: candidate won. Election summary: received 2 responses out of 3 voters: 2 yes votes; 0 no votes. yes voters: 08167c7c18cd42b583812dfd8e25021e, 1eb6d0827c7b4320af9c7d427286f5e8; no voters: 
I20260710 13:26:43.300719  1075 raft_consensus.cc:2804] T f2bf5ecbc7e847de91bbd6540d0b9fe4 P 08167c7c18cd42b583812dfd8e25021e [term 2 FOLLOWER]: Leader election won for term 2
I20260710 13:26:43.301426  1075 raft_consensus.cc:697] T f2bf5ecbc7e847de91bbd6540d0b9fe4 P 08167c7c18cd42b583812dfd8e25021e [term 2 LEADER]: Becoming Leader. State: Replica: 08167c7c18cd42b583812dfd8e25021e, State: Running, Role: LEADER
I20260710 13:26:43.302652  1075 consensus_queue.cc:237] T f2bf5ecbc7e847de91bbd6540d0b9fe4 P 08167c7c18cd42b583812dfd8e25021e [LEADER]: Queue going to LEADER mode. State: All replicated index: 0, Majority replicated index: 1, Committed index: 1, Last appended: 1.1, Last appended by leader: 1, Current term: 2, Majority size: 2, State: 0, Mode: LEADER, active raft config: opid_index: -1 OBSOLETE_local: false peers { permanent_uuid: "08167c7c18cd42b583812dfd8e25021e" member_type: VOTER last_known_addr { host: "127.31.223.1" port: 34983 } } peers { permanent_uuid: "1eb6d0827c7b4320af9c7d427286f5e8" member_type: VOTER last_known_addr { host: "127.31.223.2" port: 35071 } } peers { permanent_uuid: "e651ce44be6f45cf8b17802f29a939a7" member_type: VOTER last_known_addr { host: "127.31.223.3" port: 40729 } }
I20260710 13:26:43.311357  1045 raft_consensus.cc:697] T b75631d2bd37433a81df9bc6482c4c3a P 1eb6d0827c7b4320af9c7d427286f5e8 [term 2 LEADER]: Becoming Leader. State: Replica: 1eb6d0827c7b4320af9c7d427286f5e8, State: Running, Role: LEADER
I20260710 13:26:43.312953  1045 consensus_queue.cc:237] T b75631d2bd37433a81df9bc6482c4c3a P 1eb6d0827c7b4320af9c7d427286f5e8 [LEADER]: Queue going to LEADER mode. State: All replicated index: 0, Majority replicated index: 1, Committed index: 1, Last appended: 1.1, Last appended by leader: 1, Current term: 2, Majority size: 2, State: 0, Mode: LEADER, active raft config: opid_index: -1 OBSOLETE_local: false peers { permanent_uuid: "08167c7c18cd42b583812dfd8e25021e" member_type: VOTER last_known_addr { host: "127.31.223.1" port: 34983 } } peers { permanent_uuid: "1eb6d0827c7b4320af9c7d427286f5e8" member_type: VOTER last_known_addr { host: "127.31.223.2" port: 35071 } } peers { permanent_uuid: "e651ce44be6f45cf8b17802f29a939a7" member_type: VOTER last_known_addr { host: "127.31.223.3" port: 40729 } }
I20260710 13:26:43.327437  1093 raft_consensus.cc:493] T b8c266f739014046845bf5f8bd145592 P 1eb6d0827c7b4320af9c7d427286f5e8 [term 1 FOLLOWER]: Starting pre-election (detected failure of leader 08167c7c18cd42b583812dfd8e25021e)
I20260710 13:26:43.328220  1093 raft_consensus.cc:515] T b8c266f739014046845bf5f8bd145592 P 1eb6d0827c7b4320af9c7d427286f5e8 [term 1 FOLLOWER]: Starting pre-election with config: opid_index: -1 OBSOLETE_local: false peers { permanent_uuid: "08167c7c18cd42b583812dfd8e25021e" member_type: VOTER last_known_addr { host: "127.31.223.1" port: 34983 } } peers { permanent_uuid: "1eb6d0827c7b4320af9c7d427286f5e8" member_type: VOTER last_known_addr { host: "127.31.223.2" port: 35071 } } peers { permanent_uuid: "e651ce44be6f45cf8b17802f29a939a7" member_type: VOTER last_known_addr { host: "127.31.223.3" port: 40729 } }
I20260710 13:26:43.331684  1093 leader_election.cc:290] T b8c266f739014046845bf5f8bd145592 P 1eb6d0827c7b4320af9c7d427286f5e8 [CANDIDATE]: Term 2 pre-election: Requested pre-vote from peers 08167c7c18cd42b583812dfd8e25021e (127.31.223.1:34983), e651ce44be6f45cf8b17802f29a939a7 (127.31.223.3:40729)
I20260710 13:26:43.336216   801 tablet_service.cc:1917] Received RequestConsensusVote() RPC: tablet_id: "b8c266f739014046845bf5f8bd145592" candidate_uuid: "1eb6d0827c7b4320af9c7d427286f5e8" candidate_term: 2 candidate_status { last_received { term: 1 index: 1 } } ignore_live_leader: false dest_uuid: "08167c7c18cd42b583812dfd8e25021e" is_pre_election: true
I20260710 13:26:43.341028   876 raft_consensus.cc:2468] T c878ad2840fc4f3c976b3c97a13579b0 P 1eb6d0827c7b4320af9c7d427286f5e8 [term 2 FOLLOWER]: Leader election vote request: Granting yes vote for candidate 08167c7c18cd42b583812dfd8e25021e in term 2.
W20260710 13:26:43.341943   843 outbound_call.cc:321] RPC callback for RPC call kudu.consensus.ConsensusService.RequestConsensusVote -> {remote=127.31.223.3:40729, user_credentials={real_user=slave}} blocked reactor thread for 62736.7us
I20260710 13:26:43.347155   951 tablet_service.cc:1917] Received RequestConsensusVote() RPC: tablet_id: "b8c266f739014046845bf5f8bd145592" candidate_uuid: "1eb6d0827c7b4320af9c7d427286f5e8" candidate_term: 2 candidate_status { last_received { term: 1 index: 1 } } ignore_live_leader: false dest_uuid: "e651ce44be6f45cf8b17802f29a939a7" is_pre_election: true
I20260710 13:26:43.344642  1086 raft_consensus.cc:697] T 718ffb59e8984f3ab7382e3269ea0021 P 1eb6d0827c7b4320af9c7d427286f5e8 [term 2 LEADER]: Becoming Leader. State: Replica: 1eb6d0827c7b4320af9c7d427286f5e8, State: Running, Role: LEADER
I20260710 13:26:43.352898  1086 consensus_queue.cc:237] T 718ffb59e8984f3ab7382e3269ea0021 P 1eb6d0827c7b4320af9c7d427286f5e8 [LEADER]: Queue going to LEADER mode. State: All replicated index: 0, Majority replicated index: 0, Committed index: 0, Last appended: 0.0, Last appended by leader: 0, Current term: 2, Majority size: 2, State: 0, Mode: LEADER, active raft config: opid_index: -1 OBSOLETE_local: false peers { permanent_uuid: "e651ce44be6f45cf8b17802f29a939a7" member_type: VOTER last_known_addr { host: "127.31.223.3" port: 40729 } } peers { permanent_uuid: "08167c7c18cd42b583812dfd8e25021e" member_type: VOTER last_known_addr { host: "127.31.223.1" port: 34983 } } peers { permanent_uuid: "1eb6d0827c7b4320af9c7d427286f5e8" member_type: VOTER last_known_addr { host: "127.31.223.2" port: 35071 } }
I20260710 13:26:43.356304   843 leader_election.cc:304] T b8c266f739014046845bf5f8bd145592 P 1eb6d0827c7b4320af9c7d427286f5e8 [CANDIDATE]: Term 2 pre-election: Election decided. Result: candidate lost. Election summary: received 3 responses out of 3 voters: 1 yes votes; 2 no votes. yes voters: 1eb6d0827c7b4320af9c7d427286f5e8; no voters: 08167c7c18cd42b583812dfd8e25021e, e651ce44be6f45cf8b17802f29a939a7
I20260710 13:26:43.358788  1089 raft_consensus.cc:2749] T b8c266f739014046845bf5f8bd145592 P 1eb6d0827c7b4320af9c7d427286f5e8 [term 1 FOLLOWER]: Leader pre-election lost for term 2. Reason: could not achieve majority
I20260710 13:26:43.363065   767 leader_election.cc:304] T c878ad2840fc4f3c976b3c97a13579b0 P 08167c7c18cd42b583812dfd8e25021e [CANDIDATE]: Term 2 election: Election decided. Result: candidate won. Election summary: received 3 responses out of 3 voters: 2 yes votes; 1 no votes. yes voters: 08167c7c18cd42b583812dfd8e25021e, 1eb6d0827c7b4320af9c7d427286f5e8; no voters: e651ce44be6f45cf8b17802f29a939a7
I20260710 13:26:43.365309  1075 raft_consensus.cc:2804] T c878ad2840fc4f3c976b3c97a13579b0 P 08167c7c18cd42b583812dfd8e25021e [term 2 FOLLOWER]: Leader election won for term 2
I20260710 13:26:43.365900  1075 raft_consensus.cc:697] T c878ad2840fc4f3c976b3c97a13579b0 P 08167c7c18cd42b583812dfd8e25021e [term 2 LEADER]: Becoming Leader. State: Replica: 08167c7c18cd42b583812dfd8e25021e, State: Running, Role: LEADER
I20260710 13:26:43.376093  1075 consensus_queue.cc:237] T c878ad2840fc4f3c976b3c97a13579b0 P 08167c7c18cd42b583812dfd8e25021e [LEADER]: Queue going to LEADER mode. State: All replicated index: 0, Majority replicated index: 1, Committed index: 1, Last appended: 1.1, Last appended by leader: 1, Current term: 2, Majority size: 2, State: 0, Mode: LEADER, active raft config: opid_index: -1 OBSOLETE_local: false peers { permanent_uuid: "08167c7c18cd42b583812dfd8e25021e" member_type: VOTER last_known_addr { host: "127.31.223.1" port: 34983 } } peers { permanent_uuid: "1eb6d0827c7b4320af9c7d427286f5e8" member_type: VOTER last_known_addr { host: "127.31.223.2" port: 35071 } } peers { permanent_uuid: "e651ce44be6f45cf8b17802f29a939a7" member_type: VOTER last_known_addr { host: "127.31.223.3" port: 40729 } }
I20260710 13:26:43.381616  1079 raft_consensus.cc:2749] T b75631d2bd37433a81df9bc6482c4c3a P 1eb6d0827c7b4320af9c7d427286f5e8 [term 2 LEADER]: Leader pre-election lost for term 2. Reason: could not achieve majority
I20260710 13:26:43.384786  1075 raft_consensus.cc:493] T fa4a16ec276540feaf15b711f7b44a59 P 08167c7c18cd42b583812dfd8e25021e [term 2 FOLLOWER]: Starting pre-election (no leader contacted us within the election timeout)
I20260710 13:26:43.385296  1075 raft_consensus.cc:515] T fa4a16ec276540feaf15b711f7b44a59 P 08167c7c18cd42b583812dfd8e25021e [term 2 FOLLOWER]: Starting pre-election with config: opid_index: -1 OBSOLETE_local: false peers { permanent_uuid: "08167c7c18cd42b583812dfd8e25021e" member_type: VOTER last_known_addr { host: "127.31.223.1" port: 34983 } } peers { permanent_uuid: "1eb6d0827c7b4320af9c7d427286f5e8" member_type: VOTER last_known_addr { host: "127.31.223.2" port: 35071 } } peers { permanent_uuid: "e651ce44be6f45cf8b17802f29a939a7" member_type: VOTER last_known_addr { host: "127.31.223.3" port: 40729 } }
I20260710 13:26:43.388504   951 tablet_service.cc:1917] Received RequestConsensusVote() RPC: tablet_id: "fa4a16ec276540feaf15b711f7b44a59" candidate_uuid: "08167c7c18cd42b583812dfd8e25021e" candidate_term: 3 candidate_status { last_received { term: 1 index: 1 } } ignore_live_leader: false dest_uuid: "e651ce44be6f45cf8b17802f29a939a7" is_pre_election: true
I20260710 13:26:43.389110   951 raft_consensus.cc:2468] T fa4a16ec276540feaf15b711f7b44a59 P e651ce44be6f45cf8b17802f29a939a7 [term 2 FOLLOWER]: Leader pre-election vote request: Granting yes vote for candidate 08167c7c18cd42b583812dfd8e25021e in term 2.
I20260710 13:26:43.389453   876 tablet_service.cc:1917] Received RequestConsensusVote() RPC: tablet_id: "fa4a16ec276540feaf15b711f7b44a59" candidate_uuid: "08167c7c18cd42b583812dfd8e25021e" candidate_term: 3 candidate_status { last_received { term: 1 index: 1 } } ignore_live_leader: false dest_uuid: "1eb6d0827c7b4320af9c7d427286f5e8" is_pre_election: true
I20260710 13:26:43.390030   876 raft_consensus.cc:2468] T fa4a16ec276540feaf15b711f7b44a59 P 1eb6d0827c7b4320af9c7d427286f5e8 [term 2 FOLLOWER]: Leader pre-election vote request: Granting yes vote for candidate 08167c7c18cd42b583812dfd8e25021e in term 2.
I20260710 13:26:43.390298   768 leader_election.cc:304] T fa4a16ec276540feaf15b711f7b44a59 P 08167c7c18cd42b583812dfd8e25021e [CANDIDATE]: Term 3 pre-election: Election decided. Result: candidate won. Election summary: received 2 responses out of 3 voters: 2 yes votes; 0 no votes. yes voters: 08167c7c18cd42b583812dfd8e25021e, e651ce44be6f45cf8b17802f29a939a7; no voters: 
I20260710 13:26:43.391224  1035 raft_consensus.cc:2804] T fa4a16ec276540feaf15b711f7b44a59 P 08167c7c18cd42b583812dfd8e25021e [term 2 FOLLOWER]: Leader pre-election won for term 3
I20260710 13:26:43.391561  1035 raft_consensus.cc:493] T fa4a16ec276540feaf15b711f7b44a59 P 08167c7c18cd42b583812dfd8e25021e [term 2 FOLLOWER]: Starting leader election (no leader contacted us within the election timeout)
I20260710 13:26:43.391892  1035 raft_consensus.cc:3060] T fa4a16ec276540feaf15b711f7b44a59 P 08167c7c18cd42b583812dfd8e25021e [term 2 FOLLOWER]: Advancing to term 3
I20260710 13:26:43.394905  1075 leader_election.cc:290] T fa4a16ec276540feaf15b711f7b44a59 P 08167c7c18cd42b583812dfd8e25021e [CANDIDATE]: Term 3 pre-election: Requested pre-vote from peers 1eb6d0827c7b4320af9c7d427286f5e8 (127.31.223.2:35071), e651ce44be6f45cf8b17802f29a939a7 (127.31.223.3:40729)
I20260710 13:26:43.399008  1035 raft_consensus.cc:515] T fa4a16ec276540feaf15b711f7b44a59 P 08167c7c18cd42b583812dfd8e25021e [term 3 FOLLOWER]: Starting leader election with config: opid_index: -1 OBSOLETE_local: false peers { permanent_uuid: "08167c7c18cd42b583812dfd8e25021e" member_type: VOTER last_known_addr { host: "127.31.223.1" port: 34983 } } peers { permanent_uuid: "1eb6d0827c7b4320af9c7d427286f5e8" member_type: VOTER last_known_addr { host: "127.31.223.2" port: 35071 } } peers { permanent_uuid: "e651ce44be6f45cf8b17802f29a939a7" member_type: VOTER last_known_addr { host: "127.31.223.3" port: 40729 } }
I20260710 13:26:43.401153   698 catalog_manager.cc:5697] T 2829972af12b4018937229b8981be051 P 1eb6d0827c7b4320af9c7d427286f5e8 reported cstate change: term changed from 1 to 2, leader changed from 08167c7c18cd42b583812dfd8e25021e (127.31.223.1) to 1eb6d0827c7b4320af9c7d427286f5e8 (127.31.223.2). New cstate: current_term: 2 leader_uuid: "1eb6d0827c7b4320af9c7d427286f5e8" committed_config { opid_index: -1 OBSOLETE_local: false peers { permanent_uuid: "08167c7c18cd42b583812dfd8e25021e" member_type: VOTER last_known_addr { host: "127.31.223.1" port: 34983 } health_report { overall_health: UNKNOWN } } peers { permanent_uuid: "1eb6d0827c7b4320af9c7d427286f5e8" member_type: VOTER last_known_addr { host: "127.31.223.2" port: 35071 } health_report { overall_health: HEALTHY } } peers { permanent_uuid: "e651ce44be6f45cf8b17802f29a939a7" member_type: VOTER last_known_addr { host: "127.31.223.3" port: 40729 } health_report { overall_health: UNKNOWN } } }
I20260710 13:26:43.401803   876 tablet_service.cc:1917] Received RequestConsensusVote() RPC: tablet_id: "fa4a16ec276540feaf15b711f7b44a59" candidate_uuid: "08167c7c18cd42b583812dfd8e25021e" candidate_term: 3 candidate_status { last_received { term: 1 index: 1 } } ignore_live_leader: false dest_uuid: "1eb6d0827c7b4320af9c7d427286f5e8"
I20260710 13:26:43.402120  1035 leader_election.cc:290] T fa4a16ec276540feaf15b711f7b44a59 P 08167c7c18cd42b583812dfd8e25021e [CANDIDATE]: Term 3 election: Requested vote from peers 1eb6d0827c7b4320af9c7d427286f5e8 (127.31.223.2:35071), e651ce44be6f45cf8b17802f29a939a7 (127.31.223.3:40729)
I20260710 13:26:43.402426   876 raft_consensus.cc:3060] T fa4a16ec276540feaf15b711f7b44a59 P 1eb6d0827c7b4320af9c7d427286f5e8 [term 2 FOLLOWER]: Advancing to term 3
I20260710 13:26:43.402631   951 tablet_service.cc:1917] Received RequestConsensusVote() RPC: tablet_id: "fa4a16ec276540feaf15b711f7b44a59" candidate_uuid: "08167c7c18cd42b583812dfd8e25021e" candidate_term: 3 candidate_status { last_received { term: 1 index: 1 } } ignore_live_leader: false dest_uuid: "e651ce44be6f45cf8b17802f29a939a7"
I20260710 13:26:43.403169   951 raft_consensus.cc:3060] T fa4a16ec276540feaf15b711f7b44a59 P e651ce44be6f45cf8b17802f29a939a7 [term 2 FOLLOWER]: Advancing to term 3
I20260710 13:26:43.402750   698 catalog_manager.cc:5697] T 718ffb59e8984f3ab7382e3269ea0021 P 1eb6d0827c7b4320af9c7d427286f5e8 reported cstate change: term changed from 1 to 2, leader changed from e651ce44be6f45cf8b17802f29a939a7 (127.31.223.3) to 1eb6d0827c7b4320af9c7d427286f5e8 (127.31.223.2). New cstate: current_term: 2 leader_uuid: "1eb6d0827c7b4320af9c7d427286f5e8" committed_config { opid_index: -1 OBSOLETE_local: false peers { permanent_uuid: "e651ce44be6f45cf8b17802f29a939a7" member_type: VOTER last_known_addr { host: "127.31.223.3" port: 40729 } health_report { overall_health: UNKNOWN } } peers { permanent_uuid: "08167c7c18cd42b583812dfd8e25021e" member_type: VOTER last_known_addr { host: "127.31.223.1" port: 34983 } health_report { overall_health: UNKNOWN } } peers { permanent_uuid: "1eb6d0827c7b4320af9c7d427286f5e8" member_type: VOTER last_known_addr { host: "127.31.223.2" port: 35071 } health_report { overall_health: HEALTHY } } }
I20260710 13:26:43.403909   698 catalog_manager.cc:5697] T b75631d2bd37433a81df9bc6482c4c3a P 1eb6d0827c7b4320af9c7d427286f5e8 reported cstate change: term changed from 1 to 2, leader changed from 08167c7c18cd42b583812dfd8e25021e (127.31.223.1) to 1eb6d0827c7b4320af9c7d427286f5e8 (127.31.223.2). New cstate: current_term: 2 leader_uuid: "1eb6d0827c7b4320af9c7d427286f5e8" committed_config { opid_index: -1 OBSOLETE_local: false peers { permanent_uuid: "08167c7c18cd42b583812dfd8e25021e" member_type: VOTER last_known_addr { host: "127.31.223.1" port: 34983 } health_report { overall_health: UNKNOWN } } peers { permanent_uuid: "1eb6d0827c7b4320af9c7d427286f5e8" member_type: VOTER last_known_addr { host: "127.31.223.2" port: 35071 } health_report { overall_health: HEALTHY } } peers { permanent_uuid: "e651ce44be6f45cf8b17802f29a939a7" member_type: VOTER last_known_addr { host: "127.31.223.3" port: 40729 } health_report { overall_health: UNKNOWN } } }
I20260710 13:26:43.409369   876 raft_consensus.cc:2468] T fa4a16ec276540feaf15b711f7b44a59 P 1eb6d0827c7b4320af9c7d427286f5e8 [term 3 FOLLOWER]: Leader election vote request: Granting yes vote for candidate 08167c7c18cd42b583812dfd8e25021e in term 3.
I20260710 13:26:43.409531   951 raft_consensus.cc:2468] T fa4a16ec276540feaf15b711f7b44a59 P e651ce44be6f45cf8b17802f29a939a7 [term 3 FOLLOWER]: Leader election vote request: Granting yes vote for candidate 08167c7c18cd42b583812dfd8e25021e in term 3.
I20260710 13:26:43.410589   767 leader_election.cc:304] T fa4a16ec276540feaf15b711f7b44a59 P 08167c7c18cd42b583812dfd8e25021e [CANDIDATE]: Term 3 election: Election decided. Result: candidate won. Election summary: received 2 responses out of 3 voters: 2 yes votes; 0 no votes. yes voters: 08167c7c18cd42b583812dfd8e25021e, 1eb6d0827c7b4320af9c7d427286f5e8; no voters: 
I20260710 13:26:43.411408  1035 raft_consensus.cc:2804] T fa4a16ec276540feaf15b711f7b44a59 P 08167c7c18cd42b583812dfd8e25021e [term 3 FOLLOWER]: Leader election won for term 3
I20260710 13:26:43.411799  1035 raft_consensus.cc:697] T fa4a16ec276540feaf15b711f7b44a59 P 08167c7c18cd42b583812dfd8e25021e [term 3 LEADER]: Becoming Leader. State: Replica: 08167c7c18cd42b583812dfd8e25021e, State: Running, Role: LEADER
I20260710 13:26:43.412444  1035 consensus_queue.cc:237] T fa4a16ec276540feaf15b711f7b44a59 P 08167c7c18cd42b583812dfd8e25021e [LEADER]: Queue going to LEADER mode. State: All replicated index: 0, Majority replicated index: 0, Committed index: 0, Last appended: 1.1, Last appended by leader: 1, Current term: 3, Majority size: 2, State: 0, Mode: LEADER, active raft config: opid_index: -1 OBSOLETE_local: false peers { permanent_uuid: "08167c7c18cd42b583812dfd8e25021e" member_type: VOTER last_known_addr { host: "127.31.223.1" port: 34983 } } peers { permanent_uuid: "1eb6d0827c7b4320af9c7d427286f5e8" member_type: VOTER last_known_addr { host: "127.31.223.2" port: 35071 } } peers { permanent_uuid: "e651ce44be6f45cf8b17802f29a939a7" member_type: VOTER last_known_addr { host: "127.31.223.3" port: 40729 } }
I20260710 13:26:43.417579   697 catalog_manager.cc:5697] T f2bf5ecbc7e847de91bbd6540d0b9fe4 P 08167c7c18cd42b583812dfd8e25021e reported cstate change: term changed from 1 to 2, leader changed from 1eb6d0827c7b4320af9c7d427286f5e8 (127.31.223.2) to 08167c7c18cd42b583812dfd8e25021e (127.31.223.1). New cstate: current_term: 2 leader_uuid: "08167c7c18cd42b583812dfd8e25021e" committed_config { opid_index: -1 OBSOLETE_local: false peers { permanent_uuid: "08167c7c18cd42b583812dfd8e25021e" member_type: VOTER last_known_addr { host: "127.31.223.1" port: 34983 } health_report { overall_health: HEALTHY } } peers { permanent_uuid: "1eb6d0827c7b4320af9c7d427286f5e8" member_type: VOTER last_known_addr { host: "127.31.223.2" port: 35071 } health_report { overall_health: UNKNOWN } } peers { permanent_uuid: "e651ce44be6f45cf8b17802f29a939a7" member_type: VOTER last_known_addr { host: "127.31.223.3" port: 40729 } health_report { overall_health: UNKNOWN } } }
I20260710 13:26:43.419162   697 catalog_manager.cc:5697] T c878ad2840fc4f3c976b3c97a13579b0 P 08167c7c18cd42b583812dfd8e25021e reported cstate change: term changed from 1 to 2, leader changed from 1eb6d0827c7b4320af9c7d427286f5e8 (127.31.223.2) to 08167c7c18cd42b583812dfd8e25021e (127.31.223.1). New cstate: current_term: 2 leader_uuid: "08167c7c18cd42b583812dfd8e25021e" committed_config { opid_index: -1 OBSOLETE_local: false peers { permanent_uuid: "08167c7c18cd42b583812dfd8e25021e" member_type: VOTER last_known_addr { host: "127.31.223.1" port: 34983 } health_report { overall_health: HEALTHY } } peers { permanent_uuid: "1eb6d0827c7b4320af9c7d427286f5e8" member_type: VOTER last_known_addr { host: "127.31.223.2" port: 35071 } health_report { overall_health: UNKNOWN } } peers { permanent_uuid: "e651ce44be6f45cf8b17802f29a939a7" member_type: VOTER last_known_addr { host: "127.31.223.3" port: 40729 } health_report { overall_health: UNKNOWN } } }
I20260710 13:26:43.432037   697 catalog_manager.cc:5697] T fa4a16ec276540feaf15b711f7b44a59 P 08167c7c18cd42b583812dfd8e25021e reported cstate change: term changed from 1 to 3. New cstate: current_term: 3 leader_uuid: "08167c7c18cd42b583812dfd8e25021e" committed_config { opid_index: -1 OBSOLETE_local: false peers { permanent_uuid: "08167c7c18cd42b583812dfd8e25021e" member_type: VOTER last_known_addr { host: "127.31.223.1" port: 34983 } health_report { overall_health: HEALTHY } } peers { permanent_uuid: "1eb6d0827c7b4320af9c7d427286f5e8" member_type: VOTER last_known_addr { host: "127.31.223.2" port: 35071 } health_report { overall_health: UNKNOWN } } peers { permanent_uuid: "e651ce44be6f45cf8b17802f29a939a7" member_type: VOTER last_known_addr { host: "127.31.223.3" port: 40729 } health_report { overall_health: UNKNOWN } } }
I20260710 13:26:43.690433   951 raft_consensus.cc:1275] T f2bf5ecbc7e847de91bbd6540d0b9fe4 P e651ce44be6f45cf8b17802f29a939a7 [term 2 FOLLOWER]: Refusing update from remote peer 08167c7c18cd42b583812dfd8e25021e: Log matching property violated. Preceding OpId in replica: term: 1 index: 1. Preceding OpId from leader: term: 2 index: 2. (index mismatch)
I20260710 13:26:43.691907  1105 consensus_queue.cc:1048] T f2bf5ecbc7e847de91bbd6540d0b9fe4 P 08167c7c18cd42b583812dfd8e25021e [LEADER]: Connected to new peer: Peer: permanent_uuid: "e651ce44be6f45cf8b17802f29a939a7" member_type: VOTER last_known_addr { host: "127.31.223.3" port: 40729 }, Status: LMP_MISMATCH, Last received: 0.0, Next index: 2, Last known committed idx: 1, Time since last communication: 0.000s
I20260710 13:26:43.699952   876 raft_consensus.cc:1275] T f2bf5ecbc7e847de91bbd6540d0b9fe4 P 1eb6d0827c7b4320af9c7d427286f5e8 [term 2 FOLLOWER]: Refusing update from remote peer 08167c7c18cd42b583812dfd8e25021e: Log matching property violated. Preceding OpId in replica: term: 1 index: 1. Preceding OpId from leader: term: 2 index: 2. (index mismatch)
I20260710 13:26:43.702520  1075 consensus_queue.cc:1048] T f2bf5ecbc7e847de91bbd6540d0b9fe4 P 08167c7c18cd42b583812dfd8e25021e [LEADER]: Connected to new peer: Peer: permanent_uuid: "1eb6d0827c7b4320af9c7d427286f5e8" member_type: VOTER last_known_addr { host: "127.31.223.2" port: 35071 }, Status: LMP_MISMATCH, Last received: 0.0, Next index: 2, Last known committed idx: 1, Time since last communication: 0.000s
I20260710 13:26:43.793121   800 raft_consensus.cc:1275] T 718ffb59e8984f3ab7382e3269ea0021 P 08167c7c18cd42b583812dfd8e25021e [term 2 FOLLOWER]: Refusing update from remote peer 1eb6d0827c7b4320af9c7d427286f5e8: Log matching property violated. Preceding OpId in replica: term: 0 index: 0. Preceding OpId from leader: term: 2 index: 1. (index mismatch)
I20260710 13:26:43.794502  1090 consensus_queue.cc:1048] T 718ffb59e8984f3ab7382e3269ea0021 P 1eb6d0827c7b4320af9c7d427286f5e8 [LEADER]: Connected to new peer: Peer: permanent_uuid: "08167c7c18cd42b583812dfd8e25021e" member_type: VOTER last_known_addr { host: "127.31.223.1" port: 34983 }, Status: LMP_MISMATCH, Last received: 0.0, Next index: 1, Last known committed idx: 0, Time since last communication: 0.000s
I20260710 13:26:43.803742   951 raft_consensus.cc:1275] T 718ffb59e8984f3ab7382e3269ea0021 P e651ce44be6f45cf8b17802f29a939a7 [term 2 FOLLOWER]: Refusing update from remote peer 1eb6d0827c7b4320af9c7d427286f5e8: Log matching property violated. Preceding OpId in replica: term: 1 index: 1. Preceding OpId from leader: term: 2 index: 1. (term mismatch)
I20260710 13:26:43.804200   951 pending_rounds.cc:85] T 718ffb59e8984f3ab7382e3269ea0021 P e651ce44be6f45cf8b17802f29a939a7: Aborting all ops after (but not including) 0
I20260710 13:26:43.804520   951 pending_rounds.cc:107] T 718ffb59e8984f3ab7382e3269ea0021 P e651ce44be6f45cf8b17802f29a939a7: Aborting uncommitted NO_OP operation due to leader change: 1.1
I20260710 13:26:43.804822   951 raft_consensus.cc:2889] T 718ffb59e8984f3ab7382e3269ea0021 P e651ce44be6f45cf8b17802f29a939a7 [term 2 FOLLOWER]: NO_OP replication failed: Aborted: Op aborted by new leader
I20260710 13:26:43.806566  1079 consensus_queue.cc:1048] T 718ffb59e8984f3ab7382e3269ea0021 P 1eb6d0827c7b4320af9c7d427286f5e8 [LEADER]: Connected to new peer: Peer: permanent_uuid: "e651ce44be6f45cf8b17802f29a939a7" member_type: VOTER last_known_addr { host: "127.31.223.3" port: 40729 }, Status: LMP_MISMATCH, Last received: 0.0, Next index: 1, Last known committed idx: 0, Time since last communication: 0.000s
I20260710 13:26:43.843727   876 raft_consensus.cc:1275] T c878ad2840fc4f3c976b3c97a13579b0 P 1eb6d0827c7b4320af9c7d427286f5e8 [term 2 FOLLOWER]: Refusing update from remote peer 08167c7c18cd42b583812dfd8e25021e: Log matching property violated. Preceding OpId in replica: term: 1 index: 1. Preceding OpId from leader: term: 2 index: 2. (index mismatch)
I20260710 13:26:43.844936  1075 consensus_queue.cc:1048] T c878ad2840fc4f3c976b3c97a13579b0 P 08167c7c18cd42b583812dfd8e25021e [LEADER]: Connected to new peer: Peer: permanent_uuid: "1eb6d0827c7b4320af9c7d427286f5e8" member_type: VOTER last_known_addr { host: "127.31.223.2" port: 35071 }, Status: LMP_MISMATCH, Last received: 0.0, Next index: 2, Last known committed idx: 1, Time since last communication: 0.000s
I20260710 13:26:43.855975   951 raft_consensus.cc:3060] T c878ad2840fc4f3c976b3c97a13579b0 P e651ce44be6f45cf8b17802f29a939a7 [term 1 FOLLOWER]: Advancing to term 2
I20260710 13:26:43.861770   951 raft_consensus.cc:1275] T c878ad2840fc4f3c976b3c97a13579b0 P e651ce44be6f45cf8b17802f29a939a7 [term 2 FOLLOWER]: Refusing update from remote peer 08167c7c18cd42b583812dfd8e25021e: Log matching property violated. Preceding OpId in replica: term: 1 index: 1. Preceding OpId from leader: term: 2 index: 2. (index mismatch)
I20260710 13:26:43.862986  1075 consensus_queue.cc:1048] T c878ad2840fc4f3c976b3c97a13579b0 P 08167c7c18cd42b583812dfd8e25021e [LEADER]: Connected to new peer: Peer: permanent_uuid: "e651ce44be6f45cf8b17802f29a939a7" member_type: VOTER last_known_addr { host: "127.31.223.3" port: 40729 }, Status: LMP_MISMATCH, Last received: 0.0, Next index: 2, Last known committed idx: 0, Time since last communication: 0.000s
I20260710 13:26:43.876521   951 raft_consensus.cc:1275] T fa4a16ec276540feaf15b711f7b44a59 P e651ce44be6f45cf8b17802f29a939a7 [term 3 FOLLOWER]: Refusing update from remote peer 08167c7c18cd42b583812dfd8e25021e: Log matching property violated. Preceding OpId in replica: term: 0 index: 0. Preceding OpId from leader: term: 3 index: 2. (index mismatch)
I20260710 13:26:43.877713  1075 consensus_queue.cc:1048] T fa4a16ec276540feaf15b711f7b44a59 P 08167c7c18cd42b583812dfd8e25021e [LEADER]: Connected to new peer: Peer: permanent_uuid: "e651ce44be6f45cf8b17802f29a939a7" member_type: VOTER last_known_addr { host: "127.31.223.3" port: 40729 }, Status: LMP_MISMATCH, Last received: 0.0, Next index: 2, Last known committed idx: 0, Time since last communication: 0.000s
I20260710 13:26:43.888027   876 raft_consensus.cc:1275] T fa4a16ec276540feaf15b711f7b44a59 P 1eb6d0827c7b4320af9c7d427286f5e8 [term 3 FOLLOWER]: Refusing update from remote peer 08167c7c18cd42b583812dfd8e25021e: Log matching property violated. Preceding OpId in replica: term: 0 index: 0. Preceding OpId from leader: term: 3 index: 2. (index mismatch)
I20260710 13:26:43.889560  1105 consensus_queue.cc:1048] T fa4a16ec276540feaf15b711f7b44a59 P 08167c7c18cd42b583812dfd8e25021e [LEADER]: Connected to new peer: Peer: permanent_uuid: "1eb6d0827c7b4320af9c7d427286f5e8" member_type: VOTER last_known_addr { host: "127.31.223.2" port: 35071 }, Status: LMP_MISMATCH, Last received: 0.0, Next index: 2, Last known committed idx: 0, Time since last communication: 0.000s
I20260710 13:26:43.891490   951 raft_consensus.cc:1275] T 2829972af12b4018937229b8981be051 P e651ce44be6f45cf8b17802f29a939a7 [term 2 FOLLOWER]: Refusing update from remote peer 1eb6d0827c7b4320af9c7d427286f5e8: Log matching property violated. Preceding OpId in replica: term: 1 index: 1. Preceding OpId from leader: term: 2 index: 2. (index mismatch)
I20260710 13:26:43.892001   952 raft_consensus.cc:1275] T b75631d2bd37433a81df9bc6482c4c3a P e651ce44be6f45cf8b17802f29a939a7 [term 2 FOLLOWER]: Refusing update from remote peer 1eb6d0827c7b4320af9c7d427286f5e8: Log matching property violated. Preceding OpId in replica: term: 1 index: 1. Preceding OpId from leader: term: 2 index: 2. (index mismatch)
I20260710 13:26:43.893612  1045 consensus_queue.cc:1048] T 2829972af12b4018937229b8981be051 P 1eb6d0827c7b4320af9c7d427286f5e8 [LEADER]: Connected to new peer: Peer: permanent_uuid: "e651ce44be6f45cf8b17802f29a939a7" member_type: VOTER last_known_addr { host: "127.31.223.3" port: 40729 }, Status: LMP_MISMATCH, Last received: 0.0, Next index: 2, Last known committed idx: 1, Time since last communication: 0.000s
I20260710 13:26:43.894245  1079 consensus_queue.cc:1048] T b75631d2bd37433a81df9bc6482c4c3a P 1eb6d0827c7b4320af9c7d427286f5e8 [LEADER]: Connected to new peer: Peer: permanent_uuid: "e651ce44be6f45cf8b17802f29a939a7" member_type: VOTER last_known_addr { host: "127.31.223.3" port: 40729 }, Status: LMP_MISMATCH, Last received: 0.0, Next index: 2, Last known committed idx: 1, Time since last communication: 0.000s
I20260710 13:26:43.914280   800 raft_consensus.cc:1275] T 2829972af12b4018937229b8981be051 P 08167c7c18cd42b583812dfd8e25021e [term 2 FOLLOWER]: Refusing update from remote peer 1eb6d0827c7b4320af9c7d427286f5e8: Log matching property violated. Preceding OpId in replica: term: 1 index: 1. Preceding OpId from leader: term: 2 index: 2. (index mismatch)
I20260710 13:26:43.917879  1090 consensus_queue.cc:1048] T 2829972af12b4018937229b8981be051 P 1eb6d0827c7b4320af9c7d427286f5e8 [LEADER]: Connected to new peer: Peer: permanent_uuid: "08167c7c18cd42b583812dfd8e25021e" member_type: VOTER last_known_addr { host: "127.31.223.1" port: 34983 }, Status: LMP_MISMATCH, Last received: 0.0, Next index: 2, Last known committed idx: 1, Time since last communication: 0.000s
I20260710 13:26:43.924752   801 raft_consensus.cc:1275] T b75631d2bd37433a81df9bc6482c4c3a P 08167c7c18cd42b583812dfd8e25021e [term 2 FOLLOWER]: Refusing update from remote peer 1eb6d0827c7b4320af9c7d427286f5e8: Log matching property violated. Preceding OpId in replica: term: 1 index: 1. Preceding OpId from leader: term: 2 index: 2. (index mismatch)
I20260710 13:26:43.926463  1079 consensus_queue.cc:1048] T b75631d2bd37433a81df9bc6482c4c3a P 1eb6d0827c7b4320af9c7d427286f5e8 [LEADER]: Connected to new peer: Peer: permanent_uuid: "08167c7c18cd42b583812dfd8e25021e" member_type: VOTER last_known_addr { host: "127.31.223.1" port: 34983 }, Status: LMP_MISMATCH, Last received: 0.0, Next index: 2, Last known committed idx: 1, Time since last communication: 0.000s
W20260710 13:26:43.962325   732 debug-util.cc:398] Leaking SignalData structure 0x7b0800052240 after lost signal to thread 32639
W20260710 13:26:43.963254   732 debug-util.cc:398] Leaking SignalData structure 0x7b0800052920 after lost signal to thread 735
W20260710 13:26:43.964057   732 debug-util.cc:398] Leaking SignalData structure 0x7b080008e1e0 after lost signal to thread 827
W20260710 13:26:43.964792   732 debug-util.cc:398] Leaking SignalData structure 0x7b08001da820 after lost signal to thread 902
W20260710 13:26:43.965476   732 debug-util.cc:398] Leaking SignalData structure 0x7b08000d6a60 after lost signal to thread 976
I20260710 13:26:45.243410  1045 raft_consensus.cc:476] T b75631d2bd37433a81df9bc6482c4c3a P 1eb6d0827c7b4320af9c7d427286f5e8 [term 2 LEADER]: Not starting pre-election -- already a leader
I20260710 13:26:45.796660 32636 auto_leader_rebalancer-test.cc:348] The leader distribution is 
I20260710 13:26:45.797566 32636 auto_leader_rebalancer.cc:141] leader rebalance for table test-workload
I20260710 13:26:45.819947   801 tablet_service.cc:2072] Received LeaderStepDown RPC: tablet_id: "f2bf5ecbc7e847de91bbd6540d0b9fe4"
dest_uuid: "08167c7c18cd42b583812dfd8e25021e"
mode: GRACEFUL
new_leader_uuid: "e651ce44be6f45cf8b17802f29a939a7"
 from {username='slave'} at 127.0.0.1:59394
I20260710 13:26:45.820683   801 raft_consensus.cc:606] T f2bf5ecbc7e847de91bbd6540d0b9fe4 P 08167c7c18cd42b583812dfd8e25021e [term 2 LEADER]: Received request to transfer leadership to TS e651ce44be6f45cf8b17802f29a939a7
I20260710 13:26:45.821959 32636 auto_leader_rebalancer.cc:479] table: test-workload, leader rebalance finish, leader transfer count: 1
I20260710 13:26:45.822471 32636 auto_leader_rebalancer.cc:554] All tables' leader rebalancing finished this round
I20260710 13:26:46.147917  1105 raft_consensus.cc:993] T f2bf5ecbc7e847de91bbd6540d0b9fe4 P 08167c7c18cd42b583812dfd8e25021e: : Instructing follower e651ce44be6f45cf8b17802f29a939a7 to start an election
I20260710 13:26:46.148447  1105 raft_consensus.cc:1081] T f2bf5ecbc7e847de91bbd6540d0b9fe4 P 08167c7c18cd42b583812dfd8e25021e [term 2 LEADER]: Signalling peer e651ce44be6f45cf8b17802f29a939a7 to start an election
I20260710 13:26:46.150130   952 tablet_service.cc:2044] Received Run Leader Election RPC: tablet_id: "f2bf5ecbc7e847de91bbd6540d0b9fe4"
dest_uuid: "e651ce44be6f45cf8b17802f29a939a7"
 from {username='slave'} at 127.0.0.1:36600
I20260710 13:26:46.150890   952 raft_consensus.cc:493] T f2bf5ecbc7e847de91bbd6540d0b9fe4 P e651ce44be6f45cf8b17802f29a939a7 [term 2 FOLLOWER]: Starting forced leader election (received explicit request)
I20260710 13:26:46.151264   952 raft_consensus.cc:3060] T f2bf5ecbc7e847de91bbd6540d0b9fe4 P e651ce44be6f45cf8b17802f29a939a7 [term 2 FOLLOWER]: Advancing to term 3
I20260710 13:26:46.156082   952 raft_consensus.cc:515] T f2bf5ecbc7e847de91bbd6540d0b9fe4 P e651ce44be6f45cf8b17802f29a939a7 [term 3 FOLLOWER]: Starting forced leader election with config: opid_index: -1 OBSOLETE_local: false peers { permanent_uuid: "08167c7c18cd42b583812dfd8e25021e" member_type: VOTER last_known_addr { host: "127.31.223.1" port: 34983 } } peers { permanent_uuid: "1eb6d0827c7b4320af9c7d427286f5e8" member_type: VOTER last_known_addr { host: "127.31.223.2" port: 35071 } } peers { permanent_uuid: "e651ce44be6f45cf8b17802f29a939a7" member_type: VOTER last_known_addr { host: "127.31.223.3" port: 40729 } }
I20260710 13:26:46.157913   952 leader_election.cc:290] T f2bf5ecbc7e847de91bbd6540d0b9fe4 P e651ce44be6f45cf8b17802f29a939a7 [CANDIDATE]: Term 3 election: Requested vote from peers 08167c7c18cd42b583812dfd8e25021e (127.31.223.1:34983), 1eb6d0827c7b4320af9c7d427286f5e8 (127.31.223.2:35071)
