I20260710 13:26:40.874264   535 catalog_manager.cc:5697] T 31445a108a0f443eb2c8022a653973f6 P 76716c33c33d429995cecdb39ec2a3d3 reported cstate change: term changed from 4 to 5, leader changed from ddf5da18bae54015a124dc74bbfd6d2c (127.0.126.129) to 76716c33c33d429995cecdb39ec2a3d3 (127.0.126.131). New cstate: current_term: 5 leader_uuid: "76716c33c33d429995cecdb39ec2a3d3" committed_config { opid_index: -1 OBSOLETE_local: false peers { permanent_uuid: "ddf5da18bae54015a124dc74bbfd6d2c" member_type: VOTER last_known_addr { host: "127.0.126.129" port: 44891 } health_report { overall_health: UNKNOWN } } peers { permanent_uuid: "221bbce1b6e747d3b2cd9b0ec3f81da2" member_type: VOTER last_known_addr { host: "127.0.126.130" port: 38909 } health_report { overall_health: UNKNOWN } } peers { permanent_uuid: "76716c33c33d429995cecdb39ec2a3d3" member_type: VOTER last_known_addr { host: "127.0.126.131" port: 43947 } health_report { overall_health: HEALTHY } } }
I20260710 13:26:40.877250  1012 leader_election.cc:290] T b38fc3657a654d2bb846048789f03bf7 P 76716c33c33d429995cecdb39ec2a3d3 [CANDIDATE]: Term 4 pre-election: Requested pre-vote from peers ddf5da18bae54015a124dc74bbfd6d2c (127.0.126.129:44891), 221bbce1b6e747d3b2cd9b0ec3f81da2 (127.0.126.130:38909)
I20260710 13:26:40.878377   714 tablet_service.cc:1917] Received RequestConsensusVote() RPC: tablet_id: "b38fc3657a654d2bb846048789f03bf7" candidate_uuid: "76716c33c33d429995cecdb39ec2a3d3" candidate_term: 4 candidate_status { last_received { term: 3 index: 3 } } ignore_live_leader: false dest_uuid: "221bbce1b6e747d3b2cd9b0ec3f81da2" is_pre_election: true
W20260710 13:26:40.880892   754 leader_election.cc:336] T b38fc3657a654d2bb846048789f03bf7 P 76716c33c33d429995cecdb39ec2a3d3 [CANDIDATE]: Term 4 pre-election: RPC error from VoteRequest() call to peer ddf5da18bae54015a124dc74bbfd6d2c (127.0.126.129:44891): Network error: Client connection negotiation failed: client connection to 127.0.126.129:44891: connect: Connection refused (error 111)
I20260710 13:26:40.881522   754 leader_election.cc:304] T b38fc3657a654d2bb846048789f03bf7 P 76716c33c33d429995cecdb39ec2a3d3 [CANDIDATE]: Term 4 pre-election: Election decided. Result: candidate lost. Election summary: received 3 responses out of 3 voters: 1 yes votes; 2 no votes. yes voters: 76716c33c33d429995cecdb39ec2a3d3; no voters: 221bbce1b6e747d3b2cd9b0ec3f81da2, ddf5da18bae54015a124dc74bbfd6d2c
I20260710 13:26:40.882467  1012 raft_consensus.cc:2749] T b38fc3657a654d2bb846048789f03bf7 P 76716c33c33d429995cecdb39ec2a3d3 [term 3 FOLLOWER]: Leader pre-election lost for term 4. Reason: could not achieve majority
I20260710 13:26:40.924968  1012 raft_consensus.cc:493] T 7e8e7785430243e9986c87f573fd7e19 P 76716c33c33d429995cecdb39ec2a3d3 [term 3 FOLLOWER]: Starting pre-election (detected failure of leader ddf5da18bae54015a124dc74bbfd6d2c)
I20260710 13:26:40.925724  1012 raft_consensus.cc:515] T 7e8e7785430243e9986c87f573fd7e19 P 76716c33c33d429995cecdb39ec2a3d3 [term 3 FOLLOWER]: Starting pre-election with config: opid_index: -1 OBSOLETE_local: false peers { permanent_uuid: "ddf5da18bae54015a124dc74bbfd6d2c" member_type: VOTER last_known_addr { host: "127.0.126.129" port: 44891 } } peers { permanent_uuid: "221bbce1b6e747d3b2cd9b0ec3f81da2" member_type: VOTER last_known_addr { host: "127.0.126.130" port: 38909 } } peers { permanent_uuid: "76716c33c33d429995cecdb39ec2a3d3" member_type: VOTER last_known_addr { host: "127.0.126.131" port: 43947 } }
I20260710 13:26:40.927580   928 raft_consensus.cc:493] T 7e8e7785430243e9986c87f573fd7e19 P 221bbce1b6e747d3b2cd9b0ec3f81da2 [term 3 FOLLOWER]: Starting pre-election (detected failure of leader ddf5da18bae54015a124dc74bbfd6d2c)
I20260710 13:26:40.928332  1012 leader_election.cc:290] T 7e8e7785430243e9986c87f573fd7e19 P 76716c33c33d429995cecdb39ec2a3d3 [CANDIDATE]: Term 4 pre-election: Requested pre-vote from peers ddf5da18bae54015a124dc74bbfd6d2c (127.0.126.129:44891), 221bbce1b6e747d3b2cd9b0ec3f81da2 (127.0.126.130:38909)
I20260710 13:26:40.928171   928 raft_consensus.cc:515] T 7e8e7785430243e9986c87f573fd7e19 P 221bbce1b6e747d3b2cd9b0ec3f81da2 [term 3 FOLLOWER]: Starting pre-election with config: opid_index: -1 OBSOLETE_local: false peers { permanent_uuid: "ddf5da18bae54015a124dc74bbfd6d2c" member_type: VOTER last_known_addr { host: "127.0.126.129" port: 44891 } } peers { permanent_uuid: "221bbce1b6e747d3b2cd9b0ec3f81da2" member_type: VOTER last_known_addr { host: "127.0.126.130" port: 38909 } } peers { permanent_uuid: "76716c33c33d429995cecdb39ec2a3d3" member_type: VOTER last_known_addr { host: "127.0.126.131" port: 43947 } }
I20260710 13:26:40.930190   928 leader_election.cc:290] T 7e8e7785430243e9986c87f573fd7e19 P 221bbce1b6e747d3b2cd9b0ec3f81da2 [CANDIDATE]: Term 4 pre-election: Requested pre-vote from peers ddf5da18bae54015a124dc74bbfd6d2c (127.0.126.129:44891), 76716c33c33d429995cecdb39ec2a3d3 (127.0.126.131:43947)
I20260710 13:26:40.931697   790 tablet_service.cc:1917] Received RequestConsensusVote() RPC: tablet_id: "7e8e7785430243e9986c87f573fd7e19" candidate_uuid: "221bbce1b6e747d3b2cd9b0ec3f81da2" candidate_term: 4 candidate_status { last_received { term: 3 index: 3 } } ignore_live_leader: false dest_uuid: "76716c33c33d429995cecdb39ec2a3d3" is_pre_election: true
I20260710 13:26:40.932310   790 raft_consensus.cc:2468] T 7e8e7785430243e9986c87f573fd7e19 P 76716c33c33d429995cecdb39ec2a3d3 [term 3 FOLLOWER]: Leader pre-election vote request: Granting yes vote for candidate 221bbce1b6e747d3b2cd9b0ec3f81da2 in term 3.
I20260710 13:26:40.932683   714 tablet_service.cc:1917] Received RequestConsensusVote() RPC: tablet_id: "7e8e7785430243e9986c87f573fd7e19" candidate_uuid: "76716c33c33d429995cecdb39ec2a3d3" candidate_term: 4 candidate_status { last_received { term: 3 index: 3 } } ignore_live_leader: false dest_uuid: "221bbce1b6e747d3b2cd9b0ec3f81da2" is_pre_election: true
I20260710 13:26:40.933405   714 raft_consensus.cc:2468] T 7e8e7785430243e9986c87f573fd7e19 P 221bbce1b6e747d3b2cd9b0ec3f81da2 [term 3 FOLLOWER]: Leader pre-election vote request: Granting yes vote for candidate 76716c33c33d429995cecdb39ec2a3d3 in term 3.
I20260710 13:26:40.933782   682 leader_election.cc:304] T 7e8e7785430243e9986c87f573fd7e19 P 221bbce1b6e747d3b2cd9b0ec3f81da2 [CANDIDATE]: Term 4 pre-election: Election decided. Result: candidate won. Election summary: received 2 responses out of 3 voters: 2 yes votes; 0 no votes. yes voters: 221bbce1b6e747d3b2cd9b0ec3f81da2, 76716c33c33d429995cecdb39ec2a3d3; no voters: 
W20260710 13:26:40.934397   754 leader_election.cc:336] T 7e8e7785430243e9986c87f573fd7e19 P 76716c33c33d429995cecdb39ec2a3d3 [CANDIDATE]: Term 4 pre-election: RPC error from VoteRequest() call to peer ddf5da18bae54015a124dc74bbfd6d2c (127.0.126.129:44891): Network error: Client connection negotiation failed: client connection to 127.0.126.129:44891: connect: Connection refused (error 111)
I20260710 13:26:40.935330   754 leader_election.cc:304] T 7e8e7785430243e9986c87f573fd7e19 P 76716c33c33d429995cecdb39ec2a3d3 [CANDIDATE]: Term 4 pre-election: Election decided. Result: candidate won. Election summary: received 3 responses out of 3 voters: 2 yes votes; 1 no votes. yes voters: 221bbce1b6e747d3b2cd9b0ec3f81da2, 76716c33c33d429995cecdb39ec2a3d3; no voters: ddf5da18bae54015a124dc74bbfd6d2c
I20260710 13:26:40.934839   928 raft_consensus.cc:2804] T 7e8e7785430243e9986c87f573fd7e19 P 221bbce1b6e747d3b2cd9b0ec3f81da2 [term 3 FOLLOWER]: Leader pre-election won for term 4
I20260710 13:26:40.936075   928 raft_consensus.cc:493] T 7e8e7785430243e9986c87f573fd7e19 P 221bbce1b6e747d3b2cd9b0ec3f81da2 [term 3 FOLLOWER]: Starting leader election (detected failure of leader ddf5da18bae54015a124dc74bbfd6d2c)
I20260710 13:26:40.936473   928 raft_consensus.cc:3060] T 7e8e7785430243e9986c87f573fd7e19 P 221bbce1b6e747d3b2cd9b0ec3f81da2 [term 3 FOLLOWER]: Advancing to term 4
I20260710 13:26:40.936757  1012 raft_consensus.cc:2804] T 7e8e7785430243e9986c87f573fd7e19 P 76716c33c33d429995cecdb39ec2a3d3 [term 3 FOLLOWER]: Leader pre-election won for term 4
I20260710 13:26:40.937259  1012 raft_consensus.cc:493] T 7e8e7785430243e9986c87f573fd7e19 P 76716c33c33d429995cecdb39ec2a3d3 [term 3 FOLLOWER]: Starting leader election (detected failure of leader ddf5da18bae54015a124dc74bbfd6d2c)
I20260710 13:26:40.938290  1012 raft_consensus.cc:3060] T 7e8e7785430243e9986c87f573fd7e19 P 76716c33c33d429995cecdb39ec2a3d3 [term 3 FOLLOWER]: Advancing to term 4
W20260710 13:26:40.937803   680 leader_election.cc:336] T 7e8e7785430243e9986c87f573fd7e19 P 221bbce1b6e747d3b2cd9b0ec3f81da2 [CANDIDATE]: Term 4 pre-election: RPC error from VoteRequest() call to peer ddf5da18bae54015a124dc74bbfd6d2c (127.0.126.129:44891): Network error: Client connection negotiation failed: client connection to 127.0.126.129:44891: connect: Connection refused (error 111)
I20260710 13:26:40.943334   928 raft_consensus.cc:515] T 7e8e7785430243e9986c87f573fd7e19 P 221bbce1b6e747d3b2cd9b0ec3f81da2 [term 4 FOLLOWER]: Starting leader election with config: opid_index: -1 OBSOLETE_local: false peers { permanent_uuid: "ddf5da18bae54015a124dc74bbfd6d2c" member_type: VOTER last_known_addr { host: "127.0.126.129" port: 44891 } } peers { permanent_uuid: "221bbce1b6e747d3b2cd9b0ec3f81da2" member_type: VOTER last_known_addr { host: "127.0.126.130" port: 38909 } } peers { permanent_uuid: "76716c33c33d429995cecdb39ec2a3d3" member_type: VOTER last_known_addr { host: "127.0.126.131" port: 43947 } }
I20260710 13:26:40.946986   790 tablet_service.cc:1917] Received RequestConsensusVote() RPC: tablet_id: "7e8e7785430243e9986c87f573fd7e19" candidate_uuid: "221bbce1b6e747d3b2cd9b0ec3f81da2" candidate_term: 4 candidate_status { last_received { term: 3 index: 3 } } ignore_live_leader: false dest_uuid: "76716c33c33d429995cecdb39ec2a3d3"
I20260710 13:26:40.947115   928 leader_election.cc:290] T 7e8e7785430243e9986c87f573fd7e19 P 221bbce1b6e747d3b2cd9b0ec3f81da2 [CANDIDATE]: Term 4 election: Requested vote from peers ddf5da18bae54015a124dc74bbfd6d2c (127.0.126.129:44891), 76716c33c33d429995cecdb39ec2a3d3 (127.0.126.131:43947)
W20260710 13:26:40.951660   680 leader_election.cc:336] T 7e8e7785430243e9986c87f573fd7e19 P 221bbce1b6e747d3b2cd9b0ec3f81da2 [CANDIDATE]: Term 4 election: RPC error from VoteRequest() call to peer ddf5da18bae54015a124dc74bbfd6d2c (127.0.126.129:44891): Network error: Client connection negotiation failed: client connection to 127.0.126.129:44891: connect: Connection refused (error 111)
I20260710 13:26:40.951669  1012 raft_consensus.cc:515] T 7e8e7785430243e9986c87f573fd7e19 P 76716c33c33d429995cecdb39ec2a3d3 [term 4 FOLLOWER]: Starting leader election with config: opid_index: -1 OBSOLETE_local: false peers { permanent_uuid: "ddf5da18bae54015a124dc74bbfd6d2c" member_type: VOTER last_known_addr { host: "127.0.126.129" port: 44891 } } peers { permanent_uuid: "221bbce1b6e747d3b2cd9b0ec3f81da2" member_type: VOTER last_known_addr { host: "127.0.126.130" port: 38909 } } peers { permanent_uuid: "76716c33c33d429995cecdb39ec2a3d3" member_type: VOTER last_known_addr { host: "127.0.126.131" port: 43947 } }
I20260710 13:26:40.953184   790 raft_consensus.cc:2393] T 7e8e7785430243e9986c87f573fd7e19 P 76716c33c33d429995cecdb39ec2a3d3 [term 4 FOLLOWER]: Leader election vote request: Denying vote to candidate 221bbce1b6e747d3b2cd9b0ec3f81da2 in current term 4: Already voted for candidate 76716c33c33d429995cecdb39ec2a3d3 in this term.
I20260710 13:26:40.954488  1012 leader_election.cc:290] T 7e8e7785430243e9986c87f573fd7e19 P 76716c33c33d429995cecdb39ec2a3d3 [CANDIDATE]: Term 4 election: Requested vote from peers ddf5da18bae54015a124dc74bbfd6d2c (127.0.126.129:44891), 221bbce1b6e747d3b2cd9b0ec3f81da2 (127.0.126.130:38909)
I20260710 13:26:40.956303   682 leader_election.cc:304] T 7e8e7785430243e9986c87f573fd7e19 P 221bbce1b6e747d3b2cd9b0ec3f81da2 [CANDIDATE]: Term 4 election: Election decided. Result: candidate lost. Election summary: received 3 responses out of 3 voters: 1 yes votes; 2 no votes. yes voters: 221bbce1b6e747d3b2cd9b0ec3f81da2; no voters: 76716c33c33d429995cecdb39ec2a3d3, ddf5da18bae54015a124dc74bbfd6d2c
I20260710 13:26:40.957415   928 raft_consensus.cc:2749] T 7e8e7785430243e9986c87f573fd7e19 P 221bbce1b6e747d3b2cd9b0ec3f81da2 [term 4 FOLLOWER]: Leader election lost for term 4. Reason: could not achieve majority
I20260710 13:26:40.957271   714 tablet_service.cc:1917] Received RequestConsensusVote() RPC: tablet_id: "7e8e7785430243e9986c87f573fd7e19" candidate_uuid: "76716c33c33d429995cecdb39ec2a3d3" candidate_term: 4 candidate_status { last_received { term: 3 index: 3 } } ignore_live_leader: false dest_uuid: "221bbce1b6e747d3b2cd9b0ec3f81da2"
I20260710 13:26:40.958235   714 raft_consensus.cc:2393] T 7e8e7785430243e9986c87f573fd7e19 P 221bbce1b6e747d3b2cd9b0ec3f81da2 [term 4 FOLLOWER]: Leader election vote request: Denying vote to candidate 76716c33c33d429995cecdb39ec2a3d3 in current term 4: Already voted for candidate 221bbce1b6e747d3b2cd9b0ec3f81da2 in this term.
W20260710 13:26:40.959738   754 leader_election.cc:336] T 7e8e7785430243e9986c87f573fd7e19 P 76716c33c33d429995cecdb39ec2a3d3 [CANDIDATE]: Term 4 election: RPC error from VoteRequest() call to peer ddf5da18bae54015a124dc74bbfd6d2c (127.0.126.129:44891): Network error: Client connection negotiation failed: client connection to 127.0.126.129:44891: connect: Connection refused (error 111)
I20260710 13:26:40.960244   754 leader_election.cc:304] T 7e8e7785430243e9986c87f573fd7e19 P 76716c33c33d429995cecdb39ec2a3d3 [CANDIDATE]: Term 4 election: Election decided. Result: candidate lost. Election summary: received 3 responses out of 3 voters: 1 yes votes; 2 no votes. yes voters: 76716c33c33d429995cecdb39ec2a3d3; no voters: 221bbce1b6e747d3b2cd9b0ec3f81da2, ddf5da18bae54015a124dc74bbfd6d2c
I20260710 13:26:40.960952  1012 raft_consensus.cc:2749] T 7e8e7785430243e9986c87f573fd7e19 P 76716c33c33d429995cecdb39ec2a3d3 [term 4 FOLLOWER]: Leader election lost for term 4. Reason: could not achieve majority
W20260710 13:26:40.995611   506 thread.cc:527] Waited for 1000ms trying to join with diag-logger (tid 662)
I20260710 13:26:41.180002   506 tablet_server.cc:196] TabletServer@127.0.126.129:0 shutdown complete.
I20260710 13:26:41.200680   506 tablet_server.cc:179] TabletServer@127.0.126.130:0 shutting down...
I20260710 13:26:41.234308   506 ts_tablet_manager.cc:1507] Shutting down tablet manager...
I20260710 13:26:41.235075   506 tablet_replica.cc:333] T 39daf70361ad41db945a51da82934717 P 221bbce1b6e747d3b2cd9b0ec3f81da2: stopping tablet replica
I20260710 13:26:41.235878   506 raft_consensus.cc:2243] T 39daf70361ad41db945a51da82934717 P 221bbce1b6e747d3b2cd9b0ec3f81da2 [term 2 FOLLOWER]: Raft consensus shutting down.
I20260710 13:26:41.236425   506 raft_consensus.cc:2272] T 39daf70361ad41db945a51da82934717 P 221bbce1b6e747d3b2cd9b0ec3f81da2 [term 2 FOLLOWER]: Raft consensus is shut down!
I20260710 13:26:41.238327   506 tablet_replica.cc:333] T 078c2ece076940d09770a80d042a1f61 P 221bbce1b6e747d3b2cd9b0ec3f81da2: stopping tablet replica
I20260710 13:26:41.238879   506 raft_consensus.cc:2243] T 078c2ece076940d09770a80d042a1f61 P 221bbce1b6e747d3b2cd9b0ec3f81da2 [term 2 LEADER]: Raft consensus shutting down.
I20260710 13:26:41.239665   506 raft_consensus.cc:2272] T 078c2ece076940d09770a80d042a1f61 P 221bbce1b6e747d3b2cd9b0ec3f81da2 [term 2 FOLLOWER]: Raft consensus is shut down!
I20260710 13:26:41.241765   506 tablet_replica.cc:333] T b38fc3657a654d2bb846048789f03bf7 P 221bbce1b6e747d3b2cd9b0ec3f81da2: stopping tablet replica
I20260710 13:26:41.242292   506 raft_consensus.cc:2243] T b38fc3657a654d2bb846048789f03bf7 P 221bbce1b6e747d3b2cd9b0ec3f81da2 [term 3 FOLLOWER]: Raft consensus shutting down.
I20260710 13:26:41.242707   506 raft_consensus.cc:2272] T b38fc3657a654d2bb846048789f03bf7 P 221bbce1b6e747d3b2cd9b0ec3f81da2 [term 3 FOLLOWER]: Raft consensus is shut down!
I20260710 13:26:41.244491   506 tablet_replica.cc:333] T e1a970046a4847f9b1dbb70e1dd97139 P 221bbce1b6e747d3b2cd9b0ec3f81da2: stopping tablet replica
I20260710 13:26:41.245036   506 raft_consensus.cc:2243] T e1a970046a4847f9b1dbb70e1dd97139 P 221bbce1b6e747d3b2cd9b0ec3f81da2 [term 3 LEADER]: Raft consensus shutting down.
I20260710 13:26:41.245998   506 raft_consensus.cc:2272] T e1a970046a4847f9b1dbb70e1dd97139 P 221bbce1b6e747d3b2cd9b0ec3f81da2 [term 3 FOLLOWER]: Raft consensus is shut down!
I20260710 13:26:41.247707   506 tablet_replica.cc:333] T 31445a108a0f443eb2c8022a653973f6 P 221bbce1b6e747d3b2cd9b0ec3f81da2: stopping tablet replica
I20260710 13:26:41.248312   506 raft_consensus.cc:2243] T 31445a108a0f443eb2c8022a653973f6 P 221bbce1b6e747d3b2cd9b0ec3f81da2 [term 5 FOLLOWER]: Raft consensus shutting down.
I20260710 13:26:41.248804   506 raft_consensus.cc:2272] T 31445a108a0f443eb2c8022a653973f6 P 221bbce1b6e747d3b2cd9b0ec3f81da2 [term 5 FOLLOWER]: Raft consensus is shut down!
I20260710 13:26:41.250473   506 tablet_replica.cc:333] T 47e13653610f49b8aed8217414b55cbc P 221bbce1b6e747d3b2cd9b0ec3f81da2: stopping tablet replica
I20260710 13:26:41.250976   506 raft_consensus.cc:2243] T 47e13653610f49b8aed8217414b55cbc P 221bbce1b6e747d3b2cd9b0ec3f81da2 [term 5 FOLLOWER]: Raft consensus shutting down.
I20260710 13:26:41.251482   506 raft_consensus.cc:2272] T 47e13653610f49b8aed8217414b55cbc P 221bbce1b6e747d3b2cd9b0ec3f81da2 [term 5 FOLLOWER]: Raft consensus is shut down!
I20260710 13:26:41.253221   506 tablet_replica.cc:333] T 48ed679cf2774301831783371a22a545 P 221bbce1b6e747d3b2cd9b0ec3f81da2: stopping tablet replica
I20260710 13:26:41.253760   506 raft_consensus.cc:2243] T 48ed679cf2774301831783371a22a545 P 221bbce1b6e747d3b2cd9b0ec3f81da2 [term 3 LEADER]: Raft consensus shutting down.
I20260710 13:26:41.254519   506 raft_consensus.cc:2272] T 48ed679cf2774301831783371a22a545 P 221bbce1b6e747d3b2cd9b0ec3f81da2 [term 3 FOLLOWER]: Raft consensus is shut down!
I20260710 13:26:41.256520   506 tablet_replica.cc:333] T a2ae42f30f304d14b78bac209762f551 P 221bbce1b6e747d3b2cd9b0ec3f81da2: stopping tablet replica
I20260710 13:26:41.257037   506 raft_consensus.cc:2243] T a2ae42f30f304d14b78bac209762f551 P 221bbce1b6e747d3b2cd9b0ec3f81da2 [term 5 FOLLOWER]: Raft consensus shutting down.
I20260710 13:26:41.257483   506 raft_consensus.cc:2272] T a2ae42f30f304d14b78bac209762f551 P 221bbce1b6e747d3b2cd9b0ec3f81da2 [term 5 FOLLOWER]: Raft consensus is shut down!
I20260710 13:26:41.259857   506 tablet_replica.cc:333] T 7e8e7785430243e9986c87f573fd7e19 P 221bbce1b6e747d3b2cd9b0ec3f81da2: stopping tablet replica
I20260710 13:26:41.260464   506 raft_consensus.cc:2243] T 7e8e7785430243e9986c87f573fd7e19 P 221bbce1b6e747d3b2cd9b0ec3f81da2 [term 4 FOLLOWER]: Raft consensus shutting down.
I20260710 13:26:41.260972   506 raft_consensus.cc:2272] T 7e8e7785430243e9986c87f573fd7e19 P 221bbce1b6e747d3b2cd9b0ec3f81da2 [term 4 FOLLOWER]: Raft consensus is shut down!
I20260710 13:26:41.312542   506 tablet_server.cc:196] TabletServer@127.0.126.130:0 shutdown complete.
I20260710 13:26:41.334329   506 tablet_server.cc:179] TabletServer@127.0.126.131:0 shutting down...
W20260710 13:26:41.356771   754 consensus_peers.cc:597] T 39daf70361ad41db945a51da82934717 P 76716c33c33d429995cecdb39ec2a3d3 -> Peer 221bbce1b6e747d3b2cd9b0ec3f81da2 (127.0.126.130:38909): Couldn't send request to peer 221bbce1b6e747d3b2cd9b0ec3f81da2. Status: Network error: Client connection negotiation failed: client connection to 127.0.126.130:38909: connect: Connection refused (error 111). This is attempt 1: this message will repeat every 5th retry.
I20260710 13:26:41.369874   506 ts_tablet_manager.cc:1507] Shutting down tablet manager...
I20260710 13:26:41.370775   506 tablet_replica.cc:333] T a2ae42f30f304d14b78bac209762f551 P 76716c33c33d429995cecdb39ec2a3d3: stopping tablet replica
I20260710 13:26:41.371475   506 raft_consensus.cc:2243] T a2ae42f30f304d14b78bac209762f551 P 76716c33c33d429995cecdb39ec2a3d3 [term 5 LEADER]: Raft consensus shutting down.
I20260710 13:26:41.372366   506 raft_consensus.cc:2272] T a2ae42f30f304d14b78bac209762f551 P 76716c33c33d429995cecdb39ec2a3d3 [term 5 FOLLOWER]: Raft consensus is shut down!
I20260710 13:26:41.374336   506 tablet_replica.cc:333] T b38fc3657a654d2bb846048789f03bf7 P 76716c33c33d429995cecdb39ec2a3d3: stopping tablet replica
I20260710 13:26:41.374949   506 raft_consensus.cc:2243] T b38fc3657a654d2bb846048789f03bf7 P 76716c33c33d429995cecdb39ec2a3d3 [term 3 FOLLOWER]: Raft consensus shutting down.
I20260710 13:26:41.375420   506 raft_consensus.cc:2272] T b38fc3657a654d2bb846048789f03bf7 P 76716c33c33d429995cecdb39ec2a3d3 [term 3 FOLLOWER]: Raft consensus is shut down!
I20260710 13:26:41.377221   506 tablet_replica.cc:333] T e1a970046a4847f9b1dbb70e1dd97139 P 76716c33c33d429995cecdb39ec2a3d3: stopping tablet replica
I20260710 13:26:41.377915   506 raft_consensus.cc:2243] T e1a970046a4847f9b1dbb70e1dd97139 P 76716c33c33d429995cecdb39ec2a3d3 [term 3 FOLLOWER]: Raft consensus shutting down.
I20260710 13:26:41.378419   506 raft_consensus.cc:2272] T e1a970046a4847f9b1dbb70e1dd97139 P 76716c33c33d429995cecdb39ec2a3d3 [term 3 FOLLOWER]: Raft consensus is shut down!
I20260710 13:26:41.380293   506 tablet_replica.cc:333] T 47e13653610f49b8aed8217414b55cbc P 76716c33c33d429995cecdb39ec2a3d3: stopping tablet replica
I20260710 13:26:41.380852   506 raft_consensus.cc:2243] T 47e13653610f49b8aed8217414b55cbc P 76716c33c33d429995cecdb39ec2a3d3 [term 5 LEADER]: Raft consensus shutting down.
I20260710 13:26:41.381620   506 raft_consensus.cc:2272] T 47e13653610f49b8aed8217414b55cbc P 76716c33c33d429995cecdb39ec2a3d3 [term 5 FOLLOWER]: Raft consensus is shut down!
I20260710 13:26:41.383332   506 tablet_replica.cc:333] T 7e8e7785430243e9986c87f573fd7e19 P 76716c33c33d429995cecdb39ec2a3d3: stopping tablet replica
I20260710 13:26:41.383942   506 raft_consensus.cc:2243] T 7e8e7785430243e9986c87f573fd7e19 P 76716c33c33d429995cecdb39ec2a3d3 [term 4 FOLLOWER]: Raft consensus shutting down.
I20260710 13:26:41.384507   506 raft_consensus.cc:2272] T 7e8e7785430243e9986c87f573fd7e19 P 76716c33c33d429995cecdb39ec2a3d3 [term 4 FOLLOWER]: Raft consensus is shut down!
I20260710 13:26:41.386386   506 tablet_replica.cc:333] T 39daf70361ad41db945a51da82934717 P 76716c33c33d429995cecdb39ec2a3d3: stopping tablet replica
I20260710 13:26:41.386857   506 raft_consensus.cc:2243] T 39daf70361ad41db945a51da82934717 P 76716c33c33d429995cecdb39ec2a3d3 [term 2 LEADER]: Raft consensus shutting down.
I20260710 13:26:41.387568   506 raft_consensus.cc:2272] T 39daf70361ad41db945a51da82934717 P 76716c33c33d429995cecdb39ec2a3d3 [term 2 FOLLOWER]: Raft consensus is shut down!
I20260710 13:26:41.389992   506 tablet_replica.cc:333] T 078c2ece076940d09770a80d042a1f61 P 76716c33c33d429995cecdb39ec2a3d3: stopping tablet replica
I20260710 13:26:41.390597   506 raft_consensus.cc:2243] T 078c2ece076940d09770a80d042a1f61 P 76716c33c33d429995cecdb39ec2a3d3 [term 2 FOLLOWER]: Raft consensus shutting down.
I20260710 13:26:41.391055   506 raft_consensus.cc:2272] T 078c2ece076940d09770a80d042a1f61 P 76716c33c33d429995cecdb39ec2a3d3 [term 2 FOLLOWER]: Raft consensus is shut down!
I20260710 13:26:41.392827   506 tablet_replica.cc:333] T 31445a108a0f443eb2c8022a653973f6 P 76716c33c33d429995cecdb39ec2a3d3: stopping tablet replica
I20260710 13:26:41.393354   506 raft_consensus.cc:2243] T 31445a108a0f443eb2c8022a653973f6 P 76716c33c33d429995cecdb39ec2a3d3 [term 5 LEADER]: Raft consensus shutting down.
I20260710 13:26:41.393970   506 pending_rounds.cc:70] T 31445a108a0f443eb2c8022a653973f6 P 76716c33c33d429995cecdb39ec2a3d3: Trying to abort 1 pending ops.
I20260710 13:26:41.394232   506 pending_rounds.cc:77] T 31445a108a0f443eb2c8022a653973f6 P 76716c33c33d429995cecdb39ec2a3d3: Aborting op as it isn't in flight: id { term: 5 index: 5 } timestamp: 7305994243545362432 op_type: NO_OP noop_request { }
I20260710 13:26:41.394665   506 raft_consensus.cc:2889] T 31445a108a0f443eb2c8022a653973f6 P 76716c33c33d429995cecdb39ec2a3d3 [term 5 LEADER]: NO_OP replication failed: Aborted: Op aborted
I20260710 13:26:41.394984   506 raft_consensus.cc:2272] T 31445a108a0f443eb2c8022a653973f6 P 76716c33c33d429995cecdb39ec2a3d3 [term 5 FOLLOWER]: Raft consensus is shut down!
I20260710 13:26:41.397118   506 tablet_replica.cc:333] T 48ed679cf2774301831783371a22a545 P 76716c33c33d429995cecdb39ec2a3d3: stopping tablet replica
I20260710 13:26:41.397615   506 raft_consensus.cc:2243] T 48ed679cf2774301831783371a22a545 P 76716c33c33d429995cecdb39ec2a3d3 [term 3 FOLLOWER]: Raft consensus shutting down.
I20260710 13:26:41.398066   506 raft_consensus.cc:2272] T 48ed679cf2774301831783371a22a545 P 76716c33c33d429995cecdb39ec2a3d3 [term 3 FOLLOWER]: Raft consensus is shut down!
I20260710 13:26:41.427114   506 tablet_server.cc:196] TabletServer@127.0.126.131:0 shutdown complete.
I20260710 13:26:41.444629   506 master.cc:562] Master@127.0.126.190:44919 shutting down...
I20260710 13:26:41.637665   506 raft_consensus.cc:2243] T 00000000000000000000000000000000 P 90c016229acc4af4b860af22928e6fbb [term 1 LEADER]: Raft consensus shutting down.
I20260710 13:26:41.638288   506 raft_consensus.cc:2272] T 00000000000000000000000000000000 P 90c016229acc4af4b860af22928e6fbb [term 1 FOLLOWER]: Raft consensus is shut down!
I20260710 13:26:41.638579   506 tablet_replica.cc:333] T 00000000000000000000000000000000 P 90c016229acc4af4b860af22928e6fbb: stopping tablet replica
I20260710 13:26:41.661752   506 master.cc:584] Master@127.0.126.190:44919 shutdown complete.
221bbce1b6e747d3b2cd9b0ec3f81da2  4
76716c33c33d429995cecdb39ec2a3d3  1
ddf5da18bae54015a124dc74bbfd6d2c  4
[       OK ] LeaderRebalancerTest.FunctionalTestForDivided (14758 ms)
[ RUN      ] LeaderRebalancerTest.FunctionalTestForNotDivided
I20260710 13:26:41.709635   506 internal_mini_cluster.cc:156] Creating distributed mini masters. Addrs: 127.0.126.190:33505
I20260710 13:26:41.711035   506 file_cache.cc:504] Constructed file cache file cache with capacity 419430
W20260710 13:26:41.717432  1028 instance_detector.cc:116] could not retrieve AWS instance metadata: Network error: curl error: HTTP response code said error: The requested URL returned error: 404
W20260710 13:26:41.718119  1029 instance_detector.cc:116] could not retrieve Azure instance metadata: Network error: curl error: HTTP response code said error: The requested URL returned error: 404
W20260710 13:26:41.719235  1031 instance_detector.cc:116] could not retrieve OpenStack instance metadata: Network error: curl error: HTTP response code said error: The requested URL returned error: 404
I20260710 13:26:41.720511   506 server_base.cc:1061] running on GCE node
I20260710 13:26:41.721508   506 hybrid_clock.cc:584] initializing the hybrid clock with 'system_unsync' time source
W20260710 13:26:41.721705   506 system_unsync_time.cc:38] NTP support is disabled. Clock error bounds will not be accurate. This configuration is not suitable for distributed clusters.
I20260710 13:26:41.721849   506 hybrid_clock.cc:648] HybridClock initialized: now 1783690001721837 us; error 0 us; skew 500 ppm
I20260710 13:26:41.722378   506 server_base.cc:861] Flag tcmalloc_max_total_thread_cache_bytes is not working since tcmalloc is not enabled.
I20260710 13:26:41.725333   506 webserver.cc:533] Webserver started at http://127.0.126.190:46395/ using document root <none> and password file <none>
I20260710 13:26:41.725875   506 fs_manager.cc:362] Metadata directory not provided
I20260710 13:26:41.726051   506 fs_manager.cc:368] Using write-ahead log directory (fs_wal_dir) as metadata directory
I20260710 13:26:41.726300   506 server_base.cc:909] This appears to be a new deployment of Kudu; creating new FS layout
I20260710 13:26:41.727627   506 fs_manager.cc:1068] Generated new instance metadata in path /tmp/dist-test-tasknMKnlI/test-tmp/auto_leader_rebalancer-test.0.LeaderRebalancerTest.FunctionalTestForNotDivided.1783689986762019-506-0/minicluster-data/master-0-root/instance:
uuid: "0ebe2d9e819749f282e928fa06f0aa43"
format_stamp: "Formatted at 2026-07-10 13:26:41 on dist-test-slave-6rll"
I20260710 13:26:41.733191   506 fs_manager.cc:696] Time spent creating directory manager: real 0.005s	user 0.004s	sys 0.000s
I20260710 13:26:41.737524  1036 log_block_manager.cc:4127] Time spent loading block containers with low live blocks: real 0.000s	user 0.000s	sys 0.000s
I20260710 13:26:41.738471   506 fs_manager.cc:730] Time spent opening block manager: real 0.003s	user 0.004s	sys 0.000s
I20260710 13:26:41.738741   506 fs_manager.cc:647] Opened local filesystem: /tmp/dist-test-tasknMKnlI/test-tmp/auto_leader_rebalancer-test.0.LeaderRebalancerTest.FunctionalTestForNotDivided.1783689986762019-506-0/minicluster-data/master-0-root
uuid: "0ebe2d9e819749f282e928fa06f0aa43"
format_stamp: "Formatted at 2026-07-10 13:26:41 on dist-test-slave-6rll"
I20260710 13:26:41.739012   506 fs_report.cc:389] FS layout report
--------------------
wal directory: /tmp/dist-test-tasknMKnlI/test-tmp/auto_leader_rebalancer-test.0.LeaderRebalancerTest.FunctionalTestForNotDivided.1783689986762019-506-0/minicluster-data/master-0-root
metadata directory: /tmp/dist-test-tasknMKnlI/test-tmp/auto_leader_rebalancer-test.0.LeaderRebalancerTest.FunctionalTestForNotDivided.1783689986762019-506-0/minicluster-data/master-0-root
1 data directories: /tmp/dist-test-tasknMKnlI/test-tmp/auto_leader_rebalancer-test.0.LeaderRebalancerTest.FunctionalTestForNotDivided.1783689986762019-506-0/minicluster-data/master-0-root/data
Total live blocks: 0
Total live bytes: 0
Total live bytes (after alignment): 0
Total number of LBM containers: 0 (0 full)
Did not check for missing blocks
Did not check for orphaned blocks
Total full LBM containers with extra space: 0 (0 repaired)
Total full LBM container extra space in bytes: 0 (0 repaired)
Total incomplete LBM containers: 0 (0 repaired)
Total LBM partial records: 0 (0 repaired)
Total corrupted LBM metadata records in RocksDB: 0 (0 repaired)
I20260710 13:26:41.759105   506 rpc_server.cc:225] running with OpenSSL 1.1.1  11 Sep 2018
I20260710 13:26:41.760427   506 kserver.cc:163] Server-wide thread pool size limit: 3276
I20260710 13:26:41.805821   506 rpc_server.cc:307] RPC server started. Bound to: 127.0.126.190:33505
I20260710 13:26:41.805961  1087 acceptor_pool.cc:272] collecting diagnostics on the listening RPC socket 127.0.126.190:33505 every 8 connection(s)
I20260710 13:26:41.810429  1088 data_dirs.cc:400] Could only allocate 1 dirs of requested 3 for tablet 00000000000000000000000000000000. 1 dirs total, 0 dirs full, 0 dirs failed
I20260710 13:26:41.821143  1088 tablet_bootstrap.cc:492] T 00000000000000000000000000000000 P 0ebe2d9e819749f282e928fa06f0aa43: Bootstrap starting.
I20260710 13:26:41.826437  1088 tablet_bootstrap.cc:654] T 00000000000000000000000000000000 P 0ebe2d9e819749f282e928fa06f0aa43: Neither blocks nor log segments found. Creating new log.
I20260710 13:26:41.831650  1088 tablet_bootstrap.cc:492] T 00000000000000000000000000000000 P 0ebe2d9e819749f282e928fa06f0aa43: No bootstrap required, opened a new log
I20260710 13:26:41.834136  1088 raft_consensus.cc:359] T 00000000000000000000000000000000 P 0ebe2d9e819749f282e928fa06f0aa43 [term 0 FOLLOWER]: Replica starting. Triggering 0 pending ops. Active config: opid_index: -1 OBSOLETE_local: true peers { permanent_uuid: "0ebe2d9e819749f282e928fa06f0aa43" member_type: VOTER }
I20260710 13:26:41.834559  1088 raft_consensus.cc:385] T 00000000000000000000000000000000 P 0ebe2d9e819749f282e928fa06f0aa43 [term 0 FOLLOWER]: Consensus starting up: Expiring failure detector timer to make a prompt election more likely
I20260710 13:26:41.834769  1088 raft_consensus.cc:740] T 00000000000000000000000000000000 P 0ebe2d9e819749f282e928fa06f0aa43 [term 0 FOLLOWER]: Becoming Follower/Learner. State: Replica: 0ebe2d9e819749f282e928fa06f0aa43, State: Initialized, Role: FOLLOWER
I20260710 13:26:41.835606  1088 consensus_queue.cc:260] T 00000000000000000000000000000000 P 0ebe2d9e819749f282e928fa06f0aa43 [NON_LEADER]: Queue going to NON_LEADER mode. State: All replicated index: 0, Majority replicated index: 0, Committed index: 0, Last appended: 0.0, Last appended by leader: 0, Current term: 0, Majority size: -1, State: 0, Mode: NON_LEADER, active raft config: opid_index: -1 OBSOLETE_local: true peers { permanent_uuid: "0ebe2d9e819749f282e928fa06f0aa43" member_type: VOTER }
I20260710 13:26:41.836138  1088 raft_consensus.cc:399] T 00000000000000000000000000000000 P 0ebe2d9e819749f282e928fa06f0aa43 [term 0 FOLLOWER]: Only one voter in the Raft config. Triggering election immediately
I20260710 13:26:41.836397  1088 raft_consensus.cc:493] T 00000000000000000000000000000000 P 0ebe2d9e819749f282e928fa06f0aa43 [term 0 FOLLOWER]: Starting leader election (initial election of a single-replica configuration)
I20260710 13:26:41.836661  1088 raft_consensus.cc:3060] T 00000000000000000000000000000000 P 0ebe2d9e819749f282e928fa06f0aa43 [term 0 FOLLOWER]: Advancing to term 1
I20260710 13:26:41.841688  1088 raft_consensus.cc:515] T 00000000000000000000000000000000 P 0ebe2d9e819749f282e928fa06f0aa43 [term 1 FOLLOWER]: Starting leader election with config: opid_index: -1 OBSOLETE_local: true peers { permanent_uuid: "0ebe2d9e819749f282e928fa06f0aa43" member_type: VOTER }
I20260710 13:26:41.842344  1088 leader_election.cc:304] T 00000000000000000000000000000000 P 0ebe2d9e819749f282e928fa06f0aa43 [CANDIDATE]: Term 1 election: Election decided. Result: candidate won. Election summary: received 1 responses out of 1 voters: 1 yes votes; 0 no votes. yes voters: 0ebe2d9e819749f282e928fa06f0aa43; no voters: 
I20260710 13:26:41.843887  1088 leader_election.cc:290] T 00000000000000000000000000000000 P 0ebe2d9e819749f282e928fa06f0aa43 [CANDIDATE]: Term 1 election: Requested vote from peers 
I20260710 13:26:41.844375  1091 raft_consensus.cc:2804] T 00000000000000000000000000000000 P 0ebe2d9e819749f282e928fa06f0aa43 [term 1 FOLLOWER]: Leader election won for term 1
I20260710 13:26:41.846027  1091 raft_consensus.cc:697] T 00000000000000000000000000000000 P 0ebe2d9e819749f282e928fa06f0aa43 [term 1 LEADER]: Becoming Leader. State: Replica: 0ebe2d9e819749f282e928fa06f0aa43, State: Running, Role: LEADER
I20260710 13:26:41.846750  1091 consensus_queue.cc:237] T 00000000000000000000000000000000 P 0ebe2d9e819749f282e928fa06f0aa43 [LEADER]: Queue going to LEADER mode. State: All replicated index: 0, Majority replicated index: 0, Committed index: 0, Last appended: 0.0, Last appended by leader: 0, Current term: 1, Majority size: 1, State: 0, Mode: LEADER, active raft config: opid_index: -1 OBSOLETE_local: true peers { permanent_uuid: "0ebe2d9e819749f282e928fa06f0aa43" member_type: VOTER }
I20260710 13:26:41.847407  1088 sys_catalog.cc:565] T 00000000000000000000000000000000 P 0ebe2d9e819749f282e928fa06f0aa43 [sys.catalog]: configured and running, proceeding with master startup.
I20260710 13:26:41.851352  1092 sys_catalog.cc:455] T 00000000000000000000000000000000 P 0ebe2d9e819749f282e928fa06f0aa43 [sys.catalog]: SysCatalogTable state changed. Reason: RaftConsensus started. Latest consensus state: current_term: 1 leader_uuid: "0ebe2d9e819749f282e928fa06f0aa43" committed_config { opid_index: -1 OBSOLETE_local: true peers { permanent_uuid: "0ebe2d9e819749f282e928fa06f0aa43" member_type: VOTER } }
I20260710 13:26:41.852080  1092 sys_catalog.cc:458] T 00000000000000000000000000000000 P 0ebe2d9e819749f282e928fa06f0aa43 [sys.catalog]: This master's current role is: LEADER
I20260710 13:26:41.851358  1093 sys_catalog.cc:455] T 00000000000000000000000000000000 P 0ebe2d9e819749f282e928fa06f0aa43 [sys.catalog]: SysCatalogTable state changed. Reason: New leader 0ebe2d9e819749f282e928fa06f0aa43. Latest consensus state: current_term: 1 leader_uuid: "0ebe2d9e819749f282e928fa06f0aa43" committed_config { opid_index: -1 OBSOLETE_local: true peers { permanent_uuid: "0ebe2d9e819749f282e928fa06f0aa43" member_type: VOTER } }
I20260710 13:26:41.853132  1093 sys_catalog.cc:458] T 00000000000000000000000000000000 P 0ebe2d9e819749f282e928fa06f0aa43 [sys.catalog]: This master's current role is: LEADER
I20260710 13:26:41.857849  1097 catalog_manager.cc:1511] Loading table and tablet metadata into memory...
I20260710 13:26:41.866444  1097 catalog_manager.cc:1520] Initializing Kudu cluster ID...
I20260710 13:26:41.867631   506 internal_mini_cluster.cc:184] Waiting to initialize catalog manager on master 0
I20260710 13:26:41.876366  1097 catalog_manager.cc:1383] Generated new cluster ID: b988ca2a7611488b8d23c8589aa01f64
I20260710 13:26:41.876629  1097 catalog_manager.cc:1531] Initializing Kudu internal certificate authority...
I20260710 13:26:41.894299  1097 catalog_manager.cc:1406] Generated new certificate authority record
I20260710 13:26:41.895562  1097 catalog_manager.cc:1540] Loading token signing keys...
I20260710 13:26:41.915879  1097 catalog_manager.cc:6070] T 00000000000000000000000000000000 P 0ebe2d9e819749f282e928fa06f0aa43: Generated new TSK 0
I20260710 13:26:41.916574  1097 catalog_manager.cc:1550] Initializing in-progress tserver states...
I20260710 13:26:41.934842   506 file_cache.cc:504] Constructed file cache file cache with capacity 419430
W20260710 13:26:41.941951  1109 instance_detector.cc:116] could not retrieve AWS instance metadata: Network error: curl error: HTTP response code said error: The requested URL returned error: 404
W20260710 13:26:41.943645  1110 instance_detector.cc:116] could not retrieve Azure instance metadata: Network error: curl error: HTTP response code said error: The requested URL returned error: 404
W20260710 13:26:41.946066  1112 instance_detector.cc:116] could not retrieve OpenStack instance metadata: Network error: curl error: HTTP response code said error: The requested URL returned error: 404
I20260710 13:26:41.947257   506 server_base.cc:1061] running on GCE node
I20260710 13:26:41.948238   506 hybrid_clock.cc:584] initializing the hybrid clock with 'system_unsync' time source
W20260710 13:26:41.948429   506 system_unsync_time.cc:38] NTP support is disabled. Clock error bounds will not be accurate. This configuration is not suitable for distributed clusters.
I20260710 13:26:41.948633   506 hybrid_clock.cc:648] HybridClock initialized: now 1783690001948614 us; error 0 us; skew 500 ppm
I20260710 13:26:41.949148   506 server_base.cc:861] Flag tcmalloc_max_total_thread_cache_bytes is not working since tcmalloc is not enabled.
I20260710 13:26:41.952795   506 webserver.cc:533] Webserver started at http://127.0.126.129:40135/ using document root <none> and password file <none>
I20260710 13:26:41.953413   506 fs_manager.cc:362] Metadata directory not provided
I20260710 13:26:41.953651   506 fs_manager.cc:368] Using write-ahead log directory (fs_wal_dir) as metadata directory
I20260710 13:26:41.953934   506 server_base.cc:909] This appears to be a new deployment of Kudu; creating new FS layout
I20260710 13:26:41.955001   506 fs_manager.cc:1068] Generated new instance metadata in path /tmp/dist-test-tasknMKnlI/test-tmp/auto_leader_rebalancer-test.0.LeaderRebalancerTest.FunctionalTestForNotDivided.1783689986762019-506-0/minicluster-data/ts-0-root/instance:
uuid: "4b036522407b4c73bd48af456886a62f"
format_stamp: "Formatted at 2026-07-10 13:26:41 on dist-test-slave-6rll"
I20260710 13:26:41.959827   506 fs_manager.cc:696] Time spent creating directory manager: real 0.004s	user 0.006s	sys 0.000s
I20260710 13:26:41.963254  1117 log_block_manager.cc:4127] Time spent loading block containers with low live blocks: real 0.000s	user 0.000s	sys 0.000s
I20260710 13:26:41.964221   506 fs_manager.cc:730] Time spent opening block manager: real 0.002s	user 0.003s	sys 0.000s
I20260710 13:26:41.964612   506 fs_manager.cc:647] Opened local filesystem: /tmp/dist-test-tasknMKnlI/test-tmp/auto_leader_rebalancer-test.0.LeaderRebalancerTest.FunctionalTestForNotDivided.1783689986762019-506-0/minicluster-data/ts-0-root
uuid: "4b036522407b4c73bd48af456886a62f"
format_stamp: "Formatted at 2026-07-10 13:26:41 on dist-test-slave-6rll"
I20260710 13:26:41.964942   506 fs_report.cc:389] FS layout report
--------------------
wal directory: /tmp/dist-test-tasknMKnlI/test-tmp/auto_leader_rebalancer-test.0.LeaderRebalancerTest.FunctionalTestForNotDivided.1783689986762019-506-0/minicluster-data/ts-0-root
metadata directory: /tmp/dist-test-tasknMKnlI/test-tmp/auto_leader_rebalancer-test.0.LeaderRebalancerTest.FunctionalTestForNotDivided.1783689986762019-506-0/minicluster-data/ts-0-root
1 data directories: /tmp/dist-test-tasknMKnlI/test-tmp/auto_leader_rebalancer-test.0.LeaderRebalancerTest.FunctionalTestForNotDivided.1783689986762019-506-0/minicluster-data/ts-0-root/data
Total live blocks: 0
Total live bytes: 0
Total live bytes (after alignment): 0
Total number of LBM containers: 0 (0 full)
Did not check for missing blocks
Did not check for orphaned blocks
Total full LBM containers with extra space: 0 (0 repaired)
Total full LBM container extra space in bytes: 0 (0 repaired)
Total incomplete LBM containers: 0 (0 repaired)
Total LBM partial records: 0 (0 repaired)
Total corrupted LBM metadata records in RocksDB: 0 (0 repaired)
I20260710 13:26:41.995500   506 rpc_server.cc:225] running with OpenSSL 1.1.1  11 Sep 2018
I20260710 13:26:41.996795   506 kserver.cc:163] Server-wide thread pool size limit: 3276
I20260710 13:26:41.998389   506 txn_system_client.cc:432] TxnSystemClient initialization is disabled...
I20260710 13:26:42.000859   506 ts_tablet_manager.cc:585] Loaded tablet metadata (0 total tablets, 0 live tablets)
I20260710 13:26:42.001104   506 ts_tablet_manager.cc:531] Time spent load tablet metadata: real 0.000s	user 0.000s	sys 0.000s
I20260710 13:26:42.001354   506 ts_tablet_manager.cc:616] Registered 0 tablets
I20260710 13:26:42.001542   506 ts_tablet_manager.cc:595] Time spent register tablets: real 0.000s	user 0.000s	sys 0.000s
I20260710 13:26:42.049155   506 rpc_server.cc:307] RPC server started. Bound to: 127.0.126.129:35985
I20260710 13:26:42.049329  1179 acceptor_pool.cc:272] collecting diagnostics on the listening RPC socket 127.0.126.129:35985 every 8 connection(s)
I20260710 13:26:42.054111   506 file_cache.cc:504] Constructed file cache file cache with capacity 419430
W20260710 13:26:42.065778  1184 instance_detector.cc:116] could not retrieve AWS instance metadata: Network error: curl error: HTTP response code said error: The requested URL returned error: 404
W20260710 13:26:42.066103  1185 instance_detector.cc:116] could not retrieve Azure instance metadata: Network error: curl error: HTTP response code said error: The requested URL returned error: 404
W20260710 13:26:42.070502  1187 instance_detector.cc:116] could not retrieve OpenStack instance metadata: Network error: curl error: HTTP response code said error: The requested URL returned error: 404
I20260710 13:26:42.074499   506 server_base.cc:1061] running on GCE node
I20260710 13:26:42.076212   506 hybrid_clock.cc:584] initializing the hybrid clock with 'system_unsync' time source
W20260710 13:26:42.076483   506 system_unsync_time.cc:38] NTP support is disabled. Clock error bounds will not be accurate. This configuration is not suitable for distributed clusters.
I20260710 13:26:42.076617   506 hybrid_clock.cc:648] HybridClock initialized: now 1783690002076605 us; error 0 us; skew 500 ppm
I20260710 13:26:42.077201   506 server_base.cc:861] Flag tcmalloc_max_total_thread_cache_bytes is not working since tcmalloc is not enabled.
I20260710 13:26:42.080700   506 webserver.cc:533] Webserver started at http://127.0.126.130:44887/ using document root <none> and password file <none>
I20260710 13:26:42.081280   506 fs_manager.cc:362] Metadata directory not provided
I20260710 13:26:42.081543   506 fs_manager.cc:368] Using write-ahead log directory (fs_wal_dir) as metadata directory
I20260710 13:26:42.081722  1180 heartbeater.cc:344] Connected to a master server at 127.0.126.190:33505
I20260710 13:26:42.081876   506 server_base.cc:909] This appears to be a new deployment of Kudu; creating new FS layout
I20260710 13:26:42.082147  1180 heartbeater.cc:461] Registering TS with master...
I20260710 13:26:42.082960  1180 heartbeater.cc:507] Master 127.0.126.190:33505 requested a full tablet report, sending...
I20260710 13:26:42.083101   506 fs_manager.cc:1068] Generated new instance metadata in path /tmp/dist-test-tasknMKnlI/test-tmp/auto_leader_rebalancer-test.0.LeaderRebalancerTest.FunctionalTestForNotDivided.1783689986762019-506-0/minicluster-data/ts-1-root/instance:
uuid: "66544adb50d842db91bcdcd05b2108c0"
format_stamp: "Formatted at 2026-07-10 13:26:42 on dist-test-slave-6rll"
I20260710 13:26:42.085198  1053 ts_manager.cc:194] Registered new tserver with Master: 4b036522407b4c73bd48af456886a62f (127.0.126.129:35985)
I20260710 13:26:42.087417  1053 master_service.cc:502] Signed X509 certificate for tserver {username='slave'} at 127.0.0.1:39818
I20260710 13:26:42.088413   506 fs_manager.cc:696] Time spent creating directory manager: real 0.005s	user 0.005s	sys 0.002s
I20260710 13:26:42.092267  1192 log_block_manager.cc:4127] Time spent loading block containers with low live blocks: real 0.000s	user 0.000s	sys 0.000s
I20260710 13:26:42.093243   506 fs_manager.cc:730] Time spent opening block manager: real 0.003s	user 0.002s	sys 0.002s
I20260710 13:26:42.093598   506 fs_manager.cc:647] Opened local filesystem: /tmp/dist-test-tasknMKnlI/test-tmp/auto_leader_rebalancer-test.0.LeaderRebalancerTest.FunctionalTestForNotDivided.1783689986762019-506-0/minicluster-data/ts-1-root
uuid: "66544adb50d842db91bcdcd05b2108c0"
format_stamp: "Formatted at 2026-07-10 13:26:42 on dist-test-slave-6rll"
I20260710 13:26:42.093899   506 fs_report.cc:389] FS layout report
--------------------
wal directory: /tmp/dist-test-tasknMKnlI/test-tmp/auto_leader_rebalancer-test.0.LeaderRebalancerTest.FunctionalTestForNotDivided.1783689986762019-506-0/minicluster-data/ts-1-root
metadata directory: /tmp/dist-test-tasknMKnlI/test-tmp/auto_leader_rebalancer-test.0.LeaderRebalancerTest.FunctionalTestForNotDivided.1783689986762019-506-0/minicluster-data/ts-1-root
1 data directories: /tmp/dist-test-tasknMKnlI/test-tmp/auto_leader_rebalancer-test.0.LeaderRebalancerTest.FunctionalTestForNotDivided.1783689986762019-506-0/minicluster-data/ts-1-root/data
Total live blocks: 0
Total live bytes: 0
Total live bytes (after alignment): 0
Total number of LBM containers: 0 (0 full)
Did not check for missing blocks
Did not check for orphaned blocks
Total full LBM containers with extra space: 0 (0 repaired)
Total full LBM container extra space in bytes: 0 (0 repaired)
Total incomplete LBM containers: 0 (0 repaired)
Total LBM partial records: 0 (0 repaired)
Total corrupted LBM metadata records in RocksDB: 0 (0 repaired)
I20260710 13:26:42.113433   506 rpc_server.cc:225] running with OpenSSL 1.1.1  11 Sep 2018
I20260710 13:26:42.114631   506 kserver.cc:163] Server-wide thread pool size limit: 3276
I20260710 13:26:42.116264   506 txn_system_client.cc:432] TxnSystemClient initialization is disabled...
I20260710 13:26:42.118610   506 ts_tablet_manager.cc:585] Loaded tablet metadata (0 total tablets, 0 live tablets)
I20260710 13:26:42.118840   506 ts_tablet_manager.cc:531] Time spent load tablet metadata: real 0.000s	user 0.000s	sys 0.000s
I20260710 13:26:42.119081   506 ts_tablet_manager.cc:616] Registered 0 tablets
I20260710 13:26:42.119251   506 ts_tablet_manager.cc:595] Time spent register tablets: real 0.000s	user 0.000s	sys 0.000s
I20260710 13:26:42.170856   506 rpc_server.cc:307] RPC server started. Bound to: 127.0.126.130:45959
I20260710 13:26:42.171038  1254 acceptor_pool.cc:272] collecting diagnostics on the listening RPC socket 127.0.126.130:45959 every 8 connection(s)
I20260710 13:26:42.176731   506 file_cache.cc:504] Constructed file cache file cache with capacity 419430
W20260710 13:26:42.185820  1258 instance_detector.cc:116] could not retrieve AWS instance metadata: Network error: curl error: HTTP response code said error: The requested URL returned error: 404
W20260710 13:26:42.187974  1259 instance_detector.cc:116] could not retrieve Azure instance metadata: Network error: curl error: HTTP response code said error: The requested URL returned error: 404
I20260710 13:26:42.192653   506 server_base.cc:1061] running on GCE node
W20260710 13:26:42.192793  1261 instance_detector.cc:116] could not retrieve OpenStack instance metadata: Network error: curl error: HTTP response code said error: The requested URL returned error: 404
I20260710 13:26:42.194743   506 hybrid_clock.cc:584] initializing the hybrid clock with 'system_unsync' time source
W20260710 13:26:42.195155   506 system_unsync_time.cc:38] NTP support is disabled. Clock error bounds will not be accurate. This configuration is not suitable for distributed clusters.
I20260710 13:26:42.195459   506 hybrid_clock.cc:648] HybridClock initialized: now 1783690002195433 us; error 0 us; skew 500 ppm
I20260710 13:26:42.195945  1255 heartbeater.cc:344] Connected to a master server at 127.0.126.190:33505
I20260710 13:26:42.196310   506 server_base.cc:861] Flag tcmalloc_max_total_thread_cache_bytes is not working since tcmalloc is not enabled.
I20260710 13:26:42.196378  1255 heartbeater.cc:461] Registering TS with master...
I20260710 13:26:42.197410  1255 heartbeater.cc:507] Master 127.0.126.190:33505 requested a full tablet report, sending...
I20260710 13:26:42.199892   506 webserver.cc:533] Webserver started at http://127.0.126.131:35589/ using document root <none> and password file <none>
I20260710 13:26:42.200203  1053 ts_manager.cc:194] Registered new tserver with Master: 66544adb50d842db91bcdcd05b2108c0 (127.0.126.130:45959)
I20260710 13:26:42.200677   506 fs_manager.cc:362] Metadata directory not provided
I20260710 13:26:42.200992   506 fs_manager.cc:368] Using write-ahead log directory (fs_wal_dir) as metadata directory
I20260710 13:26:42.201371   506 server_base.cc:909] This appears to be a new deployment of Kudu; creating new FS layout
